[INFO] fetching crate faster-pest 0.1.2...
[INFO] testing faster-pest-0.1.2 against beta-2023-04-20 for beta-1.70-1
[INFO] extracting crate faster-pest 0.1.2 into /workspace/builds/worker-2-tc2/source
[INFO] validating manifest of crates.io crate faster-pest 0.1.2 on toolchain beta-2023-04-20
[INFO] running `Command { std: CARGO_HOME="/workspace/cargo-home" RUSTUP_HOME="/workspace/rustup-home" "/workspace/cargo-home/bin/cargo" "+beta-2023-04-20" "metadata" "--manifest-path" "Cargo.toml" "--no-deps", kill_on_drop: false }`
[INFO] started tweaking crates.io crate faster-pest 0.1.2
[INFO] finished tweaking crates.io crate faster-pest 0.1.2
[INFO] tweaked toml for crates.io crate faster-pest 0.1.2 written to /workspace/builds/worker-2-tc2/source/Cargo.toml
[INFO] crate crates.io crate faster-pest 0.1.2 already has a lockfile, it will not be regenerated
[INFO] running `Command { std: CARGO_HOME="/workspace/cargo-home" RUSTUP_HOME="/workspace/rustup-home" "/workspace/cargo-home/bin/cargo" "+beta-2023-04-20" "fetch" "--manifest-path" "Cargo.toml", kill_on_drop: false }`
[INFO] [stderr]     Updating crates.io index
[INFO] [stderr]     Blocking waiting for file lock on package cache
[INFO] [stderr]  Downloading crates ...
[INFO] [stderr]   Downloaded pest_derive v2.5.3
[INFO] [stderr]   Downloaded pest_meta v2.5.3
[INFO] [stderr]   Downloaded pest v2.5.3
[INFO] [stderr]   Downloaded faster-pest-derive v0.1.1
[INFO] [stderr]   Downloaded pest_generator v2.5.3
[INFO] running `Command { std: "docker" "create" "-v" "/var/lib/crater-agent-workspace/builds/worker-2-tc2/target:/opt/rustwide/target:rw,Z" "-v" "/var/lib/crater-agent-workspace/builds/worker-2-tc2/source:/opt/rustwide/workdir:ro,Z" "-v" "/var/lib/crater-agent-workspace/cargo-home:/opt/rustwide/cargo-home:ro,Z" "-v" "/var/lib/crater-agent-workspace/rustup-home:/opt/rustwide/rustup-home:ro,Z" "-e" "SOURCE_DIR=/opt/rustwide/workdir" "-e" "CARGO_TARGET_DIR=/opt/rustwide/target" "-e" "CARGO_HOME=/opt/rustwide/cargo-home" "-e" "RUSTUP_HOME=/opt/rustwide/rustup-home" "-w" "/opt/rustwide/workdir" "-m" "1610612736" "--user" "0:0" "--network" "none" "ghcr.io/rust-lang/crates-build-env/linux@sha256:5ff2268d62e97bff2cde7d5815dd6ed5b47097566f13b8d0ca110b04b60e07ed" "/opt/rustwide/cargo-home/bin/cargo" "+beta-2023-04-20" "metadata" "--no-deps" "--format-version=1", kill_on_drop: false }`
[INFO] [stdout] 2e39f6cd3c96c0afac7eb4472ea57ac42b8229b3c18d5b956b68a6683ed5b478
[INFO] running `Command { std: "docker" "start" "-a" "2e39f6cd3c96c0afac7eb4472ea57ac42b8229b3c18d5b956b68a6683ed5b478", kill_on_drop: false }`
[INFO] running `Command { std: "docker" "inspect" "2e39f6cd3c96c0afac7eb4472ea57ac42b8229b3c18d5b956b68a6683ed5b478", kill_on_drop: false }`
[INFO] running `Command { std: "docker" "rm" "-f" "2e39f6cd3c96c0afac7eb4472ea57ac42b8229b3c18d5b956b68a6683ed5b478", kill_on_drop: false }`
[INFO] [stdout] 2e39f6cd3c96c0afac7eb4472ea57ac42b8229b3c18d5b956b68a6683ed5b478
[INFO] running `Command { std: "docker" "create" "-v" "/var/lib/crater-agent-workspace/builds/worker-2-tc2/target:/opt/rustwide/target:rw,Z" "-v" "/var/lib/crater-agent-workspace/builds/worker-2-tc2/source:/opt/rustwide/workdir:ro,Z" "-v" "/var/lib/crater-agent-workspace/cargo-home:/opt/rustwide/cargo-home:ro,Z" "-v" "/var/lib/crater-agent-workspace/rustup-home:/opt/rustwide/rustup-home:ro,Z" "-e" "SOURCE_DIR=/opt/rustwide/workdir" "-e" "CARGO_TARGET_DIR=/opt/rustwide/target" "-e" "CARGO_INCREMENTAL=0" "-e" "RUST_BACKTRACE=full" "-e" "RUSTFLAGS=--cap-lints=warn" "-e" "RUSTDOCFLAGS=--cap-lints=warn" "-e" "CARGO_HOME=/opt/rustwide/cargo-home" "-e" "RUSTUP_HOME=/opt/rustwide/rustup-home" "-w" "/opt/rustwide/workdir" "-m" "1610612736" "--user" "0:0" "--network" "none" "ghcr.io/rust-lang/crates-build-env/linux@sha256:5ff2268d62e97bff2cde7d5815dd6ed5b47097566f13b8d0ca110b04b60e07ed" "/opt/rustwide/cargo-home/bin/cargo" "+beta-2023-04-20" "build" "--frozen" "--message-format=json", kill_on_drop: false }`
[INFO] [stdout] 7b314f1ebf141fd6140a4b1ee8e82d268ac213f527bc934898afc708871f3cdd
[INFO] running `Command { std: "docker" "start" "-a" "7b314f1ebf141fd6140a4b1ee8e82d268ac213f527bc934898afc708871f3cdd", kill_on_drop: false }`
[INFO] [stderr]    Compiling proc-macro2 v1.0.49
[INFO] [stderr]    Compiling quote v1.0.23
[INFO] [stderr]    Compiling unicode-ident v1.0.6
[INFO] [stderr]    Compiling syn v1.0.107
[INFO] [stderr]    Compiling thiserror v1.0.38
[INFO] [stderr]    Compiling ucd-trie v0.1.5
[INFO] [stderr]    Compiling once_cell v1.17.0
[INFO] [stderr]    Compiling thiserror-impl v1.0.38
[INFO] [stderr]    Compiling pest v2.5.3
[INFO] [stderr]    Compiling pest_meta v2.5.3
[INFO] [stderr]    Compiling faster-pest-derive v0.1.1
[INFO] [stderr]    Compiling faster-pest v0.1.2 (/opt/rustwide/workdir)
[INFO] [stderr]     Finished dev [unoptimized + debuginfo] target(s) in 9.68s
[INFO] running `Command { std: "docker" "inspect" "7b314f1ebf141fd6140a4b1ee8e82d268ac213f527bc934898afc708871f3cdd", kill_on_drop: false }`
[INFO] running `Command { std: "docker" "rm" "-f" "7b314f1ebf141fd6140a4b1ee8e82d268ac213f527bc934898afc708871f3cdd", kill_on_drop: false }`
[INFO] [stdout] 7b314f1ebf141fd6140a4b1ee8e82d268ac213f527bc934898afc708871f3cdd
[INFO] running `Command { std: "docker" "create" "-v" "/var/lib/crater-agent-workspace/builds/worker-2-tc2/target:/opt/rustwide/target:rw,Z" "-v" "/var/lib/crater-agent-workspace/builds/worker-2-tc2/source:/opt/rustwide/workdir:ro,Z" "-v" "/var/lib/crater-agent-workspace/cargo-home:/opt/rustwide/cargo-home:ro,Z" "-v" "/var/lib/crater-agent-workspace/rustup-home:/opt/rustwide/rustup-home:ro,Z" "-e" "SOURCE_DIR=/opt/rustwide/workdir" "-e" "CARGO_TARGET_DIR=/opt/rustwide/target" "-e" "CARGO_INCREMENTAL=0" "-e" "RUST_BACKTRACE=full" "-e" "RUSTFLAGS=--cap-lints=warn" "-e" "RUSTDOCFLAGS=--cap-lints=warn" "-e" "CARGO_HOME=/opt/rustwide/cargo-home" "-e" "RUSTUP_HOME=/opt/rustwide/rustup-home" "-w" "/opt/rustwide/workdir" "-m" "1610612736" "--user" "0:0" "--network" "none" "ghcr.io/rust-lang/crates-build-env/linux@sha256:5ff2268d62e97bff2cde7d5815dd6ed5b47097566f13b8d0ca110b04b60e07ed" "/opt/rustwide/cargo-home/bin/cargo" "+beta-2023-04-20" "test" "--frozen" "--no-run" "--message-format=json", kill_on_drop: false }`
[INFO] [stdout] 9d729b4117827cef80d09cf5240bdadfca78a06d8c0ba4d446ed129aa7584d60
[INFO] running `Command { std: "docker" "start" "-a" "9d729b4117827cef80d09cf5240bdadfca78a06d8c0ba4d446ed129aa7584d60", kill_on_drop: false }`
[INFO] [stderr]    Compiling serde v1.0.152
[INFO] [stderr]    Compiling serde_json v1.0.91
[INFO] [stderr]    Compiling ryu v1.0.12
[INFO] [stderr]    Compiling itoa v1.0.5
[INFO] [stderr]    Compiling pest_generator v2.5.3
[INFO] [stderr]    Compiling pest_derive v2.5.3
[INFO] [stderr]    Compiling faster-pest v0.1.2 (/opt/rustwide/workdir)
[INFO] [stdout] error: proc-macro derive panicked
[INFO] [stdout]  --> examples/po/main.rs:4:10
[INFO] [stdout]   |
[INFO] [stdout] 4 | #[derive(Parser)]
[INFO] [stdout]   |          ^^^^^^
[INFO] [stdout]   |
[INFO] [stdout]   = help: message: Could not read grammar file at "faster-pest/examples/po/grammar.pest"
[INFO] [stdout] 
[INFO] [stdout] 
[INFO] [stdout] error[E0433]: failed to resolve: use of undeclared type `Rule`
[INFO] [stdout]   --> examples/po/main.rs:22:13
[INFO] [stdout]    |
[INFO] [stdout] 22 |             Rule::entry => {
[INFO] [stdout]    |             ^^^^ use of undeclared type `Rule`
[INFO] [stdout] 
[INFO] [stdout] 
[INFO] [stdout] warning: unused import: `std::collections::HashMap`
[INFO] [stdout]  --> examples/po/main.rs:2:5
[INFO] [stdout]   |
[INFO] [stdout] 2 | use std::collections::HashMap;
[INFO] [stdout]   |     ^^^^^^^^^^^^^^^^^^^^^^^^^
[INFO] [stdout]   |
[INFO] [stdout]   = note: `#[warn(unused_imports)]` on by default
[INFO] [stdout] 
[INFO] [stdout] 
[INFO] [stdout] error: proc-macro derive panicked
[INFO] [stdout]  --> examples/ini/main.rs:4:10
[INFO] [stdout]   |
[INFO] [stdout] 4 | #[derive(Parser)]
[INFO] [stdout]   |          ^^^^^^
[INFO] [stdout]   |
[INFO] [stdout]   = help: message: Could not read grammar file at "faster-pest/examples/ini/grammar.pest"
[INFO] [stdout] 
[INFO] [stdout] 
[INFO] [stdout] error[E0433]: failed to resolve: use of undeclared type `Rule`
[INFO] [stdout]   --> examples/ini/main.rs:17:33
[INFO] [stdout]    |
[INFO] [stdout] 17 |     let file = INIParser::parse(Rule::file, &unparsed_file)
[INFO] [stdout]    |                                 ^^^^ use of undeclared type `Rule`
[INFO] [stdout] 
[INFO] [stdout] 
[INFO] [stdout] error[E0433]: failed to resolve: use of undeclared type `Rule`
[INFO] [stdout]   --> examples/ini/main.rs:27:13
[INFO] [stdout]    |
[INFO] [stdout] 27 |             Rule::section => {
[INFO] [stdout]    |             ^^^^ use of undeclared type `Rule`
[INFO] [stdout] 
[INFO] [stdout] 
[INFO] [stdout] error[E0433]: failed to resolve: use of undeclared type `Rule`
[INFO] [stdout]   --> examples/ini/main.rs:31:13
[INFO] [stdout]    |
[INFO] [stdout] 31 |             Rule::property => {
[INFO] [stdout]    |             ^^^^ use of undeclared type `Rule`
[INFO] [stdout] 
[INFO] [stdout] 
[INFO] [stdout] error: proc-macro derive panicked
[INFO] [stdout]  --> examples/json/main.rs:4:10
[INFO] [stdout]   |
[INFO] [stdout] 4 | #[derive(Parser)]
[INFO] [stdout]   |          ^^^^^^
[INFO] [stdout]   |
[INFO] [stdout]   = help: message: Could not read grammar file at "faster-pest/examples/json/grammar.pest"
[INFO] [stdout] 
[INFO] [stdout] 
[INFO] [stdout] error[E0433]: failed to resolve: use of undeclared type `Rule`
[INFO] [stdout]   --> examples/json/main.rs:21:13
[INFO] [stdout]    |
[INFO] [stdout] 21 |             Rule::string => Value::String(unescape(value)),
[INFO] [stdout]    |             ^^^^ use of undeclared type `Rule`
[INFO] [stdout] 
[INFO] [stdout] 
[INFO] [stdout] error[E0433]: failed to resolve: use of undeclared type `Rule`
[INFO] [stdout]   --> examples/json/main.rs:22:13
[INFO] [stdout]    |
[INFO] [stdout] 22 |             Rule::number => Value::Number(value.as_str().parse().unwrap()),
[INFO] [stdout]    |             ^^^^ use of undeclared type `Rule`
[INFO] [stdout] 
[INFO] [stdout] 
[INFO] [stdout] error[E0433]: failed to resolve: use of undeclared type `Rule`
[INFO] [stdout]   --> examples/json/main.rs:23:13
[INFO] [stdout]    |
[INFO] [stdout] 23 |             Rule::boolean => Value::Boolean(value.as_str() == "true"),
[INFO] [stdout]    |             ^^^^ use of undeclared type `Rule`
[INFO] [stdout] 
[INFO] [stdout] 
[INFO] [stdout] error[E0433]: failed to resolve: use of undeclared type `Rule`
[INFO] [stdout]   --> examples/json/main.rs:24:13
[INFO] [stdout]    |
[INFO] [stdout] 24 |             Rule::array => {
[INFO] [stdout]    |             ^^^^ use of undeclared type `Rule`
[INFO] [stdout] 
[INFO] [stdout] 
[INFO] [stdout] error[E0433]: failed to resolve: use of undeclared type `Rule`
[INFO] [stdout]   --> examples/json/main.rs:29:13
[INFO] [stdout]    |
[INFO] [stdout] 29 |             Rule::object => {
[INFO] [stdout]    |             ^^^^ use of undeclared type `Rule`
[INFO] [stdout] 
[INFO] [stdout] 
[INFO] [stdout] error[E0433]: failed to resolve: use of undeclared type `Rule`
[INFO] [stdout]   --> examples/json/main.rs:40:13
[INFO] [stdout]    |
[INFO] [stdout] 40 |             Rule::null => Value::Null,
[INFO] [stdout]    |             ^^^^ use of undeclared type `Rule`
[INFO] [stdout] 
[INFO] [stdout] 
[INFO] [stdout] error[E0433]: failed to resolve: use of undeclared type `Rule`
[INFO] [stdout]   --> examples/json/main.rs:41:13
[INFO] [stdout]    |
[INFO] [stdout] 41 |             Rule::property | Rule::file | Rule::escaped_char => unreachable!(),
[INFO] [stdout]    |             ^^^^ use of undeclared type `Rule`
[INFO] [stdout] 
[INFO] [stdout] 
[INFO] [stdout] error[E0433]: failed to resolve: use of undeclared type `Rule`
[INFO] [stdout]   --> examples/json/main.rs:41:30
[INFO] [stdout]    |
[INFO] [stdout] 41 |             Rule::property | Rule::file | Rule::escaped_char => unreachable!(),
[INFO] [stdout]    |                              ^^^^ use of undeclared type `Rule`
[INFO] [stdout] 
[INFO] [stdout] 
[INFO] [stdout] error[E0433]: failed to resolve: use of undeclared type `Rule`
[INFO] [stdout]   --> examples/json/main.rs:41:43
[INFO] [stdout]    |
[INFO] [stdout] 41 |             Rule::property | Rule::file | Rule::escaped_char => unreachable!(),
[INFO] [stdout]    |                                           ^^^^ use of undeclared type `Rule`
[INFO] [stdout] 
[INFO] [stdout] 
[INFO] [stdout] error[E0412]: cannot find type `Ident` in this scope
[INFO] [stdout]   --> examples/json/main.rs:19:43
[INFO] [stdout]    |
[INFO] [stdout] 19 |     fn from_ident_ref(value: IdentRef<'i, Ident>) -> Self {
[INFO] [stdout]    |                                           ^^^^^ not found in this scope
[INFO] [stdout]    |
[INFO] [stdout] help: you might be missing a type parameter
[INFO] [stdout]    |
[INFO] [stdout] 18 | impl<'i, Ident> Value<'i> {
[INFO] [stdout]    |        +++++++
[INFO] [stdout] 
[INFO] [stdout] 
[INFO] [stdout] error[E0412]: cannot find type `Ident` in this scope
[INFO] [stdout]   --> examples/json/main.rs:46:33
[INFO] [stdout]    |
[INFO] [stdout] 46 | fn unescape<'i>(s: IdentRef<'i, Ident>) -> Cow<'i, str> {
[INFO] [stdout]    |                                 ^^^^^ not found in this scope
[INFO] [stdout]    |
[INFO] [stdout] help: you might be missing a type parameter
[INFO] [stdout]    |
[INFO] [stdout] 46 | fn unescape<'i, Ident>(s: IdentRef<'i, Ident>) -> Cow<'i, str> {
[INFO] [stdout]    |               +++++++
[INFO] [stdout] 
[INFO] [stdout] 
[INFO] [stdout] error: proc-macro derive panicked
[INFO] [stdout]  --> examples/csv/main.rs:3:10
[INFO] [stdout]   |
[INFO] [stdout] 3 | #[derive(Parser)]
[INFO] [stdout]   |          ^^^^^^
[INFO] [stdout]   |
[INFO] [stdout]   = help: message: Could not read grammar file at "faster-pest/examples/csv/grammar.pest"
[INFO] [stdout] 
[INFO] [stdout] 
[INFO] [stdout] error[E0599]: no function or associated item named `parse_file` found for struct `POParser` in the current scope
[INFO] [stdout]   --> examples/po/main.rs:17:28
[INFO] [stdout]    |
[INFO] [stdout] 6  | pub struct POParser;
[INFO] [stdout]    | ------------------- function or associated item `parse_file` not found for this struct
[INFO] [stdout] ...
[INFO] [stdout] 17 |     let output = POParser::parse_file(&unparsed_file).map_err(|e| e.print(unparsed_file.as_str())).unwrap();
[INFO] [stdout]    |                            ^^^^^^^^^^ function or associated item not found in `POParser`
[INFO] [stdout] 
[INFO] [stdout] 
[INFO] [stdout] error[E0433]: failed to resolve: use of undeclared type `Rule`
[INFO] [stdout]   --> examples/csv/main.rs:18:33
[INFO] [stdout]    |
[INFO] [stdout] 18 |     let file = CSVParser::parse(Rule::file, &unparsed_file)
[INFO] [stdout]    |                                 ^^^^ use of undeclared type `Rule`
[INFO] [stdout] 
[INFO] [stdout] 
[INFO] [stdout] error[E0433]: failed to resolve: use of undeclared type `Rule`
[INFO] [stdout]   --> examples/csv/main.rs:27:13
[INFO] [stdout]    |
[INFO] [stdout] 27 |             Rule::record => {
[INFO] [stdout]    |             ^^^^ use of undeclared type `Rule`
[INFO] [stdout] 
[INFO] [stdout] 
[INFO] [stdout] error: aborting due to 3 previous errors; 1 warning emitted
[INFO] [stdout] 
[INFO] [stdout] 
[INFO] [stdout] Some errors have detailed explanations: E0433, E0599.
[INFO] [stdout] 
[INFO] [stdout] For more information about an error, try `rustc --explain E0433`.
[INFO] [stdout] 
[INFO] [stdout] error[E0599]: no function or associated item named `parse` found for struct `INIParser` in the current scope
[INFO] [stdout]   --> examples/ini/main.rs:17:27
[INFO] [stdout]    |
[INFO] [stdout] 6  | pub struct INIParser;
[INFO] [stdout]    | -------------------- function or associated item `parse` not found for this struct
[INFO] [stdout] ...
[INFO] [stdout] 17 |     let file = INIParser::parse(Rule::file, &unparsed_file)
[INFO] [stdout]    |                           ^^^^^ function or associated item not found in `INIParser`
[INFO] [stdout]    |
[INFO] [stdout]    = help: items from traits can only be used if the trait is implemented and in scope
[INFO] [stdout]    = note: the following trait defines an item `parse`, perhaps you need to implement it:
[INFO] [stdout]            candidate #1: `pest::parser::Parser`
[INFO] [stdout] 
[INFO] [stdout] 
[INFO] [stderr] error: could not compile `faster-pest` (example "po") due to 4 previous errors; 1 warning emitted
[INFO] [stderr] warning: build failed, waiting for other jobs to finish...
[INFO] [stdout] error: aborting due to 5 previous errors
[INFO] [stdout] 
[INFO] [stdout] 
[INFO] [stdout] Some errors have detailed explanations: E0433, E0599.
[INFO] [stdout] 
[INFO] [stdout] For more information about an error, try `rustc --explain E0433`.
[INFO] [stdout] 
[INFO] [stdout] error[E0599]: no function or associated item named `parse` found for struct `CSVParser` in the current scope
[INFO] [stdout]   --> examples/csv/main.rs:18:27
[INFO] [stdout]    |
[INFO] [stdout] 5  | struct CSVParser {
[INFO] [stdout]    | ---------------- function or associated item `parse` not found for this struct
[INFO] [stdout] ...
[INFO] [stdout] 18 |     let file = CSVParser::parse(Rule::file, &unparsed_file)
[INFO] [stdout]    |                           ^^^^^ function or associated item not found in `CSVParser`
[INFO] [stdout]    |
[INFO] [stdout]    = help: items from traits can only be used if the trait is implemented and in scope
[INFO] [stdout]    = note: the following trait defines an item `parse`, perhaps you need to implement it:
[INFO] [stdout]            candidate #1: `pest::parser::Parser`
[INFO] [stdout] 
[INFO] [stdout] 
[INFO] [stdout] error[E0599]: no function or associated item named `parse_file` found for struct `JsonParser` in the current scope
[INFO] [stdout]   --> examples/json/main.rs:87:30
[INFO] [stdout]    |
[INFO] [stdout] 6  | pub struct JsonParser;
[INFO] [stdout]    | --------------------- function or associated item `parse_file` not found for this struct
[INFO] [stdout] ...
[INFO] [stdout] 87 |     let output = JsonParser::parse_file(&unparsed_file).map_err(|e| e.print(unparsed_file.as_str())).unwrap();
[INFO] [stdout]    |                              ^^^^^^^^^^ function or associated item not found in `JsonParser`
[INFO] [stdout] 
[INFO] [stdout] 
[INFO] [stderr] error: could not compile `faster-pest` (example "ini") due to 6 previous errors
[INFO] [stdout] error: aborting due to 4 previous errors
[INFO] [stdout] 
[INFO] [stdout] 
[INFO] [stdout] Some errors have detailed explanations: E0433, E0599.
[INFO] [stdout] 
[INFO] [stdout] For more information about an error, try `rustc --explain E0433`.
[INFO] [stdout] 
[INFO] [stdout] error: aborting due to 13 previous errors
[INFO] [stdout] 
[INFO] [stdout] 
[INFO] [stdout] Some errors have detailed explanations: E0412, E0433, E0599.
[INFO] [stdout] 
[INFO] [stdout] For more information about an error, try `rustc --explain E0412`.
[INFO] [stdout] 
[INFO] [stderr] error: could not compile `faster-pest` (example "json") due to 14 previous errors
[INFO] [stderr] error: could not compile `faster-pest` (example "csv") due to 5 previous errors
[INFO] running `Command { std: "docker" "inspect" "9d729b4117827cef80d09cf5240bdadfca78a06d8c0ba4d446ed129aa7584d60", kill_on_drop: false }`
[INFO] running `Command { std: "docker" "rm" "-f" "9d729b4117827cef80d09cf5240bdadfca78a06d8c0ba4d446ed129aa7584d60", kill_on_drop: false }`
[INFO] [stdout] 9d729b4117827cef80d09cf5240bdadfca78a06d8c0ba4d446ed129aa7584d60
