[INFO] fetching crate fast_html5ever 0.26.1...
[INFO] testing fast_html5ever-0.26.1 against 1.69.0 for beta-1.70-1
[INFO] extracting crate fast_html5ever 0.26.1 into /workspace/builds/worker-3-tc1/source
[INFO] validating manifest of crates.io crate fast_html5ever 0.26.1 on toolchain 1.69.0
[INFO] running `Command { std: CARGO_HOME="/workspace/cargo-home" RUSTUP_HOME="/workspace/rustup-home" "/workspace/cargo-home/bin/cargo" "+1.69.0" "metadata" "--manifest-path" "Cargo.toml" "--no-deps", kill_on_drop: false }`
[INFO] started tweaking crates.io crate fast_html5ever 0.26.1
[INFO] finished tweaking crates.io crate fast_html5ever 0.26.1
[INFO] tweaked toml for crates.io crate fast_html5ever 0.26.1 written to /workspace/builds/worker-3-tc1/source/Cargo.toml
[INFO] crate crates.io crate fast_html5ever 0.26.1 already has a lockfile, it will not be regenerated
[INFO] running `Command { std: CARGO_HOME="/workspace/cargo-home" RUSTUP_HOME="/workspace/rustup-home" "/workspace/cargo-home/bin/cargo" "+1.69.0" "fetch" "--manifest-path" "Cargo.toml", kill_on_drop: false }`
[INFO] [stderr]     Blocking waiting for file lock on package cache
[INFO] [stderr]  Downloading crates ...
[INFO] [stderr]   Downloaded serde_derive v1.0.154
[INFO] [stderr]   Downloaded serde v1.0.154
[INFO] [stderr]   Downloaded fast_markup5ever v0.11.0
[INFO] running `Command { std: "docker" "create" "-v" "/var/lib/crater-agent-workspace/builds/worker-3-tc1/target:/opt/rustwide/target:rw,Z" "-v" "/var/lib/crater-agent-workspace/builds/worker-3-tc1/source:/opt/rustwide/workdir:ro,Z" "-v" "/var/lib/crater-agent-workspace/cargo-home:/opt/rustwide/cargo-home:ro,Z" "-v" "/var/lib/crater-agent-workspace/rustup-home:/opt/rustwide/rustup-home:ro,Z" "-e" "SOURCE_DIR=/opt/rustwide/workdir" "-e" "CARGO_TARGET_DIR=/opt/rustwide/target" "-e" "CARGO_HOME=/opt/rustwide/cargo-home" "-e" "RUSTUP_HOME=/opt/rustwide/rustup-home" "-w" "/opt/rustwide/workdir" "-m" "1610612736" "--user" "0:0" "--network" "none" "ghcr.io/rust-lang/crates-build-env/linux@sha256:5ff2268d62e97bff2cde7d5815dd6ed5b47097566f13b8d0ca110b04b60e07ed" "/opt/rustwide/cargo-home/bin/cargo" "+1.69.0" "metadata" "--no-deps" "--format-version=1", kill_on_drop: false }`
[INFO] [stdout] 2cae20438fcd581758d2f8b274231bd726f54c597af0d877d08498ae36c3f237
[INFO] running `Command { std: "docker" "start" "-a" "2cae20438fcd581758d2f8b274231bd726f54c597af0d877d08498ae36c3f237", kill_on_drop: false }`
[INFO] running `Command { std: "docker" "inspect" "2cae20438fcd581758d2f8b274231bd726f54c597af0d877d08498ae36c3f237", kill_on_drop: false }`
[INFO] running `Command { std: "docker" "rm" "-f" "2cae20438fcd581758d2f8b274231bd726f54c597af0d877d08498ae36c3f237", kill_on_drop: false }`
[INFO] [stdout] 2cae20438fcd581758d2f8b274231bd726f54c597af0d877d08498ae36c3f237
[INFO] running `Command { std: "docker" "create" "-v" "/var/lib/crater-agent-workspace/builds/worker-3-tc1/target:/opt/rustwide/target:rw,Z" "-v" "/var/lib/crater-agent-workspace/builds/worker-3-tc1/source:/opt/rustwide/workdir:ro,Z" "-v" "/var/lib/crater-agent-workspace/cargo-home:/opt/rustwide/cargo-home:ro,Z" "-v" "/var/lib/crater-agent-workspace/rustup-home:/opt/rustwide/rustup-home:ro,Z" "-e" "SOURCE_DIR=/opt/rustwide/workdir" "-e" "CARGO_TARGET_DIR=/opt/rustwide/target" "-e" "CARGO_INCREMENTAL=0" "-e" "RUST_BACKTRACE=full" "-e" "RUSTFLAGS=--cap-lints=warn" "-e" "RUSTDOCFLAGS=--cap-lints=warn" "-e" "CARGO_HOME=/opt/rustwide/cargo-home" "-e" "RUSTUP_HOME=/opt/rustwide/rustup-home" "-w" "/opt/rustwide/workdir" "-m" "1610612736" "--user" "0:0" "--network" "none" "ghcr.io/rust-lang/crates-build-env/linux@sha256:5ff2268d62e97bff2cde7d5815dd6ed5b47097566f13b8d0ca110b04b60e07ed" "/opt/rustwide/cargo-home/bin/cargo" "+1.69.0" "build" "--frozen" "--message-format=json", kill_on_drop: false }`
[INFO] [stdout] 05894d91fc5f068cf35bb59d17d2143d37d8f26423a2cf7e50d5c9f06ca24709
[INFO] running `Command { std: "docker" "start" "-a" "05894d91fc5f068cf35bb59d17d2143d37d8f26423a2cf7e50d5c9f06ca24709", kill_on_drop: false }`
[INFO] [stderr]    Compiling libc v0.2.140
[INFO] [stderr]    Compiling siphasher v0.3.10
[INFO] [stderr]    Compiling proc-macro2 v1.0.51
[INFO] [stderr]    Compiling quote v1.0.23
[INFO] [stderr]    Compiling ppv-lite86 v0.2.17
[INFO] [stderr]    Compiling syn v1.0.109
[INFO] [stderr]    Compiling new_debug_unreachable v1.0.4
[INFO] [stderr]    Compiling serde v1.0.154
[INFO] [stderr]    Compiling mac v0.1.1
[INFO] [stderr]    Compiling futf v0.1.5
[INFO] [stderr]    Compiling phf_shared v0.11.1
[INFO] [stderr]    Compiling phf_shared v0.10.0
[INFO] [stderr]    Compiling precomputed-hash v0.1.1
[INFO] [stderr]    Compiling tendril v0.4.3
[INFO] [stderr]    Compiling phf v0.11.1
[INFO] [stderr]    Compiling getrandom v0.2.8
[INFO] [stderr]    Compiling parking_lot_core v0.9.7
[INFO] [stderr]    Compiling parking_lot v0.12.1
[INFO] [stderr]    Compiling rand_core v0.6.4
[INFO] [stderr]    Compiling rand_chacha v0.3.1
[INFO] [stderr]    Compiling rand v0.8.5
[INFO] [stderr]    Compiling phf_generator v0.11.1
[INFO] [stderr]    Compiling phf_generator v0.10.0
[INFO] [stderr]    Compiling phf_codegen v0.11.1
[INFO] [stderr]    Compiling string_cache_codegen v0.5.2
[INFO] [stderr]    Compiling fast_markup5ever v0.11.0
[INFO] [stderr]    Compiling string_cache v0.8.7
[INFO] [stderr]    Compiling fast_html5ever v0.26.1 (/opt/rustwide/workdir)
[INFO] [stderr]     Finished dev [unoptimized + debuginfo] target(s) in 21.60s
[INFO] running `Command { std: "docker" "inspect" "05894d91fc5f068cf35bb59d17d2143d37d8f26423a2cf7e50d5c9f06ca24709", kill_on_drop: false }`
[INFO] running `Command { std: "docker" "rm" "-f" "05894d91fc5f068cf35bb59d17d2143d37d8f26423a2cf7e50d5c9f06ca24709", kill_on_drop: false }`
[INFO] [stdout] 05894d91fc5f068cf35bb59d17d2143d37d8f26423a2cf7e50d5c9f06ca24709
[INFO] running `Command { std: "docker" "create" "-v" "/var/lib/crater-agent-workspace/builds/worker-3-tc1/target:/opt/rustwide/target:rw,Z" "-v" "/var/lib/crater-agent-workspace/builds/worker-3-tc1/source:/opt/rustwide/workdir:ro,Z" "-v" "/var/lib/crater-agent-workspace/cargo-home:/opt/rustwide/cargo-home:ro,Z" "-v" "/var/lib/crater-agent-workspace/rustup-home:/opt/rustwide/rustup-home:ro,Z" "-e" "SOURCE_DIR=/opt/rustwide/workdir" "-e" "CARGO_TARGET_DIR=/opt/rustwide/target" "-e" "CARGO_INCREMENTAL=0" "-e" "RUST_BACKTRACE=full" "-e" "RUSTFLAGS=--cap-lints=warn" "-e" "RUSTDOCFLAGS=--cap-lints=warn" "-e" "CARGO_HOME=/opt/rustwide/cargo-home" "-e" "RUSTUP_HOME=/opt/rustwide/rustup-home" "-w" "/opt/rustwide/workdir" "-m" "1610612736" "--user" "0:0" "--network" "none" "ghcr.io/rust-lang/crates-build-env/linux@sha256:5ff2268d62e97bff2cde7d5815dd6ed5b47097566f13b8d0ca110b04b60e07ed" "/opt/rustwide/cargo-home/bin/cargo" "+1.69.0" "test" "--frozen" "--no-run" "--message-format=json", kill_on_drop: false }`
[INFO] [stdout] 9feb0af505f54538a9ebf461f3980c21a9dea0aeb4dd48984d191ffbdca13d99
[INFO] running `Command { std: "docker" "start" "-a" "9feb0af505f54538a9ebf461f3980c21a9dea0aeb4dd48984d191ffbdca13d99", kill_on_drop: false }`
[INFO] [stderr]    Compiling typed-arena v2.0.2
[INFO] [stderr]    Compiling fast_html5ever v0.26.1 (/opt/rustwide/workdir)
[INFO] [stdout] error[E0463]: can't find crate for `html5ever`
[INFO] [stdout]   --> examples/noop-tree-builder.rs:11:1
[INFO] [stdout]    |
[INFO] [stdout] 11 | extern crate html5ever;
[INFO] [stdout]    | ^^^^^^^^^^^^^^^^^^^^^^^ can't find crate
[INFO] [stdout] 
[INFO] [stdout] 
[INFO] [stdout] error[E0463]: can't find crate for `html5ever`
[INFO] [stdout]   --> examples/arena.rs:10:1
[INFO] [stdout]    |
[INFO] [stdout] 10 | extern crate html5ever;
[INFO] [stdout]    | ^^^^^^^^^^^^^^^^^^^^^^^ can't find crate
[INFO] [stdout] 
[INFO] [stdout] 
[INFO] [stdout] error[E0463]: can't find crate for `html5ever`
[INFO] [stdout]   --> examples/tokenize.rs:10:1
[INFO] [stdout]    |
[INFO] [stdout] 10 | extern crate html5ever;
[INFO] [stdout]    | ^^^^^^^^^^^^^^^^^^^^^^^ can't find crate
[INFO] [stdout] 
[INFO] [stdout] 
[INFO] [stdout] error: aborting due to previous error
[INFO] [stdout] 
[INFO] [stdout] 
[INFO] [stdout] error: cannot find macro `expanded_name` in this scope
[INFO] [stdout]   --> examples/noop-tree-builder.rs:48:21
[INFO] [stdout]    |
[INFO] [stdout] 48 |         if let Some(expanded_name!(html "template")) = self.names.get(&target).map(|n| n.expanded())
[INFO] [stdout]    |                     ^^^^^^^^^^^^^
[INFO] [stdout]    |
[INFO] [stdout]    = help: consider importing one of these items:
[INFO] [stdout]            fast_html5ever::expanded_name
[INFO] [stdout]            fast_markup5ever::expanded_name
[INFO] [stdout] 
[INFO] [stdout] 
[INFO] [stdout] For more information about this error, try `rustc --explain E0463`.
[INFO] [stdout] 
[INFO] [stderr] error: could not compile `fast_html5ever` due to 2 previous errors
[INFO] [stderr] warning: build failed, waiting for other jobs to finish...
[INFO] [stdout] error[E0463]: can't find crate for `html5ever`
[INFO] [stdout]   --> examples/noop-tokenize.rs:12:1
[INFO] [stdout]    |
[INFO] [stdout] 12 | extern crate html5ever;
[INFO] [stdout]    | ^^^^^^^^^^^^^^^^^^^^^^^ can't find crate
[INFO] [stdout] 
[INFO] [stdout] 
[INFO] [stdout] error[E0412]: cannot find type `StrTendril` in this scope
[INFO] [stdout]   --> examples/noop-tree-builder.rs:70:41
[INFO] [stdout]    |
[INFO] [stdout] 70 |     fn create_comment(&mut self, _text: StrTendril) {}
[INFO] [stdout]    |                                         ^^^^^^^^^^ not found in this scope
[INFO] [stdout] 
[INFO] [stdout] 
[INFO] [stdout] error[E0412]: cannot find type `StrTendril` in this scope
[INFO] [stdout]   --> examples/noop-tree-builder.rs:73:37
[INFO] [stdout]    |
[INFO] [stdout] 73 |     fn create_pi(&mut self, target: StrTendril, value: StrTendril) -> usize {
[INFO] [stdout]    |                                     ^^^^^^^^^^ not found in this scope
[INFO] [stdout] 
[INFO] [stdout] 
[INFO] [stdout] error[E0412]: cannot find type `StrTendril` in this scope
[INFO] [stdout]   --> examples/noop-tree-builder.rs:73:56
[INFO] [stdout]    |
[INFO] [stdout] 73 |     fn create_pi(&mut self, target: StrTendril, value: StrTendril) -> usize {
[INFO] [stdout]    |                                                        ^^^^^^^^^^ not found in this scope
[INFO] [stdout] 
[INFO] [stdout] 
[INFO] [stdout] error[E0412]: cannot find type `StrTendril` in this scope
[INFO] [stdout]   --> examples/noop-tree-builder.rs:91:49
[INFO] [stdout]    |
[INFO] [stdout] 91 |     fn append_doctype_to_document(&mut self, _: StrTendril, _: StrTendril, _: StrTendril) {}
[INFO] [stdout]    |                                                 ^^^^^^^^^^ not found in this scope
[INFO] [stdout] 
[INFO] [stdout] 
[INFO] [stdout] error[E0412]: cannot find type `StrTendril` in this scope
[INFO] [stdout]   --> examples/noop-tree-builder.rs:91:64
[INFO] [stdout]    |
[INFO] [stdout] 91 |     fn append_doctype_to_document(&mut self, _: StrTendril, _: StrTendril, _: StrTendril) {}
[INFO] [stdout]    |                                                                ^^^^^^^^^^ not found in this scope
[INFO] [stdout] 
[INFO] [stdout] 
[INFO] [stdout] error[E0412]: cannot find type `StrTendril` in this scope
[INFO] [stdout]   --> examples/noop-tree-builder.rs:91:79
[INFO] [stdout]    |
[INFO] [stdout] 91 |     fn append_doctype_to_document(&mut self, _: StrTendril, _: StrTendril, _: StrTendril) {}
[INFO] [stdout]    |                                                                               ^^^^^^^^^^ not found in this scope
[INFO] [stdout] 
[INFO] [stdout] 
[INFO] [stdout] error: aborting due to 8 previous errors
[INFO] [stdout] 
[INFO] [stdout] 
[INFO] [stdout] Some errors have detailed explanations: E0412, E0463.
[INFO] [stdout] 
[INFO] [stdout] For more information about an error, try `rustc --explain E0412`.
[INFO] [stdout] 
[INFO] [stdout] error[E0433]: failed to resolve: use of undeclared type `ByteTendril`
[INFO] [stdout]   --> examples/noop-tokenize.rs:34:21
[INFO] [stdout]    |
[INFO] [stdout] 34 |     let mut chunk = ByteTendril::new();
[INFO] [stdout]    |                     ^^^^^^^^^^^ use of undeclared type `ByteTendril`
[INFO] [stdout] 
[INFO] [stdout] 
[INFO] [stderr] error: could not compile `fast_html5ever` due to 9 previous errors
[INFO] [stdout] error: aborting due to 2 previous errors
[INFO] [stdout] 
[INFO] [stdout] 
[INFO] [stdout] Some errors have detailed explanations: E0433, E0463.
[INFO] [stdout] 
[INFO] [stdout] For more information about an error, try `rustc --explain E0433`.
[INFO] [stdout] 
[INFO] [stdout] error[E0433]: failed to resolve: use of undeclared type `ByteTendril`
[INFO] [stdout]   --> examples/tokenize.rs:87:21
[INFO] [stdout]    |
[INFO] [stdout] 87 |     let mut chunk = ByteTendril::new();
[INFO] [stdout]    |                     ^^^^^^^^^^^ use of undeclared type `ByteTendril`
[INFO] [stdout] 
[INFO] [stdout] 
[INFO] [stdout] error: aborting due to 2 previous errors
[INFO] [stdout] 
[INFO] [stdout] 
[INFO] [stdout] Some errors have detailed explanations: E0433, E0463.
[INFO] [stdout] 
[INFO] [stdout] For more information about an error, try `rustc --explain E0433`.
[INFO] [stdout] 
[INFO] [stderr] error: could not compile `fast_html5ever` due to 3 previous errors
[INFO] [stderr] error: could not compile `fast_html5ever` due to 3 previous errors
[INFO] [stdout] error[E0463]: can't find crate for `html5ever`
[INFO] [stdout]   --> examples/print-tree-actions.rs:11:1
[INFO] [stdout]    |
[INFO] [stdout] 11 | extern crate html5ever;
[INFO] [stdout]    | ^^^^^^^^^^^^^^^^^^^^^^^ can't find crate
[INFO] [stdout] 
[INFO] [stdout] 
[INFO] [stdout] error: cannot find macro `expanded_name` in this scope
[INFO] [stdout]   --> examples/print-tree-actions.rs:54:21
[INFO] [stdout]    |
[INFO] [stdout] 54 |         if let Some(expanded_name!(html "template")) = self.names.get(target).map(|n| n.expanded())
[INFO] [stdout]    |                     ^^^^^^^^^^^^^
[INFO] [stdout]    |
[INFO] [stdout]    = help: consider importing one of these items:
[INFO] [stdout]            fast_html5ever::expanded_name
[INFO] [stdout]            fast_markup5ever::expanded_name
[INFO] [stdout] 
[INFO] [stdout] 
[INFO] [stdout] error[E0412]: cannot find type `StrTendril` in this scope
[INFO] [stdout]   --> examples/print-tree-actions.rs:81:37
[INFO] [stdout]    |
[INFO] [stdout] 81 |     fn create_comment(&mut self, _: StrTendril) {}
[INFO] [stdout]    |                                     ^^^^^^^^^^ not found in this scope
[INFO] [stdout] 
[INFO] [stdout] 
[INFO] [stdout] error[E0412]: cannot find type `StrTendril` in this scope
[INFO] [stdout]   --> examples/print-tree-actions.rs:84:37
[INFO] [stdout]    |
[INFO] [stdout] 84 |     fn create_pi(&mut self, target: StrTendril, value: StrTendril) -> usize {
[INFO] [stdout]    |                                     ^^^^^^^^^^ not found in this scope
[INFO] [stdout] 
[INFO] [stdout] 
[INFO] [stdout] error[E0412]: cannot find type `StrTendril` in this scope
[INFO] [stdout]   --> examples/print-tree-actions.rs:84:56
[INFO] [stdout]    |
[INFO] [stdout] 84 |     fn create_pi(&mut self, target: StrTendril, value: StrTendril) -> usize {
[INFO] [stdout]    |                                                        ^^^^^^^^^^ not found in this scope
[INFO] [stdout] 
[INFO] [stdout] 
[INFO] [stdout] error[E0412]: cannot find type `StrTendril` in this scope
[INFO] [stdout]    --> examples/print-tree-actions.rs:113:15
[INFO] [stdout]     |
[INFO] [stdout] 113 |         name: StrTendril,
[INFO] [stdout]     |               ^^^^^^^^^^ not found in this scope
[INFO] [stdout] 
[INFO] [stdout] 
[INFO] [stdout] error[E0412]: cannot find type `StrTendril` in this scope
[INFO] [stdout]    --> examples/print-tree-actions.rs:114:20
[INFO] [stdout]     |
[INFO] [stdout] 114 |         public_id: StrTendril,
[INFO] [stdout]     |                    ^^^^^^^^^^ not found in this scope
[INFO] [stdout] 
[INFO] [stdout] 
[INFO] [stdout] error[E0412]: cannot find type `StrTendril` in this scope
[INFO] [stdout]    --> examples/print-tree-actions.rs:115:20
[INFO] [stdout]     |
[INFO] [stdout] 115 |         system_id: StrTendril,
[INFO] [stdout]     |                    ^^^^^^^^^^ not found in this scope
[INFO] [stdout] 
[INFO] [stdout] 
[INFO] [stdout] error: aborting due to 8 previous errors
[INFO] [stdout] 
[INFO] [stdout] 
[INFO] [stdout] Some errors have detailed explanations: E0412, E0463.
[INFO] [stdout] 
[INFO] [stdout] For more information about an error, try `rustc --explain E0412`.
[INFO] [stdout] 
[INFO] [stderr] error: could not compile `fast_html5ever` due to 9 previous errors
[INFO] running `Command { std: "docker" "inspect" "9feb0af505f54538a9ebf461f3980c21a9dea0aeb4dd48984d191ffbdca13d99", kill_on_drop: false }`
[INFO] running `Command { std: "docker" "rm" "-f" "9feb0af505f54538a9ebf461f3980c21a9dea0aeb4dd48984d191ffbdca13d99", kill_on_drop: false }`
[INFO] [stdout] 9feb0af505f54538a9ebf461f3980c21a9dea0aeb4dd48984d191ffbdca13d99
