[INFO] fetching crate fadroma-derive-canonize 0.3.5...
[INFO] testing fadroma-derive-canonize-0.3.5 against 1.69.0 for beta-1.70-1
[INFO] extracting crate fadroma-derive-canonize 0.3.5 into /workspace/builds/worker-0-tc1/source
[INFO] validating manifest of crates.io crate fadroma-derive-canonize 0.3.5 on toolchain 1.69.0
[INFO] running `Command { std: CARGO_HOME="/workspace/cargo-home" RUSTUP_HOME="/workspace/rustup-home" "/workspace/cargo-home/bin/cargo" "+1.69.0" "metadata" "--manifest-path" "Cargo.toml" "--no-deps", kill_on_drop: false }`
[INFO] started tweaking crates.io crate fadroma-derive-canonize 0.3.5
[INFO] finished tweaking crates.io crate fadroma-derive-canonize 0.3.5
[INFO] tweaked toml for crates.io crate fadroma-derive-canonize 0.3.5 written to /workspace/builds/worker-0-tc1/source/Cargo.toml
[INFO] running `Command { std: CARGO_HOME="/workspace/cargo-home" RUSTUP_HOME="/workspace/rustup-home" __CARGO_TEST_CHANNEL_OVERRIDE_DO_NOT_USE_THIS="nightly" "/workspace/cargo-home/bin/cargo" "+1.69.0" "generate-lockfile" "--manifest-path" "Cargo.toml" "-Zno-index-update", kill_on_drop: false }`
[INFO] running `Command { std: CARGO_HOME="/workspace/cargo-home" RUSTUP_HOME="/workspace/rustup-home" "/workspace/cargo-home/bin/cargo" "+1.69.0" "fetch" "--manifest-path" "Cargo.toml", kill_on_drop: false }`
[INFO] running `Command { std: "docker" "create" "-v" "/var/lib/crater-agent-workspace/builds/worker-0-tc1/target:/opt/rustwide/target:rw,Z" "-v" "/var/lib/crater-agent-workspace/builds/worker-0-tc1/source:/opt/rustwide/workdir:ro,Z" "-v" "/var/lib/crater-agent-workspace/cargo-home:/opt/rustwide/cargo-home:ro,Z" "-v" "/var/lib/crater-agent-workspace/rustup-home:/opt/rustwide/rustup-home:ro,Z" "-e" "SOURCE_DIR=/opt/rustwide/workdir" "-e" "CARGO_TARGET_DIR=/opt/rustwide/target" "-e" "CARGO_HOME=/opt/rustwide/cargo-home" "-e" "RUSTUP_HOME=/opt/rustwide/rustup-home" "-w" "/opt/rustwide/workdir" "-m" "1610612736" "--user" "0:0" "--network" "none" "ghcr.io/rust-lang/crates-build-env/linux@sha256:5ff2268d62e97bff2cde7d5815dd6ed5b47097566f13b8d0ca110b04b60e07ed" "/opt/rustwide/cargo-home/bin/cargo" "+1.69.0" "metadata" "--no-deps" "--format-version=1", kill_on_drop: false }`
[INFO] [stdout] 7536914608a2ba2f90177ce088841cd6da92c947c07b22b52513393956e912b9
[INFO] running `Command { std: "docker" "start" "-a" "7536914608a2ba2f90177ce088841cd6da92c947c07b22b52513393956e912b9", kill_on_drop: false }`
[INFO] running `Command { std: "docker" "inspect" "7536914608a2ba2f90177ce088841cd6da92c947c07b22b52513393956e912b9", kill_on_drop: false }`
[INFO] running `Command { std: "docker" "rm" "-f" "7536914608a2ba2f90177ce088841cd6da92c947c07b22b52513393956e912b9", kill_on_drop: false }`
[INFO] [stdout] 7536914608a2ba2f90177ce088841cd6da92c947c07b22b52513393956e912b9
[INFO] running `Command { std: "docker" "create" "-v" "/var/lib/crater-agent-workspace/builds/worker-0-tc1/target:/opt/rustwide/target:rw,Z" "-v" "/var/lib/crater-agent-workspace/builds/worker-0-tc1/source:/opt/rustwide/workdir:ro,Z" "-v" "/var/lib/crater-agent-workspace/cargo-home:/opt/rustwide/cargo-home:ro,Z" "-v" "/var/lib/crater-agent-workspace/rustup-home:/opt/rustwide/rustup-home:ro,Z" "-e" "SOURCE_DIR=/opt/rustwide/workdir" "-e" "CARGO_TARGET_DIR=/opt/rustwide/target" "-e" "CARGO_INCREMENTAL=0" "-e" "RUST_BACKTRACE=full" "-e" "RUSTFLAGS=--cap-lints=warn" "-e" "RUSTDOCFLAGS=--cap-lints=warn" "-e" "CARGO_HOME=/opt/rustwide/cargo-home" "-e" "RUSTUP_HOME=/opt/rustwide/rustup-home" "-w" "/opt/rustwide/workdir" "-m" "1610612736" "--user" "0:0" "--network" "none" "ghcr.io/rust-lang/crates-build-env/linux@sha256:5ff2268d62e97bff2cde7d5815dd6ed5b47097566f13b8d0ca110b04b60e07ed" "/opt/rustwide/cargo-home/bin/cargo" "+1.69.0" "build" "--frozen" "--message-format=json", kill_on_drop: false }`
[INFO] [stdout] c80a9b950a32e0555cac944b4a5b0995951210a90b6ce89c573603fadfa72173
[INFO] running `Command { std: "docker" "start" "-a" "c80a9b950a32e0555cac944b4a5b0995951210a90b6ce89c573603fadfa72173", kill_on_drop: false }`
[INFO] [stderr]    Compiling fadroma-derive-canonize v0.3.5 (/opt/rustwide/workdir)
[INFO] [stderr]     Finished dev [unoptimized + debuginfo] target(s) in 0.79s
[INFO] running `Command { std: "docker" "inspect" "c80a9b950a32e0555cac944b4a5b0995951210a90b6ce89c573603fadfa72173", kill_on_drop: false }`
[INFO] running `Command { std: "docker" "rm" "-f" "c80a9b950a32e0555cac944b4a5b0995951210a90b6ce89c573603fadfa72173", kill_on_drop: false }`
[INFO] [stdout] c80a9b950a32e0555cac944b4a5b0995951210a90b6ce89c573603fadfa72173
[INFO] running `Command { std: "docker" "create" "-v" "/var/lib/crater-agent-workspace/builds/worker-0-tc1/target:/opt/rustwide/target:rw,Z" "-v" "/var/lib/crater-agent-workspace/builds/worker-0-tc1/source:/opt/rustwide/workdir:ro,Z" "-v" "/var/lib/crater-agent-workspace/cargo-home:/opt/rustwide/cargo-home:ro,Z" "-v" "/var/lib/crater-agent-workspace/rustup-home:/opt/rustwide/rustup-home:ro,Z" "-e" "SOURCE_DIR=/opt/rustwide/workdir" "-e" "CARGO_TARGET_DIR=/opt/rustwide/target" "-e" "CARGO_INCREMENTAL=0" "-e" "RUST_BACKTRACE=full" "-e" "RUSTFLAGS=--cap-lints=warn" "-e" "RUSTDOCFLAGS=--cap-lints=warn" "-e" "CARGO_HOME=/opt/rustwide/cargo-home" "-e" "RUSTUP_HOME=/opt/rustwide/rustup-home" "-w" "/opt/rustwide/workdir" "-m" "1610612736" "--user" "0:0" "--network" "none" "ghcr.io/rust-lang/crates-build-env/linux@sha256:5ff2268d62e97bff2cde7d5815dd6ed5b47097566f13b8d0ca110b04b60e07ed" "/opt/rustwide/cargo-home/bin/cargo" "+1.69.0" "test" "--frozen" "--no-run" "--message-format=json", kill_on_drop: false }`
[INFO] [stdout] f2fb7702e2c583ccefdd5d4b5ab4c4fbecd705e2be41f7f220ce00e1ef227085
[INFO] running `Command { std: "docker" "start" "-a" "f2fb7702e2c583ccefdd5d4b5ab4c4fbecd705e2be41f7f220ce00e1ef227085", kill_on_drop: false }`
[INFO] [stderr]    Compiling proc-macro2 v1.0.56
[INFO] [stderr]    Compiling unicode-ident v1.0.8
[INFO] [stderr]    Compiling serde v1.0.160
[INFO] [stderr]    Compiling quote v1.0.26
[INFO] [stderr]    Compiling syn v1.0.109
[INFO] [stderr]    Compiling syn v2.0.15
[INFO] [stderr]    Compiling serde_derive v1.0.160
[INFO] [stderr]    Compiling fadroma-derive-canonize v0.3.5 (/opt/rustwide/workdir)
[INFO] [stdout] error[E0432]: unresolved import `fadroma`
[INFO] [stdout]  --> tests/derive_generic.rs:4:5
[INFO] [stdout]   |
[INFO] [stdout] 4 |     self,
[INFO] [stdout]   |     ^^^^ no external crate `fadroma`
[INFO] [stdout] 
[INFO] [stdout] 
[INFO] [stdout] error: cannot determine resolution for the derive macro `Canonize`
[INFO] [stdout]   --> tests/derive_generic.rs:12:10
[INFO] [stdout]    |
[INFO] [stdout] 12 | #[derive(Canonize, PartialEq, Clone, Debug, FadromaSerialize, FadromaDeserialize)]
[INFO] [stdout]    |          ^^^^^^^^
[INFO] [stdout]    |
[INFO] [stdout]    = note: import resolution is stuck, try simplifying macro imports
[INFO] [stdout] 
[INFO] [stdout] 
[INFO] [stdout] error: cannot determine resolution for the derive macro `FadromaSerialize`
[INFO] [stdout]   --> tests/derive_generic.rs:12:45
[INFO] [stdout]    |
[INFO] [stdout] 12 | #[derive(Canonize, PartialEq, Clone, Debug, FadromaSerialize, FadromaDeserialize)]
[INFO] [stdout]    |                                             ^^^^^^^^^^^^^^^^
[INFO] [stdout]    |
[INFO] [stdout]    = note: import resolution is stuck, try simplifying macro imports
[INFO] [stdout] 
[INFO] [stdout] 
[INFO] [stdout] error: cannot determine resolution for the derive macro `FadromaDeserialize`
[INFO] [stdout]   --> tests/derive_generic.rs:12:63
[INFO] [stdout]    |
[INFO] [stdout] 12 | #[derive(Canonize, PartialEq, Clone, Debug, FadromaSerialize, FadromaDeserialize)]
[INFO] [stdout]    |                                                               ^^^^^^^^^^^^^^^^^^
[INFO] [stdout]    |
[INFO] [stdout]    = note: import resolution is stuck, try simplifying macro imports
[INFO] [stdout] 
[INFO] [stdout] 
[INFO] [stdout] error: cannot determine resolution for the derive macro `Canonize`
[INFO] [stdout]   --> tests/derive_generic.rs:36:10
[INFO] [stdout]    |
[INFO] [stdout] 36 | #[derive(Canonize, PartialEq, Clone, Debug, FadromaSerialize, FadromaDeserialize)]
[INFO] [stdout]    |          ^^^^^^^^
[INFO] [stdout]    |
[INFO] [stdout]    = note: import resolution is stuck, try simplifying macro imports
[INFO] [stdout] 
[INFO] [stdout] 
[INFO] [stdout] error: cannot determine resolution for the derive macro `FadromaSerialize`
[INFO] [stdout]   --> tests/derive_generic.rs:36:45
[INFO] [stdout]    |
[INFO] [stdout] 36 | #[derive(Canonize, PartialEq, Clone, Debug, FadromaSerialize, FadromaDeserialize)]
[INFO] [stdout]    |                                             ^^^^^^^^^^^^^^^^
[INFO] [stdout]    |
[INFO] [stdout]    = note: import resolution is stuck, try simplifying macro imports
[INFO] [stdout] 
[INFO] [stdout] 
[INFO] [stdout] error: cannot determine resolution for the derive macro `FadromaDeserialize`
[INFO] [stdout]   --> tests/derive_generic.rs:36:63
[INFO] [stdout]    |
[INFO] [stdout] 36 | #[derive(Canonize, PartialEq, Clone, Debug, FadromaSerialize, FadromaDeserialize)]
[INFO] [stdout]    |                                                               ^^^^^^^^^^^^^^^^^^
[INFO] [stdout]    |
[INFO] [stdout]    = note: import resolution is stuck, try simplifying macro imports
[INFO] [stdout] 
[INFO] [stdout] 
[INFO] [stdout] error: cannot determine resolution for the derive macro `Canonize`
[INFO] [stdout]   --> tests/derive_generic.rs:59:10
[INFO] [stdout]    |
[INFO] [stdout] 59 | #[derive(Canonize, Clone)]
[INFO] [stdout]    |          ^^^^^^^^
[INFO] [stdout]    |
[INFO] [stdout]    = note: import resolution is stuck, try simplifying macro imports
[INFO] [stdout] 
[INFO] [stdout] 
[INFO] [stdout] error: cannot determine resolution for the derive macro `Canonize`
[INFO] [stdout]   --> tests/derive_generic.rs:73:10
[INFO] [stdout]    |
[INFO] [stdout] 73 | #[derive(Canonize, Clone)]
[INFO] [stdout]    |          ^^^^^^^^
[INFO] [stdout]    |
[INFO] [stdout]    = note: import resolution is stuck, try simplifying macro imports
[INFO] [stdout] 
[INFO] [stdout] 
[INFO] [stdout] error: aborting due to 9 previous errors
[INFO] [stdout] 
[INFO] [stdout] 
[INFO] [stdout] For more information about this error, try `rustc --explain E0432`.
[INFO] [stdout] 
[INFO] [stderr] error: could not compile `fadroma-derive-canonize` due to 10 previous errors
[INFO] [stderr] warning: build failed, waiting for other jobs to finish...
[INFO] [stdout] error[E0432]: unresolved import `fadroma`
[INFO] [stdout]  --> tests/derive.rs:2:5
[INFO] [stdout]   |
[INFO] [stdout] 2 |     self,
[INFO] [stdout]   |     ^^^^ no external crate `fadroma`
[INFO] [stdout] 
[INFO] [stdout] 
[INFO] [stdout] error: cannot determine resolution for the derive macro `Canonize`
[INFO] [stdout]  --> tests/derive.rs:7:10
[INFO] [stdout]   |
[INFO] [stdout] 7 | #[derive(Canonize, PartialEq, Clone, FadromaSerialize)]
[INFO] [stdout]   |          ^^^^^^^^
[INFO] [stdout]   |
[INFO] [stdout]   = note: import resolution is stuck, try simplifying macro imports
[INFO] [stdout] 
[INFO] [stdout] 
[INFO] [stdout] error: cannot determine resolution for the derive macro `FadromaSerialize`
[INFO] [stdout]  --> tests/derive.rs:7:38
[INFO] [stdout]   |
[INFO] [stdout] 7 | #[derive(Canonize, PartialEq, Clone, FadromaSerialize)]
[INFO] [stdout]   |                                      ^^^^^^^^^^^^^^^^
[INFO] [stdout]   |
[INFO] [stdout]   = note: import resolution is stuck, try simplifying macro imports
[INFO] [stdout] 
[INFO] [stdout] 
[INFO] [stdout] error: cannot determine resolution for the derive macro `Canonize`
[INFO] [stdout]   --> tests/derive.rs:13:10
[INFO] [stdout]    |
[INFO] [stdout] 13 | #[derive(Canonize, PartialEq, Clone, FadromaSerialize)]
[INFO] [stdout]    |          ^^^^^^^^
[INFO] [stdout]    |
[INFO] [stdout]    = note: import resolution is stuck, try simplifying macro imports
[INFO] [stdout] 
[INFO] [stdout] 
[INFO] [stdout] error: cannot determine resolution for the derive macro `FadromaSerialize`
[INFO] [stdout]   --> tests/derive.rs:13:38
[INFO] [stdout]    |
[INFO] [stdout] 13 | #[derive(Canonize, PartialEq, Clone, FadromaSerialize)]
[INFO] [stdout]    |                                      ^^^^^^^^^^^^^^^^
[INFO] [stdout]    |
[INFO] [stdout]    = note: import resolution is stuck, try simplifying macro imports
[INFO] [stdout] 
[INFO] [stdout] 
[INFO] [stdout] error[E0422]: cannot find struct, variant or union type `TestCanon` in this scope
[INFO] [stdout]   --> tests/derive.rs:41:21
[INFO] [stdout]    |
[INFO] [stdout] 41 |     let canonized = TestCanon {
[INFO] [stdout]    |                     ^^^^^^^^^ not found in this scope
[INFO] [stdout] 
[INFO] [stdout] 
[INFO] [stdout] error[E0432]: unresolved import `fadroma`
[INFO] [stdout]  --> tests/enum.rs:2:5
[INFO] [stdout]   |
[INFO] [stdout] 2 |     self,
[INFO] [stdout]   |     ^^^^ no external crate `fadroma`
[INFO] [stdout] 
[INFO] [stdout] 
[INFO] [stdout] error: cannot determine resolution for the derive macro `Canonize`
[INFO] [stdout]  --> tests/enum.rs:7:10
[INFO] [stdout]   |
[INFO] [stdout] 7 | #[derive(Canonize, PartialEq, Clone, serde::Serialize, serde::Deserialize)]
[INFO] [stdout]   |          ^^^^^^^^
[INFO] [stdout]   |
[INFO] [stdout]   = note: import resolution is stuck, try simplifying macro imports
[INFO] [stdout] 
[INFO] [stdout] 
[INFO] [stdout] error: cannot determine resolution for the derive macro `Canonize`
[INFO] [stdout]   --> tests/enum.rs:13:10
[INFO] [stdout]    |
[INFO] [stdout] 13 | #[derive(Canonize, PartialEq, Clone, serde::Serialize)]
[INFO] [stdout]    |          ^^^^^^^^
[INFO] [stdout]    |
[INFO] [stdout]    = note: import resolution is stuck, try simplifying macro imports
[INFO] [stdout] 
[INFO] [stdout] 
[INFO] [stdout] error[E0433]: failed to resolve: use of undeclared type `TestEnumCanon`
[INFO] [stdout]   --> tests/enum.rs:31:9
[INFO] [stdout]    |
[INFO] [stdout] 31 |         TestEnumCanon::TestVarTwo { from: x, to: y } => {
[INFO] [stdout]    |         ^^^^^^^^^^^^^ use of undeclared type `TestEnumCanon`
[INFO] [stdout] 
[INFO] [stdout] 
[INFO] [stdout] error[E0433]: failed to resolve: use of undeclared type `TestEnumCanon`
[INFO] [stdout]   --> tests/enum.rs:41:9
[INFO] [stdout]    |
[INFO] [stdout] 41 |         TestEnumCanon::TestVar(x, y) => {
[INFO] [stdout]    |         ^^^^^^^^^^^^^ use of undeclared type `TestEnumCanon`
[INFO] [stdout] 
[INFO] [stdout] 
[INFO] [stdout] error[E0599]: no method named `canonize` found for struct `Test` in the current scope
[INFO] [stdout]   --> tests/derive.rs:39:30
[INFO] [stdout]    |
[INFO] [stdout] 8  | struct Test {
[INFO] [stdout]    | ----------- method `canonize` not found for this struct
[INFO] [stdout] ...
[INFO] [stdout] 39 |     let canon = test.clone().canonize(&deps.api).unwrap();
[INFO] [stdout]    |                              ^^^^^^^^ method not found in `Test`
[INFO] [stdout] 
[INFO] [stdout] 
[INFO] [stdout] error[E0599]: no method named `canonize` found for enum `TestEnum` in the current scope
[INFO] [stdout]   --> tests/enum.rs:30:16
[INFO] [stdout]    |
[INFO] [stdout] 8  | enum TestEnum {
[INFO] [stdout]    | ------------- method `canonize` not found for this enum
[INFO] [stdout] ...
[INFO] [stdout] 30 |     match test.canonize(&deps.api).unwrap() {
[INFO] [stdout]    |                ^^^^^^^^ method not found in `TestEnum`
[INFO] [stdout] 
[INFO] [stdout] 
[INFO] [stdout] error[E0599]: no method named `canonize` found for struct `TestTuple` in the current scope
[INFO] [stdout]   --> tests/derive.rs:63:30
[INFO] [stdout]    |
[INFO] [stdout] 14 | struct TestTuple(pub Addr, Uint128);
[INFO] [stdout]    | ---------------- method `canonize` not found for this struct
[INFO] [stdout] ...
[INFO] [stdout] 63 |     let canon = test.clone().canonize(&deps.api).unwrap();
[INFO] [stdout]    |                              ^^^^^^^^ method not found in `TestTuple`
[INFO] [stdout] 
[INFO] [stdout] 
[INFO] [stdout] error[E0425]: cannot find function, tuple struct or tuple variant `TestTupleCanon` in this scope
[INFO] [stdout]   --> tests/derive.rs:65:21
[INFO] [stdout]    |
[INFO] [stdout] 65 |     let canonized = TestTupleCanon(test.0.clone().canonize(&deps.api).unwrap(), test.1);
[INFO] [stdout]    |                     ^^^^^^^^^^^^^^ not found in this scope
[INFO] [stdout] 
[INFO] [stdout] 
[INFO] [stdout] error[E0599]: no method named `canonize` found for enum `TestEnum` in the current scope
[INFO] [stdout]   --> tests/enum.rs:40:16
[INFO] [stdout]    |
[INFO] [stdout] 8  | enum TestEnum {
[INFO] [stdout]    | ------------- method `canonize` not found for this enum
[INFO] [stdout] ...
[INFO] [stdout] 40 |     match test.canonize(&deps.api).unwrap() {
[INFO] [stdout]    |                ^^^^^^^^ method not found in `TestEnum`
[INFO] [stdout] 
[INFO] [stdout] 
[INFO] [stdout] error: aborting due to 9 previous errors
[INFO] [stdout] 
[INFO] [stdout] 
[INFO] [stdout] Some errors have detailed explanations: E0422, E0425, E0432, E0599.
[INFO] [stdout] 
[INFO] [stdout] For more information about an error, try `rustc --explain E0422`.
[INFO] [stdout] 
[INFO] [stderr] error: could not compile `fadroma-derive-canonize` due to 10 previous errors
[INFO] [stdout] error: aborting due to 7 previous errors
[INFO] [stdout] 
[INFO] [stdout] 
[INFO] [stdout] Some errors have detailed explanations: E0432, E0433, E0599.
[INFO] [stdout] 
[INFO] [stdout] For more information about an error, try `rustc --explain E0432`.
[INFO] [stdout] 
[INFO] [stderr] error: could not compile `fadroma-derive-canonize` due to 8 previous errors
[INFO] running `Command { std: "docker" "inspect" "f2fb7702e2c583ccefdd5d4b5ab4c4fbecd705e2be41f7f220ce00e1ef227085", kill_on_drop: false }`
[INFO] running `Command { std: "docker" "rm" "-f" "f2fb7702e2c583ccefdd5d4b5ab4c4fbecd705e2be41f7f220ce00e1ef227085", kill_on_drop: false }`
[INFO] [stdout] f2fb7702e2c583ccefdd5d4b5ab4c4fbecd705e2be41f7f220ce00e1ef227085
