[INFO] fetching crate evoke 0.4.0...
[INFO] testing evoke-0.4.0 against beta-2023-04-20 for beta-1.70-1
[INFO] extracting crate evoke 0.4.0 into /workspace/builds/worker-7-tc2/source
[INFO] validating manifest of crates.io crate evoke 0.4.0 on toolchain beta-2023-04-20
[INFO] running `Command { std: CARGO_HOME="/workspace/cargo-home" RUSTUP_HOME="/workspace/rustup-home" "/workspace/cargo-home/bin/cargo" "+beta-2023-04-20" "metadata" "--manifest-path" "Cargo.toml" "--no-deps", kill_on_drop: false }`
[INFO] started tweaking crates.io crate evoke 0.4.0
[INFO] finished tweaking crates.io crate evoke 0.4.0
[INFO] tweaked toml for crates.io crate evoke 0.4.0 written to /workspace/builds/worker-7-tc2/source/Cargo.toml
[INFO] crate crates.io crate evoke 0.4.0 already has a lockfile, it will not be regenerated
[INFO] running `Command { std: CARGO_HOME="/workspace/cargo-home" RUSTUP_HOME="/workspace/rustup-home" "/workspace/cargo-home/bin/cargo" "+beta-2023-04-20" "fetch" "--manifest-path" "Cargo.toml", kill_on_drop: false }`
[INFO] [stderr]     Updating crates.io index
[INFO] [stderr]  Downloading crates ...
[INFO] [stderr]   Downloaded serde_derive v1.0.132
[INFO] [stderr]   Downloaded alkahest v0.1.5
[INFO] [stderr]   Downloaded serde v1.0.132
[INFO] [stderr]   Downloaded bytemuck v1.7.3
[INFO] [stderr]   Downloaded hashbrown v0.12.0
[INFO] [stderr]   Downloaded bitsetium v0.0.2
[INFO] [stderr]   Downloaded alkahest-proc v0.1.4
[INFO] [stderr]   Downloaded evoke-core v0.2.0
[INFO] [stderr]   Downloaded scoped-arena v0.4.0
[INFO] [stderr]   Downloaded edict v0.1.0
[INFO] running `Command { std: "docker" "create" "-v" "/var/lib/crater-agent-workspace/builds/worker-7-tc2/target:/opt/rustwide/target:rw,Z" "-v" "/var/lib/crater-agent-workspace/builds/worker-7-tc2/source:/opt/rustwide/workdir:ro,Z" "-v" "/var/lib/crater-agent-workspace/cargo-home:/opt/rustwide/cargo-home:ro,Z" "-v" "/var/lib/crater-agent-workspace/rustup-home:/opt/rustwide/rustup-home:ro,Z" "-e" "SOURCE_DIR=/opt/rustwide/workdir" "-e" "CARGO_TARGET_DIR=/opt/rustwide/target" "-e" "CARGO_HOME=/opt/rustwide/cargo-home" "-e" "RUSTUP_HOME=/opt/rustwide/rustup-home" "-w" "/opt/rustwide/workdir" "-m" "1610612736" "--user" "0:0" "--network" "none" "ghcr.io/rust-lang/crates-build-env/linux@sha256:5ff2268d62e97bff2cde7d5815dd6ed5b47097566f13b8d0ca110b04b60e07ed" "/opt/rustwide/cargo-home/bin/cargo" "+beta-2023-04-20" "metadata" "--no-deps" "--format-version=1", kill_on_drop: false }`
[INFO] [stdout] d794aef010b1a21fa5fa8e9efd391abb31a62084a5d977778cc1281ecdd74568
[INFO] running `Command { std: "docker" "start" "-a" "d794aef010b1a21fa5fa8e9efd391abb31a62084a5d977778cc1281ecdd74568", kill_on_drop: false }`
[INFO] running `Command { std: "docker" "inspect" "d794aef010b1a21fa5fa8e9efd391abb31a62084a5d977778cc1281ecdd74568", kill_on_drop: false }`
[INFO] running `Command { std: "docker" "rm" "-f" "d794aef010b1a21fa5fa8e9efd391abb31a62084a5d977778cc1281ecdd74568", kill_on_drop: false }`
[INFO] [stdout] d794aef010b1a21fa5fa8e9efd391abb31a62084a5d977778cc1281ecdd74568
[INFO] running `Command { std: "docker" "create" "-v" "/var/lib/crater-agent-workspace/builds/worker-7-tc2/target:/opt/rustwide/target:rw,Z" "-v" "/var/lib/crater-agent-workspace/builds/worker-7-tc2/source:/opt/rustwide/workdir:ro,Z" "-v" "/var/lib/crater-agent-workspace/cargo-home:/opt/rustwide/cargo-home:ro,Z" "-v" "/var/lib/crater-agent-workspace/rustup-home:/opt/rustwide/rustup-home:ro,Z" "-e" "SOURCE_DIR=/opt/rustwide/workdir" "-e" "CARGO_TARGET_DIR=/opt/rustwide/target" "-e" "CARGO_INCREMENTAL=0" "-e" "RUST_BACKTRACE=full" "-e" "RUSTFLAGS=--cap-lints=warn" "-e" "RUSTDOCFLAGS=--cap-lints=warn" "-e" "CARGO_HOME=/opt/rustwide/cargo-home" "-e" "RUSTUP_HOME=/opt/rustwide/rustup-home" "-w" "/opt/rustwide/workdir" "-m" "1610612736" "--user" "0:0" "--network" "none" "ghcr.io/rust-lang/crates-build-env/linux@sha256:5ff2268d62e97bff2cde7d5815dd6ed5b47097566f13b8d0ca110b04b60e07ed" "/opt/rustwide/cargo-home/bin/cargo" "+beta-2023-04-20" "build" "--frozen" "--message-format=json", kill_on_drop: false }`
[INFO] [stdout] 5a86552c290bf4dada1177b4e23055ae582da7d00de600e24073b19adbec76f9
[INFO] running `Command { std: "docker" "start" "-a" "5a86552c290bf4dada1177b4e23055ae582da7d00de600e24073b19adbec76f9", kill_on_drop: false }`
[INFO] [stderr]    Compiling proc-macro2 v1.0.34
[INFO] [stderr]    Compiling unicode-xid v0.2.2
[INFO] [stderr]    Compiling syn v1.0.83
[INFO] [stderr]    Compiling libc v0.2.112
[INFO] [stderr]    Compiling log v0.4.14
[INFO] [stderr]    Compiling serde_derive v1.0.132
[INFO] [stderr]    Compiling serde v1.0.132
[INFO] [stderr]    Compiling pin-project-lite v0.2.7
[INFO] [stderr]    Compiling futures-task v0.3.19
[INFO] [stderr]    Compiling eyre v0.6.5
[INFO] [stderr]    Compiling bytemuck v1.7.3
[INFO] [stderr]    Compiling smallvec v1.8.0
[INFO] [stderr]    Compiling once_cell v1.9.0
[INFO] [stderr]    Compiling hashbrown v0.12.0
[INFO] [stderr]    Compiling tracing-core v0.1.21
[INFO] [stderr]    Compiling indenter v0.3.3
[INFO] [stderr]    Compiling scoped-arena v0.4.0
[INFO] [stderr]    Compiling bitsetium v0.0.2
[INFO] [stderr]    Compiling edict v0.1.0
[INFO] [stderr]    Compiling quote v1.0.10
[INFO] [stderr]    Compiling mio v0.7.14
[INFO] [stderr]    Compiling tokio-macros v1.7.0
[INFO] [stderr]    Compiling thiserror-impl v1.0.30
[INFO] [stderr]    Compiling tracing-attributes v0.1.18
[INFO] [stderr]    Compiling alkahest-proc v0.1.4
[INFO] [stderr]    Compiling tokio v1.15.0
[INFO] [stderr]    Compiling tracing v0.1.29
[INFO] [stderr]    Compiling thiserror v1.0.30
[INFO] [stderr]    Compiling alkahest v0.1.5
[INFO] [stderr]    Compiling evoke-core v0.2.0
[INFO] [stdout] error[E0793]: reference to packed field is unaligned
[INFO] [stdout]   --> /opt/rustwide/cargo-home/registry/src/index.crates.io-6f17d22bba15001f/evoke-core-0.2.0/src/client_server/mod.rs:88:5
[INFO] [stdout]    |
[INFO] [stdout] 88 |     AddPlayer {
[INFO] [stdout]    |     ^^^^^^^^^
[INFO] [stdout]    |
[INFO] [stdout]    = note: fields of packed structs are not properly aligned, and creating a misaligned reference is undefined behavior (even if that reference is never dereferenced)
[INFO] [stdout]    = help: copy the field contents to a local variable, or replace the reference with a raw pointer and use `read_unaligned`/`write_unaligned` (loads and stores via `*p` must be properly aligned even when using raw pointers)
[INFO] [stdout] 
[INFO] [stdout] 
[INFO] [stdout] error[E0793]: reference to packed field is unaligned
[INFO] [stdout]    --> /opt/rustwide/cargo-home/registry/src/index.crates.io-6f17d22bba15001f/evoke-core-0.2.0/src/client_server/mod.rs:102:5
[INFO] [stdout]     |
[INFO] [stdout] 102 |     PlayerJoined { info: J },
[INFO] [stdout]     |     ^^^^^^^^^^^^
[INFO] [stdout]     |
[INFO] [stdout]     = note: fields of packed structs are not properly aligned, and creating a misaligned reference is undefined behavior (even if that reference is never dereferenced)
[INFO] [stdout]     = help: copy the field contents to a local variable, or replace the reference with a raw pointer and use `read_unaligned`/`write_unaligned` (loads and stores via `*p` must be properly aligned even when using raw pointers)
[INFO] [stdout] 
[INFO] [stdout] 
[INFO] [stdout] error[E0793]: reference to packed field is unaligned
[INFO] [stdout]    --> /opt/rustwide/cargo-home/registry/src/index.crates.io-6f17d22bba15001f/evoke-core-0.2.0/src/client_server/mod.rs:103:5
[INFO] [stdout]     |
[INFO] [stdout] 103 |     Updates { server_step: u64, updates: U },
[INFO] [stdout]     |     ^^^^^^^
[INFO] [stdout]     |
[INFO] [stdout]     = note: fields of packed structs are not properly aligned, and creating a misaligned reference is undefined behavior (even if that reference is never dereferenced)
[INFO] [stdout]     = help: copy the field contents to a local variable, or replace the reference with a raw pointer and use `read_unaligned`/`write_unaligned` (loads and stores via `*p` must be properly aligned even when using raw pointers)
[INFO] [stdout] 
[INFO] [stdout] 
[INFO] [stdout] error: aborting due to 3 previous errors
[INFO] [stdout] 
[INFO] [stdout] 
[INFO] [stdout] For more information about this error, try `rustc --explain E0793`.
[INFO] [stdout] 
[INFO] [stderr] error: could not compile `evoke-core` (lib) due to 4 previous errors
[INFO] [stderr] warning: build failed, waiting for other jobs to finish...
[INFO] running `Command { std: "docker" "inspect" "5a86552c290bf4dada1177b4e23055ae582da7d00de600e24073b19adbec76f9", kill_on_drop: false }`
[INFO] running `Command { std: "docker" "rm" "-f" "5a86552c290bf4dada1177b4e23055ae582da7d00de600e24073b19adbec76f9", kill_on_drop: false }`
[INFO] [stdout] 5a86552c290bf4dada1177b4e23055ae582da7d00de600e24073b19adbec76f9
