[INFO] fetching crate eventsourced-nats 0.6.0...
[INFO] testing eventsourced-nats-0.6.0 against 1.69.0 for beta-1.70-1
[INFO] extracting crate eventsourced-nats 0.6.0 into /workspace/builds/worker-3-tc1/source
[INFO] validating manifest of crates.io crate eventsourced-nats 0.6.0 on toolchain 1.69.0
[INFO] running `Command { std: CARGO_HOME="/workspace/cargo-home" RUSTUP_HOME="/workspace/rustup-home" "/workspace/cargo-home/bin/cargo" "+1.69.0" "metadata" "--manifest-path" "Cargo.toml" "--no-deps", kill_on_drop: false }`
[INFO] started tweaking crates.io crate eventsourced-nats 0.6.0
[INFO] finished tweaking crates.io crate eventsourced-nats 0.6.0
[INFO] tweaked toml for crates.io crate eventsourced-nats 0.6.0 written to /workspace/builds/worker-3-tc1/source/Cargo.toml
[INFO] crate crates.io crate eventsourced-nats 0.6.0 already has a lockfile, it will not be regenerated
[INFO] running `Command { std: CARGO_HOME="/workspace/cargo-home" RUSTUP_HOME="/workspace/rustup-home" "/workspace/cargo-home/bin/cargo" "+1.69.0" "fetch" "--manifest-path" "Cargo.toml", kill_on_drop: false }`
[INFO] [stderr]  Downloading crates ...
[INFO] [stderr]   Downloaded tokio-retry v0.3.0
[INFO] [stderr]   Downloaded nuid v0.3.2
[INFO] [stderr]   Downloaded nkeys v0.2.0
[INFO] [stderr]   Downloaded security-framework v2.8.1
[INFO] [stderr]   Downloaded signatory v0.23.2
[INFO] [stderr]   Downloaded cxx-build v1.0.87
[INFO] [stderr]   Downloaded pem-rfc7468 v0.2.4
[INFO] [stderr]   Downloaded prost-derive v0.11.6
[INFO] [stderr]   Downloaded base64ct v1.1.1
[INFO] [stderr]   Downloaded serde_nanos v0.1.2
[INFO] [stderr]   Downloaded cxxbridge-flags v1.0.87
[INFO] [stderr]   Downloaded prettyplease v0.1.23
[INFO] [stderr]   Downloaded cxxbridge-macro v1.0.87
[INFO] [stderr]   Downloaded scratch v1.0.3
[INFO] [stderr]   Downloaded serde_repr v0.1.10
[INFO] [stderr]   Downloaded prost v0.11.6
[INFO] [stderr]   Downloaded base64-url v1.4.13
[INFO] [stderr]   Downloaded subslice v0.2.3
[INFO] [stderr]   Downloaded async-nats v0.26.0
[INFO] [stderr]   Downloaded cxx v1.0.87
[INFO] [stderr]   Downloaded prost-build v0.11.6
[INFO] [stderr]   Downloaded prost-types v0.11.6
[INFO] [stderr]   Downloaded testcontainers v0.14.0
[INFO] [stderr]   Downloaded zeroize_derive v1.3.3
[INFO] [stderr]   Downloaded eventsourced v0.6.0
[INFO] running `Command { std: "docker" "create" "-v" "/var/lib/crater-agent-workspace/builds/worker-3-tc1/target:/opt/rustwide/target:rw,Z" "-v" "/var/lib/crater-agent-workspace/builds/worker-3-tc1/source:/opt/rustwide/workdir:ro,Z" "-v" "/var/lib/crater-agent-workspace/cargo-home:/opt/rustwide/cargo-home:ro,Z" "-v" "/var/lib/crater-agent-workspace/rustup-home:/opt/rustwide/rustup-home:ro,Z" "-e" "SOURCE_DIR=/opt/rustwide/workdir" "-e" "CARGO_TARGET_DIR=/opt/rustwide/target" "-e" "CARGO_HOME=/opt/rustwide/cargo-home" "-e" "RUSTUP_HOME=/opt/rustwide/rustup-home" "-w" "/opt/rustwide/workdir" "-m" "1610612736" "--user" "0:0" "--network" "none" "ghcr.io/rust-lang/crates-build-env/linux@sha256:5ff2268d62e97bff2cde7d5815dd6ed5b47097566f13b8d0ca110b04b60e07ed" "/opt/rustwide/cargo-home/bin/cargo" "+1.69.0" "metadata" "--no-deps" "--format-version=1", kill_on_drop: false }`
[INFO] [stdout] 63b45961ed7cd1f5cb838f445ff86edb2ac32e312732ff87157540cfff77cc8c
[INFO] running `Command { std: "docker" "start" "-a" "63b45961ed7cd1f5cb838f445ff86edb2ac32e312732ff87157540cfff77cc8c", kill_on_drop: false }`
[INFO] running `Command { std: "docker" "inspect" "63b45961ed7cd1f5cb838f445ff86edb2ac32e312732ff87157540cfff77cc8c", kill_on_drop: false }`
[INFO] running `Command { std: "docker" "rm" "-f" "63b45961ed7cd1f5cb838f445ff86edb2ac32e312732ff87157540cfff77cc8c", kill_on_drop: false }`
[INFO] [stdout] 63b45961ed7cd1f5cb838f445ff86edb2ac32e312732ff87157540cfff77cc8c
[INFO] running `Command { std: "docker" "create" "-v" "/var/lib/crater-agent-workspace/builds/worker-3-tc1/target:/opt/rustwide/target:rw,Z" "-v" "/var/lib/crater-agent-workspace/builds/worker-3-tc1/source:/opt/rustwide/workdir:ro,Z" "-v" "/var/lib/crater-agent-workspace/cargo-home:/opt/rustwide/cargo-home:ro,Z" "-v" "/var/lib/crater-agent-workspace/rustup-home:/opt/rustwide/rustup-home:ro,Z" "-e" "SOURCE_DIR=/opt/rustwide/workdir" "-e" "CARGO_TARGET_DIR=/opt/rustwide/target" "-e" "CARGO_INCREMENTAL=0" "-e" "RUST_BACKTRACE=full" "-e" "RUSTFLAGS=--cap-lints=warn" "-e" "RUSTDOCFLAGS=--cap-lints=warn" "-e" "CARGO_HOME=/opt/rustwide/cargo-home" "-e" "RUSTUP_HOME=/opt/rustwide/rustup-home" "-w" "/opt/rustwide/workdir" "-m" "1610612736" "--user" "0:0" "--network" "none" "ghcr.io/rust-lang/crates-build-env/linux@sha256:5ff2268d62e97bff2cde7d5815dd6ed5b47097566f13b8d0ca110b04b60e07ed" "/opt/rustwide/cargo-home/bin/cargo" "+1.69.0" "build" "--frozen" "--message-format=json", kill_on_drop: false }`
[INFO] [stdout] 3aff47910eca34ac3c1a71e16c8b9055f960afa16433898583abafd78cb16b10
[INFO] running `Command { std: "docker" "start" "-a" "3aff47910eca34ac3c1a71e16c8b9055f960afa16433898583abafd78cb16b10", kill_on_drop: false }`
[INFO] [stderr]     Blocking waiting for file lock on package cache
[INFO] [stderr]    Compiling proc-macro2 v1.0.50
[INFO] [stderr]    Compiling syn v1.0.107
[INFO] [stderr]    Compiling libc v0.2.139
[INFO] [stderr]    Compiling bytes v1.3.0
[INFO] [stderr]    Compiling either v1.8.0
[INFO] [stderr]    Compiling cc v1.0.78
[INFO] [stderr]    Compiling serde_derive v1.0.152
[INFO] [stderr]    Compiling generic-array v0.14.6
[INFO] [stderr]    Compiling once_cell v1.17.0
[INFO] [stderr]    Compiling unicode-xid v0.2.4
[INFO] [stderr]    Compiling anyhow v1.0.68
[INFO] [stderr]    Compiling parking_lot_core v0.9.6
[INFO] [stderr]    Compiling futures-core v0.3.25
[INFO] [stderr]    Compiling serde v1.0.152
[INFO] [stderr]    Compiling slab v0.4.7
[INFO] [stderr]    Compiling futures-channel v0.3.25
[INFO] [stderr]    Compiling futures-task v0.3.25
[INFO] [stderr]    Compiling itertools v0.10.5
[INFO] [stderr]    Compiling tokio v1.24.2
[INFO] [stderr]    Compiling indexmap v1.9.2
[INFO] [stderr]    Compiling futures-util v0.3.25
[INFO] [stderr]    Compiling futures-sink v0.3.25
[INFO] [stderr]    Compiling spin v0.5.2
[INFO] [stderr]    Compiling untrusted v0.7.1
[INFO] [stderr]    Compiling const-oid v0.6.2
[INFO] [stderr]    Compiling aho-corasick v0.7.20
[INFO] [stderr]    Compiling signature v1.6.4
[INFO] [stderr]    Compiling futures-io v0.3.25
[INFO] [stderr]    Compiling der v0.4.5
[INFO] [stderr]    Compiling base64ct v1.1.1
[INFO] [stderr]    Compiling prettyplease v0.1.23
[INFO] [stderr]    Compiling regex-syntax v0.6.28
[INFO] [stderr]    Compiling tinyvec v1.6.0
[INFO] [stderr]    Compiling atomic v0.5.1
[INFO] [stderr]    Compiling cpufeatures v0.2.5
[INFO] [stderr]    Compiling subtle v2.4.1
[INFO] [stderr]    Compiling pem-rfc7468 v0.2.4
[INFO] [stderr]    Compiling fastrand v1.8.0
[INFO] [stderr]    Compiling quote v1.0.23
[INFO] [stderr]    Compiling rustls v0.20.8
[INFO] [stderr]    Compiling digest v0.9.0
[INFO] [stderr]    Compiling block-buffer v0.9.0
[INFO] [stderr]    Compiling byteorder v1.4.3
[INFO] [stderr]    Compiling getrandom v0.2.8
[INFO] [stderr]    Compiling signal-hook-registry v1.4.0
[INFO] [stderr]    Compiling mio v0.8.5
[INFO] [stderr]    Compiling socket2 v0.4.7
[INFO] [stderr]    Compiling ring v0.16.20
[INFO] [stderr]    Compiling num_cpus v1.15.0
[INFO] [stderr]    Compiling rand_core v0.6.4
[INFO] [stderr]    Compiling spki v0.4.1
[INFO] [stderr]    Compiling opaque-debug v0.3.0
[INFO] [stderr]    Compiling parking_lot v0.12.1
[INFO] [stderr]    Compiling fixedbitset v0.4.2
[INFO] [stderr]    Compiling remove_dir_all v0.5.3
[INFO] [stderr]    Compiling rand_core v0.5.1
[INFO] [stderr]    Compiling tempfile v3.3.0
[INFO] [stderr]    Compiling unicode-normalization v0.1.22
[INFO] [stderr]    Compiling rand_chacha v0.3.1
[INFO] [stderr]    Compiling petgraph v0.6.2
[INFO] [stderr]    Compiling sha2 v0.9.9
[INFO] [stderr]    Compiling which v4.4.0
[INFO] [stderr]    Compiling rand v0.8.5
[INFO] [stderr]    Compiling ed25519 v1.5.3
[INFO] [stderr]    Compiling tracing-core v0.1.30
[INFO] [stderr]    Compiling multimap v0.8.3
[INFO] [stderr]    Compiling unicode-bidi v0.3.10
[INFO] [stderr]    Compiling thiserror v1.0.38
[INFO] [stderr]    Compiling base64 v0.21.0
[INFO] [stderr]    Compiling same-file v1.0.6
[INFO] [stderr]    Compiling time-core v0.1.0
[INFO] [stderr]    Compiling data-encoding v2.3.3
[INFO] [stderr]    Compiling http v0.2.8
[INFO] [stderr]    Compiling walkdir v2.3.2
[INFO] [stderr]    Compiling idna v0.3.0
[INFO] [stderr]    Compiling base64-url v1.4.13
[INFO] [stderr]    Compiling regex v1.7.1
[INFO] [stderr]    Compiling rustls-pemfile v1.0.2
[INFO] [stderr]    Compiling rustls-native-certs v0.6.2
[INFO] [stderr]    Compiling nuid v0.3.2
[INFO] [stderr]    Compiling subslice v0.2.3
[INFO] [stderr]    Compiling url v2.3.1
[INFO] [stderr]    Compiling synstructure v0.12.6
[INFO] [stderr]    Compiling webpki v0.22.0
[INFO] [stderr]    Compiling sct v0.7.0
[INFO] [stderr]    Compiling zeroize_derive v1.3.3
[INFO] [stderr]    Compiling prost-derive v0.11.6
[INFO] [stderr]    Compiling tokio-macros v1.8.2
[INFO] [stderr]    Compiling futures-macro v0.3.25
[INFO] [stderr]    Compiling pin-project-internal v1.0.12
[INFO] [stderr]    Compiling tracing-attributes v0.1.23
[INFO] [stderr]    Compiling thiserror-impl v1.0.38
[INFO] [stderr]    Compiling serde_repr v0.1.10
[INFO] [stderr]    Compiling zeroize v1.5.7
[INFO] [stderr]    Compiling pkcs8 v0.7.6
[INFO] [stderr]    Compiling curve25519-dalek v3.2.0
[INFO] [stderr]    Compiling signatory v0.23.2
[INFO] [stderr]    Compiling pin-project v1.0.12
[INFO] [stderr]    Compiling tracing v0.1.37
[INFO] [stderr]    Compiling ed25519-dalek v1.0.1
[INFO] [stderr]    Compiling prost v0.11.6
[INFO] [stderr]    Compiling nkeys v0.2.0
[INFO] [stderr]    Compiling prost-types v0.11.6
[INFO] [stderr]    Compiling prost-build v0.11.6
[INFO] [stderr]    Compiling futures-executor v0.3.25
[INFO] [stderr]    Compiling eventsourced-nats v0.6.0 (/opt/rustwide/workdir)
[INFO] [stderr]    Compiling futures v0.3.25
[INFO] [stderr]    Compiling tokio-rustls v0.23.4
[INFO] [stderr]    Compiling tokio-retry v0.3.0
[INFO] [stderr]    Compiling time v0.3.17
[INFO] [stderr]    Compiling serde_json v1.0.91
[INFO] [stderr]    Compiling serde_nanos v0.1.2
[INFO] [stderr]    Compiling uuid v1.2.2
[INFO] [stderr]    Compiling eventsourced v0.6.0
[INFO] [stdout] error[E0554]: `#![feature]` may not be used on the stable release channel
[INFO] [stdout]  --> /opt/rustwide/cargo-home/registry/src/github.com-1ecc6299db9ec823/eventsourced-0.6.0/src/lib.rs:5:1
[INFO] [stdout]   |
[INFO] [stdout] 5 | #![feature(async_fn_in_trait)]
[INFO] [stdout]   | ^^^^^^^^^^^^^^^^^^^^^^^^^^^^^^
[INFO] [stdout] 
[INFO] [stdout] 
[INFO] [stdout] error[E0554]: `#![feature]` may not be used on the stable release channel
[INFO] [stdout]  --> /opt/rustwide/cargo-home/registry/src/github.com-1ecc6299db9ec823/eventsourced-0.6.0/src/lib.rs:6:1
[INFO] [stdout]   |
[INFO] [stdout] 6 | #![feature(nonzero_min_max)]
[INFO] [stdout]   | ^^^^^^^^^^^^^^^^^^^^^^^^^^^^
[INFO] [stdout] 
[INFO] [stdout] 
[INFO] [stdout] error[E0554]: `#![feature]` may not be used on the stable release channel
[INFO] [stdout]  --> /opt/rustwide/cargo-home/registry/src/github.com-1ecc6299db9ec823/eventsourced-0.6.0/src/lib.rs:7:1
[INFO] [stdout]   |
[INFO] [stdout] 7 | #![feature(return_position_impl_trait_in_trait)]
[INFO] [stdout]   | ^^^^^^^^^^^^^^^^^^^^^^^^^^^^^^^^^^^^^^^^^^^^^^^^
[INFO] [stdout] 
[INFO] [stdout] 
[INFO] [stdout] error[E0554]: `#![feature]` may not be used on the stable release channel
[INFO] [stdout]  --> /opt/rustwide/cargo-home/registry/src/github.com-1ecc6299db9ec823/eventsourced-0.6.0/src/lib.rs:8:1
[INFO] [stdout]   |
[INFO] [stdout] 8 | #![feature(type_alias_impl_trait)]
[INFO] [stdout]   | ^^^^^^^^^^^^^^^^^^^^^^^^^^^^^^^^^^
[INFO] [stdout] 
[INFO] [stdout] 
[INFO] [stdout] error[E0554]: `#![feature]` may not be used on the stable release channel
[INFO] [stdout]  --> /opt/rustwide/cargo-home/registry/src/github.com-1ecc6299db9ec823/eventsourced-0.6.0/src/lib.rs:6:12
[INFO] [stdout]   |
[INFO] [stdout] 6 | #![feature(nonzero_min_max)]
[INFO] [stdout]   |            ^^^^^^^^^^^^^^^
[INFO] [stdout] 
[INFO] [stdout] 
[INFO] [stdout] error: aborting due to 5 previous errors
[INFO] [stdout] 
[INFO] [stdout] 
[INFO] [stdout] For more information about this error, try `rustc --explain E0554`.
[INFO] [stdout] 
[INFO] [stderr] error: could not compile `eventsourced` due to 6 previous errors
[INFO] [stderr] warning: build failed, waiting for other jobs to finish...
[INFO] running `Command { std: "docker" "inspect" "3aff47910eca34ac3c1a71e16c8b9055f960afa16433898583abafd78cb16b10", kill_on_drop: false }`
[INFO] running `Command { std: "docker" "rm" "-f" "3aff47910eca34ac3c1a71e16c8b9055f960afa16433898583abafd78cb16b10", kill_on_drop: false }`
[INFO] [stdout] 3aff47910eca34ac3c1a71e16c8b9055f960afa16433898583abafd78cb16b10
