[INFO] fetching crate event 0.2.1...
[INFO] testing event-0.2.1 against 1.69.0 for beta-1.70-1
[INFO] extracting crate event 0.2.1 into /workspace/builds/worker-5-tc1/source
[INFO] validating manifest of crates.io crate event 0.2.1 on toolchain 1.69.0
[INFO] running `Command { std: CARGO_HOME="/workspace/cargo-home" RUSTUP_HOME="/workspace/rustup-home" "/workspace/cargo-home/bin/cargo" "+1.69.0" "metadata" "--manifest-path" "Cargo.toml" "--no-deps", kill_on_drop: false }`
[INFO] started tweaking crates.io crate event 0.2.1
[INFO] finished tweaking crates.io crate event 0.2.1
[INFO] tweaked toml for crates.io crate event 0.2.1 written to /workspace/builds/worker-5-tc1/source/Cargo.toml
[INFO] running `Command { std: CARGO_HOME="/workspace/cargo-home" RUSTUP_HOME="/workspace/rustup-home" __CARGO_TEST_CHANNEL_OVERRIDE_DO_NOT_USE_THIS="nightly" "/workspace/cargo-home/bin/cargo" "+1.69.0" "generate-lockfile" "--manifest-path" "Cargo.toml" "-Zno-index-update", kill_on_drop: false }`
[INFO] running `Command { std: CARGO_HOME="/workspace/cargo-home" RUSTUP_HOME="/workspace/rustup-home" "/workspace/cargo-home/bin/cargo" "+1.69.0" "fetch" "--manifest-path" "Cargo.toml", kill_on_drop: false }`
[INFO] running `Command { std: "docker" "create" "-v" "/var/lib/crater-agent-workspace/builds/worker-5-tc1/target:/opt/rustwide/target:rw,Z" "-v" "/var/lib/crater-agent-workspace/builds/worker-5-tc1/source:/opt/rustwide/workdir:ro,Z" "-v" "/var/lib/crater-agent-workspace/cargo-home:/opt/rustwide/cargo-home:ro,Z" "-v" "/var/lib/crater-agent-workspace/rustup-home:/opt/rustwide/rustup-home:ro,Z" "-e" "SOURCE_DIR=/opt/rustwide/workdir" "-e" "CARGO_TARGET_DIR=/opt/rustwide/target" "-e" "CARGO_HOME=/opt/rustwide/cargo-home" "-e" "RUSTUP_HOME=/opt/rustwide/rustup-home" "-w" "/opt/rustwide/workdir" "-m" "1610612736" "--user" "0:0" "--network" "none" "ghcr.io/rust-lang/crates-build-env/linux@sha256:5ff2268d62e97bff2cde7d5815dd6ed5b47097566f13b8d0ca110b04b60e07ed" "/opt/rustwide/cargo-home/bin/cargo" "+1.69.0" "metadata" "--no-deps" "--format-version=1", kill_on_drop: false }`
[INFO] [stdout] 6f8dab18f3b062e554614ce9dbb362b9bf09c682b493554c0778762f6729137d
[INFO] running `Command { std: "docker" "start" "-a" "6f8dab18f3b062e554614ce9dbb362b9bf09c682b493554c0778762f6729137d", kill_on_drop: false }`
[INFO] running `Command { std: "docker" "inspect" "6f8dab18f3b062e554614ce9dbb362b9bf09c682b493554c0778762f6729137d", kill_on_drop: false }`
[INFO] running `Command { std: "docker" "rm" "-f" "6f8dab18f3b062e554614ce9dbb362b9bf09c682b493554c0778762f6729137d", kill_on_drop: false }`
[INFO] [stdout] 6f8dab18f3b062e554614ce9dbb362b9bf09c682b493554c0778762f6729137d
[INFO] running `Command { std: "docker" "create" "-v" "/var/lib/crater-agent-workspace/builds/worker-5-tc1/target:/opt/rustwide/target:rw,Z" "-v" "/var/lib/crater-agent-workspace/builds/worker-5-tc1/source:/opt/rustwide/workdir:ro,Z" "-v" "/var/lib/crater-agent-workspace/cargo-home:/opt/rustwide/cargo-home:ro,Z" "-v" "/var/lib/crater-agent-workspace/rustup-home:/opt/rustwide/rustup-home:ro,Z" "-e" "SOURCE_DIR=/opt/rustwide/workdir" "-e" "CARGO_TARGET_DIR=/opt/rustwide/target" "-e" "CARGO_INCREMENTAL=0" "-e" "RUST_BACKTRACE=full" "-e" "RUSTFLAGS=--cap-lints=warn" "-e" "RUSTDOCFLAGS=--cap-lints=warn" "-e" "CARGO_HOME=/opt/rustwide/cargo-home" "-e" "RUSTUP_HOME=/opt/rustwide/rustup-home" "-w" "/opt/rustwide/workdir" "-m" "1610612736" "--user" "0:0" "--network" "none" "ghcr.io/rust-lang/crates-build-env/linux@sha256:5ff2268d62e97bff2cde7d5815dd6ed5b47097566f13b8d0ca110b04b60e07ed" "/opt/rustwide/cargo-home/bin/cargo" "+1.69.0" "build" "--frozen" "--message-format=json", kill_on_drop: false }`
[INFO] [stdout] 24ae1277e82af8eeb83effc453ec5be83311e4213d287540269b1dbf9f42898e
[INFO] running `Command { std: "docker" "start" "-a" "24ae1277e82af8eeb83effc453ec5be83311e4213d287540269b1dbf9f42898e", kill_on_drop: false }`
[INFO] [stderr]    Compiling libc v0.2.142
[INFO] [stderr]    Compiling mio v0.8.6
[INFO] [stderr]    Compiling event v0.2.1 (/opt/rustwide/workdir)
[INFO] [stdout] error: expected parameter name, found `:`
[INFO] [stdout]   --> src/registration.rs:23:41
[INFO] [stdout]    |
[INFO] [stdout] 23 |         Registration::Timeout(box move |:_| { callback() }, timeout)
[INFO] [stdout]    |                                         ^ expected parameter name
[INFO] [stdout] 
[INFO] [stdout] 
[INFO] [stdout] error: expected parameter name, found `:`
[INFO] [stdout]   --> src/registration.rs:27:38
[INFO] [stdout]    |
[INFO] [stdout] 27 |         Registration::Next(box move |:_| { callback() })
[INFO] [stdout]    |                                      ^ expected parameter name
[INFO] [stdout] 
[INFO] [stdout] 
[INFO] [stdout] error[E0432]: unresolved import `std::time::duration`
[INFO] [stdout]  --> src/lib.rs:9:16
[INFO] [stdout]   |
[INFO] [stdout] 9 | use std::time::duration::Duration;
[INFO] [stdout]   |                ^^^^^^^^ could not find `duration` in `time`
[INFO] [stdout] 
[INFO] [stdout] 
[INFO] [stdout] error[E0432]: unresolved import `std::thunk`
[INFO] [stdout]  --> src/ioloop.rs:1:10
[INFO] [stdout]   |
[INFO] [stdout] 1 | use std::thunk::Invoke;
[INFO] [stdout]   |          ^^^^^ could not find `thunk` in `std`
[INFO] [stdout] 
[INFO] [stdout] 
[INFO] [stdout] error[E0432]: unresolved import `mio::util`
[INFO] [stdout]  --> src/ioloop.rs:3:10
[INFO] [stdout]   |
[INFO] [stdout] 3 | use mio::util::Slab;
[INFO] [stdout]   |          ^^^^ could not find `util` in `mio`
[INFO] [stdout] 
[INFO] [stdout] 
[INFO] [stdout] error[E0432]: unresolved imports `mio::EventLoop`, `mio::EventLoopSender`, `mio::IoDesc`
[INFO] [stdout]  --> src/ioloop.rs:4:11
[INFO] [stdout]   |
[INFO] [stdout] 4 | use mio::{EventLoop, EventLoopSender, Token, IoDesc, event};
[INFO] [stdout]   |           ^^^^^^^^^  ^^^^^^^^^^^^^^^         ^^^^^^ no `IoDesc` in the root
[INFO] [stdout]   |           |          |
[INFO] [stdout]   |           |          no `EventLoopSender` in the root
[INFO] [stdout]   |           no `EventLoop` in the root
[INFO] [stdout] 
[INFO] [stdout] 
[INFO] [stdout] error[E0432]: unresolved import `mio::Handler`
[INFO] [stdout]  --> src/ioloop.rs:5:5
[INFO] [stdout]   |
[INFO] [stdout] 5 | use mio::Handler as MioHandler;
[INFO] [stdout]   |     ^^^^^^^^^^^^^^^^^^^^^^^^^^ no `Handler` in the root
[INFO] [stdout]   |
[INFO] [stdout] help: consider importing one of these items instead
[INFO] [stdout]   |
[INFO] [stdout] 5 | use Handler as MioHandler;
[INFO] [stdout]   |     ~~~~~~~~~~~~~~~~~~~~~
[INFO] [stdout] 5 | use Registration::Handler as MioHandler;
[INFO] [stdout]   |     ~~~~~~~~~~~~~~~~~~~~~~~~~~~~~~~~~~~
[INFO] [stdout] 
[INFO] [stdout] 
[INFO] [stdout] error[E0432]: unresolved import `mio::MioError`
[INFO] [stdout]  --> src/error.rs:1:5
[INFO] [stdout]   |
[INFO] [stdout] 1 | use mio::MioError;
[INFO] [stdout]   |     ^^^^^^^^^^^^^ no `MioError` in the root
[INFO] [stdout]   |
[INFO] [stdout] help: consider importing this variant instead
[INFO] [stdout]   |
[INFO] [stdout] 1 | use EventError::MioError;
[INFO] [stdout]   |     ~~~~~~~~~~~~~~~~~~~~
[INFO] [stdout] 
[INFO] [stdout] 
[INFO] [stdout] error[E0432]: unresolved import `std::error::FromError`
[INFO] [stdout]  --> src/error.rs:2:5
[INFO] [stdout]   |
[INFO] [stdout] 2 | use std::error::FromError;
[INFO] [stdout]   |     ^^^^^^^^^^^^^^^^^^^^^ no `FromError` in `error`
[INFO] [stdout] 
[INFO] [stdout] 
[INFO] [stdout] error[E0432]: unresolved imports `mio::IoDesc`, `mio::IoHandle`
[INFO] [stdout]  --> src/handler.rs:1:11
[INFO] [stdout]   |
[INFO] [stdout] 1 | use mio::{IoDesc, IoHandle, event};
[INFO] [stdout]   |           ^^^^^^  ^^^^^^^^ no `IoHandle` in the root
[INFO] [stdout]   |           |
[INFO] [stdout]   |           no `IoDesc` in the root
[INFO] [stdout] 
[INFO] [stdout] 
[INFO] [stdout] error[E0432]: unresolved import `std::thunk`
[INFO] [stdout]  --> src/registration.rs:2:10
[INFO] [stdout]   |
[INFO] [stdout] 2 | use std::thunk::Invoke;
[INFO] [stdout]   |          ^^^^^ could not find `thunk` in `std`
[INFO] [stdout] 
[INFO] [stdout] 
[INFO] [stdout] error[E0432]: unresolved import `std::time::duration`
[INFO] [stdout]  --> src/registration.rs:3:16
[INFO] [stdout]   |
[INFO] [stdout] 3 | use std::time::duration::Duration;
[INFO] [stdout]   |                ^^^^^^^^ could not find `duration` in `time`
[INFO] [stdout] 
[INFO] [stdout] 
[INFO] [stdout] error[E0432]: unresolved imports `mio::IoDesc`, `mio::IoHandle`
[INFO] [stdout]  --> src/util.rs:1:11
[INFO] [stdout]   |
[INFO] [stdout] 1 | use mio::{IoDesc, IoHandle};
[INFO] [stdout]   |           ^^^^^^  ^^^^^^^^ no `IoHandle` in the root
[INFO] [stdout]   |           |
[INFO] [stdout]   |           no `IoDesc` in the root
[INFO] [stdout] 
[INFO] [stdout] 
[INFO] [stdout] error: cannot find derive macro `Show` in this scope
[INFO] [stdout]  --> src/error.rs:6:23
[INFO] [stdout]   |
[INFO] [stdout] 6 | #[derive(Copy, Clone, Show, PartialEq)]
[INFO] [stdout]   |                       ^^^^
[INFO] [stdout] 
[INFO] [stdout] 
[INFO] [stdout] error[E0412]: cannot find type `uint` in this scope
[INFO] [stdout]   --> src/ioloop.rs:15:22
[INFO] [stdout]    |
[INFO] [stdout] 15 | const MAX_LISTENERS: uint = 64 * 1024;
[INFO] [stdout]    |                      ^^^^ not found in this scope
[INFO] [stdout] 
[INFO] [stdout] 
[INFO] [stdout] error[E0412]: cannot find type `ReadHint` in module `event`
[INFO] [stdout]   --> src/ioloop.rs:71:30
[INFO] [stdout]    |
[INFO] [stdout] 71 |                 hint: event::ReadHint) {
[INFO] [stdout]    |                              ^^^^^^^^ not found in `event`
[INFO] [stdout] 
[INFO] [stdout] 
[INFO] [stdout] error[E0425]: cannot find value `READABLE` in module `event`
[INFO] [stdout]    --> src/ioloop.rs:116:45
[INFO] [stdout]     |
[INFO] [stdout] 116 |         handler.interest().unwrap_or(event::READABLE),
[INFO] [stdout]     |                                             ^^^^^^^^ not found in `event`
[INFO] [stdout] 
[INFO] [stdout] 
[INFO] [stdout] error[E0425]: cannot find value `LEVEL` in module `event`
[INFO] [stdout]    --> src/ioloop.rs:117:40
[INFO] [stdout]     |
[INFO] [stdout] 117 |         handler.opt().unwrap_or(event::LEVEL)
[INFO] [stdout]     |                                        ^^^^^ not found in `event`
[INFO] [stdout] 
[INFO] [stdout] 
[INFO] [stdout] error[E0425]: cannot find value `READABLE` in module `event`
[INFO] [stdout]    --> src/ioloop.rs:125:45
[INFO] [stdout]     |
[INFO] [stdout] 125 |         handler.interest().unwrap_or(event::READABLE),
[INFO] [stdout]     |                                             ^^^^^^^^ not found in `event`
[INFO] [stdout] 
[INFO] [stdout] 
[INFO] [stdout] error[E0425]: cannot find value `LEVEL` in module `event`
[INFO] [stdout]    --> src/ioloop.rs:126:40
[INFO] [stdout]     |
[INFO] [stdout] 126 |         handler.opt().unwrap_or(event::LEVEL)
[INFO] [stdout]     |                                        ^^^^^ not found in `event`
[INFO] [stdout] 
[INFO] [stdout] 
[INFO] [stdout] error[E0412]: cannot find type `ReadHint` in module `event`
[INFO] [stdout]  --> src/handler.rs:4:41
[INFO] [stdout]   |
[INFO] [stdout] 4 |     fn readable(&mut self, hint: event::ReadHint) -> bool;
[INFO] [stdout]   |                                         ^^^^^^^^ not found in `event`
[INFO] [stdout] 
[INFO] [stdout] 
[INFO] [stdout] error[E0412]: cannot find type `Interest` in module `event`
[INFO] [stdout]  --> src/handler.rs:8:41
[INFO] [stdout]   |
[INFO] [stdout] 8 |     fn interest(&self) -> Option<event::Interest> { None }
[INFO] [stdout]   |                                         ^^^^^^^^ not found in `event`
[INFO] [stdout]   |
[INFO] [stdout] help: consider importing this struct
[INFO] [stdout]   |
[INFO] [stdout] 1 | use mio::Interest;
[INFO] [stdout]   |
[INFO] [stdout] help: if you import `Interest`, refer to it directly
[INFO] [stdout]   |
[INFO] [stdout] 8 -     fn interest(&self) -> Option<event::Interest> { None }
[INFO] [stdout] 8 +     fn interest(&self) -> Option<Interest> { None }
[INFO] [stdout]   |
[INFO] [stdout] 
[INFO] [stdout] 
[INFO] [stdout] error[E0412]: cannot find type `PollOpt` in module `event`
[INFO] [stdout]  --> src/handler.rs:9:36
[INFO] [stdout]   |
[INFO] [stdout] 9 |     fn opt(&self) -> Option<event::PollOpt> { None }
[INFO] [stdout]   |                                    ^^^^^^^ not found in `event`
[INFO] [stdout] 
[INFO] [stdout] 
[INFO] [stdout] error[E0412]: cannot find type `Interest` in module `event`
[INFO] [stdout]   --> src/handler.rs:16:33
[INFO] [stdout]    |
[INFO] [stdout] 16 |     pub interest: Option<event::Interest>,
[INFO] [stdout]    |                                 ^^^^^^^^ not found in `event`
[INFO] [stdout]    |
[INFO] [stdout] help: consider importing this struct
[INFO] [stdout]    |
[INFO] [stdout] 1  | use mio::Interest;
[INFO] [stdout]    |
[INFO] [stdout] help: if you import `Interest`, refer to it directly
[INFO] [stdout]    |
[INFO] [stdout] 16 -     pub interest: Option<event::Interest>,
[INFO] [stdout] 16 +     pub interest: Option<Interest>,
[INFO] [stdout]    |
[INFO] [stdout] 
[INFO] [stdout] 
[INFO] [stdout] error[E0412]: cannot find type `PollOpt` in module `event`
[INFO] [stdout]   --> src/handler.rs:17:28
[INFO] [stdout]    |
[INFO] [stdout] 17 |     pub opt: Option<event::PollOpt>
[INFO] [stdout]    |                            ^^^^^^^ not found in `event`
[INFO] [stdout] 
[INFO] [stdout] 
[INFO] [stdout] error[E0412]: cannot find type `ReadHint` in module `event`
[INFO] [stdout]   --> src/handler.rs:22:38
[INFO] [stdout]    |
[INFO] [stdout] 22 |       R: Send + FnMut(&mut I, event::ReadHint) -> bool,
[INFO] [stdout]    |                                      ^^^^^^^^ not found in `event`
[INFO] [stdout] 
[INFO] [stdout] 
[INFO] [stdout] error[E0412]: cannot find type `ReadHint` in module `event`
[INFO] [stdout]   --> src/handler.rs:24:41
[INFO] [stdout]    |
[INFO] [stdout] 24 |     fn readable(&mut self, hint: event::ReadHint) -> bool {
[INFO] [stdout]    |                                         ^^^^^^^^ not found in `event`
[INFO] [stdout] 
[INFO] [stdout] 
[INFO] [stdout] error[E0412]: cannot find type `Interest` in module `event`
[INFO] [stdout]   --> src/handler.rs:36:41
[INFO] [stdout]    |
[INFO] [stdout] 36 |     fn interest(&self) -> Option<event::Interest> {
[INFO] [stdout]    |                                         ^^^^^^^^ not found in `event`
[INFO] [stdout]    |
[INFO] [stdout] help: consider importing this struct
[INFO] [stdout]    |
[INFO] [stdout] 1  | use mio::Interest;
[INFO] [stdout]    |
[INFO] [stdout] help: if you import `Interest`, refer to it directly
[INFO] [stdout]    |
[INFO] [stdout] 36 -     fn interest(&self) -> Option<event::Interest> {
[INFO] [stdout] 36 +     fn interest(&self) -> Option<Interest> {
[INFO] [stdout]    |
[INFO] [stdout] 
[INFO] [stdout] 
[INFO] [stdout] error[E0412]: cannot find type `PollOpt` in module `event`
[INFO] [stdout]   --> src/handler.rs:40:36
[INFO] [stdout]    |
[INFO] [stdout] 40 |     fn opt(&self) -> Option<event::PollOpt> {
[INFO] [stdout]    |                                    ^^^^^^^ not found in `event`
[INFO] [stdout] 
[INFO] [stdout] 
[INFO] [stdout] error[E0554]: `#![feature]` may not be used on the stable release channel
[INFO] [stdout]  --> src/lib.rs:1:1
[INFO] [stdout]   |
[INFO] [stdout] 1 | #![feature(macro_rules, unboxed_closures)]
[INFO] [stdout]   | ^^^^^^^^^^^^^^^^^^^^^^^^^^^^^^^^^^^^^^^^^^
[INFO] [stdout]   |
[INFO] [stdout]   = help: the feature `macro_rules` has been stable since `1.0.0` and no longer requires an attribute to enable
[INFO] [stdout] 
[INFO] [stdout] 
[INFO] [stdout] error[E0658]: box expression syntax is experimental; you can call `Box::new` instead
[INFO] [stdout]   --> src/lib.rs:35:47
[INFO] [stdout]    |
[INFO] [stdout] 35 |         let _ = events.send(Registration::new(box handler));
[INFO] [stdout]    |                                               ^^^^^^^^^^^
[INFO] [stdout]    |
[INFO] [stdout]    = note: see issue #49733 <https://github.com/rust-lang/rust/issues/49733> for more information
[INFO] [stdout] 
[INFO] [stdout] 
[INFO] [stdout] error[E0658]: use of unstable library feature 'fn_traits'
[INFO] [stdout]   --> src/lib.rs:62:9
[INFO] [stdout]    |
[INFO] [stdout] 62 | /         extern "rust-call" fn call_once(mut self, _: ()) {
[INFO] [stdout] 63 | |             (self.callback)();
[INFO] [stdout] 64 | |             let delay = self.delay.clone();
[INFO] [stdout] 65 | |             timeout(self, delay);
[INFO] [stdout] 66 | |         }
[INFO] [stdout]    | |_________^
[INFO] [stdout]    |
[INFO] [stdout]    = note: see issue #29625 <https://github.com/rust-lang/rust/issues/29625> for more information
[INFO] [stdout] 
[INFO] [stdout] 
[INFO] [stdout] warning: the feature `macro_rules` has been stable since 1.0.0 and no longer requires an attribute to enable
[INFO] [stdout]  --> src/lib.rs:1:12
[INFO] [stdout]   |
[INFO] [stdout] 1 | #![feature(macro_rules, unboxed_closures)]
[INFO] [stdout]   |            ^^^^^^^^^^^
[INFO] [stdout]   |
[INFO] [stdout]   = note: `#[warn(stable_features)]` on by default
[INFO] [stdout] 
[INFO] [stdout] 
[INFO] [stdout] warning: trait objects without an explicit `dyn` are deprecated
[INFO] [stdout]  --> src/registration.rs:6:17
[INFO] [stdout]   |
[INFO] [stdout] 6 |     Handler(Box<Handler>),
[INFO] [stdout]   |                 ^^^^^^^
[INFO] [stdout]   |
[INFO] [stdout]   = warning: this is accepted in the current edition (Rust 2015) but is a hard error in Rust 2021!
[INFO] [stdout]   = note: for more information, see <https://doc.rust-lang.org/nightly/edition-guide/rust-2021/warnings-promoted-to-error.html>
[INFO] [stdout]   = note: `#[warn(bare_trait_objects)]` on by default
[INFO] [stdout] help: use `dyn`
[INFO] [stdout]   |
[INFO] [stdout] 6 |     Handler(Box<dyn Handler>),
[INFO] [stdout]   |                 +++
[INFO] [stdout] 
[INFO] [stdout] 
[INFO] [stdout] warning: trait objects without an explicit `dyn` are deprecated
[INFO] [stdout]  --> src/registration.rs:7:17
[INFO] [stdout]   |
[INFO] [stdout] 7 |     Timeout(Box<Invoke + 'static>, Duration),
[INFO] [stdout]   |                 ^^^^^^^^^^^^^^^^
[INFO] [stdout]   |
[INFO] [stdout]   = warning: this is accepted in the current edition (Rust 2015) but is a hard error in Rust 2021!
[INFO] [stdout]   = note: for more information, see <https://doc.rust-lang.org/nightly/edition-guide/rust-2021/warnings-promoted-to-error.html>
[INFO] [stdout] help: use `dyn`
[INFO] [stdout]   |
[INFO] [stdout] 7 |     Timeout(Box<dyn Invoke + 'static>, Duration),
[INFO] [stdout]   |                 +++
[INFO] [stdout] 
[INFO] [stdout] 
[INFO] [stdout] error: aborting due to 32 previous errors; 3 warnings emitted
[INFO] [stdout] 
[INFO] [stdout] 
[INFO] [stdout] Some errors have detailed explanations: E0412, E0425, E0432, E0554, E0658.
[INFO] [stdout] 
[INFO] [stdout] For more information about an error, try `rustc --explain E0412`.
[INFO] [stdout] 
[INFO] [stderr] error: could not compile `event` due to 33 previous errors; 3 warnings emitted
[INFO] running `Command { std: "docker" "inspect" "24ae1277e82af8eeb83effc453ec5be83311e4213d287540269b1dbf9f42898e", kill_on_drop: false }`
[INFO] running `Command { std: "docker" "rm" "-f" "24ae1277e82af8eeb83effc453ec5be83311e4213d287540269b1dbf9f42898e", kill_on_drop: false }`
[INFO] [stdout] 24ae1277e82af8eeb83effc453ec5be83311e4213d287540269b1dbf9f42898e
