[INFO] fetching crate evdi 0.8.0...
[INFO] testing evdi-0.8.0 against beta-2023-04-20 for beta-1.70-1
[INFO] extracting crate evdi 0.8.0 into /workspace/builds/worker-2-tc2/source
[INFO] validating manifest of crates.io crate evdi 0.8.0 on toolchain beta-2023-04-20
[INFO] running `Command { std: CARGO_HOME="/workspace/cargo-home" RUSTUP_HOME="/workspace/rustup-home" "/workspace/cargo-home/bin/cargo" "+beta-2023-04-20" "metadata" "--manifest-path" "Cargo.toml" "--no-deps", kill_on_drop: false }`
[INFO] started tweaking crates.io crate evdi 0.8.0
[INFO] finished tweaking crates.io crate evdi 0.8.0
[INFO] tweaked toml for crates.io crate evdi 0.8.0 written to /workspace/builds/worker-2-tc2/source/Cargo.toml
[INFO] crate crates.io crate evdi 0.8.0 already has a lockfile, it will not be regenerated
[INFO] running `Command { std: CARGO_HOME="/workspace/cargo-home" RUSTUP_HOME="/workspace/rustup-home" "/workspace/cargo-home/bin/cargo" "+beta-2023-04-20" "fetch" "--manifest-path" "Cargo.toml", kill_on_drop: false }`
[INFO] [stderr]     Updating crates.io index
[INFO] [stderr]  Downloading crates ...
[INFO] [stderr]   Downloaded matchers v0.0.1
[INFO] [stderr]   Downloaded logtest v2.0.0
[INFO] [stderr]   Downloaded tracing-serde v0.1.3
[INFO] [stderr]   Downloaded drm-fourcc v2.2.0
[INFO] [stderr]   Downloaded use v0.0.0
[INFO] [stderr]   Downloaded tracing-subscriber v0.2.25
[INFO] [stderr]   Downloaded evdi-sys v0.3.1
[INFO] [stderr]   Downloaded tracing-flame v0.1.0
[INFO] running `Command { std: "docker" "create" "-v" "/var/lib/crater-agent-workspace/builds/worker-2-tc2/target:/opt/rustwide/target:rw,Z" "-v" "/var/lib/crater-agent-workspace/builds/worker-2-tc2/source:/opt/rustwide/workdir:ro,Z" "-v" "/var/lib/crater-agent-workspace/cargo-home:/opt/rustwide/cargo-home:ro,Z" "-v" "/var/lib/crater-agent-workspace/rustup-home:/opt/rustwide/rustup-home:ro,Z" "-e" "SOURCE_DIR=/opt/rustwide/workdir" "-e" "CARGO_TARGET_DIR=/opt/rustwide/target" "-e" "CARGO_HOME=/opt/rustwide/cargo-home" "-e" "RUSTUP_HOME=/opt/rustwide/rustup-home" "-w" "/opt/rustwide/workdir" "-m" "1610612736" "--user" "0:0" "--network" "none" "ghcr.io/rust-lang/crates-build-env/linux@sha256:5ff2268d62e97bff2cde7d5815dd6ed5b47097566f13b8d0ca110b04b60e07ed" "/opt/rustwide/cargo-home/bin/cargo" "+beta-2023-04-20" "metadata" "--no-deps" "--format-version=1", kill_on_drop: false }`
[INFO] [stdout] d92721e0974566e5ea999e8a9c8681c5ad3b7fde7a26d192cee12ab11c6b1d4c
[INFO] running `Command { std: "docker" "start" "-a" "d92721e0974566e5ea999e8a9c8681c5ad3b7fde7a26d192cee12ab11c6b1d4c", kill_on_drop: false }`
[INFO] running `Command { std: "docker" "inspect" "d92721e0974566e5ea999e8a9c8681c5ad3b7fde7a26d192cee12ab11c6b1d4c", kill_on_drop: false }`
[INFO] running `Command { std: "docker" "rm" "-f" "d92721e0974566e5ea999e8a9c8681c5ad3b7fde7a26d192cee12ab11c6b1d4c", kill_on_drop: false }`
[INFO] [stdout] d92721e0974566e5ea999e8a9c8681c5ad3b7fde7a26d192cee12ab11c6b1d4c
[INFO] running `Command { std: "docker" "create" "-v" "/var/lib/crater-agent-workspace/builds/worker-2-tc2/target:/opt/rustwide/target:rw,Z" "-v" "/var/lib/crater-agent-workspace/builds/worker-2-tc2/source:/opt/rustwide/workdir:ro,Z" "-v" "/var/lib/crater-agent-workspace/cargo-home:/opt/rustwide/cargo-home:ro,Z" "-v" "/var/lib/crater-agent-workspace/rustup-home:/opt/rustwide/rustup-home:ro,Z" "-e" "SOURCE_DIR=/opt/rustwide/workdir" "-e" "CARGO_TARGET_DIR=/opt/rustwide/target" "-e" "CARGO_INCREMENTAL=0" "-e" "RUST_BACKTRACE=full" "-e" "RUSTFLAGS=--cap-lints=warn" "-e" "RUSTDOCFLAGS=--cap-lints=warn" "-e" "CARGO_HOME=/opt/rustwide/cargo-home" "-e" "RUSTUP_HOME=/opt/rustwide/rustup-home" "-w" "/opt/rustwide/workdir" "-m" "1610612736" "--user" "0:0" "--network" "none" "ghcr.io/rust-lang/crates-build-env/linux@sha256:5ff2268d62e97bff2cde7d5815dd6ed5b47097566f13b8d0ca110b04b60e07ed" "/opt/rustwide/cargo-home/bin/cargo" "+beta-2023-04-20" "build" "--frozen" "--message-format=json", kill_on_drop: false }`
[INFO] [stdout] 883c56d79593a0d4ce845a4ab28040fc0dfffebda8f7a3760e3446a5443f9a5b
[INFO] running `Command { std: "docker" "start" "-a" "883c56d79593a0d4ce845a4ab28040fc0dfffebda8f7a3760e3446a5443f9a5b", kill_on_drop: false }`
[INFO] [stderr]    Compiling libc v0.2.139
[INFO] [stderr]    Compiling proc-macro2 v1.0.51
[INFO] [stderr]    Compiling quote v1.0.23
[INFO] [stderr]    Compiling unicode-ident v1.0.6
[INFO] [stderr]    Compiling syn v1.0.109
[INFO] [stderr]    Compiling cfg-if v1.0.0
[INFO] [stderr]    Compiling value-bag v1.0.0-alpha.9
[INFO] [stderr]    Compiling log v0.4.17
[INFO] [stderr]    Compiling memchr v2.5.0
[INFO] [stderr]    Compiling lock_api v0.4.9
[INFO] [stderr]    Compiling parking_lot_core v0.9.7
[INFO] [stderr]    Compiling crossbeam-utils v0.8.14
[INFO] [stderr]    Compiling pkg-config v0.3.26
[INFO] [stderr]    Compiling scopeguard v1.1.0
[INFO] [stderr]    Compiling smallvec v1.10.0
[INFO] [stderr]    Compiling tokio v1.25.0
[INFO] [stderr]    Compiling ppv-lite86 v0.2.17
[INFO] [stderr]    Compiling thiserror v1.0.38
[INFO] [stderr]    Compiling pin-project-lite v0.2.9
[INFO] [stderr]    Compiling drm-fourcc v2.2.0
[INFO] [stderr]    Compiling aho-corasick v0.7.20
[INFO] [stderr]    Compiling jobserver v0.1.25
[INFO] [stderr]    Compiling getrandom v0.2.8
[INFO] [stderr]    Compiling rand_core v0.6.4
[INFO] [stderr]    Compiling num_cpus v1.15.0
[INFO] [stderr]    Compiling cc v1.0.79
[INFO] [stderr]    Compiling parking_lot v0.12.1
[INFO] [stderr]    Compiling rand_chacha v0.3.1
[INFO] [stderr]    Compiling signal-hook-registry v1.4.1
[INFO] [stderr]    Compiling socket2 v0.4.7
[INFO] [stderr]    Compiling tracing-core v0.1.30
[INFO] [stderr]    Compiling bytes v1.4.0
[INFO] [stderr]    Compiling regex-syntax v0.6.28
[INFO] [stderr]    Compiling rand v0.8.5
[INFO] [stderr]    Compiling evdi-sys v0.3.1
[INFO] [stderr]    Compiling crossbeam-channel v0.5.6
[INFO] [stderr]    Compiling lazy_static v1.4.0
[INFO] [stderr]    Compiling regex v1.7.1
[INFO] [stderr]    Compiling ctor v0.1.26
[INFO] [stderr]    Compiling tracing-attributes v0.1.23
[INFO] [stderr]    Compiling thiserror-impl v1.0.38
[INFO] [stderr]    Compiling tokio-macros v1.8.2
[INFO] [stderr]    Compiling derivative v2.2.0
[INFO] [stderr]    Compiling mio v0.8.6
[INFO] [stderr]    Compiling tracing v0.1.37
[INFO] [stderr]    Compiling evdi v0.8.0 (/opt/rustwide/workdir)
[INFO] [stdout] warning: unused import: `DrmFormat`
[INFO] [stdout]  --> src/events.rs:7:18
[INFO] [stdout]   |
[INFO] [stdout] 7 | use drm_fourcc::{DrmFormat, DrmFourcc, UnrecognizedFourcc};
[INFO] [stdout]   |                  ^^^^^^^^^
[INFO] [stdout]   |
[INFO] [stdout]   = note: `#[warn(unused_imports)]` on by default
[INFO] [stdout] 
[INFO] [stdout] 
[INFO] [stdout] warning: function `header` is never used
[INFO] [stdout]  --> src/device_config/edid.rs:5:4
[INFO] [stdout]   |
[INFO] [stdout] 5 | fn header() -> [u8; 19] {
[INFO] [stdout]   |    ^^^^^^
[INFO] [stdout]   |
[INFO] [stdout]   = note: `#[warn(dead_code)]` on by default
[INFO] [stdout] 
[INFO] [stdout] 
[INFO] [stdout] warning: struct `ScreenSizeCm` is never constructed
[INFO] [stdout]   --> src/device_config/edid.rs:16:8
[INFO] [stdout]    |
[INFO] [stdout] 16 | struct ScreenSizeCm {
[INFO] [stdout]    |        ^^^^^^^^^^^^
[INFO] [stdout] 
[INFO] [stdout] 
[INFO] [stdout] warning: function `basic_display_params` is never used
[INFO] [stdout]   --> src/device_config/edid.rs:21:4
[INFO] [stdout]    |
[INFO] [stdout] 21 | fn basic_display_params(size: ScreenSizeCm, gamma: u8) -> [u8; 5] {
[INFO] [stdout]    |    ^^^^^^^^^^^^^^^^^^^^
[INFO] [stdout] 
[INFO] [stdout] 
[INFO] [stdout] warning: struct `ChromaticityCoords` is never constructed
[INFO] [stdout]   --> src/device_config/edid.rs:41:8
[INFO] [stdout]    |
[INFO] [stdout] 41 | struct ChromaticityCoords {
[INFO] [stdout]    |        ^^^^^^^^^^^^^^^^^^
[INFO] [stdout] 
[INFO] [stdout] 
[INFO] [stdout] warning: struct `ChromaticityCoord` is never constructed
[INFO] [stdout]   --> src/device_config/edid.rs:48:8
[INFO] [stdout]    |
[INFO] [stdout] 48 | struct ChromaticityCoord {
[INFO] [stdout]    |        ^^^^^^^^^^^^^^^^^
[INFO] [stdout] 
[INFO] [stdout] 
[INFO] [stdout] warning: function `chromaticity_coords` is never used
[INFO] [stdout]   --> src/device_config/edid.rs:53:4
[INFO] [stdout]    |
[INFO] [stdout] 53 | fn chromaticity_coords(data: ChromaticityCoords) -> [u8; 10] {
[INFO] [stdout]    |    ^^^^^^^^^^^^^^^^^^^
[INFO] [stdout] 
[INFO] [stdout] 
[INFO] [stdout] warning: function `bin_frac` is never used
[INFO] [stdout]   --> src/device_config/edid.rs:78:4
[INFO] [stdout]    |
[INFO] [stdout] 78 | fn bin_frac(f: f32) -> [u8; 2] {
[INFO] [stdout]    |    ^^^^^^^^
[INFO] [stdout] 
[INFO] [stdout] 
[INFO] [stdout] warning: function `timing` is never used
[INFO] [stdout]   --> src/device_config/edid.rs:85:4
[INFO] [stdout]    |
[INFO] [stdout] 85 | fn timing() {
[INFO] [stdout]    |    ^^^^^^
[INFO] [stdout] 
[INFO] [stdout] 
[INFO] [stdout] warning: 9 warnings emitted
[INFO] [stdout] 
[INFO] [stdout] 
[INFO] [stderr]     Finished dev [unoptimized + debuginfo] target(s) in 34.13s
[INFO] running `Command { std: "docker" "inspect" "883c56d79593a0d4ce845a4ab28040fc0dfffebda8f7a3760e3446a5443f9a5b", kill_on_drop: false }`
[INFO] running `Command { std: "docker" "rm" "-f" "883c56d79593a0d4ce845a4ab28040fc0dfffebda8f7a3760e3446a5443f9a5b", kill_on_drop: false }`
[INFO] [stdout] 883c56d79593a0d4ce845a4ab28040fc0dfffebda8f7a3760e3446a5443f9a5b
[INFO] running `Command { std: "docker" "create" "-v" "/var/lib/crater-agent-workspace/builds/worker-2-tc2/target:/opt/rustwide/target:rw,Z" "-v" "/var/lib/crater-agent-workspace/builds/worker-2-tc2/source:/opt/rustwide/workdir:ro,Z" "-v" "/var/lib/crater-agent-workspace/cargo-home:/opt/rustwide/cargo-home:ro,Z" "-v" "/var/lib/crater-agent-workspace/rustup-home:/opt/rustwide/rustup-home:ro,Z" "-e" "SOURCE_DIR=/opt/rustwide/workdir" "-e" "CARGO_TARGET_DIR=/opt/rustwide/target" "-e" "CARGO_INCREMENTAL=0" "-e" "RUST_BACKTRACE=full" "-e" "RUSTFLAGS=--cap-lints=warn" "-e" "RUSTDOCFLAGS=--cap-lints=warn" "-e" "CARGO_HOME=/opt/rustwide/cargo-home" "-e" "RUSTUP_HOME=/opt/rustwide/rustup-home" "-w" "/opt/rustwide/workdir" "-m" "1610612736" "--user" "0:0" "--network" "none" "ghcr.io/rust-lang/crates-build-env/linux@sha256:5ff2268d62e97bff2cde7d5815dd6ed5b47097566f13b8d0ca110b04b60e07ed" "/opt/rustwide/cargo-home/bin/cargo" "+beta-2023-04-20" "test" "--frozen" "--no-run" "--message-format=json", kill_on_drop: false }`
[INFO] [stdout] 067cbe47190f51a6050d0df358dbad019199d5458186a21f8842e0301ba452cf
[INFO] running `Command { std: "docker" "start" "-a" "067cbe47190f51a6050d0df358dbad019199d5458186a21f8842e0301ba452cf", kill_on_drop: false }`
[INFO] [stderr]    Compiling num-traits v0.2.15
[INFO] [stderr]    Compiling serde v1.0.152
[INFO] [stderr]    Compiling num-integer v0.1.45
[INFO] [stderr]    Compiling futures-core v0.3.26
[INFO] [stderr]    Compiling serde_json v1.0.93
[INFO] [stderr]    Compiling regex-automata v0.1.10
[INFO] [stderr]    Compiling itoa v1.0.5
[INFO] [stderr]    Compiling iana-time-zone v0.1.53
[INFO] [stderr]    Compiling ryu v1.0.12
[INFO] [stderr]    Compiling tracing-log v0.1.3
[INFO] [stderr]    Compiling sharded-slab v0.1.4
[INFO] [stderr]    Compiling async-stream-impl v0.3.4
[INFO] [stderr]    Compiling thread_local v1.1.7
[INFO] [stderr]    Compiling ansi_term v0.12.1
[INFO] [stderr]    Compiling anyhow v1.0.69
[INFO] [stderr]    Compiling matchers v0.0.1
[INFO] [stderr]    Compiling tokio-stream v0.1.12
[INFO] [stderr]    Compiling atty v0.2.14
[INFO] [stderr]    Compiling humantime v2.1.0
[INFO] [stderr]    Compiling env_logger v0.8.4
[INFO] [stderr]    Compiling logtest v2.0.0
[INFO] [stderr]    Compiling test-log v0.2.11
[INFO] [stderr]    Compiling async-stream v0.3.4
[INFO] [stderr]    Compiling use v0.0.0
[INFO] [stderr]    Compiling tokio-test v0.4.2
[INFO] [stdout] warning: unused import: `DrmFormat`
[INFO] [stdout]  --> src/events.rs:7:18
[INFO] [stdout]   |
[INFO] [stdout] 7 | use drm_fourcc::{DrmFormat, DrmFourcc, UnrecognizedFourcc};
[INFO] [stdout]   |                  ^^^^^^^^^
[INFO] [stdout]   |
[INFO] [stdout]   = note: `#[warn(unused_imports)]` on by default
[INFO] [stdout] 
[INFO] [stdout] 
[INFO] [stdout] warning: function `header` is never used
[INFO] [stdout]  --> src/device_config/edid.rs:5:4
[INFO] [stdout]   |
[INFO] [stdout] 5 | fn header() -> [u8; 19] {
[INFO] [stdout]   |    ^^^^^^
[INFO] [stdout]   |
[INFO] [stdout]   = note: `#[warn(dead_code)]` on by default
[INFO] [stdout] 
[INFO] [stdout] 
[INFO] [stdout] warning: struct `ScreenSizeCm` is never constructed
[INFO] [stdout]   --> src/device_config/edid.rs:16:8
[INFO] [stdout]    |
[INFO] [stdout] 16 | struct ScreenSizeCm {
[INFO] [stdout]    |        ^^^^^^^^^^^^
[INFO] [stdout] 
[INFO] [stdout] 
[INFO] [stdout] warning: function `basic_display_params` is never used
[INFO] [stdout]   --> src/device_config/edid.rs:21:4
[INFO] [stdout]    |
[INFO] [stdout] 21 | fn basic_display_params(size: ScreenSizeCm, gamma: u8) -> [u8; 5] {
[INFO] [stdout]    |    ^^^^^^^^^^^^^^^^^^^^
[INFO] [stdout] 
[INFO] [stdout] 
[INFO] [stdout] warning: struct `ChromaticityCoords` is never constructed
[INFO] [stdout]   --> src/device_config/edid.rs:41:8
[INFO] [stdout]    |
[INFO] [stdout] 41 | struct ChromaticityCoords {
[INFO] [stdout]    |        ^^^^^^^^^^^^^^^^^^
[INFO] [stdout] 
[INFO] [stdout] 
[INFO] [stdout] warning: struct `ChromaticityCoord` is never constructed
[INFO] [stdout]   --> src/device_config/edid.rs:48:8
[INFO] [stdout]    |
[INFO] [stdout] 48 | struct ChromaticityCoord {
[INFO] [stdout]    |        ^^^^^^^^^^^^^^^^^
[INFO] [stdout] 
[INFO] [stdout] 
[INFO] [stdout] warning: function `chromaticity_coords` is never used
[INFO] [stdout]   --> src/device_config/edid.rs:53:4
[INFO] [stdout]    |
[INFO] [stdout] 53 | fn chromaticity_coords(data: ChromaticityCoords) -> [u8; 10] {
[INFO] [stdout]    |    ^^^^^^^^^^^^^^^^^^^
[INFO] [stdout] 
[INFO] [stdout] 
[INFO] [stdout] warning: function `bin_frac` is never used
[INFO] [stdout]   --> src/device_config/edid.rs:78:4
[INFO] [stdout]    |
[INFO] [stdout] 78 | fn bin_frac(f: f32) -> [u8; 2] {
[INFO] [stdout]    |    ^^^^^^^^
[INFO] [stdout] 
[INFO] [stdout] 
[INFO] [stdout] warning: function `timing` is never used
[INFO] [stdout]   --> src/device_config/edid.rs:85:4
[INFO] [stdout]    |
[INFO] [stdout] 85 | fn timing() {
[INFO] [stdout]    |    ^^^^^^
[INFO] [stdout] 
[INFO] [stdout] 
[INFO] [stdout] warning: 9 warnings emitted
[INFO] [stdout] 
[INFO] [stdout] 
[INFO] [stderr]    Compiling chrono v0.4.23
[INFO] [stderr]    Compiling tracing-serde v0.1.3
[INFO] [stderr]    Compiling tracing-subscriber v0.2.25
[INFO] [stderr]    Compiling tracing-flame v0.1.0
[INFO] [stderr]    Compiling evdi v0.8.0 (/opt/rustwide/workdir)
[INFO] [stdout] error[E0133]: call to unsafe function is unsafe and requires unsafe function or block
[INFO] [stdout]   --> examples/profile_basic_usage.rs:24:30
[INFO] [stdout]    |
[INFO] [stdout] 24 |     let unconnected_handle = device.open()?;
[INFO] [stdout]    |                              ^^^^^^^^^^^^^ call to unsafe function
[INFO] [stdout]    |
[INFO] [stdout]    = note: consult the function's documentation for information on how to avoid undefined behavior
[INFO] [stdout] 
[INFO] [stdout] 
[INFO] [stdout] error: aborting due to previous error
[INFO] [stdout] 
[INFO] [stdout] 
[INFO] [stdout] For more information about this error, try `rustc --explain E0133`.
[INFO] [stdout] 
[INFO] [stderr] error: could not compile `evdi` (example "profile_basic_usage") due to 2 previous errors
[INFO] [stderr] warning: build failed, waiting for other jobs to finish...
[INFO] [stdout] warning: unused import: `DrmFormat`
[INFO] [stdout]  --> src/events.rs:7:18
[INFO] [stdout]   |
[INFO] [stdout] 7 | use drm_fourcc::{DrmFormat, DrmFourcc, UnrecognizedFourcc};
[INFO] [stdout]   |                  ^^^^^^^^^
[INFO] [stdout]   |
[INFO] [stdout]   = note: `#[warn(unused_imports)]` on by default
[INFO] [stdout] 
[INFO] [stdout] 
[INFO] [stdout] warning: unused import: `drm_fourcc::DrmFormat`
[INFO] [stdout]    --> src/events.rs:341:9
[INFO] [stdout]     |
[INFO] [stdout] 341 |     use drm_fourcc::DrmFormat;
[INFO] [stdout]     |         ^^^^^^^^^^^^^^^^^^^^^
[INFO] [stdout] 
[INFO] [stdout] 
[INFO] [stdout] error[E0133]: call to unsafe function is unsafe and requires unsafe function or block
[INFO] [stdout]    --> src/device_node.rs:238:9
[INFO] [stdout]     |
[INFO] [stdout] 238 |         device.open().unwrap();
[INFO] [stdout]     |         ^^^^^^^^^^^^^ call to unsafe function
[INFO] [stdout]     |
[INFO] [stdout]     = note: consult the function's documentation for information on how to avoid undefined behavior
[INFO] [stdout] 
[INFO] [stdout] 
[INFO] [stdout] error[E0133]: call to unsafe function is unsafe and requires unsafe function or block
[INFO] [stdout]    --> src/device_node.rs:244:15
[INFO] [stdout]     |
[INFO] [stdout] 244 |         match device.open() {
[INFO] [stdout]     |               ^^^^^^^^^^^^^ call to unsafe function
[INFO] [stdout]     |
[INFO] [stdout]     = note: consult the function's documentation for information on how to avoid undefined behavior
[INFO] [stdout] 
[INFO] [stdout] 
[INFO] [stdout] error[E0133]: call to unsafe function is unsafe and requires unsafe function or block
[INFO] [stdout]    --> src/device_node.rs:253:15
[INFO] [stdout]     |
[INFO] [stdout] 253 |         match device.open() {
[INFO] [stdout]     |               ^^^^^^^^^^^^^ call to unsafe function
[INFO] [stdout]     |
[INFO] [stdout]     = note: consult the function's documentation for information on how to avoid undefined behavior
[INFO] [stdout] 
[INFO] [stdout] 
[INFO] [stdout] error[E0133]: call to unsafe function is unsafe and requires unsafe function or block
[INFO] [stdout]   --> src/test_common.rs:9:5
[INFO] [stdout]    |
[INFO] [stdout] 9  | /     DeviceNode::get()
[INFO] [stdout] 10 | |         .unwrap()
[INFO] [stdout] 11 | |         .open()
[INFO] [stdout]    | |_______________^ call to unsafe function
[INFO] [stdout]    |
[INFO] [stdout]    = note: consult the function's documentation for information on how to avoid undefined behavior
[INFO] [stdout] 
[INFO] [stdout] 
[INFO] [stdout] error: aborting due to 4 previous errors; 2 warnings emitted
[INFO] [stdout] 
[INFO] [stdout] 
[INFO] [stdout] For more information about this error, try `rustc --explain E0133`.
[INFO] [stdout] 
[INFO] [stderr] error: could not compile `evdi` (lib test) due to 5 previous errors; 2 warnings emitted
[INFO] running `Command { std: "docker" "inspect" "067cbe47190f51a6050d0df358dbad019199d5458186a21f8842e0301ba452cf", kill_on_drop: false }`
[INFO] running `Command { std: "docker" "rm" "-f" "067cbe47190f51a6050d0df358dbad019199d5458186a21f8842e0301ba452cf", kill_on_drop: false }`
[INFO] [stdout] 067cbe47190f51a6050d0df358dbad019199d5458186a21f8842e0301ba452cf
