[INFO] fetching crate ethers-wallet-rs 0.1.0...
[INFO] testing ethers-wallet-rs-0.1.0 against beta-2023-04-20 for beta-1.70-1
[INFO] extracting crate ethers-wallet-rs 0.1.0 into /workspace/builds/worker-4-tc2/source
[INFO] validating manifest of crates.io crate ethers-wallet-rs 0.1.0 on toolchain beta-2023-04-20
[INFO] running `Command { std: CARGO_HOME="/workspace/cargo-home" RUSTUP_HOME="/workspace/rustup-home" "/workspace/cargo-home/bin/cargo" "+beta-2023-04-20" "metadata" "--manifest-path" "Cargo.toml" "--no-deps", kill_on_drop: false }`
[INFO] started tweaking crates.io crate ethers-wallet-rs 0.1.0
[INFO] finished tweaking crates.io crate ethers-wallet-rs 0.1.0
[INFO] tweaked toml for crates.io crate ethers-wallet-rs 0.1.0 written to /workspace/builds/worker-4-tc2/source/Cargo.toml
[INFO] crate crates.io crate ethers-wallet-rs 0.1.0 already has a lockfile, it will not be regenerated
[INFO] running `Command { std: CARGO_HOME="/workspace/cargo-home" RUSTUP_HOME="/workspace/rustup-home" "/workspace/cargo-home/bin/cargo" "+beta-2023-04-20" "fetch" "--manifest-path" "Cargo.toml", kill_on_drop: false }`
[INFO] [stderr]     Updating crates.io index
[INFO] [stderr]     Blocking waiting for file lock on package cache
[INFO] [stderr]  Downloading crates ...
[INFO] [stderr]   Downloaded parity-scale-codec-derive v3.1.4
[INFO] [stderr]   Downloaded scrypt v0.10.0
[INFO] [stderr]   Downloaded ethers-impl-codec v0.6.0
[INFO] [stderr]   Downloaded darling v0.14.2
[INFO] [stderr]   Downloaded impl-serde v0.4.0
[INFO] [stderr]   Downloaded serde_with_macros v2.2.0
[INFO] [stderr]   Downloaded ethers-impl-rlp v0.3.0
[INFO] [stderr]   Downloaded cxxbridge-flags v1.0.88
[INFO] [stderr]   Downloaded proc-macro-crate v1.3.0
[INFO] [stderr]   Downloaded impl-trait-for-tuples v0.2.2
[INFO] [stderr]   Downloaded ethers-fixed-hash v0.8.0
[INFO] [stderr]   Downloaded ethers-ethereum-types v0.14.1
[INFO] [stderr]   Downloaded serde_with v2.2.0
[INFO] [stderr]   Downloaded fixed-hash v0.8.0
[INFO] [stderr]   Downloaded ecdsa v0.15.1
[INFO] [stderr]   Downloaded parity-scale-codec v3.3.0
[INFO] [stderr]   Downloaded cxxbridge-macro v1.0.88
[INFO] [stderr]   Downloaded cxx-build v1.0.88
[INFO] [stderr]   Downloaded toml_edit v0.18.1
[INFO] [stderr]   Downloaded jsonrpc-rs v0.1.6
[INFO] [stderr]   Downloaded cxx v1.0.88
[INFO] [stderr]   Downloaded k256 v0.12.0
[INFO] [stderr]   Downloaded darling_core v0.14.2
[INFO] [stderr]   Downloaded ethers-impl-serde v0.4.0
[INFO] [stderr]   Downloaded ethers-uint-rs v0.9.5
[INFO] [stderr]   Downloaded ethers-abi v18.0.0
[INFO] [stderr]   Downloaded impl-rlp v0.3.0
[INFO] [stderr]   Downloaded ethbloom v0.13.0
[INFO] [stderr]   Downloaded ethers-primitive-types-rs v0.12.1
[INFO] [stderr]   Downloaded rlp v0.5.2
[INFO] [stderr]   Downloaded ethers-types-rs v0.1.0
[INFO] [stderr]   Downloaded byte-slice-cast v1.2.2
[INFO] [stderr]   Downloaded ethers-hash-rs v0.1.0
[INFO] [stderr]   Downloaded async-timer-rs v0.1.0
[INFO] [stderr]   Downloaded completeq-rs v0.1.1
[INFO] [stderr]   Downloaded darling_macro v0.14.2
[INFO] [stderr]   Downloaded signature v2.0.0
[INFO] running `Command { std: "docker" "create" "-v" "/var/lib/crater-agent-workspace/builds/worker-4-tc2/target:/opt/rustwide/target:rw,Z" "-v" "/var/lib/crater-agent-workspace/builds/worker-4-tc2/source:/opt/rustwide/workdir:ro,Z" "-v" "/var/lib/crater-agent-workspace/cargo-home:/opt/rustwide/cargo-home:ro,Z" "-v" "/var/lib/crater-agent-workspace/rustup-home:/opt/rustwide/rustup-home:ro,Z" "-e" "SOURCE_DIR=/opt/rustwide/workdir" "-e" "CARGO_TARGET_DIR=/opt/rustwide/target" "-e" "CARGO_HOME=/opt/rustwide/cargo-home" "-e" "RUSTUP_HOME=/opt/rustwide/rustup-home" "-w" "/opt/rustwide/workdir" "-m" "1610612736" "--user" "0:0" "--network" "none" "ghcr.io/rust-lang/crates-build-env/linux@sha256:5ff2268d62e97bff2cde7d5815dd6ed5b47097566f13b8d0ca110b04b60e07ed" "/opt/rustwide/cargo-home/bin/cargo" "+beta-2023-04-20" "metadata" "--no-deps" "--format-version=1", kill_on_drop: false }`
[INFO] [stdout] 828987ad3001c540baef0b0f498d7407b970ed7606dbc09cdb6777b65b7b28a6
[INFO] running `Command { std: "docker" "start" "-a" "828987ad3001c540baef0b0f498d7407b970ed7606dbc09cdb6777b65b7b28a6", kill_on_drop: false }`
[INFO] running `Command { std: "docker" "inspect" "828987ad3001c540baef0b0f498d7407b970ed7606dbc09cdb6777b65b7b28a6", kill_on_drop: false }`
[INFO] running `Command { std: "docker" "rm" "-f" "828987ad3001c540baef0b0f498d7407b970ed7606dbc09cdb6777b65b7b28a6", kill_on_drop: false }`
[INFO] [stdout] 828987ad3001c540baef0b0f498d7407b970ed7606dbc09cdb6777b65b7b28a6
[INFO] running `Command { std: "docker" "create" "-v" "/var/lib/crater-agent-workspace/builds/worker-4-tc2/target:/opt/rustwide/target:rw,Z" "-v" "/var/lib/crater-agent-workspace/builds/worker-4-tc2/source:/opt/rustwide/workdir:ro,Z" "-v" "/var/lib/crater-agent-workspace/cargo-home:/opt/rustwide/cargo-home:ro,Z" "-v" "/var/lib/crater-agent-workspace/rustup-home:/opt/rustwide/rustup-home:ro,Z" "-e" "SOURCE_DIR=/opt/rustwide/workdir" "-e" "CARGO_TARGET_DIR=/opt/rustwide/target" "-e" "CARGO_INCREMENTAL=0" "-e" "RUST_BACKTRACE=full" "-e" "RUSTFLAGS=--cap-lints=warn" "-e" "RUSTDOCFLAGS=--cap-lints=warn" "-e" "CARGO_HOME=/opt/rustwide/cargo-home" "-e" "RUSTUP_HOME=/opt/rustwide/rustup-home" "-w" "/opt/rustwide/workdir" "-m" "1610612736" "--user" "0:0" "--network" "none" "ghcr.io/rust-lang/crates-build-env/linux@sha256:5ff2268d62e97bff2cde7d5815dd6ed5b47097566f13b8d0ca110b04b60e07ed" "/opt/rustwide/cargo-home/bin/cargo" "+beta-2023-04-20" "build" "--frozen" "--message-format=json", kill_on_drop: false }`
[INFO] [stdout] d7a89192ad6e113d1c364d3c9590e53be0017911ab8e1ada2e589a3e3a54bf7f
[INFO] running `Command { std: "docker" "start" "-a" "d7a89192ad6e113d1c364d3c9590e53be0017911ab8e1ada2e589a3e3a54bf7f", kill_on_drop: false }`
[INFO] [stderr]    Compiling proc-macro2 v1.0.50
[INFO] [stderr]    Compiling quote v1.0.23
[INFO] [stderr]    Compiling unicode-ident v1.0.6
[INFO] [stderr]    Compiling libc v0.2.139
[INFO] [stderr]    Compiling syn v1.0.107
[INFO] [stderr]    Compiling typenum v1.16.0
[INFO] [stderr]    Compiling generic-array v0.14.6
[INFO] [stderr]    Compiling subtle v2.4.1
[INFO] [stderr]    Compiling serde_derive v1.0.152
[INFO] [stderr]    Compiling serde v1.0.152
[INFO] [stderr]    Compiling base64ct v1.5.3
[INFO] [stderr]    Compiling rustc-hex v2.1.0
[INFO] [stderr]    Compiling crunchy v0.2.2
[INFO] [stderr]    Compiling zeroize v1.5.7
[INFO] [stderr]    Compiling num-traits v0.2.15
[INFO] [stderr]    Compiling futures-core v0.3.25
[INFO] [stderr]    Compiling ppv-lite86 v0.2.17
[INFO] [stderr]    Compiling bytes v1.3.0
[INFO] [stderr]    Compiling byteorder v1.4.3
[INFO] [stderr]    Compiling static_assertions v1.1.0
[INFO] [stderr]    Compiling slab v0.4.7
[INFO] [stderr]    Compiling futures-task v0.3.25
[INFO] [stderr]    Compiling const-oid v0.9.1
[INFO] [stderr]    Compiling futures-channel v0.3.25
[INFO] [stderr]    Compiling num-integer v0.1.45
[INFO] [stderr]    Compiling value-bag v1.0.0-alpha.9
[INFO] [stderr]    Compiling rlp v0.5.2
[INFO] [stderr]    Compiling der v0.6.1
[INFO] [stderr]    Compiling futures-util v0.3.25
[INFO] [stderr]    Compiling cpufeatures v0.2.5
[INFO] [stderr]    Compiling futures-sink v0.3.25
[INFO] [stderr]    Compiling pin-utils v0.1.0
[INFO] [stderr]    Compiling futures-io v0.3.25
[INFO] [stderr]    Compiling log v0.4.17
[INFO] [stderr]    Compiling fnv v1.0.7
[INFO] [stderr]    Compiling thiserror v1.0.38
[INFO] [stderr]    Compiling tiny-keccak v2.0.2
[INFO] [stderr]    Compiling hex v0.4.3
[INFO] [stderr]    Compiling ident_case v1.0.1
[INFO] [stderr]    Compiling once_cell v1.17.0
[INFO] [stderr]    Compiling strsim v0.10.0
[INFO] [stderr]    Compiling num-bigint v0.4.3
[INFO] [stderr]    Compiling base16ct v0.1.1
[INFO] [stderr]    Compiling serde_json v1.0.91
[INFO] [stderr]    Compiling ethers-impl-rlp v0.3.0
[INFO] [stderr]    Compiling ethers-uint-rs v0.9.5
[INFO] [stderr]    Compiling impl-rlp v0.3.0
[INFO] [stderr]    Compiling num-iter v0.1.43
[INFO] [stderr]    Compiling num-rational v0.4.1
[INFO] [stderr]    Compiling getrandom v0.2.8
[INFO] [stderr]    Compiling spki v0.6.0
[INFO] [stderr]    Compiling num_cpus v1.15.0
[INFO] [stderr]    Compiling keccak v0.1.3
[INFO] [stderr]    Compiling anyhow v1.0.68
[INFO] [stderr]    Compiling ryu v1.0.12
[INFO] [stderr]    Compiling itoa v1.0.5
[INFO] [stderr]    Compiling aho-corasick v0.7.20
[INFO] [stderr]    Compiling regex-syntax v0.6.28
[INFO] [stderr]    Compiling rand_core v0.6.4
[INFO] [stderr]    Compiling pkcs8 v0.9.0
[INFO] [stderr]    Compiling rand_chacha v0.3.1
[INFO] [stderr]    Compiling ff v0.12.1
[INFO] [stderr]    Compiling password-hash v0.4.2
[INFO] [stderr]    Compiling crypto-common v0.1.6
[INFO] [stderr]    Compiling block-buffer v0.10.3
[INFO] [stderr]    Compiling crypto-bigint v0.4.9
[INFO] [stderr]    Compiling inout v0.1.3
[INFO] [stderr]    Compiling sec1 v0.3.0
[INFO] [stderr]    Compiling uint v0.9.5
[INFO] [stderr]    Compiling group v0.12.1
[INFO] [stderr]    Compiling num-complex v0.4.3
[INFO] [stderr]    Compiling digest v0.10.6
[INFO] [stderr]    Compiling rand v0.8.5
[INFO] [stderr]    Compiling cipher v0.4.3
[INFO] [stderr]    Compiling hmac v0.12.1
[INFO] [stderr]    Compiling sha2 v0.10.6
[INFO] [stderr]    Compiling signature v2.0.0
[INFO] [stderr]    Compiling sha3 v0.10.6
[INFO] [stderr]    Compiling salsa20 v0.10.2
[INFO] [stderr]    Compiling ctr v0.9.2
[INFO] [stderr]    Compiling aes v0.8.2
[INFO] [stderr]    Compiling elliptic-curve v0.12.3
[INFO] [stderr]    Compiling pbkdf2 v0.11.0
[INFO] [stderr]    Compiling rfc6979 v0.3.1
[INFO] [stderr]    Compiling ethers-fixed-hash v0.8.0
[INFO] [stderr]    Compiling fixed-hash v0.8.0
[INFO] [stderr]    Compiling ethers-hash-rs v0.1.0
[INFO] [stderr]    Compiling scrypt v0.10.0
[INFO] [stderr]    Compiling ecdsa v0.15.1
[INFO] [stderr]    Compiling k256 v0.12.0
[INFO] [stderr]    Compiling regex v1.7.1
[INFO] [stderr]    Compiling num v0.4.0
[INFO] [stderr]    Compiling darling_core v0.14.2
[INFO] [stderr]    Compiling futures-macro v0.3.25
[INFO] [stderr]    Compiling ctor v0.1.26
[INFO] [stderr]    Compiling thiserror-impl v1.0.38
[INFO] [stderr]    Compiling darling_macro v0.14.2
[INFO] [stderr]    Compiling async-timer-rs v0.1.0
[INFO] [stderr]    Compiling darling v0.14.2
[INFO] [stderr]    Compiling serde_with_macros v2.2.0
[INFO] [stderr]    Compiling futures-executor v0.3.25
[INFO] [stderr]    Compiling futures v0.3.25
[INFO] [stderr]    Compiling completeq-rs v0.1.1
[INFO] [stderr]    Compiling ethers-impl-serde v0.4.0
[INFO] [stderr]    Compiling impl-serde v0.4.0
[INFO] [stderr]    Compiling serde_with v2.2.0
[INFO] [stderr]    Compiling uuid v1.2.2
[INFO] [stderr]    Compiling ethbloom v0.13.0
[INFO] [stderr]    Compiling ethers-primitive-types-rs v0.12.1
[INFO] [stderr]    Compiling jsonrpc-rs v0.1.6
[INFO] [stderr]    Compiling ethers-ethereum-types v0.14.1
[INFO] [stderr]    Compiling ethers-abi v18.0.0
[INFO] [stderr]    Compiling ethers-types-rs v0.1.0
[INFO] [stderr]    Compiling ethers-wallet-rs v0.1.0 (/opt/rustwide/workdir)
[INFO] [stderr]     Finished dev [unoptimized + debuginfo] target(s) in 23.33s
[INFO] running `Command { std: "docker" "inspect" "d7a89192ad6e113d1c364d3c9590e53be0017911ab8e1ada2e589a3e3a54bf7f", kill_on_drop: false }`
[INFO] running `Command { std: "docker" "rm" "-f" "d7a89192ad6e113d1c364d3c9590e53be0017911ab8e1ada2e589a3e3a54bf7f", kill_on_drop: false }`
[INFO] [stdout] d7a89192ad6e113d1c364d3c9590e53be0017911ab8e1ada2e589a3e3a54bf7f
[INFO] running `Command { std: "docker" "create" "-v" "/var/lib/crater-agent-workspace/builds/worker-4-tc2/target:/opt/rustwide/target:rw,Z" "-v" "/var/lib/crater-agent-workspace/builds/worker-4-tc2/source:/opt/rustwide/workdir:ro,Z" "-v" "/var/lib/crater-agent-workspace/cargo-home:/opt/rustwide/cargo-home:ro,Z" "-v" "/var/lib/crater-agent-workspace/rustup-home:/opt/rustwide/rustup-home:ro,Z" "-e" "SOURCE_DIR=/opt/rustwide/workdir" "-e" "CARGO_TARGET_DIR=/opt/rustwide/target" "-e" "CARGO_INCREMENTAL=0" "-e" "RUST_BACKTRACE=full" "-e" "RUSTFLAGS=--cap-lints=warn" "-e" "RUSTDOCFLAGS=--cap-lints=warn" "-e" "CARGO_HOME=/opt/rustwide/cargo-home" "-e" "RUSTUP_HOME=/opt/rustwide/rustup-home" "-w" "/opt/rustwide/workdir" "-m" "1610612736" "--user" "0:0" "--network" "none" "ghcr.io/rust-lang/crates-build-env/linux@sha256:5ff2268d62e97bff2cde7d5815dd6ed5b47097566f13b8d0ca110b04b60e07ed" "/opt/rustwide/cargo-home/bin/cargo" "+beta-2023-04-20" "test" "--frozen" "--no-run" "--message-format=json", kill_on_drop: false }`
[INFO] [stdout] 74653aa2423a7b53f4b7fbfe2615f04068189df9db9b17c576979fcec1b8eeb8
[INFO] running `Command { std: "docker" "start" "-a" "74653aa2423a7b53f4b7fbfe2615f04068189df9db9b17c576979fcec1b8eeb8", kill_on_drop: false }`
[INFO] [stderr]    Compiling waker-fn v1.1.0
[INFO] [stderr]    Compiling parking v2.0.0
[INFO] [stderr]    Compiling event-listener v2.5.3
[INFO] [stderr]    Compiling fastrand v1.8.0
[INFO] [stderr]    Compiling concurrent-queue v2.1.0
[INFO] [stderr]    Compiling polling v2.5.2
[INFO] [stderr]    Compiling async-io v1.12.0
[INFO] [stderr]    Compiling async-task v4.3.0
[INFO] [stderr]    Compiling socket2 v0.4.7
[INFO] [stderr]    Compiling quick-error v1.2.3
[INFO] [stderr]    Compiling atomic-waker v1.1.0
[INFO] [stderr]    Compiling atty v0.2.14
[INFO] [stderr]    Compiling kv-log-macro v1.0.7
[INFO] [stderr]    Compiling async-attributes v1.1.2
[INFO] [stderr]    Compiling dotenv v0.15.0
[INFO] [stderr]    Compiling humantime v1.3.0
[INFO] [stderr]    Compiling async-channel v1.8.0
[INFO] [stderr]    Compiling futures-lite v1.12.0
[INFO] [stderr]    Compiling env_logger v0.7.1
[INFO] [stderr]    Compiling pretty_env_logger v0.4.0
[INFO] [stderr]    Compiling async-lock v2.6.0
[INFO] [stderr]    Compiling blocking v1.3.0
[INFO] [stderr]    Compiling async-executor v1.5.0
[INFO] [stderr]    Compiling async-global-executor v2.3.1
[INFO] [stderr]    Compiling async-std v1.12.0
[INFO] [stderr]    Compiling ethers-wallet-rs v0.1.0 (/opt/rustwide/workdir)
[INFO] [stdout] error[E0432]: unresolved import `rdbc`
[INFO] [stdout]  --> examples/bip39_randcheck.rs:3:5
[INFO] [stdout]   |
[INFO] [stdout] 3 | use rdbc::*;
[INFO] [stdout]   |     ^^^^ use of undeclared crate or module `rdbc`
[INFO] [stdout] 
[INFO] [stdout] 
[INFO] [stdout] error[E0432]: unresolved import `rdbc`
[INFO] [stdout]  --> examples/bip39_randcheck.rs:2:5
[INFO] [stdout]   |
[INFO] [stdout] 2 | use rdbc::Database;
[INFO] [stdout]   |     ^^^^ use of undeclared crate or module `rdbc`
[INFO] [stdout] 
[INFO] [stdout] 
[INFO] [stdout] error[E0433]: failed to resolve: use of undeclared type `ColumnType`
[INFO] [stdout]   --> examples/bip39_randcheck.rs:17:17
[INFO] [stdout]    |
[INFO] [stdout] 17 |         .get(0, ColumnType::I64)
[INFO] [stdout]    |                 ^^^^^^^^^^ use of undeclared type `ColumnType`
[INFO] [stdout] 
[INFO] [stdout] 
[INFO] [stdout] error[E0433]: failed to resolve: use of undeclared type `ArgValue`
[INFO] [stdout]   --> examples/bip39_randcheck.rs:22:12
[INFO] [stdout]    |
[INFO] [stdout] 22 |     if let ArgValue::I64(value) = count {
[INFO] [stdout]    |            ^^^^^^^^ use of undeclared type `ArgValue`
[INFO] [stdout] 
[INFO] [stdout] 
[INFO] [stdout] error[E0433]: failed to resolve: use of undeclared crate or module `rdbc`
[INFO] [stdout]   --> examples/bip39_randcheck.rs:71:27
[INFO] [stdout]    |
[INFO] [stdout] 71 |         stmt.execute(vec![rdbc::Argument {
[INFO] [stdout]    |                           ^^^^ use of undeclared crate or module `rdbc`
[INFO] [stdout] 
[INFO] [stdout] 
[INFO] [stdout] error[E0433]: failed to resolve: use of undeclared crate or module `rdbc`
[INFO] [stdout]   --> examples/bip39_randcheck.rs:72:19
[INFO] [stdout]    |
[INFO] [stdout] 72 |             name: rdbc::ArgName::String(":m".to_owned()),
[INFO] [stdout]    |                   ^^^^ use of undeclared crate or module `rdbc`
[INFO] [stdout] 
[INFO] [stdout] 
[INFO] [stdout] error[E0433]: failed to resolve: use of undeclared crate or module `driver`
[INFO] [stdout]   --> examples/bip39_randcheck.rs:73:20
[INFO] [stdout]    |
[INFO] [stdout] 73 |             value: driver::ArgValue::String(mnemonic.clone()),
[INFO] [stdout]    |                    ^^^^^^ use of undeclared crate or module `driver`
[INFO] [stdout] 
[INFO] [stdout] 
[INFO] [stdout] error[E0433]: failed to resolve: use of undeclared crate or module `rdbc_sqlite3`
[INFO] [stdout]   --> examples/bip39_randcheck.rs:46:5
[INFO] [stdout]    |
[INFO] [stdout] 46 |     rdbc_sqlite3::register_sqlite3().expect("Register sqlite3 database");
[INFO] [stdout]    |     ^^^^^^^^^^^^ use of undeclared crate or module `rdbc_sqlite3`
[INFO] [stdout] 
[INFO] [stdout] 
[INFO] [stdout] error[E0425]: cannot find function `open` in this scope
[INFO] [stdout]   --> examples/bip39_randcheck.rs:48:28
[INFO] [stdout]    |
[INFO] [stdout] 48 |     let mut db: Database = open("sqlite3", "file:./bip32.db").unwrap();
[INFO] [stdout]    |                            ^^^^ not found in this scope
[INFO] [stdout] 
[INFO] [stdout] 
[INFO] [stdout] error: aborting due to 9 previous errors
[INFO] [stdout] 
[INFO] [stdout] 
[INFO] [stdout] Some errors have detailed explanations: E0425, E0432, E0433.
[INFO] [stdout] 
[INFO] [stdout] For more information about an error, try `rustc --explain E0425`.
[INFO] [stdout] 
[INFO] [stderr] error: could not compile `ethers-wallet-rs` (example "bip39_randcheck") due to 10 previous errors
[INFO] [stderr] warning: build failed, waiting for other jobs to finish...
[INFO] running `Command { std: "docker" "inspect" "74653aa2423a7b53f4b7fbfe2615f04068189df9db9b17c576979fcec1b8eeb8", kill_on_drop: false }`
[INFO] running `Command { std: "docker" "rm" "-f" "74653aa2423a7b53f4b7fbfe2615f04068189df9db9b17c576979fcec1b8eeb8", kill_on_drop: false }`
[INFO] [stdout] 74653aa2423a7b53f4b7fbfe2615f04068189df9db9b17c576979fcec1b8eeb8
