[INFO] fetching crate espeaker 0.1.1...
[INFO] testing espeaker-0.1.1 against 1.69.0 for beta-1.70-1
[INFO] extracting crate espeaker 0.1.1 into /workspace/builds/worker-6-tc1/source
[INFO] validating manifest of crates.io crate espeaker 0.1.1 on toolchain 1.69.0
[INFO] running `Command { std: CARGO_HOME="/workspace/cargo-home" RUSTUP_HOME="/workspace/rustup-home" "/workspace/cargo-home/bin/cargo" "+1.69.0" "metadata" "--manifest-path" "Cargo.toml" "--no-deps", kill_on_drop: false }`
[INFO] started tweaking crates.io crate espeaker 0.1.1
[INFO] finished tweaking crates.io crate espeaker 0.1.1
[INFO] tweaked toml for crates.io crate espeaker 0.1.1 written to /workspace/builds/worker-6-tc1/source/Cargo.toml
[INFO] crate crates.io crate espeaker 0.1.1 already has a lockfile, it will not be regenerated
[INFO] running `Command { std: CARGO_HOME="/workspace/cargo-home" RUSTUP_HOME="/workspace/rustup-home" "/workspace/cargo-home/bin/cargo" "+1.69.0" "fetch" "--manifest-path" "Cargo.toml", kill_on_drop: false }`
[INFO] [stderr]  Downloading crates ...
[INFO] [stderr]   Downloaded proc-macro-crate v1.2.0
[INFO] [stderr]   Downloaded claxon v0.4.3
[INFO] [stderr]   Downloaded either v1.7.0
[INFO] [stderr]   Downloaded minimp3 v0.5.1
[INFO] [stderr]   Downloaded serde v1.0.142
[INFO] [stderr]   Downloaded espeakng-sys v0.1.0
[INFO] [stderr]   Downloaded readonly v0.2.2
[INFO] running `Command { std: "docker" "create" "-v" "/var/lib/crater-agent-workspace/builds/worker-6-tc1/target:/opt/rustwide/target:rw,Z" "-v" "/var/lib/crater-agent-workspace/builds/worker-6-tc1/source:/opt/rustwide/workdir:ro,Z" "-v" "/var/lib/crater-agent-workspace/cargo-home:/opt/rustwide/cargo-home:ro,Z" "-v" "/var/lib/crater-agent-workspace/rustup-home:/opt/rustwide/rustup-home:ro,Z" "-e" "SOURCE_DIR=/opt/rustwide/workdir" "-e" "CARGO_TARGET_DIR=/opt/rustwide/target" "-e" "CARGO_HOME=/opt/rustwide/cargo-home" "-e" "RUSTUP_HOME=/opt/rustwide/rustup-home" "-w" "/opt/rustwide/workdir" "-m" "1610612736" "--user" "0:0" "--network" "none" "ghcr.io/rust-lang/crates-build-env/linux@sha256:5ff2268d62e97bff2cde7d5815dd6ed5b47097566f13b8d0ca110b04b60e07ed" "/opt/rustwide/cargo-home/bin/cargo" "+1.69.0" "metadata" "--no-deps" "--format-version=1", kill_on_drop: false }`
[INFO] [stdout] a86ab7300afd3d61bfc120c9667e4ce20288a0699d2c50d12cbb1375dd851180
[INFO] running `Command { std: "docker" "start" "-a" "a86ab7300afd3d61bfc120c9667e4ce20288a0699d2c50d12cbb1375dd851180", kill_on_drop: false }`
[INFO] running `Command { std: "docker" "inspect" "a86ab7300afd3d61bfc120c9667e4ce20288a0699d2c50d12cbb1375dd851180", kill_on_drop: false }`
[INFO] running `Command { std: "docker" "rm" "-f" "a86ab7300afd3d61bfc120c9667e4ce20288a0699d2c50d12cbb1375dd851180", kill_on_drop: false }`
[INFO] [stdout] a86ab7300afd3d61bfc120c9667e4ce20288a0699d2c50d12cbb1375dd851180
[INFO] running `Command { std: "docker" "create" "-v" "/var/lib/crater-agent-workspace/builds/worker-6-tc1/target:/opt/rustwide/target:rw,Z" "-v" "/var/lib/crater-agent-workspace/builds/worker-6-tc1/source:/opt/rustwide/workdir:ro,Z" "-v" "/var/lib/crater-agent-workspace/cargo-home:/opt/rustwide/cargo-home:ro,Z" "-v" "/var/lib/crater-agent-workspace/rustup-home:/opt/rustwide/rustup-home:ro,Z" "-e" "SOURCE_DIR=/opt/rustwide/workdir" "-e" "CARGO_TARGET_DIR=/opt/rustwide/target" "-e" "CARGO_INCREMENTAL=0" "-e" "RUST_BACKTRACE=full" "-e" "RUSTFLAGS=--cap-lints=warn" "-e" "RUSTDOCFLAGS=--cap-lints=warn" "-e" "CARGO_HOME=/opt/rustwide/cargo-home" "-e" "RUSTUP_HOME=/opt/rustwide/rustup-home" "-w" "/opt/rustwide/workdir" "-m" "1610612736" "--user" "0:0" "--network" "none" "ghcr.io/rust-lang/crates-build-env/linux@sha256:5ff2268d62e97bff2cde7d5815dd6ed5b47097566f13b8d0ca110b04b60e07ed" "/opt/rustwide/cargo-home/bin/cargo" "+1.69.0" "build" "--frozen" "--message-format=json", kill_on_drop: false }`
[INFO] [stdout] 37b9dabde8650daaa629f9499439dfe8a74d4471a8140c27b31bb0e0af85c742
[INFO] running `Command { std: "docker" "start" "-a" "37b9dabde8650daaa629f9499439dfe8a74d4471a8140c27b31bb0e0af85c742", kill_on_drop: false }`
[INFO] [stderr]    Compiling proc-macro2 v1.0.43
[INFO] [stderr]    Compiling quote v1.0.21
[INFO] [stderr]    Compiling unicode-ident v1.0.3
[INFO] [stderr]    Compiling libc v0.2.126
[INFO] [stderr]    Compiling bitflags v1.3.2
[INFO] [stderr]    Compiling glob v0.3.0
[INFO] [stderr]    Compiling syn v1.0.99
[INFO] [stderr]    Compiling log v0.4.17
[INFO] [stderr]    Compiling pkg-config v0.3.25
[INFO] [stderr]    Compiling regex-syntax v0.6.27
[INFO] [stderr]    Compiling unicode-width v0.1.9
[INFO] [stderr]    Compiling minimal-lexical v0.2.1
[INFO] [stderr]    Compiling libloading v0.7.3
[INFO] [stderr]    Compiling memchr v2.5.0
[INFO] [stderr]    Compiling memoffset v0.6.5
[INFO] [stderr]    Compiling lock_api v0.4.7
[INFO] [stderr]    Compiling textwrap v0.11.0
[INFO] [stderr]    Compiling termcolor v1.1.3
[INFO] [stderr]    Compiling cc v1.0.73
[INFO] [stderr]    Compiling strsim v0.8.0
[INFO] [stderr]    Compiling ansi_term v0.12.1
[INFO] [stderr]    Compiling parking_lot_core v0.8.5
[INFO] [stderr]    Compiling bindgen v0.59.2
[INFO] [stderr]    Compiling humantime v2.1.0
[INFO] [stderr]    Compiling clang-sys v1.3.3
[INFO] [stderr]    Compiling aho-corasick v0.7.18
[INFO] [stderr]    Compiling nom v7.1.1
[INFO] [stderr]    Compiling either v1.7.0
[INFO] [stderr]    Compiling alsa-sys v0.3.1
[INFO] [stderr]    Compiling vec_map v0.8.2
[INFO] [stderr]    Compiling peeking_take_while v0.1.2
[INFO] [stderr]    Compiling lazycell v1.3.0
[INFO] [stderr]    Compiling smallvec v1.9.0
[INFO] [stderr]    Compiling rustc-hash v1.1.0
[INFO] [stderr]    Compiling shlex v1.1.0
[INFO] [stderr]    Compiling tinyvec_macros v0.1.0
[INFO] [stderr]    Compiling cpal v0.13.5
[INFO] [stderr]    Compiling byteorder v1.4.3
[INFO] [stderr]    Compiling tinyvec v1.6.0
[INFO] [stderr]    Compiling hound v3.4.0
[INFO] [stderr]    Compiling claxon v0.4.3
[INFO] [stderr]    Compiling atty v0.2.14
[INFO] [stderr]    Compiling clap v2.34.0
[INFO] [stderr]    Compiling which v4.2.5
[INFO] [stderr]    Compiling ogg v0.8.0
[INFO] [stderr]    Compiling minimp3-sys v0.3.2
[INFO] [stderr]    Compiling nix v0.23.1
[INFO] [stderr]    Compiling slice-deque v0.3.0
[INFO] [stderr]    Compiling lewton v0.10.2
[INFO] [stderr]    Compiling parking_lot v0.11.2
[INFO] [stderr]    Compiling regex v1.6.0
[INFO] [stderr]    Compiling cexpr v0.6.0
[INFO] [stderr]    Compiling env_logger v0.9.0
[INFO] [stderr]    Compiling thiserror-impl v1.0.32
[INFO] [stderr]    Compiling readonly v0.2.2
[INFO] [stderr]    Compiling thiserror v1.0.32
[INFO] [stderr]    Compiling minimp3 v0.5.1
[INFO] [stderr]    Compiling alsa v0.6.0
[INFO] [stderr]    Compiling rodio v0.15.0
[INFO] [stderr]    Compiling espeakng-sys v0.1.0
[INFO] [stderr]    Compiling espeaker v0.1.1 (/opt/rustwide/workdir)
[INFO] [stderr]     Finished dev [unoptimized + debuginfo] target(s) in 10.40s
[INFO] running `Command { std: "docker" "inspect" "37b9dabde8650daaa629f9499439dfe8a74d4471a8140c27b31bb0e0af85c742", kill_on_drop: false }`
[INFO] running `Command { std: "docker" "rm" "-f" "37b9dabde8650daaa629f9499439dfe8a74d4471a8140c27b31bb0e0af85c742", kill_on_drop: false }`
[INFO] [stdout] 37b9dabde8650daaa629f9499439dfe8a74d4471a8140c27b31bb0e0af85c742
[INFO] running `Command { std: "docker" "create" "-v" "/var/lib/crater-agent-workspace/builds/worker-6-tc1/target:/opt/rustwide/target:rw,Z" "-v" "/var/lib/crater-agent-workspace/builds/worker-6-tc1/source:/opt/rustwide/workdir:ro,Z" "-v" "/var/lib/crater-agent-workspace/cargo-home:/opt/rustwide/cargo-home:ro,Z" "-v" "/var/lib/crater-agent-workspace/rustup-home:/opt/rustwide/rustup-home:ro,Z" "-e" "SOURCE_DIR=/opt/rustwide/workdir" "-e" "CARGO_TARGET_DIR=/opt/rustwide/target" "-e" "CARGO_INCREMENTAL=0" "-e" "RUST_BACKTRACE=full" "-e" "RUSTFLAGS=--cap-lints=warn" "-e" "RUSTDOCFLAGS=--cap-lints=warn" "-e" "CARGO_HOME=/opt/rustwide/cargo-home" "-e" "RUSTUP_HOME=/opt/rustwide/rustup-home" "-w" "/opt/rustwide/workdir" "-m" "1610612736" "--user" "0:0" "--network" "none" "ghcr.io/rust-lang/crates-build-env/linux@sha256:5ff2268d62e97bff2cde7d5815dd6ed5b47097566f13b8d0ca110b04b60e07ed" "/opt/rustwide/cargo-home/bin/cargo" "+1.69.0" "test" "--frozen" "--no-run" "--message-format=json", kill_on_drop: false }`
[INFO] [stdout] c6469091a506b4a28823b5203eafc5352cd21c7b84c406c1765e34fc24672f1c
[INFO] running `Command { std: "docker" "start" "-a" "c6469091a506b4a28823b5203eafc5352cd21c7b84c406c1765e34fc24672f1c", kill_on_drop: false }`
[INFO] [stderr]    Compiling espeaker v0.1.1 (/opt/rustwide/workdir)
[INFO] [stdout] error: linking with `cc` failed: exit status: 1
[INFO] [stdout]   |
[INFO] [stdout]   = note: LC_ALL="C" PATH="/opt/rustwide/rustup-home/toolchains/1.69.0-x86_64-unknown-linux-gnu/lib/rustlib/x86_64-unknown-linux-gnu/bin:/opt/rustwide/cargo-home/bin:/usr/local/sbin:/usr/local/bin:/usr/sbin:/usr/bin:/sbin:/bin" VSLANG="1033" "cc" "-m64" "/tmp/rustcwvMFRW/symbols.o" "/opt/rustwide/target/debug/deps/espeaker-b6257032f59ed89c.espeaker.71034b09-cgu.0.rcgu.o" "/opt/rustwide/target/debug/deps/espeaker-b6257032f59ed89c.espeaker.71034b09-cgu.1.rcgu.o" "/opt/rustwide/target/debug/deps/espeaker-b6257032f59ed89c.espeaker.71034b09-cgu.2.rcgu.o" "/opt/rustwide/target/debug/deps/espeaker-b6257032f59ed89c.espeaker.71034b09-cgu.3.rcgu.o" "/opt/rustwide/target/debug/deps/espeaker-b6257032f59ed89c.espeaker.71034b09-cgu.4.rcgu.o" "/opt/rustwide/target/debug/deps/espeaker-b6257032f59ed89c.ujxu7yaa3y4vq9y.rcgu.o" "-Wl,--as-needed" "-L" "/opt/rustwide/target/debug/deps" "-L" "/usr/lib/x86_64-linux-gnu" "-L" "/opt/rustwide/target/debug/build/minimp3-sys-fff71610bcf2b2a8/out" "-L" "/opt/rustwide/rustup-home/toolchains/1.69.0-x86_64-unknown-linux-gnu/lib/rustlib/x86_64-unknown-linux-gnu/lib" "-Wl,-Bstatic" "/opt/rustwide/rustup-home/toolchains/1.69.0-x86_64-unknown-linux-gnu/lib/rustlib/x86_64-unknown-linux-gnu/lib/libtest-7791a6353d4a7929.rlib" "/opt/rustwide/rustup-home/toolchains/1.69.0-x86_64-unknown-linux-gnu/lib/rustlib/x86_64-unknown-linux-gnu/lib/libgetopts-7b17724e9ce90a72.rlib" "/opt/rustwide/rustup-home/toolchains/1.69.0-x86_64-unknown-linux-gnu/lib/rustlib/x86_64-unknown-linux-gnu/lib/libunicode_width-596f8ce9d30a755e.rlib" "/opt/rustwide/rustup-home/toolchains/1.69.0-x86_64-unknown-linux-gnu/lib/rustlib/x86_64-unknown-linux-gnu/lib/librustc_std_workspace_std-da04f86254de594f.rlib" "/opt/rustwide/target/debug/deps/librodio-a0f1b4d7b235ea6f.rlib" "/opt/rustwide/target/debug/deps/libhound-8c54442a60c25b9f.rlib" "/opt/rustwide/target/debug/deps/liblewton-4853669ccfb2435c.rlib" "/opt/rustwide/target/debug/deps/libogg-5a9f55f11d836252.rlib" "/opt/rustwide/target/debug/deps/libtinyvec-dcb099dba038fed5.rlib" "/opt/rustwide/target/debug/deps/libtinyvec_macros-5ffb2ea8a2d866f2.rlib" "/opt/rustwide/target/debug/deps/libbyteorder-50c19e9bd62c942c.rlib" "/opt/rustwide/target/debug/deps/libminimp3-4899b278a27ca1f8.rlib" "/opt/rustwide/target/debug/deps/libslice_deque-fa6ef252fafc3460.rlib" "/opt/rustwide/target/debug/deps/libminimp3_sys-489e3dad8de3fe52.rlib" "/opt/rustwide/target/debug/deps/libclaxon-36136354e7d5d2e9.rlib" "/opt/rustwide/target/debug/deps/libcpal-55d2a9e6876b715f.rlib" "/opt/rustwide/target/debug/deps/libparking_lot-7d4bc7fb82d9651e.rlib" "/opt/rustwide/target/debug/deps/libparking_lot_core-310ca6dda81627b7.rlib" "/opt/rustwide/target/debug/deps/libsmallvec-5f75839ee3e2a151.rlib" "/opt/rustwide/target/debug/deps/liblock_api-e5ad3b2927a46886.rlib" "/opt/rustwide/target/debug/deps/libscopeguard-f471875f675163b5.rlib" "/opt/rustwide/target/debug/deps/libinstant-1bfa666718b38be4.rlib" "/opt/rustwide/target/debug/deps/libalsa-48e9844173e4121f.rlib" "/opt/rustwide/target/debug/deps/libnix-e621006a9d7e0744.rlib" "/opt/rustwide/target/debug/deps/libmemoffset-0f776f28e9231e55.rlib" "/opt/rustwide/target/debug/deps/libcfg_if-e5e118dd7d121aaa.rlib" "/opt/rustwide/target/debug/deps/libbitflags-82cc2d155c6eb112.rlib" "/opt/rustwide/target/debug/deps/libalsa_sys-04282d30c9eda77b.rlib" "/opt/rustwide/target/debug/deps/liblibc-fb3da2895f7c3fe4.rlib" "/opt/rustwide/target/debug/deps/libthiserror-6aa202cac228345f.rlib" "/opt/rustwide/target/debug/deps/liblazy_static-a15e1ed0a3c31761.rlib" "/opt/rustwide/target/debug/deps/libespeakng_sys-1ba0b0df615159d2.rlib" "/opt/rustwide/rustup-home/toolchains/1.69.0-x86_64-unknown-linux-gnu/lib/rustlib/x86_64-unknown-linux-gnu/lib/libstd-89bc084783fdc439.rlib" "/opt/rustwide/rustup-home/toolchains/1.69.0-x86_64-unknown-linux-gnu/lib/rustlib/x86_64-unknown-linux-gnu/lib/libpanic_unwind-8bee4b287d4367c1.rlib" "/opt/rustwide/rustup-home/toolchains/1.69.0-x86_64-unknown-linux-gnu/lib/rustlib/x86_64-unknown-linux-gnu/lib/libobject-d61707aed80694c0.rlib" "/opt/rustwide/rustup-home/toolchains/1.69.0-x86_64-unknown-linux-gnu/lib/rustlib/x86_64-unknown-linux-gnu/lib/libmemchr-d85366256f22345b.rlib" "/opt/rustwide/rustup-home/toolchains/1.69.0-x86_64-unknown-linux-gnu/lib/rustlib/x86_64-unknown-linux-gnu/lib/libaddr2line-96069b86b8a8cae9.rlib" "/opt/rustwide/rustup-home/toolchains/1.69.0-x86_64-unknown-linux-gnu/lib/rustlib/x86_64-unknown-linux-gnu/lib/libgimli-d19d53abf68dfa6c.rlib" "/opt/rustwide/rustup-home/toolchains/1.69.0-x86_64-unknown-linux-gnu/lib/rustlib/x86_64-unknown-linux-gnu/lib/librustc_demangle-787cbccd19d64ac6.rlib" "/opt/rustwide/rustup-home/toolchains/1.69.0-x86_64-unknown-linux-gnu/lib/rustlib/x86_64-unknown-linux-gnu/lib/libstd_detect-b3837a36b830e0d0.rlib" "/opt/rustwide/rustup-home/toolchains/1.69.0-x86_64-unknown-linux-gnu/lib/rustlib/x86_64-unknown-linux-gnu/lib/libhashbrown-e3deb0e7e3f04966.rlib" "/opt/rustwide/rustup-home/toolchains/1.69.0-x86_64-unknown-linux-gnu/lib/rustlib/x86_64-unknown-linux-gnu/lib/libminiz_oxide-dabbb79c9815def4.rlib" "/opt/rustwide/rustup-home/toolchains/1.69.0-x86_64-unknown-linux-gnu/lib/rustlib/x86_64-unknown-linux-gnu/lib/libadler-305b01f34c9409f2.rlib" "/opt/rustwide/rustup-home/toolchains/1.69.0-x86_64-unknown-linux-gnu/lib/rustlib/x86_64-unknown-linux-gnu/lib/librustc_std_workspace_alloc-f833521df6074e73.rlib" "/opt/rustwide/rustup-home/toolchains/1.69.0-x86_64-unknown-linux-gnu/lib/rustlib/x86_64-unknown-linux-gnu/lib/libunwind-9ac333113350d171.rlib" "/opt/rustwide/rustup-home/toolchains/1.69.0-x86_64-unknown-linux-gnu/lib/rustlib/x86_64-unknown-linux-gnu/lib/libcfg_if-1c126114322d0eee.rlib" "/opt/rustwide/rustup-home/toolchains/1.69.0-x86_64-unknown-linux-gnu/lib/rustlib/x86_64-unknown-linux-gnu/lib/liblibc-bad9164fdeeecf92.rlib" "/opt/rustwide/rustup-home/toolchains/1.69.0-x86_64-unknown-linux-gnu/lib/rustlib/x86_64-unknown-linux-gnu/lib/liballoc-f9374b1e480fa681.rlib" "/opt/rustwide/rustup-home/toolchains/1.69.0-x86_64-unknown-linux-gnu/lib/rustlib/x86_64-unknown-linux-gnu/lib/librustc_std_workspace_core-207f06e41d9603af.rlib" "/opt/rustwide/rustup-home/toolchains/1.69.0-x86_64-unknown-linux-gnu/lib/rustlib/x86_64-unknown-linux-gnu/lib/libcore-7e2768e66e984e85.rlib" "/opt/rustwide/rustup-home/toolchains/1.69.0-x86_64-unknown-linux-gnu/lib/rustlib/x86_64-unknown-linux-gnu/lib/libcompiler_builtins-957b4aff41f8cd46.rlib" "-Wl,-Bdynamic" "-lasound" "-lespeak-ng" "-lgcc_s" "-lutil" "-lrt" "-lpthread" "-lm" "-ldl" "-lc" "-Wl,--eh-frame-hdr" "-Wl,-z,noexecstack" "-L" "/opt/rustwide/rustup-home/toolchains/1.69.0-x86_64-unknown-linux-gnu/lib/rustlib/x86_64-unknown-linux-gnu/lib" "-o" "/opt/rustwide/target/debug/deps/espeaker-b6257032f59ed89c" "-Wl,--gc-sections" "-pie" "-Wl,-z,relro,-z,now" "-nodefaultlibs"
[INFO] [stdout]   = note: /usr/bin/ld: cannot find -lespeak-ng: No such file or directory
[INFO] [stdout]           collect2: error: ld returned 1 exit status
[INFO] [stdout]           
[INFO] [stdout] 
[INFO] [stdout] 
[INFO] [stdout] error: aborting due to previous error
[INFO] [stdout] 
[INFO] [stdout] 
[INFO] [stderr] error: could not compile `espeaker` due to 2 previous errors
[INFO] [stderr] warning: build failed, waiting for other jobs to finish...
[INFO] [stdout] error: linking with `cc` failed: exit status: 1
[INFO] [stdout]   |
[INFO] [stdout]   = note: LC_ALL="C" PATH="/opt/rustwide/rustup-home/toolchains/1.69.0-x86_64-unknown-linux-gnu/lib/rustlib/x86_64-unknown-linux-gnu/bin:/opt/rustwide/cargo-home/bin:/usr/local/sbin:/usr/local/bin:/usr/sbin:/usr/bin:/sbin:/bin" VSLANG="1033" "cc" "-m64" "/tmp/rustc5YWkxC/symbols.o" "/opt/rustwide/target/debug/deps/integration_test-e17ed5717a0fc6c7.integration_test.0a5bf1db-cgu.0.rcgu.o" "/opt/rustwide/target/debug/deps/integration_test-e17ed5717a0fc6c7.integration_test.0a5bf1db-cgu.1.rcgu.o" "/opt/rustwide/target/debug/deps/integration_test-e17ed5717a0fc6c7.integration_test.0a5bf1db-cgu.10.rcgu.o" "/opt/rustwide/target/debug/deps/integration_test-e17ed5717a0fc6c7.integration_test.0a5bf1db-cgu.11.rcgu.o" "/opt/rustwide/target/debug/deps/integration_test-e17ed5717a0fc6c7.integration_test.0a5bf1db-cgu.12.rcgu.o" "/opt/rustwide/target/debug/deps/integration_test-e17ed5717a0fc6c7.integration_test.0a5bf1db-cgu.13.rcgu.o" "/opt/rustwide/target/debug/deps/integration_test-e17ed5717a0fc6c7.integration_test.0a5bf1db-cgu.14.rcgu.o" "/opt/rustwide/target/debug/deps/integration_test-e17ed5717a0fc6c7.integration_test.0a5bf1db-cgu.15.rcgu.o" "/opt/rustwide/target/debug/deps/integration_test-e17ed5717a0fc6c7.integration_test.0a5bf1db-cgu.2.rcgu.o" "/opt/rustwide/target/debug/deps/integration_test-e17ed5717a0fc6c7.integration_test.0a5bf1db-cgu.3.rcgu.o" "/opt/rustwide/target/debug/deps/integration_test-e17ed5717a0fc6c7.integration_test.0a5bf1db-cgu.4.rcgu.o" "/opt/rustwide/target/debug/deps/integration_test-e17ed5717a0fc6c7.integration_test.0a5bf1db-cgu.5.rcgu.o" "/opt/rustwide/target/debug/deps/integration_test-e17ed5717a0fc6c7.integration_test.0a5bf1db-cgu.6.rcgu.o" "/opt/rustwide/target/debug/deps/integration_test-e17ed5717a0fc6c7.integration_test.0a5bf1db-cgu.7.rcgu.o" "/opt/rustwide/target/debug/deps/integration_test-e17ed5717a0fc6c7.integration_test.0a5bf1db-cgu.8.rcgu.o" "/opt/rustwide/target/debug/deps/integration_test-e17ed5717a0fc6c7.integration_test.0a5bf1db-cgu.9.rcgu.o" "/opt/rustwide/target/debug/deps/integration_test-e17ed5717a0fc6c7.1t2vntgf910n9bip.rcgu.o" "-Wl,--as-needed" "-L" "/opt/rustwide/target/debug/deps" "-L" "/usr/lib/x86_64-linux-gnu" "-L" "/opt/rustwide/target/debug/build/minimp3-sys-fff71610bcf2b2a8/out" "-L" "/opt/rustwide/rustup-home/toolchains/1.69.0-x86_64-unknown-linux-gnu/lib/rustlib/x86_64-unknown-linux-gnu/lib" "-Wl,-Bstatic" "/opt/rustwide/rustup-home/toolchains/1.69.0-x86_64-unknown-linux-gnu/lib/rustlib/x86_64-unknown-linux-gnu/lib/libtest-7791a6353d4a7929.rlib" "/opt/rustwide/rustup-home/toolchains/1.69.0-x86_64-unknown-linux-gnu/lib/rustlib/x86_64-unknown-linux-gnu/lib/libgetopts-7b17724e9ce90a72.rlib" "/opt/rustwide/rustup-home/toolchains/1.69.0-x86_64-unknown-linux-gnu/lib/rustlib/x86_64-unknown-linux-gnu/lib/libunicode_width-596f8ce9d30a755e.rlib" "/opt/rustwide/rustup-home/toolchains/1.69.0-x86_64-unknown-linux-gnu/lib/rustlib/x86_64-unknown-linux-gnu/lib/librustc_std_workspace_std-da04f86254de594f.rlib" "/opt/rustwide/target/debug/deps/libespeaker-c36bf92ee2eeceab.rlib" "/opt/rustwide/target/debug/deps/librodio-a0f1b4d7b235ea6f.rlib" "/opt/rustwide/target/debug/deps/libhound-8c54442a60c25b9f.rlib" "/opt/rustwide/target/debug/deps/liblewton-4853669ccfb2435c.rlib" "/opt/rustwide/target/debug/deps/libogg-5a9f55f11d836252.rlib" "/opt/rustwide/target/debug/deps/libtinyvec-dcb099dba038fed5.rlib" "/opt/rustwide/target/debug/deps/libtinyvec_macros-5ffb2ea8a2d866f2.rlib" "/opt/rustwide/target/debug/deps/libbyteorder-50c19e9bd62c942c.rlib" "/opt/rustwide/target/debug/deps/libminimp3-4899b278a27ca1f8.rlib" "/opt/rustwide/target/debug/deps/libslice_deque-fa6ef252fafc3460.rlib" "/opt/rustwide/target/debug/deps/libminimp3_sys-489e3dad8de3fe52.rlib" "/opt/rustwide/target/debug/deps/libclaxon-36136354e7d5d2e9.rlib" "/opt/rustwide/target/debug/deps/libcpal-55d2a9e6876b715f.rlib" "/opt/rustwide/target/debug/deps/libparking_lot-7d4bc7fb82d9651e.rlib" "/opt/rustwide/target/debug/deps/libparking_lot_core-310ca6dda81627b7.rlib" "/opt/rustwide/target/debug/deps/libsmallvec-5f75839ee3e2a151.rlib" "/opt/rustwide/target/debug/deps/liblock_api-e5ad3b2927a46886.rlib" "/opt/rustwide/target/debug/deps/libscopeguard-f471875f675163b5.rlib" "/opt/rustwide/target/debug/deps/libinstant-1bfa666718b38be4.rlib" "/opt/rustwide/target/debug/deps/libalsa-48e9844173e4121f.rlib" "/opt/rustwide/target/debug/deps/libnix-e621006a9d7e0744.rlib" "/opt/rustwide/target/debug/deps/libmemoffset-0f776f28e9231e55.rlib" "/opt/rustwide/target/debug/deps/libcfg_if-e5e118dd7d121aaa.rlib" "/opt/rustwide/target/debug/deps/libbitflags-82cc2d155c6eb112.rlib" "/opt/rustwide/target/debug/deps/libalsa_sys-04282d30c9eda77b.rlib" "/opt/rustwide/target/debug/deps/liblibc-fb3da2895f7c3fe4.rlib" "/opt/rustwide/target/debug/deps/libthiserror-6aa202cac228345f.rlib" "/opt/rustwide/target/debug/deps/liblazy_static-a15e1ed0a3c31761.rlib" "/opt/rustwide/target/debug/deps/libespeakng_sys-1ba0b0df615159d2.rlib" "/opt/rustwide/rustup-home/toolchains/1.69.0-x86_64-unknown-linux-gnu/lib/rustlib/x86_64-unknown-linux-gnu/lib/libstd-89bc084783fdc439.rlib" "/opt/rustwide/rustup-home/toolchains/1.69.0-x86_64-unknown-linux-gnu/lib/rustlib/x86_64-unknown-linux-gnu/lib/libpanic_unwind-8bee4b287d4367c1.rlib" "/opt/rustwide/rustup-home/toolchains/1.69.0-x86_64-unknown-linux-gnu/lib/rustlib/x86_64-unknown-linux-gnu/lib/libobject-d61707aed80694c0.rlib" "/opt/rustwide/rustup-home/toolchains/1.69.0-x86_64-unknown-linux-gnu/lib/rustlib/x86_64-unknown-linux-gnu/lib/libmemchr-d85366256f22345b.rlib" "/opt/rustwide/rustup-home/toolchains/1.69.0-x86_64-unknown-linux-gnu/lib/rustlib/x86_64-unknown-linux-gnu/lib/libaddr2line-96069b86b8a8cae9.rlib" "/opt/rustwide/rustup-home/toolchains/1.69.0-x86_64-unknown-linux-gnu/lib/rustlib/x86_64-unknown-linux-gnu/lib/libgimli-d19d53abf68dfa6c.rlib" "/opt/rustwide/rustup-home/toolchains/1.69.0-x86_64-unknown-linux-gnu/lib/rustlib/x86_64-unknown-linux-gnu/lib/librustc_demangle-787cbccd19d64ac6.rlib" "/opt/rustwide/rustup-home/toolchains/1.69.0-x86_64-unknown-linux-gnu/lib/rustlib/x86_64-unknown-linux-gnu/lib/libstd_detect-b3837a36b830e0d0.rlib" "/opt/rustwide/rustup-home/toolchains/1.69.0-x86_64-unknown-linux-gnu/lib/rustlib/x86_64-unknown-linux-gnu/lib/libhashbrown-e3deb0e7e3f04966.rlib" "/opt/rustwide/rustup-home/toolchains/1.69.0-x86_64-unknown-linux-gnu/lib/rustlib/x86_64-unknown-linux-gnu/lib/libminiz_oxide-dabbb79c9815def4.rlib" "/opt/rustwide/rustup-home/toolchains/1.69.0-x86_64-unknown-linux-gnu/lib/rustlib/x86_64-unknown-linux-gnu/lib/libadler-305b01f34c9409f2.rlib" "/opt/rustwide/rustup-home/toolchains/1.69.0-x86_64-unknown-linux-gnu/lib/rustlib/x86_64-unknown-linux-gnu/lib/librustc_std_workspace_alloc-f833521df6074e73.rlib" "/opt/rustwide/rustup-home/toolchains/1.69.0-x86_64-unknown-linux-gnu/lib/rustlib/x86_64-unknown-linux-gnu/lib/libunwind-9ac333113350d171.rlib" "/opt/rustwide/rustup-home/toolchains/1.69.0-x86_64-unknown-linux-gnu/lib/rustlib/x86_64-unknown-linux-gnu/lib/libcfg_if-1c126114322d0eee.rlib" "/opt/rustwide/rustup-home/toolchains/1.69.0-x86_64-unknown-linux-gnu/lib/rustlib/x86_64-unknown-linux-gnu/lib/liblibc-bad9164fdeeecf92.rlib" "/opt/rustwide/rustup-home/toolchains/1.69.0-x86_64-unknown-linux-gnu/lib/rustlib/x86_64-unknown-linux-gnu/lib/liballoc-f9374b1e480fa681.rlib" "/opt/rustwide/rustup-home/toolchains/1.69.0-x86_64-unknown-linux-gnu/lib/rustlib/x86_64-unknown-linux-gnu/lib/librustc_std_workspace_core-207f06e41d9603af.rlib" "/opt/rustwide/rustup-home/toolchains/1.69.0-x86_64-unknown-linux-gnu/lib/rustlib/x86_64-unknown-linux-gnu/lib/libcore-7e2768e66e984e85.rlib" "/opt/rustwide/rustup-home/toolchains/1.69.0-x86_64-unknown-linux-gnu/lib/rustlib/x86_64-unknown-linux-gnu/lib/libcompiler_builtins-957b4aff41f8cd46.rlib" "-Wl,-Bdynamic" "-lasound" "-lespeak-ng" "-lgcc_s" "-lutil" "-lrt" "-lpthread" "-lm" "-ldl" "-lc" "-Wl,--eh-frame-hdr" "-Wl,-z,noexecstack" "-L" "/opt/rustwide/rustup-home/toolchains/1.69.0-x86_64-unknown-linux-gnu/lib/rustlib/x86_64-unknown-linux-gnu/lib" "-o" "/opt/rustwide/target/debug/deps/integration_test-e17ed5717a0fc6c7" "-Wl,--gc-sections" "-pie" "-Wl,-z,relro,-z,now" "-nodefaultlibs"
[INFO] [stdout]   = note: /usr/bin/ld: cannot find -lespeak-ng: No such file or directory
[INFO] [stdout]           collect2: error: ld returned 1 exit status
[INFO] [stdout]           
[INFO] [stdout] 
[INFO] [stdout] 
[INFO] [stdout] error: aborting due to previous error
[INFO] [stdout] 
[INFO] [stdout] 
[INFO] [stderr] error: could not compile `espeaker` due to 2 previous errors
[INFO] [stdout] error: linking with `cc` failed: exit status: 1
[INFO] [stdout]   |
[INFO] [stdout]   = note: LC_ALL="C" PATH="/opt/rustwide/rustup-home/toolchains/1.69.0-x86_64-unknown-linux-gnu/lib/rustlib/x86_64-unknown-linux-gnu/bin:/opt/rustwide/cargo-home/bin:/usr/local/sbin:/usr/local/bin:/usr/sbin:/usr/bin:/sbin:/bin" VSLANG="1033" "cc" "-m64" "/tmp/rustc5zAY1G/symbols.o" "/opt/rustwide/target/debug/examples/main-86016298774633c0.main.b5ccc87a-cgu.0.rcgu.o" "/opt/rustwide/target/debug/examples/main-86016298774633c0.main.b5ccc87a-cgu.1.rcgu.o" "/opt/rustwide/target/debug/examples/main-86016298774633c0.main.b5ccc87a-cgu.10.rcgu.o" "/opt/rustwide/target/debug/examples/main-86016298774633c0.main.b5ccc87a-cgu.11.rcgu.o" "/opt/rustwide/target/debug/examples/main-86016298774633c0.main.b5ccc87a-cgu.12.rcgu.o" "/opt/rustwide/target/debug/examples/main-86016298774633c0.main.b5ccc87a-cgu.13.rcgu.o" "/opt/rustwide/target/debug/examples/main-86016298774633c0.main.b5ccc87a-cgu.14.rcgu.o" "/opt/rustwide/target/debug/examples/main-86016298774633c0.main.b5ccc87a-cgu.15.rcgu.o" "/opt/rustwide/target/debug/examples/main-86016298774633c0.main.b5ccc87a-cgu.2.rcgu.o" "/opt/rustwide/target/debug/examples/main-86016298774633c0.main.b5ccc87a-cgu.3.rcgu.o" "/opt/rustwide/target/debug/examples/main-86016298774633c0.main.b5ccc87a-cgu.4.rcgu.o" "/opt/rustwide/target/debug/examples/main-86016298774633c0.main.b5ccc87a-cgu.5.rcgu.o" "/opt/rustwide/target/debug/examples/main-86016298774633c0.main.b5ccc87a-cgu.6.rcgu.o" "/opt/rustwide/target/debug/examples/main-86016298774633c0.main.b5ccc87a-cgu.7.rcgu.o" "/opt/rustwide/target/debug/examples/main-86016298774633c0.main.b5ccc87a-cgu.8.rcgu.o" "/opt/rustwide/target/debug/examples/main-86016298774633c0.main.b5ccc87a-cgu.9.rcgu.o" "/opt/rustwide/target/debug/examples/main-86016298774633c0.1m79i4r4wom9botb.rcgu.o" "-Wl,--as-needed" "-L" "/opt/rustwide/target/debug/deps" "-L" "/usr/lib/x86_64-linux-gnu" "-L" "/opt/rustwide/target/debug/build/minimp3-sys-fff71610bcf2b2a8/out" "-L" "/opt/rustwide/rustup-home/toolchains/1.69.0-x86_64-unknown-linux-gnu/lib/rustlib/x86_64-unknown-linux-gnu/lib" "-Wl,-Bstatic" "/opt/rustwide/target/debug/deps/libespeaker-c36bf92ee2eeceab.rlib" "/opt/rustwide/target/debug/deps/librodio-a0f1b4d7b235ea6f.rlib" "/opt/rustwide/target/debug/deps/libhound-8c54442a60c25b9f.rlib" "/opt/rustwide/target/debug/deps/liblewton-4853669ccfb2435c.rlib" "/opt/rustwide/target/debug/deps/libogg-5a9f55f11d836252.rlib" "/opt/rustwide/target/debug/deps/libtinyvec-dcb099dba038fed5.rlib" "/opt/rustwide/target/debug/deps/libtinyvec_macros-5ffb2ea8a2d866f2.rlib" "/opt/rustwide/target/debug/deps/libbyteorder-50c19e9bd62c942c.rlib" "/opt/rustwide/target/debug/deps/libminimp3-4899b278a27ca1f8.rlib" "/opt/rustwide/target/debug/deps/libslice_deque-fa6ef252fafc3460.rlib" "/opt/rustwide/target/debug/deps/libminimp3_sys-489e3dad8de3fe52.rlib" "/opt/rustwide/target/debug/deps/libclaxon-36136354e7d5d2e9.rlib" "/opt/rustwide/target/debug/deps/libcpal-55d2a9e6876b715f.rlib" "/opt/rustwide/target/debug/deps/libparking_lot-7d4bc7fb82d9651e.rlib" "/opt/rustwide/target/debug/deps/libparking_lot_core-310ca6dda81627b7.rlib" "/opt/rustwide/target/debug/deps/libsmallvec-5f75839ee3e2a151.rlib" "/opt/rustwide/target/debug/deps/liblock_api-e5ad3b2927a46886.rlib" "/opt/rustwide/target/debug/deps/libscopeguard-f471875f675163b5.rlib" "/opt/rustwide/target/debug/deps/libinstant-1bfa666718b38be4.rlib" "/opt/rustwide/target/debug/deps/libalsa-48e9844173e4121f.rlib" "/opt/rustwide/target/debug/deps/libnix-e621006a9d7e0744.rlib" "/opt/rustwide/target/debug/deps/libmemoffset-0f776f28e9231e55.rlib" "/opt/rustwide/target/debug/deps/libcfg_if-e5e118dd7d121aaa.rlib" "/opt/rustwide/target/debug/deps/libbitflags-82cc2d155c6eb112.rlib" "/opt/rustwide/target/debug/deps/libalsa_sys-04282d30c9eda77b.rlib" "/opt/rustwide/target/debug/deps/liblibc-fb3da2895f7c3fe4.rlib" "/opt/rustwide/target/debug/deps/libthiserror-6aa202cac228345f.rlib" "/opt/rustwide/target/debug/deps/liblazy_static-a15e1ed0a3c31761.rlib" "/opt/rustwide/target/debug/deps/libespeakng_sys-1ba0b0df615159d2.rlib" "/opt/rustwide/rustup-home/toolchains/1.69.0-x86_64-unknown-linux-gnu/lib/rustlib/x86_64-unknown-linux-gnu/lib/libstd-89bc084783fdc439.rlib" "/opt/rustwide/rustup-home/toolchains/1.69.0-x86_64-unknown-linux-gnu/lib/rustlib/x86_64-unknown-linux-gnu/lib/libpanic_unwind-8bee4b287d4367c1.rlib" "/opt/rustwide/rustup-home/toolchains/1.69.0-x86_64-unknown-linux-gnu/lib/rustlib/x86_64-unknown-linux-gnu/lib/libobject-d61707aed80694c0.rlib" "/opt/rustwide/rustup-home/toolchains/1.69.0-x86_64-unknown-linux-gnu/lib/rustlib/x86_64-unknown-linux-gnu/lib/libmemchr-d85366256f22345b.rlib" "/opt/rustwide/rustup-home/toolchains/1.69.0-x86_64-unknown-linux-gnu/lib/rustlib/x86_64-unknown-linux-gnu/lib/libaddr2line-96069b86b8a8cae9.rlib" "/opt/rustwide/rustup-home/toolchains/1.69.0-x86_64-unknown-linux-gnu/lib/rustlib/x86_64-unknown-linux-gnu/lib/libgimli-d19d53abf68dfa6c.rlib" "/opt/rustwide/rustup-home/toolchains/1.69.0-x86_64-unknown-linux-gnu/lib/rustlib/x86_64-unknown-linux-gnu/lib/librustc_demangle-787cbccd19d64ac6.rlib" "/opt/rustwide/rustup-home/toolchains/1.69.0-x86_64-unknown-linux-gnu/lib/rustlib/x86_64-unknown-linux-gnu/lib/libstd_detect-b3837a36b830e0d0.rlib" "/opt/rustwide/rustup-home/toolchains/1.69.0-x86_64-unknown-linux-gnu/lib/rustlib/x86_64-unknown-linux-gnu/lib/libhashbrown-e3deb0e7e3f04966.rlib" "/opt/rustwide/rustup-home/toolchains/1.69.0-x86_64-unknown-linux-gnu/lib/rustlib/x86_64-unknown-linux-gnu/lib/libminiz_oxide-dabbb79c9815def4.rlib" "/opt/rustwide/rustup-home/toolchains/1.69.0-x86_64-unknown-linux-gnu/lib/rustlib/x86_64-unknown-linux-gnu/lib/libadler-305b01f34c9409f2.rlib" "/opt/rustwide/rustup-home/toolchains/1.69.0-x86_64-unknown-linux-gnu/lib/rustlib/x86_64-unknown-linux-gnu/lib/librustc_std_workspace_alloc-f833521df6074e73.rlib" "/opt/rustwide/rustup-home/toolchains/1.69.0-x86_64-unknown-linux-gnu/lib/rustlib/x86_64-unknown-linux-gnu/lib/libunwind-9ac333113350d171.rlib" "/opt/rustwide/rustup-home/toolchains/1.69.0-x86_64-unknown-linux-gnu/lib/rustlib/x86_64-unknown-linux-gnu/lib/libcfg_if-1c126114322d0eee.rlib" "/opt/rustwide/rustup-home/toolchains/1.69.0-x86_64-unknown-linux-gnu/lib/rustlib/x86_64-unknown-linux-gnu/lib/liblibc-bad9164fdeeecf92.rlib" "/opt/rustwide/rustup-home/toolchains/1.69.0-x86_64-unknown-linux-gnu/lib/rustlib/x86_64-unknown-linux-gnu/lib/liballoc-f9374b1e480fa681.rlib" "/opt/rustwide/rustup-home/toolchains/1.69.0-x86_64-unknown-linux-gnu/lib/rustlib/x86_64-unknown-linux-gnu/lib/librustc_std_workspace_core-207f06e41d9603af.rlib" "/opt/rustwide/rustup-home/toolchains/1.69.0-x86_64-unknown-linux-gnu/lib/rustlib/x86_64-unknown-linux-gnu/lib/libcore-7e2768e66e984e85.rlib" "/opt/rustwide/rustup-home/toolchains/1.69.0-x86_64-unknown-linux-gnu/lib/rustlib/x86_64-unknown-linux-gnu/lib/libcompiler_builtins-957b4aff41f8cd46.rlib" "-Wl,-Bdynamic" "-lasound" "-lespeak-ng" "-lgcc_s" "-lutil" "-lrt" "-lpthread" "-lm" "-ldl" "-lc" "-Wl,--eh-frame-hdr" "-Wl,-z,noexecstack" "-L" "/opt/rustwide/rustup-home/toolchains/1.69.0-x86_64-unknown-linux-gnu/lib/rustlib/x86_64-unknown-linux-gnu/lib" "-o" "/opt/rustwide/target/debug/examples/main-86016298774633c0" "-Wl,--gc-sections" "-pie" "-Wl,-z,relro,-z,now" "-nodefaultlibs"
[INFO] [stdout]   = note: /usr/bin/ld: cannot find -lespeak-ng: No such file or directory
[INFO] [stdout]           collect2: error: ld returned 1 exit status
[INFO] [stdout]           
[INFO] [stdout] 
[INFO] [stdout] 
[INFO] [stdout] error: aborting due to previous error
[INFO] [stdout] 
[INFO] [stdout] 
[INFO] [stderr] error: could not compile `espeaker` due to 2 previous errors
[INFO] running `Command { std: "docker" "inspect" "c6469091a506b4a28823b5203eafc5352cd21c7b84c406c1765e34fc24672f1c", kill_on_drop: false }`
[INFO] running `Command { std: "docker" "rm" "-f" "c6469091a506b4a28823b5203eafc5352cd21c7b84c406c1765e34fc24672f1c", kill_on_drop: false }`
[INFO] [stdout] c6469091a506b4a28823b5203eafc5352cd21c7b84c406c1765e34fc24672f1c
