[INFO] fetching crate enigo-copy 0.0.14...
[INFO] testing enigo-copy-0.0.14 against 1.69.0 for beta-1.70-1
[INFO] extracting crate enigo-copy 0.0.14 into /workspace/builds/worker-2-tc1/source
[INFO] validating manifest of crates.io crate enigo-copy 0.0.14 on toolchain 1.69.0
[INFO] running `Command { std: CARGO_HOME="/workspace/cargo-home" RUSTUP_HOME="/workspace/rustup-home" "/workspace/cargo-home/bin/cargo" "+1.69.0" "metadata" "--manifest-path" "Cargo.toml" "--no-deps", kill_on_drop: false }`
[INFO] started tweaking crates.io crate enigo-copy 0.0.14
[INFO] finished tweaking crates.io crate enigo-copy 0.0.14
[INFO] tweaked toml for crates.io crate enigo-copy 0.0.14 written to /workspace/builds/worker-2-tc1/source/Cargo.toml
[INFO] crate crates.io crate enigo-copy 0.0.14 already has a lockfile, it will not be regenerated
[INFO] running `Command { std: CARGO_HOME="/workspace/cargo-home" RUSTUP_HOME="/workspace/rustup-home" "/workspace/cargo-home/bin/cargo" "+1.69.0" "fetch" "--manifest-path" "Cargo.toml", kill_on_drop: false }`
[INFO] [stderr]  Downloading crates ...
[INFO] [stderr]   Downloaded raw-window-handle v0.5.1
[INFO] [stderr]   Downloaded webbrowser v0.8.8
[INFO] [stderr]   Downloaded jni v0.21.1
[INFO] running `Command { std: "docker" "create" "-v" "/var/lib/crater-agent-workspace/builds/worker-2-tc1/target:/opt/rustwide/target:rw,Z" "-v" "/var/lib/crater-agent-workspace/builds/worker-2-tc1/source:/opt/rustwide/workdir:ro,Z" "-v" "/var/lib/crater-agent-workspace/cargo-home:/opt/rustwide/cargo-home:ro,Z" "-v" "/var/lib/crater-agent-workspace/rustup-home:/opt/rustwide/rustup-home:ro,Z" "-e" "SOURCE_DIR=/opt/rustwide/workdir" "-e" "CARGO_TARGET_DIR=/opt/rustwide/target" "-e" "CARGO_HOME=/opt/rustwide/cargo-home" "-e" "RUSTUP_HOME=/opt/rustwide/rustup-home" "-w" "/opt/rustwide/workdir" "-m" "1610612736" "--user" "0:0" "--network" "none" "ghcr.io/rust-lang/crates-build-env/linux@sha256:5ff2268d62e97bff2cde7d5815dd6ed5b47097566f13b8d0ca110b04b60e07ed" "/opt/rustwide/cargo-home/bin/cargo" "+1.69.0" "metadata" "--no-deps" "--format-version=1", kill_on_drop: false }`
[INFO] [stdout] 7b7f355b00f7c8356751c84c7e821d308f1c83d136dfeae2ac1dababc393990c
[INFO] running `Command { std: "docker" "start" "-a" "7b7f355b00f7c8356751c84c7e821d308f1c83d136dfeae2ac1dababc393990c", kill_on_drop: false }`
[INFO] running `Command { std: "docker" "inspect" "7b7f355b00f7c8356751c84c7e821d308f1c83d136dfeae2ac1dababc393990c", kill_on_drop: false }`
[INFO] running `Command { std: "docker" "rm" "-f" "7b7f355b00f7c8356751c84c7e821d308f1c83d136dfeae2ac1dababc393990c", kill_on_drop: false }`
[INFO] [stdout] 7b7f355b00f7c8356751c84c7e821d308f1c83d136dfeae2ac1dababc393990c
[INFO] running `Command { std: "docker" "create" "-v" "/var/lib/crater-agent-workspace/builds/worker-2-tc1/target:/opt/rustwide/target:rw,Z" "-v" "/var/lib/crater-agent-workspace/builds/worker-2-tc1/source:/opt/rustwide/workdir:ro,Z" "-v" "/var/lib/crater-agent-workspace/cargo-home:/opt/rustwide/cargo-home:ro,Z" "-v" "/var/lib/crater-agent-workspace/rustup-home:/opt/rustwide/rustup-home:ro,Z" "-e" "SOURCE_DIR=/opt/rustwide/workdir" "-e" "CARGO_TARGET_DIR=/opt/rustwide/target" "-e" "CARGO_INCREMENTAL=0" "-e" "RUST_BACKTRACE=full" "-e" "RUSTFLAGS=--cap-lints=warn" "-e" "RUSTDOCFLAGS=--cap-lints=warn" "-e" "CARGO_HOME=/opt/rustwide/cargo-home" "-e" "RUSTUP_HOME=/opt/rustwide/rustup-home" "-w" "/opt/rustwide/workdir" "-m" "1610612736" "--user" "0:0" "--network" "none" "ghcr.io/rust-lang/crates-build-env/linux@sha256:5ff2268d62e97bff2cde7d5815dd6ed5b47097566f13b8d0ca110b04b60e07ed" "/opt/rustwide/cargo-home/bin/cargo" "+1.69.0" "build" "--frozen" "--message-format=json", kill_on_drop: false }`
[INFO] [stdout] ef7331143c9242ab15090241aeed8fdd4895fa6ff440762b5190796a0460ebec
[INFO] running `Command { std: "docker" "start" "-a" "ef7331143c9242ab15090241aeed8fdd4895fa6ff440762b5190796a0460ebec", kill_on_drop: false }`
[INFO] [stderr]    Compiling pkg-config v0.3.26
[INFO] [stderr]    Compiling libc v0.2.140
[INFO] [stderr]    Compiling enigo-copy v0.0.14 (/opt/rustwide/workdir)
[INFO] [stderr]     Finished dev [unoptimized + debuginfo] target(s) in 1.40s
[INFO] running `Command { std: "docker" "inspect" "ef7331143c9242ab15090241aeed8fdd4895fa6ff440762b5190796a0460ebec", kill_on_drop: false }`
[INFO] running `Command { std: "docker" "rm" "-f" "ef7331143c9242ab15090241aeed8fdd4895fa6ff440762b5190796a0460ebec", kill_on_drop: false }`
[INFO] [stdout] ef7331143c9242ab15090241aeed8fdd4895fa6ff440762b5190796a0460ebec
[INFO] running `Command { std: "docker" "create" "-v" "/var/lib/crater-agent-workspace/builds/worker-2-tc1/target:/opt/rustwide/target:rw,Z" "-v" "/var/lib/crater-agent-workspace/builds/worker-2-tc1/source:/opt/rustwide/workdir:ro,Z" "-v" "/var/lib/crater-agent-workspace/cargo-home:/opt/rustwide/cargo-home:ro,Z" "-v" "/var/lib/crater-agent-workspace/rustup-home:/opt/rustwide/rustup-home:ro,Z" "-e" "SOURCE_DIR=/opt/rustwide/workdir" "-e" "CARGO_TARGET_DIR=/opt/rustwide/target" "-e" "CARGO_INCREMENTAL=0" "-e" "RUST_BACKTRACE=full" "-e" "RUSTFLAGS=--cap-lints=warn" "-e" "RUSTDOCFLAGS=--cap-lints=warn" "-e" "CARGO_HOME=/opt/rustwide/cargo-home" "-e" "RUSTUP_HOME=/opt/rustwide/rustup-home" "-w" "/opt/rustwide/workdir" "-m" "1610612736" "--user" "0:0" "--network" "none" "ghcr.io/rust-lang/crates-build-env/linux@sha256:5ff2268d62e97bff2cde7d5815dd6ed5b47097566f13b8d0ca110b04b60e07ed" "/opt/rustwide/cargo-home/bin/cargo" "+1.69.0" "test" "--frozen" "--no-run" "--message-format=json", kill_on_drop: false }`
[INFO] [stdout] 7f247e1a0fac9de1220861b674e8d2808cc816143588061974f497647185e0ae
[INFO] running `Command { std: "docker" "start" "-a" "7f247e1a0fac9de1220861b674e8d2808cc816143588061974f497647185e0ae", kill_on_drop: false }`
[INFO] [stderr]    Compiling typenum v1.16.0
[INFO] [stderr]    Compiling proc-macro2 v1.0.53
[INFO] [stderr]    Compiling unicode-ident v1.0.8
[INFO] [stderr]    Compiling quote v1.0.26
[INFO] [stderr]    Compiling tinyvec_macros v0.1.1
[INFO] [stderr]    Compiling percent-encoding v2.2.0
[INFO] [stderr]    Compiling unicode-bidi v0.3.13
[INFO] [stderr]    Compiling thiserror v1.0.40
[INFO] [stderr]    Compiling httparse v1.8.0
[INFO] [stderr]    Compiling ppv-lite86 v0.2.17
[INFO] [stderr]    Compiling bytes v1.4.0
[INFO] [stderr]    Compiling getrandom v0.2.8
[INFO] [stderr]    Compiling log v0.4.17
[INFO] [stderr]    Compiling dirs-sys v0.3.7
[INFO] [stderr]    Compiling cpufeatures v0.2.5
[INFO] [stderr]    Compiling itoa v1.0.6
[INFO] [stderr]    Compiling tinyvec v1.6.0
[INFO] [stderr]    Compiling utf-8 v0.7.6
[INFO] [stderr]    Compiling base64 v0.13.1
[INFO] [stderr]    Compiling rand_core v0.6.4
[INFO] [stderr]    Compiling form_urlencoded v1.1.0
[INFO] [stderr]    Compiling dirs v4.0.0
[INFO] [stderr]    Compiling rand_chacha v0.3.1
[INFO] [stderr]    Compiling http v0.2.9
[INFO] [stderr]    Compiling rand v0.8.5
[INFO] [stderr]    Compiling unicode-normalization v0.1.22
[INFO] [stderr]    Compiling syn v2.0.8
[INFO] [stderr]    Compiling idna v0.3.0
[INFO] [stderr]    Compiling generic-array v0.14.6
[INFO] [stderr]    Compiling url v2.3.1
[INFO] [stderr]    Compiling block-buffer v0.10.4
[INFO] [stderr]    Compiling crypto-common v0.1.6
[INFO] [stderr]    Compiling digest v0.10.6
[INFO] [stderr]    Compiling sha1 v0.10.5
[INFO] [stderr]    Compiling webbrowser v0.8.8
[INFO] [stderr]    Compiling thiserror-impl v1.0.40
[INFO] [stderr]    Compiling tungstenite v0.18.0
[INFO] [stderr]    Compiling enigo-copy v0.0.14 (/opt/rustwide/workdir)
[INFO] [stdout] error[E0432]: unresolved import `enigo`
[INFO] [stdout]  --> examples/dsl.rs:1:5
[INFO] [stdout]   |
[INFO] [stdout] 1 | use enigo::{Enigo, KeyboardControllable};
[INFO] [stdout]   |     ^^^^^ use of undeclared crate or module `enigo`
[INFO] [stdout] 
[INFO] [stdout] 
[INFO] [stdout] error[E0432]: unresolved import `enigo`
[INFO] [stdout]  --> examples/timer.rs:1:5
[INFO] [stdout]   |
[INFO] [stdout] 1 | use enigo::{Enigo, Key, KeyboardControllable};
[INFO] [stdout]   |     ^^^^^ use of undeclared crate or module `enigo`
[INFO] [stdout] 
[INFO] [stdout] 
[INFO] [stdout] error[E0432]: unresolved import `enigo`
[INFO] [stdout]  --> examples/keyboard.rs:1:5
[INFO] [stdout]   |
[INFO] [stdout] 1 | use enigo::{Enigo, Key, KeyboardControllable};
[INFO] [stdout]   |     ^^^^^ use of undeclared crate or module `enigo`
[INFO] [stdout] 
[INFO] [stdout] 
[INFO] [stdout] error[E0432]: unresolved import `enigo`
[INFO] [stdout]  --> examples/key.rs:1:5
[INFO] [stdout]   |
[INFO] [stdout] 1 | use enigo::{Enigo, Key, KeyboardControllable};
[INFO] [stdout]   |     ^^^^^ use of undeclared crate or module `enigo`
[INFO] [stdout] 
[INFO] [stdout] 
[INFO] [stdout] error: aborting due to previous error
[INFO] [stdout] 
[INFO] [stdout] 
[INFO] [stdout] error: aborting due to previous error
[INFO] [stdout] 
[INFO] [stdout] 
[INFO] [stdout] For more information about this error, try `rustc --explain E0432`.
[INFO] [stdout] 
[INFO] [stdout] error[E0432]: unresolved import `enigo`
[INFO] [stdout]  --> tests/browser.rs:1:5
[INFO] [stdout]   |
[INFO] [stdout] 1 | use enigo::{Key, KeyboardControllable};
[INFO] [stdout]   |     ^^^^^ use of undeclared crate or module `enigo`
[INFO] [stdout] 
[INFO] [stdout] 
[INFO] [stdout] For more information about this error, try `rustc --explain E0432`.
[INFO] [stdout] 
[INFO] [stdout] error[E0432]: unresolved import `enigo`
[INFO] [stdout]  --> tests/common/key.rs:3:5
[INFO] [stdout]   |
[INFO] [stdout] 3 | use enigo::{Enigo, Key, KeyboardControllable};
[INFO] [stdout]   |     ^^^^^ use of undeclared crate or module `enigo`
[INFO] [stdout] 
[INFO] [stdout] 
[INFO] [stdout] error[E0432]: unresolved import `enigo`
[INFO] [stdout]  --> tests/common/mouse.rs:3:5
[INFO] [stdout]   |
[INFO] [stdout] 3 | use enigo::{Enigo, MouseControllable};
[INFO] [stdout]   |     ^^^^^ use of undeclared crate or module `enigo`
[INFO] [stdout] 
[INFO] [stdout] 
[INFO] [stderr] error: could not compile `enigo-copy` due to 2 previous errors
[INFO] [stderr] warning: build failed, waiting for other jobs to finish...
[INFO] [stdout] error[E0432]: unresolved import `enigo`
[INFO] [stdout]  --> examples/layout.rs:1:5
[INFO] [stdout]   |
[INFO] [stdout] 1 | use enigo::{Enigo, Key, KeyboardControllable};
[INFO] [stdout]   |     ^^^^^ use of undeclared crate or module `enigo`
[INFO] [stdout] 
[INFO] [stdout] 
[INFO] [stderr] error: could not compile `enigo-copy` due to 2 previous errors
[INFO] [stdout] error[E0433]: failed to resolve: use of undeclared crate or module `enigo`
[INFO] [stdout]   --> examples/layout.rs:10:21
[INFO] [stdout]    |
[INFO] [stdout] 10 |     enigo.key_click(enigo::Key::UpArrow);
[INFO] [stdout]    |                     ^^^^^ use of undeclared crate or module `enigo`
[INFO] [stdout] 
[INFO] [stdout] 
[INFO] [stdout] error[E0433]: failed to resolve: use of undeclared crate or module `enigo`
[INFO] [stdout]   --> examples/layout.rs:11:21
[INFO] [stdout]    |
[INFO] [stdout] 11 |     enigo.key_click(enigo::Key::UpArrow);
[INFO] [stdout]    |                     ^^^^^ use of undeclared crate or module `enigo`
[INFO] [stdout] 
[INFO] [stdout] 
[INFO] [stdout] error: aborting due to previous error
[INFO] [stdout] 
[INFO] [stdout] 
[INFO] [stdout] For more information about this error, try `rustc --explain E0432`.
[INFO] [stdout] 
[INFO] [stdout] error[E0433]: failed to resolve: use of undeclared crate or module `enigo`
[INFO] [stdout]   --> examples/layout.rs:12:21
[INFO] [stdout]    |
[INFO] [stdout] 12 |     enigo.key_click(enigo::Key::DownArrow);
[INFO] [stdout]    |                     ^^^^^ use of undeclared crate or module `enigo`
[INFO] [stdout] 
[INFO] [stdout] 
[INFO] [stdout] error: aborting due to previous error
[INFO] [stdout] 
[INFO] [stdout] 
[INFO] [stdout] error[E0432]: unresolved import `enigo`
[INFO] [stdout]  --> examples/mouse.rs:1:5
[INFO] [stdout]   |
[INFO] [stdout] 1 | use enigo::{Enigo, MouseButton, MouseControllable};
[INFO] [stdout]   |     ^^^^^ use of undeclared crate or module `enigo`
[INFO] [stdout] 
[INFO] [stdout] 
[INFO] [stdout] For more information about this error, try `rustc --explain E0432`.
[INFO] [stdout] 
[INFO] [stdout] error[E0433]: failed to resolve: use of undeclared crate or module `enigo`
[INFO] [stdout]   --> examples/layout.rs:13:21
[INFO] [stdout]    |
[INFO] [stdout] 13 |     enigo.key_click(enigo::Key::LeftArrow);
[INFO] [stdout]    |                     ^^^^^ use of undeclared crate or module `enigo`
[INFO] [stdout] 
[INFO] [stdout] 
[INFO] [stdout] error[E0433]: failed to resolve: use of undeclared crate or module `enigo`
[INFO] [stdout]   --> examples/layout.rs:14:21
[INFO] [stdout]    |
[INFO] [stdout] 14 |     enigo.key_click(enigo::Key::LeftArrow);
[INFO] [stdout]    |                     ^^^^^ use of undeclared crate or module `enigo`
[INFO] [stdout] 
[INFO] [stdout] 
[INFO] [stdout] error[E0433]: failed to resolve: use of undeclared crate or module `enigo`
[INFO] [stdout]   --> examples/layout.rs:15:21
[INFO] [stdout]    |
[INFO] [stdout] 15 |     enigo.key_click(enigo::Key::RightArrow);
[INFO] [stdout]    |                     ^^^^^ use of undeclared crate or module `enigo`
[INFO] [stdout] 
[INFO] [stdout] 
[INFO] [stdout] error: aborting due to 7 previous errors
[INFO] [stdout] 
[INFO] [stdout] 
[INFO] [stdout] Some errors have detailed explanations: E0432, E0433.
[INFO] [stdout] 
[INFO] [stderr] error: could not compile `enigo-copy` due to 2 previous errors
[INFO] [stdout] For more information about an error, try `rustc --explain E0432`.
[INFO] [stdout] 
[INFO] [stderr] error: could not compile `enigo-copy` due to 8 previous errors
[INFO] [stderr] error: could not compile `enigo-copy` due to 2 previous errors
[INFO] [stdout] error: aborting due to previous error
[INFO] [stdout] 
[INFO] [stdout] 
[INFO] [stdout] For more information about this error, try `rustc --explain E0432`.
[INFO] [stdout] 
[INFO] [stdout] error[E0433]: failed to resolve: use of undeclared crate or module `enigo`
[INFO] [stdout]   --> tests/browser.rs:18:5
[INFO] [stdout]    |
[INFO] [stdout] 18 |     enigo::Enigo::new().key_click(Key::F11);
[INFO] [stdout]    |     ^^^^^ use of undeclared crate or module `enigo`
[INFO] [stdout]    |
[INFO] [stdout] help: consider importing this struct
[INFO] [stdout]    |
[INFO] [stdout] 1  | use enigo_copy::Enigo;
[INFO] [stdout]    |
[INFO] [stdout] help: if you import `Enigo`, refer to it directly
[INFO] [stdout]    |
[INFO] [stdout] 18 -     enigo::Enigo::new().key_click(Key::F11);
[INFO] [stdout] 18 +     Enigo::new().key_click(Key::F11);
[INFO] [stdout]    |
[INFO] [stdout] 
[INFO] [stdout] 
[INFO] [stderr] error: could not compile `enigo-copy` due to 2 previous errors
[INFO] [stdout] error: aborting due to 4 previous errors
[INFO] [stdout] 
[INFO] [stdout] 
[INFO] [stdout] Some errors have detailed explanations: E0432, E0433.
[INFO] [stdout] 
[INFO] [stdout] For more information about an error, try `rustc --explain E0432`.
[INFO] [stdout] 
[INFO] [stderr] error: could not compile `enigo-copy` due to 5 previous errors
[INFO] [stdout] error: linking with `cc` failed: exit status: 1
[INFO] [stdout]   |
[INFO] [stdout]   = note: LC_ALL="C" PATH="/opt/rustwide/rustup-home/toolchains/1.69.0-x86_64-unknown-linux-gnu/lib/rustlib/x86_64-unknown-linux-gnu/bin:/opt/rustwide/cargo-home/bin:/usr/local/sbin:/usr/local/bin:/usr/sbin:/usr/bin:/sbin:/bin" VSLANG="1033" "cc" "-m64" "/tmp/rustc6DM56D/symbols.o" "/opt/rustwide/target/debug/deps/enigo_copy-4e37027ccaaa0693.enigo_copy.fc89c6a3-cgu.0.rcgu.o" "/opt/rustwide/target/debug/deps/enigo_copy-4e37027ccaaa0693.enigo_copy.fc89c6a3-cgu.1.rcgu.o" "/opt/rustwide/target/debug/deps/enigo_copy-4e37027ccaaa0693.enigo_copy.fc89c6a3-cgu.10.rcgu.o" "/opt/rustwide/target/debug/deps/enigo_copy-4e37027ccaaa0693.enigo_copy.fc89c6a3-cgu.11.rcgu.o" "/opt/rustwide/target/debug/deps/enigo_copy-4e37027ccaaa0693.enigo_copy.fc89c6a3-cgu.12.rcgu.o" "/opt/rustwide/target/debug/deps/enigo_copy-4e37027ccaaa0693.enigo_copy.fc89c6a3-cgu.13.rcgu.o" "/opt/rustwide/target/debug/deps/enigo_copy-4e37027ccaaa0693.enigo_copy.fc89c6a3-cgu.14.rcgu.o" "/opt/rustwide/target/debug/deps/enigo_copy-4e37027ccaaa0693.enigo_copy.fc89c6a3-cgu.15.rcgu.o" "/opt/rustwide/target/debug/deps/enigo_copy-4e37027ccaaa0693.enigo_copy.fc89c6a3-cgu.2.rcgu.o" "/opt/rustwide/target/debug/deps/enigo_copy-4e37027ccaaa0693.enigo_copy.fc89c6a3-cgu.3.rcgu.o" "/opt/rustwide/target/debug/deps/enigo_copy-4e37027ccaaa0693.enigo_copy.fc89c6a3-cgu.4.rcgu.o" "/opt/rustwide/target/debug/deps/enigo_copy-4e37027ccaaa0693.enigo_copy.fc89c6a3-cgu.5.rcgu.o" "/opt/rustwide/target/debug/deps/enigo_copy-4e37027ccaaa0693.enigo_copy.fc89c6a3-cgu.6.rcgu.o" "/opt/rustwide/target/debug/deps/enigo_copy-4e37027ccaaa0693.enigo_copy.fc89c6a3-cgu.7.rcgu.o" "/opt/rustwide/target/debug/deps/enigo_copy-4e37027ccaaa0693.enigo_copy.fc89c6a3-cgu.8.rcgu.o" "/opt/rustwide/target/debug/deps/enigo_copy-4e37027ccaaa0693.enigo_copy.fc89c6a3-cgu.9.rcgu.o" "/opt/rustwide/target/debug/deps/enigo_copy-4e37027ccaaa0693.2qn4u6cvbc17y0uh.rcgu.o" "-Wl,--as-needed" "-L" "/opt/rustwide/target/debug/deps" "-L" "/opt/rustwide/rustup-home/toolchains/1.69.0-x86_64-unknown-linux-gnu/lib/rustlib/x86_64-unknown-linux-gnu/lib" "-lxdo" "-ldl" "-Wl,-Bstatic" "/opt/rustwide/rustup-home/toolchains/1.69.0-x86_64-unknown-linux-gnu/lib/rustlib/x86_64-unknown-linux-gnu/lib/libtest-7791a6353d4a7929.rlib" "/opt/rustwide/rustup-home/toolchains/1.69.0-x86_64-unknown-linux-gnu/lib/rustlib/x86_64-unknown-linux-gnu/lib/libgetopts-7b17724e9ce90a72.rlib" "/opt/rustwide/rustup-home/toolchains/1.69.0-x86_64-unknown-linux-gnu/lib/rustlib/x86_64-unknown-linux-gnu/lib/libunicode_width-596f8ce9d30a755e.rlib" "/opt/rustwide/rustup-home/toolchains/1.69.0-x86_64-unknown-linux-gnu/lib/rustlib/x86_64-unknown-linux-gnu/lib/librustc_std_workspace_std-da04f86254de594f.rlib" "/opt/rustwide/target/debug/deps/liblibc-745223954b0a28b2.rlib" "/opt/rustwide/rustup-home/toolchains/1.69.0-x86_64-unknown-linux-gnu/lib/rustlib/x86_64-unknown-linux-gnu/lib/libstd-89bc084783fdc439.rlib" "/opt/rustwide/rustup-home/toolchains/1.69.0-x86_64-unknown-linux-gnu/lib/rustlib/x86_64-unknown-linux-gnu/lib/libpanic_unwind-8bee4b287d4367c1.rlib" "/opt/rustwide/rustup-home/toolchains/1.69.0-x86_64-unknown-linux-gnu/lib/rustlib/x86_64-unknown-linux-gnu/lib/libobject-d61707aed80694c0.rlib" "/opt/rustwide/rustup-home/toolchains/1.69.0-x86_64-unknown-linux-gnu/lib/rustlib/x86_64-unknown-linux-gnu/lib/libmemchr-d85366256f22345b.rlib" "/opt/rustwide/rustup-home/toolchains/1.69.0-x86_64-unknown-linux-gnu/lib/rustlib/x86_64-unknown-linux-gnu/lib/libaddr2line-96069b86b8a8cae9.rlib" "/opt/rustwide/rustup-home/toolchains/1.69.0-x86_64-unknown-linux-gnu/lib/rustlib/x86_64-unknown-linux-gnu/lib/libgimli-d19d53abf68dfa6c.rlib" "/opt/rustwide/rustup-home/toolchains/1.69.0-x86_64-unknown-linux-gnu/lib/rustlib/x86_64-unknown-linux-gnu/lib/librustc_demangle-787cbccd19d64ac6.rlib" "/opt/rustwide/rustup-home/toolchains/1.69.0-x86_64-unknown-linux-gnu/lib/rustlib/x86_64-unknown-linux-gnu/lib/libstd_detect-b3837a36b830e0d0.rlib" "/opt/rustwide/rustup-home/toolchains/1.69.0-x86_64-unknown-linux-gnu/lib/rustlib/x86_64-unknown-linux-gnu/lib/libhashbrown-e3deb0e7e3f04966.rlib" "/opt/rustwide/rustup-home/toolchains/1.69.0-x86_64-unknown-linux-gnu/lib/rustlib/x86_64-unknown-linux-gnu/lib/libminiz_oxide-dabbb79c9815def4.rlib" "/opt/rustwide/rustup-home/toolchains/1.69.0-x86_64-unknown-linux-gnu/lib/rustlib/x86_64-unknown-linux-gnu/lib/libadler-305b01f34c9409f2.rlib" "/opt/rustwide/rustup-home/toolchains/1.69.0-x86_64-unknown-linux-gnu/lib/rustlib/x86_64-unknown-linux-gnu/lib/librustc_std_workspace_alloc-f833521df6074e73.rlib" "/opt/rustwide/rustup-home/toolchains/1.69.0-x86_64-unknown-linux-gnu/lib/rustlib/x86_64-unknown-linux-gnu/lib/libunwind-9ac333113350d171.rlib" "/opt/rustwide/rustup-home/toolchains/1.69.0-x86_64-unknown-linux-gnu/lib/rustlib/x86_64-unknown-linux-gnu/lib/libcfg_if-1c126114322d0eee.rlib" "/opt/rustwide/rustup-home/toolchains/1.69.0-x86_64-unknown-linux-gnu/lib/rustlib/x86_64-unknown-linux-gnu/lib/liblibc-bad9164fdeeecf92.rlib" "/opt/rustwide/rustup-home/toolchains/1.69.0-x86_64-unknown-linux-gnu/lib/rustlib/x86_64-unknown-linux-gnu/lib/liballoc-f9374b1e480fa681.rlib" "/opt/rustwide/rustup-home/toolchains/1.69.0-x86_64-unknown-linux-gnu/lib/rustlib/x86_64-unknown-linux-gnu/lib/librustc_std_workspace_core-207f06e41d9603af.rlib" "/opt/rustwide/rustup-home/toolchains/1.69.0-x86_64-unknown-linux-gnu/lib/rustlib/x86_64-unknown-linux-gnu/lib/libcore-7e2768e66e984e85.rlib" "/opt/rustwide/rustup-home/toolchains/1.69.0-x86_64-unknown-linux-gnu/lib/rustlib/x86_64-unknown-linux-gnu/lib/libcompiler_builtins-957b4aff41f8cd46.rlib" "-Wl,-Bdynamic" "-lgcc_s" "-lutil" "-lrt" "-lpthread" "-lm" "-ldl" "-lc" "-Wl,--eh-frame-hdr" "-Wl,-z,noexecstack" "-L" "/opt/rustwide/rustup-home/toolchains/1.69.0-x86_64-unknown-linux-gnu/lib/rustlib/x86_64-unknown-linux-gnu/lib" "-o" "/opt/rustwide/target/debug/deps/enigo_copy-4e37027ccaaa0693" "-Wl,--gc-sections" "-pie" "-Wl,-z,relro,-z,now" "-nodefaultlibs"
[INFO] [stdout]   = note: /usr/bin/ld: cannot find -lxdo: No such file or directory
[INFO] [stdout]           collect2: error: ld returned 1 exit status
[INFO] [stdout]           
[INFO] [stdout] 
[INFO] [stdout] 
[INFO] [stdout] error: aborting due to previous error
[INFO] [stdout] 
[INFO] [stdout] 
[INFO] [stderr] error: could not compile `enigo-copy` due to 2 previous errors
[INFO] running `Command { std: "docker" "inspect" "7f247e1a0fac9de1220861b674e8d2808cc816143588061974f497647185e0ae", kill_on_drop: false }`
[INFO] running `Command { std: "docker" "rm" "-f" "7f247e1a0fac9de1220861b674e8d2808cc816143588061974f497647185e0ae", kill_on_drop: false }`
[INFO] [stdout] 7f247e1a0fac9de1220861b674e8d2808cc816143588061974f497647185e0ae
