[INFO] fetching crate enarx-shim-sgx 0.6.3...
[INFO] testing enarx-shim-sgx-0.6.3 against beta-2023-04-20 for beta-1.70-1
[INFO] extracting crate enarx-shim-sgx 0.6.3 into /workspace/builds/worker-0-tc2/source
[INFO] validating manifest of crates.io crate enarx-shim-sgx 0.6.3 on toolchain beta-2023-04-20
[INFO] running `Command { std: CARGO_HOME="/workspace/cargo-home" RUSTUP_HOME="/workspace/rustup-home" "/workspace/cargo-home/bin/cargo" "+beta-2023-04-20" "metadata" "--manifest-path" "Cargo.toml" "--no-deps", kill_on_drop: false }`
[INFO] started tweaking crates.io crate enarx-shim-sgx 0.6.3
[INFO] finished tweaking crates.io crate enarx-shim-sgx 0.6.3
[INFO] tweaked toml for crates.io crate enarx-shim-sgx 0.6.3 written to /workspace/builds/worker-0-tc2/source/Cargo.toml
[INFO] crate crates.io crate enarx-shim-sgx 0.6.3 already has a lockfile, it will not be regenerated
[INFO] running `Command { std: CARGO_HOME="/workspace/cargo-home" RUSTUP_HOME="/workspace/rustup-home" "/workspace/cargo-home/bin/cargo" "+beta-2023-04-20" "fetch" "--manifest-path" "Cargo.toml", kill_on_drop: false }`
[INFO] [stderr]     Updating crates.io index
[INFO] [stderr]  Downloading crates ...
[INFO] [stderr]   Downloaded primordial v0.5.0
[INFO] [stderr]   Downloaded managed v0.8.0
[INFO] [stderr]   Downloaded const-default-derive v0.2.0
[INFO] [stderr]   Downloaded xsave v2.0.2
[INFO] [stderr]   Downloaded const-default v1.0.0
[INFO] [stderr]   Downloaded spinning v0.1.0
[INFO] [stderr]   Downloaded scroll v0.11.0
[INFO] [stderr]   Downloaded lset v0.3.0
[INFO] [stderr]   Downloaded noted v1.0.0
[INFO] [stderr]   Downloaded crt0stack v0.1.0
[INFO] [stderr]   Downloaded goblin v0.5.3
[INFO] [stderr]   Downloaded gdbstub v0.5.0
[INFO] [stderr]   Downloaded gdbstub_arch v0.1.1
[INFO] [stderr]   Downloaded mmledger v0.3.0
[INFO] [stderr]   Downloaded rcrt1 v2.4.0
[INFO] [stderr]   Downloaded sgx v0.5.0
[INFO] [stderr]   Downloaded plain v0.2.3
[INFO] [stderr]   Downloaded sallyport v0.6.3
[INFO] [stderr]   Downloaded volatile v0.4.5
[INFO] running `Command { std: "docker" "create" "-v" "/var/lib/crater-agent-workspace/builds/worker-0-tc2/target:/opt/rustwide/target:rw,Z" "-v" "/var/lib/crater-agent-workspace/builds/worker-0-tc2/source:/opt/rustwide/workdir:ro,Z" "-v" "/var/lib/crater-agent-workspace/cargo-home:/opt/rustwide/cargo-home:ro,Z" "-v" "/var/lib/crater-agent-workspace/rustup-home:/opt/rustwide/rustup-home:ro,Z" "-e" "SOURCE_DIR=/opt/rustwide/workdir" "-e" "CARGO_TARGET_DIR=/opt/rustwide/target" "-e" "CARGO_HOME=/opt/rustwide/cargo-home" "-e" "RUSTUP_HOME=/opt/rustwide/rustup-home" "-w" "/opt/rustwide/workdir" "-m" "1610612736" "--user" "0:0" "--network" "none" "ghcr.io/rust-lang/crates-build-env/linux@sha256:5ff2268d62e97bff2cde7d5815dd6ed5b47097566f13b8d0ca110b04b60e07ed" "/opt/rustwide/cargo-home/bin/cargo" "+beta-2023-04-20" "metadata" "--no-deps" "--format-version=1", kill_on_drop: false }`
[INFO] [stdout] 2124e79b32752b90ff09a1196fcc2b260f415222c0c667e1efdb48a9f1458652
[INFO] running `Command { std: "docker" "start" "-a" "2124e79b32752b90ff09a1196fcc2b260f415222c0c667e1efdb48a9f1458652", kill_on_drop: false }`
[INFO] running `Command { std: "docker" "inspect" "2124e79b32752b90ff09a1196fcc2b260f415222c0c667e1efdb48a9f1458652", kill_on_drop: false }`
[INFO] running `Command { std: "docker" "rm" "-f" "2124e79b32752b90ff09a1196fcc2b260f415222c0c667e1efdb48a9f1458652", kill_on_drop: false }`
[INFO] [stdout] 2124e79b32752b90ff09a1196fcc2b260f415222c0c667e1efdb48a9f1458652
[INFO] running `Command { std: "docker" "create" "-v" "/var/lib/crater-agent-workspace/builds/worker-0-tc2/target:/opt/rustwide/target:rw,Z" "-v" "/var/lib/crater-agent-workspace/builds/worker-0-tc2/source:/opt/rustwide/workdir:ro,Z" "-v" "/var/lib/crater-agent-workspace/cargo-home:/opt/rustwide/cargo-home:ro,Z" "-v" "/var/lib/crater-agent-workspace/rustup-home:/opt/rustwide/rustup-home:ro,Z" "-e" "SOURCE_DIR=/opt/rustwide/workdir" "-e" "CARGO_TARGET_DIR=/opt/rustwide/target" "-e" "CARGO_INCREMENTAL=0" "-e" "RUST_BACKTRACE=full" "-e" "RUSTFLAGS=--cap-lints=warn" "-e" "RUSTDOCFLAGS=--cap-lints=warn" "-e" "CARGO_HOME=/opt/rustwide/cargo-home" "-e" "RUSTUP_HOME=/opt/rustwide/rustup-home" "-w" "/opt/rustwide/workdir" "-m" "1610612736" "--user" "0:0" "--network" "none" "ghcr.io/rust-lang/crates-build-env/linux@sha256:5ff2268d62e97bff2cde7d5815dd6ed5b47097566f13b8d0ca110b04b60e07ed" "/opt/rustwide/cargo-home/bin/cargo" "+beta-2023-04-20" "build" "--frozen" "--message-format=json", kill_on_drop: false }`
[INFO] [stdout] de707f4d1bf47877909a61c64182ff99de746b5cecba3a1235d7c0126e5210b7
[INFO] running `Command { std: "docker" "start" "-a" "de707f4d1bf47877909a61c64182ff99de746b5cecba3a1235d7c0126e5210b7", kill_on_drop: false }`
[INFO] [stderr]    Compiling proc-macro2 v1.0.43
[INFO] [stderr]    Compiling unicode-ident v1.0.3
[INFO] [stderr]    Compiling syn v1.0.99
[INFO] [stderr]    Compiling serde v1.0.142
[INFO] [stderr]    Compiling once_cell v1.13.0
[INFO] [stderr]    Compiling rustversion v1.0.9
[INFO] [stderr]    Compiling lock_api v0.4.7
[INFO] [stderr]    Compiling scroll v0.11.0
[INFO] [stderr]    Compiling plain v0.2.3
[INFO] [stderr]    Compiling libc v0.2.127
[INFO] [stderr]    Compiling goblin v0.5.3
[INFO] [stderr]    Compiling bit_field v0.10.1
[INFO] [stderr]    Compiling volatile v0.4.5
[INFO] [stderr]    Compiling sgx v0.5.0
[INFO] [stderr]    Compiling enarx-shim-sgx v0.6.3 (/opt/rustwide/workdir)
[INFO] [stderr]    Compiling lset v0.3.0
[INFO] [stderr]    Compiling sallyport v0.6.3
[INFO] [stderr]    Compiling quote v1.0.21
[INFO] [stderr]    Compiling spinning v0.1.0
[INFO] [stderr]    Compiling crt0stack v0.1.0
[INFO] [stdout] error[E0554]: `#![feature]` may not be used on the beta release channel
[INFO] [stdout]   --> /opt/rustwide/cargo-home/registry/src/index.crates.io-6f17d22bba15001f/sallyport-0.6.3/src/lib.rs:11:12
[INFO] [stdout]    |
[INFO] [stdout] 11 | #![feature(c_size_t)]
[INFO] [stdout]    |            ^^^^^^^^
[INFO] [stdout] 
[INFO] [stdout] 
[INFO] [stdout] error[E0554]: `#![feature]` may not be used on the beta release channel
[INFO] [stdout]   --> /opt/rustwide/cargo-home/registry/src/index.crates.io-6f17d22bba15001f/sallyport-0.6.3/src/lib.rs:12:12
[INFO] [stdout]    |
[INFO] [stdout] 12 | #![feature(nonnull_slice_from_raw_parts)]
[INFO] [stdout]    |            ^^^^^^^^^^^^^^^^^^^^^^^^^^^^
[INFO] [stdout] 
[INFO] [stdout] 
[INFO] [stdout] error[E0554]: `#![feature]` may not be used on the beta release channel
[INFO] [stdout]   --> /opt/rustwide/cargo-home/registry/src/index.crates.io-6f17d22bba15001f/sallyport-0.6.3/src/lib.rs:13:12
[INFO] [stdout]    |
[INFO] [stdout] 13 | #![feature(slice_ptr_get)]
[INFO] [stdout]    |            ^^^^^^^^^^^^^
[INFO] [stdout] 
[INFO] [stdout] 
[INFO] [stdout] error[E0554]: `#![feature]` may not be used on the beta release channel
[INFO] [stdout]   --> /opt/rustwide/cargo-home/registry/src/index.crates.io-6f17d22bba15001f/sallyport-0.6.3/src/lib.rs:14:12
[INFO] [stdout]    |
[INFO] [stdout] 14 | #![feature(slice_ptr_len)]
[INFO] [stdout]    |            ^^^^^^^^^^^^^
[INFO] [stdout] 
[INFO] [stdout] 
[INFO] [stderr]    Compiling noted v1.0.0
[INFO] [stderr]    Compiling x86_64 v0.14.10
[INFO] [stdout] error: aborting due to 4 previous errors
[INFO] [stdout] 
[INFO] [stdout] 
[INFO] [stdout] For more information about this error, try `rustc --explain E0554`.
[INFO] [stdout] 
[INFO] [stderr] error: could not compile `sallyport` (lib) due to 5 previous errors
[INFO] [stderr] warning: build failed, waiting for other jobs to finish...
[INFO] running `Command { std: "docker" "inspect" "de707f4d1bf47877909a61c64182ff99de746b5cecba3a1235d7c0126e5210b7", kill_on_drop: false }`
[INFO] running `Command { std: "docker" "rm" "-f" "de707f4d1bf47877909a61c64182ff99de746b5cecba3a1235d7c0126e5210b7", kill_on_drop: false }`
[INFO] [stdout] de707f4d1bf47877909a61c64182ff99de746b5cecba3a1235d7c0126e5210b7
