[INFO] fetching crate elrond 1.0.0...
[INFO] testing elrond-1.0.0 against 1.69.0 for beta-1.70-1
[INFO] extracting crate elrond 1.0.0 into /workspace/builds/worker-7-tc1/source
[INFO] validating manifest of crates.io crate elrond 1.0.0 on toolchain 1.69.0
[INFO] running `Command { std: CARGO_HOME="/workspace/cargo-home" RUSTUP_HOME="/workspace/rustup-home" "/workspace/cargo-home/bin/cargo" "+1.69.0" "metadata" "--manifest-path" "Cargo.toml" "--no-deps", kill_on_drop: false }`
[INFO] started tweaking crates.io crate elrond 1.0.0
[INFO] finished tweaking crates.io crate elrond 1.0.0
[INFO] tweaked toml for crates.io crate elrond 1.0.0 written to /workspace/builds/worker-7-tc1/source/Cargo.toml
[INFO] running `Command { std: CARGO_HOME="/workspace/cargo-home" RUSTUP_HOME="/workspace/rustup-home" __CARGO_TEST_CHANNEL_OVERRIDE_DO_NOT_USE_THIS="nightly" "/workspace/cargo-home/bin/cargo" "+1.69.0" "generate-lockfile" "--manifest-path" "Cargo.toml" "-Zno-index-update", kill_on_drop: false }`
[INFO] running `Command { std: CARGO_HOME="/workspace/cargo-home" RUSTUP_HOME="/workspace/rustup-home" "/workspace/cargo-home/bin/cargo" "+1.69.0" "fetch" "--manifest-path" "Cargo.toml", kill_on_drop: false }`
[INFO] running `Command { std: "docker" "create" "-v" "/var/lib/crater-agent-workspace/builds/worker-7-tc1/target:/opt/rustwide/target:rw,Z" "-v" "/var/lib/crater-agent-workspace/builds/worker-7-tc1/source:/opt/rustwide/workdir:ro,Z" "-v" "/var/lib/crater-agent-workspace/cargo-home:/opt/rustwide/cargo-home:ro,Z" "-v" "/var/lib/crater-agent-workspace/rustup-home:/opt/rustwide/rustup-home:ro,Z" "-e" "SOURCE_DIR=/opt/rustwide/workdir" "-e" "CARGO_TARGET_DIR=/opt/rustwide/target" "-e" "CARGO_HOME=/opt/rustwide/cargo-home" "-e" "RUSTUP_HOME=/opt/rustwide/rustup-home" "-w" "/opt/rustwide/workdir" "-m" "1610612736" "--user" "0:0" "--network" "none" "ghcr.io/rust-lang/crates-build-env/linux@sha256:5ff2268d62e97bff2cde7d5815dd6ed5b47097566f13b8d0ca110b04b60e07ed" "/opt/rustwide/cargo-home/bin/cargo" "+1.69.0" "metadata" "--no-deps" "--format-version=1", kill_on_drop: false }`
[INFO] [stdout] 3a400bbd5fceda774ac6be583742ba6db81e5c6e593094fe18aa6c6ddf370f0c
[INFO] running `Command { std: "docker" "start" "-a" "3a400bbd5fceda774ac6be583742ba6db81e5c6e593094fe18aa6c6ddf370f0c", kill_on_drop: false }`
[INFO] running `Command { std: "docker" "inspect" "3a400bbd5fceda774ac6be583742ba6db81e5c6e593094fe18aa6c6ddf370f0c", kill_on_drop: false }`
[INFO] running `Command { std: "docker" "rm" "-f" "3a400bbd5fceda774ac6be583742ba6db81e5c6e593094fe18aa6c6ddf370f0c", kill_on_drop: false }`
[INFO] [stdout] 3a400bbd5fceda774ac6be583742ba6db81e5c6e593094fe18aa6c6ddf370f0c
[INFO] running `Command { std: "docker" "create" "-v" "/var/lib/crater-agent-workspace/builds/worker-7-tc1/target:/opt/rustwide/target:rw,Z" "-v" "/var/lib/crater-agent-workspace/builds/worker-7-tc1/source:/opt/rustwide/workdir:ro,Z" "-v" "/var/lib/crater-agent-workspace/cargo-home:/opt/rustwide/cargo-home:ro,Z" "-v" "/var/lib/crater-agent-workspace/rustup-home:/opt/rustwide/rustup-home:ro,Z" "-e" "SOURCE_DIR=/opt/rustwide/workdir" "-e" "CARGO_TARGET_DIR=/opt/rustwide/target" "-e" "CARGO_INCREMENTAL=0" "-e" "RUST_BACKTRACE=full" "-e" "RUSTFLAGS=--cap-lints=warn" "-e" "RUSTDOCFLAGS=--cap-lints=warn" "-e" "CARGO_HOME=/opt/rustwide/cargo-home" "-e" "RUSTUP_HOME=/opt/rustwide/rustup-home" "-w" "/opt/rustwide/workdir" "-m" "1610612736" "--user" "0:0" "--network" "none" "ghcr.io/rust-lang/crates-build-env/linux@sha256:5ff2268d62e97bff2cde7d5815dd6ed5b47097566f13b8d0ca110b04b60e07ed" "/opt/rustwide/cargo-home/bin/cargo" "+1.69.0" "build" "--frozen" "--message-format=json", kill_on_drop: false }`
[INFO] [stdout] 7928fb286c25866272804931a056338d206917ccd1a6ad2ba31445b21e530e2b
[INFO] running `Command { std: "docker" "start" "-a" "7928fb286c25866272804931a056338d206917ccd1a6ad2ba31445b21e530e2b", kill_on_drop: false }`
[INFO] [stderr]     Blocking waiting for file lock on package cache
[INFO] [stderr]    Compiling libc v0.2.142
[INFO] [stderr]    Compiling memchr v1.0.2
[INFO] [stderr]    Compiling nom v3.2.1
[INFO] [stderr]    Compiling elrond v1.0.0 (/opt/rustwide/workdir)
[INFO] [stdout] warning: trait objects without an explicit `dyn` are deprecated
[INFO] [stdout]   --> src/header/header.rs:24:15
[INFO] [stdout]    |
[INFO] [stdout] 24 |     data: Arc<ElfHeader<'a>+'a>,
[INFO] [stdout]    |               ^^^^^^^^^^^^^^^^
[INFO] [stdout]    |
[INFO] [stdout]    = warning: this is accepted in the current edition (Rust 2015) but is a hard error in Rust 2021!
[INFO] [stdout]    = note: for more information, see <https://doc.rust-lang.org/nightly/edition-guide/rust-2021/warnings-promoted-to-error.html>
[INFO] [stdout]    = note: `#[warn(bare_trait_objects)]` on by default
[INFO] [stdout] help: use `dyn`
[INFO] [stdout]    |
[INFO] [stdout] 24 |     data: Arc<dyn ElfHeader<'a>+'a>,
[INFO] [stdout]    |               +++
[INFO] [stdout] 
[INFO] [stdout] 
[INFO] [stdout] warning: trait objects without an explicit `dyn` are deprecated
[INFO] [stdout]   --> src/section/section.rs:22:20
[INFO] [stdout]    |
[INFO] [stdout] 22 |     data: Arc<[Arc<Section<'a>+'a>]>
[INFO] [stdout]    |                    ^^^^^^^^^^^^^^
[INFO] [stdout]    |
[INFO] [stdout]    = warning: this is accepted in the current edition (Rust 2015) but is a hard error in Rust 2021!
[INFO] [stdout]    = note: for more information, see <https://doc.rust-lang.org/nightly/edition-guide/rust-2021/warnings-promoted-to-error.html>
[INFO] [stdout] help: use `dyn`
[INFO] [stdout]    |
[INFO] [stdout] 22 |     data: Arc<[Arc<dyn Section<'a>+'a>]>
[INFO] [stdout]    |                    +++
[INFO] [stdout] 
[INFO] [stdout] 
[INFO] [stdout] warning: trait objects without an explicit `dyn` are deprecated
[INFO] [stdout]   --> src/section/section.rs:88:20
[INFO] [stdout]    |
[INFO] [stdout] 88 |     data: Arc<[Arc<Section<'a>+'a>]>
[INFO] [stdout]    |                    ^^^^^^^^^^^^^^
[INFO] [stdout]    |
[INFO] [stdout]    = warning: this is accepted in the current edition (Rust 2015) but is a hard error in Rust 2021!
[INFO] [stdout]    = note: for more information, see <https://doc.rust-lang.org/nightly/edition-guide/rust-2021/warnings-promoted-to-error.html>
[INFO] [stdout] help: use `dyn`
[INFO] [stdout]    |
[INFO] [stdout] 88 |     data: Arc<[Arc<dyn Section<'a>+'a>]>
[INFO] [stdout]    |                    +++
[INFO] [stdout] 
[INFO] [stdout] 
[INFO] [stdout] warning: trait objects without an explicit `dyn` are deprecated
[INFO] [stdout]   --> src/header/traits.rs:40:43
[INFO] [stdout]    |
[INFO] [stdout] 40 |     fn get_phdr(&self) -> Result<Box<[Box<PHDR<'a>+'a>]>,Fault> {
[INFO] [stdout]    |                                           ^^^^^^^^^^^
[INFO] [stdout]    |
[INFO] [stdout]    = warning: this is accepted in the current edition (Rust 2015) but is a hard error in Rust 2021!
[INFO] [stdout]    = note: for more information, see <https://doc.rust-lang.org/nightly/edition-guide/rust-2021/warnings-promoted-to-error.html>
[INFO] [stdout] help: use `dyn`
[INFO] [stdout]    |
[INFO] [stdout] 40 |     fn get_phdr(&self) -> Result<Box<[Box<dyn PHDR<'a>+'a>]>,Fault> {
[INFO] [stdout]    |                                           +++
[INFO] [stdout] 
[INFO] [stdout] 
[INFO] [stdout] warning: trait objects without an explicit `dyn` are deprecated
[INFO] [stdout]   --> src/phdr/phdr32.rs:32:19
[INFO] [stdout]    |
[INFO] [stdout] 32 |     -> Result<Box<PHDR<'a>+'a>,Fault>
[INFO] [stdout]    |                   ^^^^^^^^^^^
[INFO] [stdout]    |
[INFO] [stdout]    = warning: this is accepted in the current edition (Rust 2015) but is a hard error in Rust 2021!
[INFO] [stdout]    = note: for more information, see <https://doc.rust-lang.org/nightly/edition-guide/rust-2021/warnings-promoted-to-error.html>
[INFO] [stdout] help: use `dyn`
[INFO] [stdout]    |
[INFO] [stdout] 32 |     -> Result<Box<dyn PHDR<'a>+'a>,Fault>
[INFO] [stdout]    |                   +++
[INFO] [stdout] 
[INFO] [stdout] 
[INFO] [stdout] warning: trait objects without an explicit `dyn` are deprecated
[INFO] [stdout]   --> src/phdr/phdr32.rs:70:23
[INFO] [stdout]    |
[INFO] [stdout] 70 |         -> Result<Box<PHDR<'a>+'a>,Fault>
[INFO] [stdout]    |                       ^^^^^^^^^^^
[INFO] [stdout]    |
[INFO] [stdout]    = warning: this is accepted in the current edition (Rust 2015) but is a hard error in Rust 2021!
[INFO] [stdout]    = note: for more information, see <https://doc.rust-lang.org/nightly/edition-guide/rust-2021/warnings-promoted-to-error.html>
[INFO] [stdout] help: use `dyn`
[INFO] [stdout]    |
[INFO] [stdout] 70 |         -> Result<Box<dyn PHDR<'a>+'a>,Fault>
[INFO] [stdout]    |                       +++
[INFO] [stdout] 
[INFO] [stdout] 
[INFO] [stdout] warning: trait objects without an explicit `dyn` are deprecated
[INFO] [stdout]   --> src/phdr/phdr64.rs:35:19
[INFO] [stdout]    |
[INFO] [stdout] 35 |     -> Result<Box<PHDR<'a>+'a>,Fault>
[INFO] [stdout]    |                   ^^^^^^^^^^^
[INFO] [stdout]    |
[INFO] [stdout]    = warning: this is accepted in the current edition (Rust 2015) but is a hard error in Rust 2021!
[INFO] [stdout]    = note: for more information, see <https://doc.rust-lang.org/nightly/edition-guide/rust-2021/warnings-promoted-to-error.html>
[INFO] [stdout] help: use `dyn`
[INFO] [stdout]    |
[INFO] [stdout] 35 |     -> Result<Box<dyn PHDR<'a>+'a>,Fault>
[INFO] [stdout]    |                   +++
[INFO] [stdout] 
[INFO] [stdout] 
[INFO] [stdout] warning: trait objects without an explicit `dyn` are deprecated
[INFO] [stdout]   --> src/phdr/phdr64.rs:72:23
[INFO] [stdout]    |
[INFO] [stdout] 72 |         -> Result<Box<PHDR<'a>+'a>,Fault>
[INFO] [stdout]    |                       ^^^^^^^^^^^
[INFO] [stdout]    |
[INFO] [stdout]    = warning: this is accepted in the current edition (Rust 2015) but is a hard error in Rust 2021!
[INFO] [stdout]    = note: for more information, see <https://doc.rust-lang.org/nightly/edition-guide/rust-2021/warnings-promoted-to-error.html>
[INFO] [stdout] help: use `dyn`
[INFO] [stdout]    |
[INFO] [stdout] 72 |         -> Result<Box<dyn PHDR<'a>+'a>,Fault>
[INFO] [stdout]    |                       +++
[INFO] [stdout] 
[INFO] [stdout] 
[INFO] [stdout] warning: trait objects without an explicit `dyn` are deprecated
[INFO] [stdout]  --> src/phdr/phdr.rs:9:19
[INFO] [stdout]   |
[INFO] [stdout] 9 |     -> Result<Box<PHDR<'a>+'a>,Fault>
[INFO] [stdout]   |                   ^^^^^^^^^^^
[INFO] [stdout]   |
[INFO] [stdout]   = warning: this is accepted in the current edition (Rust 2015) but is a hard error in Rust 2021!
[INFO] [stdout]   = note: for more information, see <https://doc.rust-lang.org/nightly/edition-guide/rust-2021/warnings-promoted-to-error.html>
[INFO] [stdout] help: use `dyn`
[INFO] [stdout]   |
[INFO] [stdout] 9 |     -> Result<Box<dyn PHDR<'a>+'a>,Fault>
[INFO] [stdout]   |                   +++
[INFO] [stdout] 
[INFO] [stdout] 
[INFO] [stdout] warning: trait objects without an explicit `dyn` are deprecated
[INFO] [stdout]    --> src/section/section64.rs:155:24
[INFO] [stdout]     |
[INFO] [stdout] 155 |     -> Result<Arc<[Arc<Section<'a>+'a>]>,Fault>
[INFO] [stdout]     |                        ^^^^^^^^^^^^^^
[INFO] [stdout]     |
[INFO] [stdout]     = warning: this is accepted in the current edition (Rust 2015) but is a hard error in Rust 2021!
[INFO] [stdout]     = note: for more information, see <https://doc.rust-lang.org/nightly/edition-guide/rust-2021/warnings-promoted-to-error.html>
[INFO] [stdout] help: use `dyn`
[INFO] [stdout]     |
[INFO] [stdout] 155 |     -> Result<Arc<[Arc<dyn Section<'a>+'a>]>,Fault>
[INFO] [stdout]     |                        +++
[INFO] [stdout] 
[INFO] [stdout] 
[INFO] [stdout] warning: trait objects without an explicit `dyn` are deprecated
[INFO] [stdout]    --> src/section/section32.rs:158:24
[INFO] [stdout]     |
[INFO] [stdout] 158 |     -> Result<Arc<[Arc<Section<'a>+'a>]>,Fault>
[INFO] [stdout]     |                        ^^^^^^^^^^^^^^
[INFO] [stdout]     |
[INFO] [stdout]     = warning: this is accepted in the current edition (Rust 2015) but is a hard error in Rust 2021!
[INFO] [stdout]     = note: for more information, see <https://doc.rust-lang.org/nightly/edition-guide/rust-2021/warnings-promoted-to-error.html>
[INFO] [stdout] help: use `dyn`
[INFO] [stdout]     |
[INFO] [stdout] 158 |     -> Result<Arc<[Arc<dyn Section<'a>+'a>]>,Fault>
[INFO] [stdout]     |                        +++
[INFO] [stdout] 
[INFO] [stdout] 
[INFO] [stdout] warning: trait objects without an explicit `dyn` are deprecated
[INFO] [stdout]   --> src/section/section.rs:41:65
[INFO] [stdout]    |
[INFO] [stdout] 41 |     pub fn get_section_by_name(&self, name: &str) -> Option<Arc<Section<'a>+'a>> {
[INFO] [stdout]    |                                                                 ^^^^^^^^^^^^^^
[INFO] [stdout]    |
[INFO] [stdout]    = warning: this is accepted in the current edition (Rust 2015) but is a hard error in Rust 2021!
[INFO] [stdout]    = note: for more information, see <https://doc.rust-lang.org/nightly/edition-guide/rust-2021/warnings-promoted-to-error.html>
[INFO] [stdout] help: use `dyn`
[INFO] [stdout]    |
[INFO] [stdout] 41 |     pub fn get_section_by_name(&self, name: &str) -> Option<Arc<dyn Section<'a>+'a>> {
[INFO] [stdout]    |                                                                 +++
[INFO] [stdout] 
[INFO] [stdout] 
[INFO] [stdout] warning: trait objects without an explicit `dyn` are deprecated
[INFO] [stdout]   --> src/section/section.rs:13:48
[INFO] [stdout]    |
[INFO] [stdout] 13 |         pub fn $func_name(&self) -> Option<Arc<Section<'a>+'a>> {
[INFO] [stdout]    |                                                ^^^^^^^^^^^^^^
[INFO] [stdout] ...
[INFO] [stdout] 54 |     get_sect!(get_bss, ".bss");
[INFO] [stdout]    |     -------------------------- in this macro invocation
[INFO] [stdout]    |
[INFO] [stdout]    = warning: this is accepted in the current edition (Rust 2015) but is a hard error in Rust 2021!
[INFO] [stdout]    = note: for more information, see <https://doc.rust-lang.org/nightly/edition-guide/rust-2021/warnings-promoted-to-error.html>
[INFO] [stdout]    = note: this warning originates in the macro `get_sect` (in Nightly builds, run with -Z macro-backtrace for more info)
[INFO] [stdout] help: use `dyn`
[INFO] [stdout]    |
[INFO] [stdout] 13 |         pub fn $func_name(&self) -> Option<Arc<dyn Section<'a>+'a>> {
[INFO] [stdout]    |                                                +++
[INFO] [stdout] 
[INFO] [stdout] 
[INFO] [stdout] warning: trait objects without an explicit `dyn` are deprecated
[INFO] [stdout]   --> src/section/section.rs:13:48
[INFO] [stdout]    |
[INFO] [stdout] 13 |         pub fn $func_name(&self) -> Option<Arc<Section<'a>+'a>> {
[INFO] [stdout]    |                                                ^^^^^^^^^^^^^^
[INFO] [stdout] ...
[INFO] [stdout] 55 |     get_sect!(get_comment, ".comment");
[INFO] [stdout]    |     ---------------------------------- in this macro invocation
[INFO] [stdout]    |
[INFO] [stdout]    = warning: this is accepted in the current edition (Rust 2015) but is a hard error in Rust 2021!
[INFO] [stdout]    = note: for more information, see <https://doc.rust-lang.org/nightly/edition-guide/rust-2021/warnings-promoted-to-error.html>
[INFO] [stdout]    = note: this warning originates in the macro `get_sect` (in Nightly builds, run with -Z macro-backtrace for more info)
[INFO] [stdout] help: use `dyn`
[INFO] [stdout]    |
[INFO] [stdout] 13 |         pub fn $func_name(&self) -> Option<Arc<dyn Section<'a>+'a>> {
[INFO] [stdout]    |                                                +++
[INFO] [stdout] 
[INFO] [stdout] 
[INFO] [stdout] warning: trait objects without an explicit `dyn` are deprecated
[INFO] [stdout]   --> src/section/section.rs:13:48
[INFO] [stdout]    |
[INFO] [stdout] 13 |         pub fn $func_name(&self) -> Option<Arc<Section<'a>+'a>> {
[INFO] [stdout]    |                                                ^^^^^^^^^^^^^^
[INFO] [stdout] ...
[INFO] [stdout] 56 |     get_sect!(get_data, ".data");
[INFO] [stdout]    |     ---------------------------- in this macro invocation
[INFO] [stdout]    |
[INFO] [stdout]    = warning: this is accepted in the current edition (Rust 2015) but is a hard error in Rust 2021!
[INFO] [stdout]    = note: for more information, see <https://doc.rust-lang.org/nightly/edition-guide/rust-2021/warnings-promoted-to-error.html>
[INFO] [stdout]    = note: this warning originates in the macro `get_sect` (in Nightly builds, run with -Z macro-backtrace for more info)
[INFO] [stdout] help: use `dyn`
[INFO] [stdout]    |
[INFO] [stdout] 13 |         pub fn $func_name(&self) -> Option<Arc<dyn Section<'a>+'a>> {
[INFO] [stdout]    |                                                +++
[INFO] [stdout] 
[INFO] [stdout] 
[INFO] [stdout] warning: trait objects without an explicit `dyn` are deprecated
[INFO] [stdout]   --> src/section/section.rs:13:48
[INFO] [stdout]    |
[INFO] [stdout] 13 |         pub fn $func_name(&self) -> Option<Arc<Section<'a>+'a>> {
[INFO] [stdout]    |                                                ^^^^^^^^^^^^^^
[INFO] [stdout] ...
[INFO] [stdout] 57 |     get_sect!(get_data1, ".data1");
[INFO] [stdout]    |     ------------------------------ in this macro invocation
[INFO] [stdout]    |
[INFO] [stdout]    = warning: this is accepted in the current edition (Rust 2015) but is a hard error in Rust 2021!
[INFO] [stdout]    = note: for more information, see <https://doc.rust-lang.org/nightly/edition-guide/rust-2021/warnings-promoted-to-error.html>
[INFO] [stdout]    = note: this warning originates in the macro `get_sect` (in Nightly builds, run with -Z macro-backtrace for more info)
[INFO] [stdout] help: use `dyn`
[INFO] [stdout]    |
[INFO] [stdout] 13 |         pub fn $func_name(&self) -> Option<Arc<dyn Section<'a>+'a>> {
[INFO] [stdout]    |                                                +++
[INFO] [stdout] 
[INFO] [stdout] 
[INFO] [stdout] warning: trait objects without an explicit `dyn` are deprecated
[INFO] [stdout]   --> src/section/section.rs:13:48
[INFO] [stdout]    |
[INFO] [stdout] 13 |         pub fn $func_name(&self) -> Option<Arc<Section<'a>+'a>> {
[INFO] [stdout]    |                                                ^^^^^^^^^^^^^^
[INFO] [stdout] ...
[INFO] [stdout] 58 |     get_sect!(get_debug, ".debug");
[INFO] [stdout]    |     ------------------------------ in this macro invocation
[INFO] [stdout]    |
[INFO] [stdout]    = warning: this is accepted in the current edition (Rust 2015) but is a hard error in Rust 2021!
[INFO] [stdout]    = note: for more information, see <https://doc.rust-lang.org/nightly/edition-guide/rust-2021/warnings-promoted-to-error.html>
[INFO] [stdout]    = note: this warning originates in the macro `get_sect` (in Nightly builds, run with -Z macro-backtrace for more info)
[INFO] [stdout] help: use `dyn`
[INFO] [stdout]    |
[INFO] [stdout] 13 |         pub fn $func_name(&self) -> Option<Arc<dyn Section<'a>+'a>> {
[INFO] [stdout]    |                                                +++
[INFO] [stdout] 
[INFO] [stdout] 
[INFO] [stdout] warning: trait objects without an explicit `dyn` are deprecated
[INFO] [stdout]   --> src/section/section.rs:13:48
[INFO] [stdout]    |
[INFO] [stdout] 13 |         pub fn $func_name(&self) -> Option<Arc<Section<'a>+'a>> {
[INFO] [stdout]    |                                                ^^^^^^^^^^^^^^
[INFO] [stdout] ...
[INFO] [stdout] 59 |     get_sect!(get_dyanmic, ".dynamic");
[INFO] [stdout]    |     ---------------------------------- in this macro invocation
[INFO] [stdout]    |
[INFO] [stdout]    = warning: this is accepted in the current edition (Rust 2015) but is a hard error in Rust 2021!
[INFO] [stdout]    = note: for more information, see <https://doc.rust-lang.org/nightly/edition-guide/rust-2021/warnings-promoted-to-error.html>
[INFO] [stdout]    = note: this warning originates in the macro `get_sect` (in Nightly builds, run with -Z macro-backtrace for more info)
[INFO] [stdout] help: use `dyn`
[INFO] [stdout]    |
[INFO] [stdout] 13 |         pub fn $func_name(&self) -> Option<Arc<dyn Section<'a>+'a>> {
[INFO] [stdout]    |                                                +++
[INFO] [stdout] 
[INFO] [stdout] 
[INFO] [stdout] warning: trait objects without an explicit `dyn` are deprecated
[INFO] [stdout]   --> src/section/section.rs:13:48
[INFO] [stdout]    |
[INFO] [stdout] 13 |         pub fn $func_name(&self) -> Option<Arc<Section<'a>+'a>> {
[INFO] [stdout]    |                                                ^^^^^^^^^^^^^^
[INFO] [stdout] ...
[INFO] [stdout] 60 |     get_sect!(get_dynstr, ".dynstr");
[INFO] [stdout]    |     -------------------------------- in this macro invocation
[INFO] [stdout]    |
[INFO] [stdout]    = warning: this is accepted in the current edition (Rust 2015) but is a hard error in Rust 2021!
[INFO] [stdout]    = note: for more information, see <https://doc.rust-lang.org/nightly/edition-guide/rust-2021/warnings-promoted-to-error.html>
[INFO] [stdout]    = note: this warning originates in the macro `get_sect` (in Nightly builds, run with -Z macro-backtrace for more info)
[INFO] [stdout] help: use `dyn`
[INFO] [stdout]    |
[INFO] [stdout] 13 |         pub fn $func_name(&self) -> Option<Arc<dyn Section<'a>+'a>> {
[INFO] [stdout]    |                                                +++
[INFO] [stdout] 
[INFO] [stdout] 
[INFO] [stdout] warning: trait objects without an explicit `dyn` are deprecated
[INFO] [stdout]   --> src/section/section.rs:13:48
[INFO] [stdout]    |
[INFO] [stdout] 13 |         pub fn $func_name(&self) -> Option<Arc<Section<'a>+'a>> {
[INFO] [stdout]    |                                                ^^^^^^^^^^^^^^
[INFO] [stdout] ...
[INFO] [stdout] 61 |     get_sect!(get_dynsym, ".dynsym");
[INFO] [stdout]    |     -------------------------------- in this macro invocation
[INFO] [stdout]    |
[INFO] [stdout]    = warning: this is accepted in the current edition (Rust 2015) but is a hard error in Rust 2021!
[INFO] [stdout]    = note: for more information, see <https://doc.rust-lang.org/nightly/edition-guide/rust-2021/warnings-promoted-to-error.html>
[INFO] [stdout]    = note: this warning originates in the macro `get_sect` (in Nightly builds, run with -Z macro-backtrace for more info)
[INFO] [stdout] help: use `dyn`
[INFO] [stdout]    |
[INFO] [stdout] 13 |         pub fn $func_name(&self) -> Option<Arc<dyn Section<'a>+'a>> {
[INFO] [stdout]    |                                                +++
[INFO] [stdout] 
[INFO] [stdout] 
[INFO] [stdout] warning: trait objects without an explicit `dyn` are deprecated
[INFO] [stdout]   --> src/section/section.rs:13:48
[INFO] [stdout]    |
[INFO] [stdout] 13 |         pub fn $func_name(&self) -> Option<Arc<Section<'a>+'a>> {
[INFO] [stdout]    |                                                ^^^^^^^^^^^^^^
[INFO] [stdout] ...
[INFO] [stdout] 62 |     get_sect!(get_fini, ".fini");
[INFO] [stdout]    |     ---------------------------- in this macro invocation
[INFO] [stdout]    |
[INFO] [stdout]    = warning: this is accepted in the current edition (Rust 2015) but is a hard error in Rust 2021!
[INFO] [stdout]    = note: for more information, see <https://doc.rust-lang.org/nightly/edition-guide/rust-2021/warnings-promoted-to-error.html>
[INFO] [stdout]    = note: this warning originates in the macro `get_sect` (in Nightly builds, run with -Z macro-backtrace for more info)
[INFO] [stdout] help: use `dyn`
[INFO] [stdout]    |
[INFO] [stdout] 13 |         pub fn $func_name(&self) -> Option<Arc<dyn Section<'a>+'a>> {
[INFO] [stdout]    |                                                +++
[INFO] [stdout] 
[INFO] [stdout] 
[INFO] [stdout] warning: trait objects without an explicit `dyn` are deprecated
[INFO] [stdout]   --> src/section/section.rs:13:48
[INFO] [stdout]    |
[INFO] [stdout] 13 |         pub fn $func_name(&self) -> Option<Arc<Section<'a>+'a>> {
[INFO] [stdout]    |                                                ^^^^^^^^^^^^^^
[INFO] [stdout] ...
[INFO] [stdout] 63 |     get_sect!(get_got, ".got");
[INFO] [stdout]    |     -------------------------- in this macro invocation
[INFO] [stdout]    |
[INFO] [stdout]    = warning: this is accepted in the current edition (Rust 2015) but is a hard error in Rust 2021!
[INFO] [stdout]    = note: for more information, see <https://doc.rust-lang.org/nightly/edition-guide/rust-2021/warnings-promoted-to-error.html>
[INFO] [stdout]    = note: this warning originates in the macro `get_sect` (in Nightly builds, run with -Z macro-backtrace for more info)
[INFO] [stdout] help: use `dyn`
[INFO] [stdout]    |
[INFO] [stdout] 13 |         pub fn $func_name(&self) -> Option<Arc<dyn Section<'a>+'a>> {
[INFO] [stdout]    |                                                +++
[INFO] [stdout] 
[INFO] [stdout] 
[INFO] [stdout] warning: trait objects without an explicit `dyn` are deprecated
[INFO] [stdout]   --> src/section/section.rs:13:48
[INFO] [stdout]    |
[INFO] [stdout] 13 |         pub fn $func_name(&self) -> Option<Arc<Section<'a>+'a>> {
[INFO] [stdout]    |                                                ^^^^^^^^^^^^^^
[INFO] [stdout] ...
[INFO] [stdout] 64 |     get_sect!(get_hash, ".hash");
[INFO] [stdout]    |     ---------------------------- in this macro invocation
[INFO] [stdout]    |
[INFO] [stdout]    = warning: this is accepted in the current edition (Rust 2015) but is a hard error in Rust 2021!
[INFO] [stdout]    = note: for more information, see <https://doc.rust-lang.org/nightly/edition-guide/rust-2021/warnings-promoted-to-error.html>
[INFO] [stdout]    = note: this warning originates in the macro `get_sect` (in Nightly builds, run with -Z macro-backtrace for more info)
[INFO] [stdout] help: use `dyn`
[INFO] [stdout]    |
[INFO] [stdout] 13 |         pub fn $func_name(&self) -> Option<Arc<dyn Section<'a>+'a>> {
[INFO] [stdout]    |                                                +++
[INFO] [stdout] 
[INFO] [stdout] 
[INFO] [stdout] warning: trait objects without an explicit `dyn` are deprecated
[INFO] [stdout]   --> src/section/section.rs:13:48
[INFO] [stdout]    |
[INFO] [stdout] 13 |         pub fn $func_name(&self) -> Option<Arc<Section<'a>+'a>> {
[INFO] [stdout]    |                                                ^^^^^^^^^^^^^^
[INFO] [stdout] ...
[INFO] [stdout] 65 |     get_sect!(get_init, ".init");
[INFO] [stdout]    |     ---------------------------- in this macro invocation
[INFO] [stdout]    |
[INFO] [stdout]    = warning: this is accepted in the current edition (Rust 2015) but is a hard error in Rust 2021!
[INFO] [stdout]    = note: for more information, see <https://doc.rust-lang.org/nightly/edition-guide/rust-2021/warnings-promoted-to-error.html>
[INFO] [stdout]    = note: this warning originates in the macro `get_sect` (in Nightly builds, run with -Z macro-backtrace for more info)
[INFO] [stdout] help: use `dyn`
[INFO] [stdout]    |
[INFO] [stdout] 13 |         pub fn $func_name(&self) -> Option<Arc<dyn Section<'a>+'a>> {
[INFO] [stdout]    |                                                +++
[INFO] [stdout] 
[INFO] [stdout] 
[INFO] [stdout] warning: trait objects without an explicit `dyn` are deprecated
[INFO] [stdout]   --> src/section/section.rs:13:48
[INFO] [stdout]    |
[INFO] [stdout] 13 |         pub fn $func_name(&self) -> Option<Arc<Section<'a>+'a>> {
[INFO] [stdout]    |                                                ^^^^^^^^^^^^^^
[INFO] [stdout] ...
[INFO] [stdout] 66 |     get_sect!(get_interp, ".interp");
[INFO] [stdout]    |     -------------------------------- in this macro invocation
[INFO] [stdout]    |
[INFO] [stdout]    = warning: this is accepted in the current edition (Rust 2015) but is a hard error in Rust 2021!
[INFO] [stdout]    = note: for more information, see <https://doc.rust-lang.org/nightly/edition-guide/rust-2021/warnings-promoted-to-error.html>
[INFO] [stdout]    = note: this warning originates in the macro `get_sect` (in Nightly builds, run with -Z macro-backtrace for more info)
[INFO] [stdout] help: use `dyn`
[INFO] [stdout]    |
[INFO] [stdout] 13 |         pub fn $func_name(&self) -> Option<Arc<dyn Section<'a>+'a>> {
[INFO] [stdout]    |                                                +++
[INFO] [stdout] 
[INFO] [stdout] 
[INFO] [stdout] warning: trait objects without an explicit `dyn` are deprecated
[INFO] [stdout]   --> src/section/section.rs:13:48
[INFO] [stdout]    |
[INFO] [stdout] 13 |         pub fn $func_name(&self) -> Option<Arc<Section<'a>+'a>> {
[INFO] [stdout]    |                                                ^^^^^^^^^^^^^^
[INFO] [stdout] ...
[INFO] [stdout] 67 |     get_sect!(get_line, ".line");
[INFO] [stdout]    |     ---------------------------- in this macro invocation
[INFO] [stdout]    |
[INFO] [stdout]    = warning: this is accepted in the current edition (Rust 2015) but is a hard error in Rust 2021!
[INFO] [stdout]    = note: for more information, see <https://doc.rust-lang.org/nightly/edition-guide/rust-2021/warnings-promoted-to-error.html>
[INFO] [stdout]    = note: this warning originates in the macro `get_sect` (in Nightly builds, run with -Z macro-backtrace for more info)
[INFO] [stdout] help: use `dyn`
[INFO] [stdout]    |
[INFO] [stdout] 13 |         pub fn $func_name(&self) -> Option<Arc<dyn Section<'a>+'a>> {
[INFO] [stdout]    |                                                +++
[INFO] [stdout] 
[INFO] [stdout] 
[INFO] [stdout] warning: trait objects without an explicit `dyn` are deprecated
[INFO] [stdout]   --> src/section/section.rs:13:48
[INFO] [stdout]    |
[INFO] [stdout] 13 |         pub fn $func_name(&self) -> Option<Arc<Section<'a>+'a>> {
[INFO] [stdout]    |                                                ^^^^^^^^^^^^^^
[INFO] [stdout] ...
[INFO] [stdout] 68 |     get_sect!(get_note, ".note");
[INFO] [stdout]    |     ---------------------------- in this macro invocation
[INFO] [stdout]    |
[INFO] [stdout]    = warning: this is accepted in the current edition (Rust 2015) but is a hard error in Rust 2021!
[INFO] [stdout]    = note: for more information, see <https://doc.rust-lang.org/nightly/edition-guide/rust-2021/warnings-promoted-to-error.html>
[INFO] [stdout]    = note: this warning originates in the macro `get_sect` (in Nightly builds, run with -Z macro-backtrace for more info)
[INFO] [stdout] help: use `dyn`
[INFO] [stdout]    |
[INFO] [stdout] 13 |         pub fn $func_name(&self) -> Option<Arc<dyn Section<'a>+'a>> {
[INFO] [stdout]    |                                                +++
[INFO] [stdout] 
[INFO] [stdout] 
[INFO] [stdout] warning: trait objects without an explicit `dyn` are deprecated
[INFO] [stdout]   --> src/section/section.rs:13:48
[INFO] [stdout]    |
[INFO] [stdout] 13 |         pub fn $func_name(&self) -> Option<Arc<Section<'a>+'a>> {
[INFO] [stdout]    |                                                ^^^^^^^^^^^^^^
[INFO] [stdout] ...
[INFO] [stdout] 69 |     get_sect!(get_plt, ".plt");
[INFO] [stdout]    |     -------------------------- in this macro invocation
[INFO] [stdout]    |
[INFO] [stdout]    = warning: this is accepted in the current edition (Rust 2015) but is a hard error in Rust 2021!
[INFO] [stdout]    = note: for more information, see <https://doc.rust-lang.org/nightly/edition-guide/rust-2021/warnings-promoted-to-error.html>
[INFO] [stdout]    = note: this warning originates in the macro `get_sect` (in Nightly builds, run with -Z macro-backtrace for more info)
[INFO] [stdout] help: use `dyn`
[INFO] [stdout]    |
[INFO] [stdout] 13 |         pub fn $func_name(&self) -> Option<Arc<dyn Section<'a>+'a>> {
[INFO] [stdout]    |                                                +++
[INFO] [stdout] 
[INFO] [stdout] 
[INFO] [stdout] warning: trait objects without an explicit `dyn` are deprecated
[INFO] [stdout]   --> src/section/section.rs:13:48
[INFO] [stdout]    |
[INFO] [stdout] 13 |         pub fn $func_name(&self) -> Option<Arc<Section<'a>+'a>> {
[INFO] [stdout]    |                                                ^^^^^^^^^^^^^^
[INFO] [stdout] ...
[INFO] [stdout] 70 |     get_sect!(get_rodata, ".rodata");
[INFO] [stdout]    |     -------------------------------- in this macro invocation
[INFO] [stdout]    |
[INFO] [stdout]    = warning: this is accepted in the current edition (Rust 2015) but is a hard error in Rust 2021!
[INFO] [stdout]    = note: for more information, see <https://doc.rust-lang.org/nightly/edition-guide/rust-2021/warnings-promoted-to-error.html>
[INFO] [stdout]    = note: this warning originates in the macro `get_sect` (in Nightly builds, run with -Z macro-backtrace for more info)
[INFO] [stdout] help: use `dyn`
[INFO] [stdout]    |
[INFO] [stdout] 13 |         pub fn $func_name(&self) -> Option<Arc<dyn Section<'a>+'a>> {
[INFO] [stdout]    |                                                +++
[INFO] [stdout] 
[INFO] [stdout] 
[INFO] [stdout] warning: trait objects without an explicit `dyn` are deprecated
[INFO] [stdout]   --> src/section/section.rs:13:48
[INFO] [stdout]    |
[INFO] [stdout] 13 |         pub fn $func_name(&self) -> Option<Arc<Section<'a>+'a>> {
[INFO] [stdout]    |                                                ^^^^^^^^^^^^^^
[INFO] [stdout] ...
[INFO] [stdout] 71 |     get_sect!(get_rodata1, ".rodata1");
[INFO] [stdout]    |     ---------------------------------- in this macro invocation
[INFO] [stdout]    |
[INFO] [stdout]    = warning: this is accepted in the current edition (Rust 2015) but is a hard error in Rust 2021!
[INFO] [stdout]    = note: for more information, see <https://doc.rust-lang.org/nightly/edition-guide/rust-2021/warnings-promoted-to-error.html>
[INFO] [stdout]    = note: this warning originates in the macro `get_sect` (in Nightly builds, run with -Z macro-backtrace for more info)
[INFO] [stdout] help: use `dyn`
[INFO] [stdout]    |
[INFO] [stdout] 13 |         pub fn $func_name(&self) -> Option<Arc<dyn Section<'a>+'a>> {
[INFO] [stdout]    |                                                +++
[INFO] [stdout] 
[INFO] [stdout] 
[INFO] [stdout] warning: trait objects without an explicit `dyn` are deprecated
[INFO] [stdout]   --> src/section/section.rs:13:48
[INFO] [stdout]    |
[INFO] [stdout] 13 |         pub fn $func_name(&self) -> Option<Arc<Section<'a>+'a>> {
[INFO] [stdout]    |                                                ^^^^^^^^^^^^^^
[INFO] [stdout] ...
[INFO] [stdout] 72 |     get_sect!(get_shstrtab, ".shstrtab");
[INFO] [stdout]    |     ------------------------------------ in this macro invocation
[INFO] [stdout]    |
[INFO] [stdout]    = warning: this is accepted in the current edition (Rust 2015) but is a hard error in Rust 2021!
[INFO] [stdout]    = note: for more information, see <https://doc.rust-lang.org/nightly/edition-guide/rust-2021/warnings-promoted-to-error.html>
[INFO] [stdout]    = note: this warning originates in the macro `get_sect` (in Nightly builds, run with -Z macro-backtrace for more info)
[INFO] [stdout] help: use `dyn`
[INFO] [stdout]    |
[INFO] [stdout] 13 |         pub fn $func_name(&self) -> Option<Arc<dyn Section<'a>+'a>> {
[INFO] [stdout]    |                                                +++
[INFO] [stdout] 
[INFO] [stdout] 
[INFO] [stdout] warning: trait objects without an explicit `dyn` are deprecated
[INFO] [stdout]   --> src/section/section.rs:13:48
[INFO] [stdout]    |
[INFO] [stdout] 13 |         pub fn $func_name(&self) -> Option<Arc<Section<'a>+'a>> {
[INFO] [stdout]    |                                                ^^^^^^^^^^^^^^
[INFO] [stdout] ...
[INFO] [stdout] 73 |     get_sect!(get_strtab, ".strtab");
[INFO] [stdout]    |     -------------------------------- in this macro invocation
[INFO] [stdout]    |
[INFO] [stdout]    = warning: this is accepted in the current edition (Rust 2015) but is a hard error in Rust 2021!
[INFO] [stdout]    = note: for more information, see <https://doc.rust-lang.org/nightly/edition-guide/rust-2021/warnings-promoted-to-error.html>
[INFO] [stdout]    = note: this warning originates in the macro `get_sect` (in Nightly builds, run with -Z macro-backtrace for more info)
[INFO] [stdout] help: use `dyn`
[INFO] [stdout]    |
[INFO] [stdout] 13 |         pub fn $func_name(&self) -> Option<Arc<dyn Section<'a>+'a>> {
[INFO] [stdout]    |                                                +++
[INFO] [stdout] 
[INFO] [stdout] 
[INFO] [stdout] warning: trait objects without an explicit `dyn` are deprecated
[INFO] [stdout]   --> src/section/section.rs:13:48
[INFO] [stdout]    |
[INFO] [stdout] 13 |         pub fn $func_name(&self) -> Option<Arc<Section<'a>+'a>> {
[INFO] [stdout]    |                                                ^^^^^^^^^^^^^^
[INFO] [stdout] ...
[INFO] [stdout] 74 |     get_sect!(get_symtab, ".symtab");
[INFO] [stdout]    |     -------------------------------- in this macro invocation
[INFO] [stdout]    |
[INFO] [stdout]    = warning: this is accepted in the current edition (Rust 2015) but is a hard error in Rust 2021!
[INFO] [stdout]    = note: for more information, see <https://doc.rust-lang.org/nightly/edition-guide/rust-2021/warnings-promoted-to-error.html>
[INFO] [stdout]    = note: this warning originates in the macro `get_sect` (in Nightly builds, run with -Z macro-backtrace for more info)
[INFO] [stdout] help: use `dyn`
[INFO] [stdout]    |
[INFO] [stdout] 13 |         pub fn $func_name(&self) -> Option<Arc<dyn Section<'a>+'a>> {
[INFO] [stdout]    |                                                +++
[INFO] [stdout] 
[INFO] [stdout] 
[INFO] [stdout] warning: trait objects without an explicit `dyn` are deprecated
[INFO] [stdout]   --> src/section/section.rs:13:48
[INFO] [stdout]    |
[INFO] [stdout] 13 |         pub fn $func_name(&self) -> Option<Arc<Section<'a>+'a>> {
[INFO] [stdout]    |                                                ^^^^^^^^^^^^^^
[INFO] [stdout] ...
[INFO] [stdout] 75 |     get_sect!(get_text, ".text");
[INFO] [stdout]    |     ---------------------------- in this macro invocation
[INFO] [stdout]    |
[INFO] [stdout]    = warning: this is accepted in the current edition (Rust 2015) but is a hard error in Rust 2021!
[INFO] [stdout]    = note: for more information, see <https://doc.rust-lang.org/nightly/edition-guide/rust-2021/warnings-promoted-to-error.html>
[INFO] [stdout]    = note: this warning originates in the macro `get_sect` (in Nightly builds, run with -Z macro-backtrace for more info)
[INFO] [stdout] help: use `dyn`
[INFO] [stdout]    |
[INFO] [stdout] 13 |         pub fn $func_name(&self) -> Option<Arc<dyn Section<'a>+'a>> {
[INFO] [stdout]    |                                                +++
[INFO] [stdout] 
[INFO] [stdout] 
[INFO] [stdout] warning: trait objects without an explicit `dyn` are deprecated
[INFO] [stdout]   --> src/section/section.rs:13:48
[INFO] [stdout]    |
[INFO] [stdout] 13 |         pub fn $func_name(&self) -> Option<Arc<Section<'a>+'a>> {
[INFO] [stdout]    |                                                ^^^^^^^^^^^^^^
[INFO] [stdout] ...
[INFO] [stdout] 76 |     get_sect!(get_sdata, ".sdata");
[INFO] [stdout]    |     ------------------------------ in this macro invocation
[INFO] [stdout]    |
[INFO] [stdout]    = warning: this is accepted in the current edition (Rust 2015) but is a hard error in Rust 2021!
[INFO] [stdout]    = note: for more information, see <https://doc.rust-lang.org/nightly/edition-guide/rust-2021/warnings-promoted-to-error.html>
[INFO] [stdout]    = note: this warning originates in the macro `get_sect` (in Nightly builds, run with -Z macro-backtrace for more info)
[INFO] [stdout] help: use `dyn`
[INFO] [stdout]    |
[INFO] [stdout] 13 |         pub fn $func_name(&self) -> Option<Arc<dyn Section<'a>+'a>> {
[INFO] [stdout]    |                                                +++
[INFO] [stdout] 
[INFO] [stdout] 
[INFO] [stdout] warning: trait objects without an explicit `dyn` are deprecated
[INFO] [stdout]   --> src/section/section.rs:13:48
[INFO] [stdout]    |
[INFO] [stdout] 13 |         pub fn $func_name(&self) -> Option<Arc<Section<'a>+'a>> {
[INFO] [stdout]    |                                                ^^^^^^^^^^^^^^
[INFO] [stdout] ...
[INFO] [stdout] 77 |     get_sect!(get_tdesc, ".tdesc");
[INFO] [stdout]    |     ------------------------------ in this macro invocation
[INFO] [stdout]    |
[INFO] [stdout]    = warning: this is accepted in the current edition (Rust 2015) but is a hard error in Rust 2021!
[INFO] [stdout]    = note: for more information, see <https://doc.rust-lang.org/nightly/edition-guide/rust-2021/warnings-promoted-to-error.html>
[INFO] [stdout]    = note: this warning originates in the macro `get_sect` (in Nightly builds, run with -Z macro-backtrace for more info)
[INFO] [stdout] help: use `dyn`
[INFO] [stdout]    |
[INFO] [stdout] 13 |         pub fn $func_name(&self) -> Option<Arc<dyn Section<'a>+'a>> {
[INFO] [stdout]    |                                                +++
[INFO] [stdout] 
[INFO] [stdout] 
[INFO] [stdout] warning: trait objects without an explicit `dyn` are deprecated
[INFO] [stdout]   --> src/section/section.rs:13:48
[INFO] [stdout]    |
[INFO] [stdout] 13 |         pub fn $func_name(&self) -> Option<Arc<Section<'a>+'a>> {
[INFO] [stdout]    |                                                ^^^^^^^^^^^^^^
[INFO] [stdout] ...
[INFO] [stdout] 78 |     get_sect!(get_sbss, ".sbss");
[INFO] [stdout]    |     ---------------------------- in this macro invocation
[INFO] [stdout]    |
[INFO] [stdout]    = warning: this is accepted in the current edition (Rust 2015) but is a hard error in Rust 2021!
[INFO] [stdout]    = note: for more information, see <https://doc.rust-lang.org/nightly/edition-guide/rust-2021/warnings-promoted-to-error.html>
[INFO] [stdout]    = note: this warning originates in the macro `get_sect` (in Nightly builds, run with -Z macro-backtrace for more info)
[INFO] [stdout] help: use `dyn`
[INFO] [stdout]    |
[INFO] [stdout] 13 |         pub fn $func_name(&self) -> Option<Arc<dyn Section<'a>+'a>> {
[INFO] [stdout]    |                                                +++
[INFO] [stdout] 
[INFO] [stdout] 
[INFO] [stdout] warning: trait objects without an explicit `dyn` are deprecated
[INFO] [stdout]   --> src/section/section.rs:13:48
[INFO] [stdout]    |
[INFO] [stdout] 13 |         pub fn $func_name(&self) -> Option<Arc<Section<'a>+'a>> {
[INFO] [stdout]    |                                                ^^^^^^^^^^^^^^
[INFO] [stdout] ...
[INFO] [stdout] 79 |     get_sect!(get_lit8, ".lit8");
[INFO] [stdout]    |     ---------------------------- in this macro invocation
[INFO] [stdout]    |
[INFO] [stdout]    = warning: this is accepted in the current edition (Rust 2015) but is a hard error in Rust 2021!
[INFO] [stdout]    = note: for more information, see <https://doc.rust-lang.org/nightly/edition-guide/rust-2021/warnings-promoted-to-error.html>
[INFO] [stdout]    = note: this warning originates in the macro `get_sect` (in Nightly builds, run with -Z macro-backtrace for more info)
[INFO] [stdout] help: use `dyn`
[INFO] [stdout]    |
[INFO] [stdout] 13 |         pub fn $func_name(&self) -> Option<Arc<dyn Section<'a>+'a>> {
[INFO] [stdout]    |                                                +++
[INFO] [stdout] 
[INFO] [stdout] 
[INFO] [stdout] warning: trait objects without an explicit `dyn` are deprecated
[INFO] [stdout]   --> src/section/section.rs:13:48
[INFO] [stdout]    |
[INFO] [stdout] 13 |         pub fn $func_name(&self) -> Option<Arc<Section<'a>+'a>> {
[INFO] [stdout]    |                                                ^^^^^^^^^^^^^^
[INFO] [stdout] ...
[INFO] [stdout] 80 |     get_sect!(get_gptab, ".gptab");
[INFO] [stdout]    |     ------------------------------ in this macro invocation
[INFO] [stdout]    |
[INFO] [stdout]    = warning: this is accepted in the current edition (Rust 2015) but is a hard error in Rust 2021!
[INFO] [stdout]    = note: for more information, see <https://doc.rust-lang.org/nightly/edition-guide/rust-2021/warnings-promoted-to-error.html>
[INFO] [stdout]    = note: this warning originates in the macro `get_sect` (in Nightly builds, run with -Z macro-backtrace for more info)
[INFO] [stdout] help: use `dyn`
[INFO] [stdout]    |
[INFO] [stdout] 13 |         pub fn $func_name(&self) -> Option<Arc<dyn Section<'a>+'a>> {
[INFO] [stdout]    |                                                +++
[INFO] [stdout] 
[INFO] [stdout] 
[INFO] [stdout] warning: trait objects without an explicit `dyn` are deprecated
[INFO] [stdout]   --> src/section/section.rs:13:48
[INFO] [stdout]    |
[INFO] [stdout] 13 |         pub fn $func_name(&self) -> Option<Arc<Section<'a>+'a>> {
[INFO] [stdout]    |                                                ^^^^^^^^^^^^^^
[INFO] [stdout] ...
[INFO] [stdout] 81 |     get_sect!(get_conflict, ".conflict");
[INFO] [stdout]    |     ------------------------------------ in this macro invocation
[INFO] [stdout]    |
[INFO] [stdout]    = warning: this is accepted in the current edition (Rust 2015) but is a hard error in Rust 2021!
[INFO] [stdout]    = note: for more information, see <https://doc.rust-lang.org/nightly/edition-guide/rust-2021/warnings-promoted-to-error.html>
[INFO] [stdout]    = note: this warning originates in the macro `get_sect` (in Nightly builds, run with -Z macro-backtrace for more info)
[INFO] [stdout] help: use `dyn`
[INFO] [stdout]    |
[INFO] [stdout] 13 |         pub fn $func_name(&self) -> Option<Arc<dyn Section<'a>+'a>> {
[INFO] [stdout]    |                                                +++
[INFO] [stdout] 
[INFO] [stdout] 
[INFO] [stdout] warning: trait objects without an explicit `dyn` are deprecated
[INFO] [stdout]   --> src/section/section.rs:13:48
[INFO] [stdout]    |
[INFO] [stdout] 13 |         pub fn $func_name(&self) -> Option<Arc<Section<'a>+'a>> {
[INFO] [stdout]    |                                                ^^^^^^^^^^^^^^
[INFO] [stdout] ...
[INFO] [stdout] 82 |     get_sect!(get_reginfo, ".reginfo");
[INFO] [stdout]    |     ---------------------------------- in this macro invocation
[INFO] [stdout]    |
[INFO] [stdout]    = warning: this is accepted in the current edition (Rust 2015) but is a hard error in Rust 2021!
[INFO] [stdout]    = note: for more information, see <https://doc.rust-lang.org/nightly/edition-guide/rust-2021/warnings-promoted-to-error.html>
[INFO] [stdout]    = note: this warning originates in the macro `get_sect` (in Nightly builds, run with -Z macro-backtrace for more info)
[INFO] [stdout] help: use `dyn`
[INFO] [stdout]    |
[INFO] [stdout] 13 |         pub fn $func_name(&self) -> Option<Arc<dyn Section<'a>+'a>> {
[INFO] [stdout]    |                                                +++
[INFO] [stdout] 
[INFO] [stdout] 
[INFO] [stdout] warning: trait objects without an explicit `dyn` are deprecated
[INFO] [stdout]   --> src/section/section.rs:13:48
[INFO] [stdout]    |
[INFO] [stdout] 13 |         pub fn $func_name(&self) -> Option<Arc<Section<'a>+'a>> {
[INFO] [stdout]    |                                                ^^^^^^^^^^^^^^
[INFO] [stdout] ...
[INFO] [stdout] 83 |     get_sect!(get_liblist, ".liblist");
[INFO] [stdout]    |     ---------------------------------- in this macro invocation
[INFO] [stdout]    |
[INFO] [stdout]    = warning: this is accepted in the current edition (Rust 2015) but is a hard error in Rust 2021!
[INFO] [stdout]    = note: for more information, see <https://doc.rust-lang.org/nightly/edition-guide/rust-2021/warnings-promoted-to-error.html>
[INFO] [stdout]    = note: this warning originates in the macro `get_sect` (in Nightly builds, run with -Z macro-backtrace for more info)
[INFO] [stdout] help: use `dyn`
[INFO] [stdout]    |
[INFO] [stdout] 13 |         pub fn $func_name(&self) -> Option<Arc<dyn Section<'a>+'a>> {
[INFO] [stdout]    |                                                +++
[INFO] [stdout] 
[INFO] [stdout] 
[INFO] [stdout] warning: trait objects without an explicit `dyn` are deprecated
[INFO] [stdout]   --> src/section/section.rs:91:21
[INFO] [stdout]    |
[INFO] [stdout] 91 |     type Item = Arc<Section<'a>+'a>;
[INFO] [stdout]    |                     ^^^^^^^^^^^^^^
[INFO] [stdout]    |
[INFO] [stdout]    = warning: this is accepted in the current edition (Rust 2015) but is a hard error in Rust 2021!
[INFO] [stdout]    = note: for more information, see <https://doc.rust-lang.org/nightly/edition-guide/rust-2021/warnings-promoted-to-error.html>
[INFO] [stdout] help: use `dyn`
[INFO] [stdout]    |
[INFO] [stdout] 91 |     type Item = Arc<dyn Section<'a>+'a>;
[INFO] [stdout]    |                     +++
[INFO] [stdout] 
[INFO] [stdout] 
[INFO] [stdout] warning: trait objects without an explicit `dyn` are deprecated
[INFO] [stdout]    --> src/section/section.rs:102:21
[INFO] [stdout]     |
[INFO] [stdout] 102 |     type Item = Arc<Section<'a>+'a>;
[INFO] [stdout]     |                     ^^^^^^^^^^^^^^
[INFO] [stdout]     |
[INFO] [stdout]     = warning: this is accepted in the current edition (Rust 2015) but is a hard error in Rust 2021!
[INFO] [stdout]     = note: for more information, see <https://doc.rust-lang.org/nightly/edition-guide/rust-2021/warnings-promoted-to-error.html>
[INFO] [stdout] help: use `dyn`
[INFO] [stdout]     |
[INFO] [stdout] 102 |     type Item = Arc<dyn Section<'a>+'a>;
[INFO] [stdout]     |                     +++
[INFO] [stdout] 
[INFO] [stdout] 
[INFO] [stdout] warning: trait objects without an explicit `dyn` are deprecated
[INFO] [stdout]    --> src/symtable/symtable32.rs:133:24
[INFO] [stdout]     |
[INFO] [stdout] 133 |     -> Result<Arc<[Box<SymEntry<'a>+'a>]>,Fault>
[INFO] [stdout]     |                        ^^^^^^^^^^^^^^^
[INFO] [stdout]     |
[INFO] [stdout]     = warning: this is accepted in the current edition (Rust 2015) but is a hard error in Rust 2021!
[INFO] [stdout]     = note: for more information, see <https://doc.rust-lang.org/nightly/edition-guide/rust-2021/warnings-promoted-to-error.html>
[INFO] [stdout] help: use `dyn`
[INFO] [stdout]     |
[INFO] [stdout] 133 |     -> Result<Arc<[Box<dyn SymEntry<'a>+'a>]>,Fault>
[INFO] [stdout]     |                        +++
[INFO] [stdout] 
[INFO] [stdout] 
[INFO] [stdout] warning: trait objects without an explicit `dyn` are deprecated
[INFO] [stdout]    --> src/symtable/symtable64.rs:133:24
[INFO] [stdout]     |
[INFO] [stdout] 133 |     -> Result<Arc<[Box<SymEntry<'a>+'a>]>,Fault>
[INFO] [stdout]     |                        ^^^^^^^^^^^^^^^
[INFO] [stdout]     |
[INFO] [stdout]     = warning: this is accepted in the current edition (Rust 2015) but is a hard error in Rust 2021!
[INFO] [stdout]     = note: for more information, see <https://doc.rust-lang.org/nightly/edition-guide/rust-2021/warnings-promoted-to-error.html>
[INFO] [stdout] help: use `dyn`
[INFO] [stdout]     |
[INFO] [stdout] 133 |     -> Result<Arc<[Box<dyn SymEntry<'a>+'a>]>,Fault>
[INFO] [stdout]     |                        +++
[INFO] [stdout] 
[INFO] [stdout] 
[INFO] [stdout] warning: trait objects without an explicit `dyn` are deprecated
[INFO] [stdout]   --> src/symtable/symtable.rs:13:24
[INFO] [stdout]    |
[INFO] [stdout] 13 |     -> Result<Arc<[Box<SymEntry<'a>+'a>]>,Fault>
[INFO] [stdout]    |                        ^^^^^^^^^^^^^^^
[INFO] [stdout]    |
[INFO] [stdout]    = warning: this is accepted in the current edition (Rust 2015) but is a hard error in Rust 2021!
[INFO] [stdout]    = note: for more information, see <https://doc.rust-lang.org/nightly/edition-guide/rust-2021/warnings-promoted-to-error.html>
[INFO] [stdout] help: use `dyn`
[INFO] [stdout]    |
[INFO] [stdout] 13 |     -> Result<Arc<[Box<dyn SymEntry<'a>+'a>]>,Fault>
[INFO] [stdout]    |                        +++
[INFO] [stdout] 
[INFO] [stdout] 
[INFO] [stdout] warning: trait objects without an explicit `dyn` are deprecated
[INFO] [stdout]    --> src/section/section64.rs:182:31
[INFO] [stdout]     |
[INFO] [stdout] 182 |     let mut sections: Vec<Arc<Section<'a>+'a>> = Vec::with_capacity(num);
[INFO] [stdout]     |                               ^^^^^^^^^^^^^^
[INFO] [stdout]     |
[INFO] [stdout]     = warning: this is accepted in the current edition (Rust 2015) but is a hard error in Rust 2021!
[INFO] [stdout]     = note: for more information, see <https://doc.rust-lang.org/nightly/edition-guide/rust-2021/warnings-promoted-to-error.html>
[INFO] [stdout] help: use `dyn`
[INFO] [stdout]     |
[INFO] [stdout] 182 |     let mut sections: Vec<Arc<dyn Section<'a>+'a>> = Vec::with_capacity(num);
[INFO] [stdout]     |                               +++
[INFO] [stdout] 
[INFO] [stdout] 
[INFO] [stdout] warning: trait objects without an explicit `dyn` are deprecated
[INFO] [stdout]    --> src/section/section64.rs:186:23
[INFO] [stdout]     |
[INFO] [stdout] 186 |     let arc: Arc<[Arc<Section<'a>+'a>]> = Arc::from(sections);
[INFO] [stdout]     |                       ^^^^^^^^^^^^^^
[INFO] [stdout]     |
[INFO] [stdout]     = warning: this is accepted in the current edition (Rust 2015) but is a hard error in Rust 2021!
[INFO] [stdout]     = note: for more information, see <https://doc.rust-lang.org/nightly/edition-guide/rust-2021/warnings-promoted-to-error.html>
[INFO] [stdout] help: use `dyn`
[INFO] [stdout]     |
[INFO] [stdout] 186 |     let arc: Arc<[Arc<dyn Section<'a>+'a>]> = Arc::from(sections);
[INFO] [stdout]     |                       +++
[INFO] [stdout] 
[INFO] [stdout] 
[INFO] [stdout] warning: trait objects without an explicit `dyn` are deprecated
[INFO] [stdout]    --> src/section/section32.rs:185:31
[INFO] [stdout]     |
[INFO] [stdout] 185 |     let mut sections: Vec<Arc<Section<'a>+'a>> = Vec::with_capacity(num);
[INFO] [stdout]     |                               ^^^^^^^^^^^^^^
[INFO] [stdout]     |
[INFO] [stdout]     = warning: this is accepted in the current edition (Rust 2015) but is a hard error in Rust 2021!
[INFO] [stdout]     = note: for more information, see <https://doc.rust-lang.org/nightly/edition-guide/rust-2021/warnings-promoted-to-error.html>
[INFO] [stdout] help: use `dyn`
[INFO] [stdout]     |
[INFO] [stdout] 185 |     let mut sections: Vec<Arc<dyn Section<'a>+'a>> = Vec::with_capacity(num);
[INFO] [stdout]     |                               +++
[INFO] [stdout] 
[INFO] [stdout] 
[INFO] [stdout] warning: trait objects without an explicit `dyn` are deprecated
[INFO] [stdout]    --> src/section/section32.rs:189:23
[INFO] [stdout]     |
[INFO] [stdout] 189 |     let arc: Arc<[Arc<Section<'a>+'a>]> = Arc::from(sections);
[INFO] [stdout]     |                       ^^^^^^^^^^^^^^
[INFO] [stdout]     |
[INFO] [stdout]     = warning: this is accepted in the current edition (Rust 2015) but is a hard error in Rust 2021!
[INFO] [stdout]     = note: for more information, see <https://doc.rust-lang.org/nightly/edition-guide/rust-2021/warnings-promoted-to-error.html>
[INFO] [stdout] help: use `dyn`
[INFO] [stdout]     |
[INFO] [stdout] 189 |     let arc: Arc<[Arc<dyn Section<'a>+'a>]> = Arc::from(sections);
[INFO] [stdout]     |                       +++
[INFO] [stdout] 
[INFO] [stdout] 
[INFO] [stdout] warning: trait objects without an explicit `dyn` are deprecated
[INFO] [stdout]    --> src/symtable/symtable32.rs:146:34
[INFO] [stdout]     |
[INFO] [stdout] 146 |         let mut entries: Vec<Box<SymEntry<'a>+'a>> = Vec::with_capacity(entry_num);
[INFO] [stdout]     |                                  ^^^^^^^^^^^^^^^
[INFO] [stdout]     |
[INFO] [stdout]     = warning: this is accepted in the current edition (Rust 2015) but is a hard error in Rust 2021!
[INFO] [stdout]     = note: for more information, see <https://doc.rust-lang.org/nightly/edition-guide/rust-2021/warnings-promoted-to-error.html>
[INFO] [stdout] help: use `dyn`
[INFO] [stdout]     |
[INFO] [stdout] 146 |         let mut entries: Vec<Box<dyn SymEntry<'a>+'a>> = Vec::with_capacity(entry_num);
[INFO] [stdout]     |                                  +++
[INFO] [stdout] 
[INFO] [stdout] 
[INFO] [stdout] warning: trait objects without an explicit `dyn` are deprecated
[INFO] [stdout]    --> src/symtable/symtable64.rs:146:34
[INFO] [stdout]     |
[INFO] [stdout] 146 |         let mut entries: Vec<Box<SymEntry<'a>+'a>> = Vec::with_capacity(entry_num);
[INFO] [stdout]     |                                  ^^^^^^^^^^^^^^^
[INFO] [stdout]     |
[INFO] [stdout]     = warning: this is accepted in the current edition (Rust 2015) but is a hard error in Rust 2021!
[INFO] [stdout]     = note: for more information, see <https://doc.rust-lang.org/nightly/edition-guide/rust-2021/warnings-promoted-to-error.html>
[INFO] [stdout] help: use `dyn`
[INFO] [stdout]     |
[INFO] [stdout] 146 |         let mut entries: Vec<Box<dyn SymEntry<'a>+'a>> = Vec::with_capacity(entry_num);
[INFO] [stdout]     |                                  +++
[INFO] [stdout] 
[INFO] [stdout] 
[INFO] [stdout] error[E0793]: reference to packed field is unaligned
[INFO] [stdout]   --> src/symtable/symtable32.rs:51:23
[INFO] [stdout]    |
[INFO] [stdout] 51 |         let st_size = data.st_size.clone();
[INFO] [stdout]    |                       ^^^^^^^^^^^^^^^^^^^^
[INFO] [stdout]    |
[INFO] [stdout]    = note: fields of packed structs are not properly aligned, and creating a misaligned reference is undefined behavior (even if that reference is never dereferenced)
[INFO] [stdout]    = help: copy the field contents to a local variable, or replace the reference with a raw pointer and use `read_unaligned`/`write_unaligned` (loads and stores via `*p` must be properly aligned even when using raw pointers)
[INFO] [stdout] 
[INFO] [stdout] 
[INFO] [stdout] error[E0793]: reference to packed field is unaligned
[INFO] [stdout]   --> src/symtable/symtable32.rs:52:24
[INFO] [stdout]    |
[INFO] [stdout] 52 |         let st_value = data.st_value.clone();
[INFO] [stdout]    |                        ^^^^^^^^^^^^^^^^^^^^^
[INFO] [stdout]    |
[INFO] [stdout]    = note: fields of packed structs are not properly aligned, and creating a misaligned reference is undefined behavior (even if that reference is never dereferenced)
[INFO] [stdout]    = help: copy the field contents to a local variable, or replace the reference with a raw pointer and use `read_unaligned`/`write_unaligned` (loads and stores via `*p` must be properly aligned even when using raw pointers)
[INFO] [stdout] 
[INFO] [stdout] 
[INFO] [stdout] error[E0793]: reference to packed field is unaligned
[INFO] [stdout]   --> src/symtable/symtable32.rs:53:24
[INFO] [stdout]    |
[INFO] [stdout] 53 |         let st_shndx = data.st_shndx.clone();
[INFO] [stdout]    |                        ^^^^^^^^^^^^^^^^^^^^^
[INFO] [stdout]    |
[INFO] [stdout]    = note: fields of packed structs are not properly aligned, and creating a misaligned reference is undefined behavior (even if that reference is never dereferenced)
[INFO] [stdout]    = help: copy the field contents to a local variable, or replace the reference with a raw pointer and use `read_unaligned`/`write_unaligned` (loads and stores via `*p` must be properly aligned even when using raw pointers)
[INFO] [stdout] 
[INFO] [stdout] 
[INFO] [stdout] error[E0793]: reference to packed field is unaligned
[INFO] [stdout]   --> src/symtable/symtable64.rs:51:23
[INFO] [stdout]    |
[INFO] [stdout] 51 |         let st_size = data.st_size.clone();
[INFO] [stdout]    |                       ^^^^^^^^^^^^^^^^^^^^
[INFO] [stdout]    |
[INFO] [stdout]    = note: fields of packed structs are not properly aligned, and creating a misaligned reference is undefined behavior (even if that reference is never dereferenced)
[INFO] [stdout]    = help: copy the field contents to a local variable, or replace the reference with a raw pointer and use `read_unaligned`/`write_unaligned` (loads and stores via `*p` must be properly aligned even when using raw pointers)
[INFO] [stdout] 
[INFO] [stdout] 
[INFO] [stdout] error[E0793]: reference to packed field is unaligned
[INFO] [stdout]   --> src/symtable/symtable64.rs:52:24
[INFO] [stdout]    |
[INFO] [stdout] 52 |         let st_value = data.st_value.clone();
[INFO] [stdout]    |                        ^^^^^^^^^^^^^^^^^^^^^
[INFO] [stdout]    |
[INFO] [stdout]    = note: fields of packed structs are not properly aligned, and creating a misaligned reference is undefined behavior (even if that reference is never dereferenced)
[INFO] [stdout]    = help: copy the field contents to a local variable, or replace the reference with a raw pointer and use `read_unaligned`/`write_unaligned` (loads and stores via `*p` must be properly aligned even when using raw pointers)
[INFO] [stdout] 
[INFO] [stdout] 
[INFO] [stdout] error[E0793]: reference to packed field is unaligned
[INFO] [stdout]   --> src/symtable/symtable64.rs:53:24
[INFO] [stdout]    |
[INFO] [stdout] 53 |         let st_shndx = data.st_shndx.clone();
[INFO] [stdout]    |                        ^^^^^^^^^^^^^^^^^^^^^
[INFO] [stdout]    |
[INFO] [stdout]    = note: fields of packed structs are not properly aligned, and creating a misaligned reference is undefined behavior (even if that reference is never dereferenced)
[INFO] [stdout]    = help: copy the field contents to a local variable, or replace the reference with a raw pointer and use `read_unaligned`/`write_unaligned` (loads and stores via `*p` must be properly aligned even when using raw pointers)
[INFO] [stdout] 
[INFO] [stdout] 
[INFO] [stdout] error: aborting due to 6 previous errors; 53 warnings emitted
[INFO] [stdout] 
[INFO] [stdout] 
[INFO] [stdout] For more information about this error, try `rustc --explain E0793`.
[INFO] [stdout] 
[INFO] [stderr] error: could not compile `elrond` due to 7 previous errors; 53 warnings emitted
[INFO] running `Command { std: "docker" "inspect" "7928fb286c25866272804931a056338d206917ccd1a6ad2ba31445b21e530e2b", kill_on_drop: false }`
[INFO] running `Command { std: "docker" "rm" "-f" "7928fb286c25866272804931a056338d206917ccd1a6ad2ba31445b21e530e2b", kill_on_drop: false }`
[INFO] [stdout] 7928fb286c25866272804931a056338d206917ccd1a6ad2ba31445b21e530e2b
