[INFO] fetching crate electrscash 3.1.0...
[INFO] testing electrscash-3.1.0 against 1.69.0 for beta-1.70-1
[INFO] extracting crate electrscash 3.1.0 into /workspace/builds/worker-5-tc1/source
[INFO] validating manifest of crates.io crate electrscash 3.1.0 on toolchain 1.69.0
[INFO] running `Command { std: CARGO_HOME="/workspace/cargo-home" RUSTUP_HOME="/workspace/rustup-home" "/workspace/cargo-home/bin/cargo" "+1.69.0" "metadata" "--manifest-path" "Cargo.toml" "--no-deps", kill_on_drop: false }`
[INFO] started tweaking crates.io crate electrscash 3.1.0
[INFO] finished tweaking crates.io crate electrscash 3.1.0
[INFO] tweaked toml for crates.io crate electrscash 3.1.0 written to /workspace/builds/worker-5-tc1/source/Cargo.toml
[INFO] crate crates.io crate electrscash 3.1.0 already has a lockfile, it will not be regenerated
[INFO] running `Command { std: CARGO_HOME="/workspace/cargo-home" RUSTUP_HOME="/workspace/rustup-home" "/workspace/cargo-home/bin/cargo" "+1.69.0" "fetch" "--manifest-path" "Cargo.toml", kill_on_drop: false }`
[INFO] [stderr]  Downloading crates ...
[INFO] [stderr]   Downloaded crossbeam-channel v0.5.0
[INFO] [stderr]   Downloaded protobuf v2.14.0
[INFO] [stderr]   Downloaded parse_arg v0.1.4
[INFO] [stderr]   Downloaded bindgen v0.54.0
[INFO] [stderr]   Downloaded regex v1.4.2
[INFO] [stderr]   Downloaded configure_me_codegen v0.4.2
[INFO] [stderr]   Downloaded regex-syntax v0.6.21
[INFO] [stderr]   Downloaded miniz_oxide v0.4.3
[INFO] [stderr]   Downloaded vec-arena v1.0.0
[INFO] [stderr]   Downloaded nb-connect v1.0.2
[INFO] [stderr]   Downloaded bech32 v0.7.2
[INFO] [stderr]   Downloaded bytecodec v0.4.13
[INFO] [stderr]   Downloaded secp256k1 v0.19.0
[INFO] [stderr]   Downloaded c_fixed_string v0.2.0
[INFO] [stderr]   Downloaded wasm-bindgen-macro v0.2.68
[INFO] [stderr]   Downloaded object v0.22.0
[INFO] [stderr]   Downloaded jemalloc-ctl v0.3.3
[INFO] [stderr]   Downloaded errno v0.2.7
[INFO] [stderr]   Downloaded stderrlog v0.5.1
[INFO] [stderr]   Downloaded ascii v0.8.7
[INFO] [stderr]   Downloaded cc v1.0.41
[INFO] [stderr]   Downloaded rust_decimal v1.8.1
[INFO] [stderr]   Downloaded rustc-demangle v0.1.18
[INFO] [stderr]   Downloaded dirs-sys-next v0.1.1
[INFO] [stderr]   Downloaded fmt2io v0.1.0
[INFO] [stderr]   Downloaded redox_termios v0.1.1
[INFO] [stderr]   Downloaded wasm-bindgen-macro-support v0.2.68
[INFO] [stderr]   Downloaded polling v2.0.2
[INFO] [stderr]   Downloaded async-executor v1.4.0
[INFO] [stderr]   Downloaded lock_api v0.4.2
[INFO] [stderr]   Downloaded termion v1.5.5
[INFO] [stderr]   Downloaded parking_lot_core v0.8.2
[INFO] [stderr]   Downloaded indexmap v1.6.0
[INFO] [stderr]   Downloaded signal-hook v0.1.16
[INFO] [stderr]   Downloaded rayon v1.5.0
[INFO] [stderr]   Downloaded prometheus v0.11.0
[INFO] [stderr]   Downloaded addr2line v0.14.0
[INFO] [stderr]   Downloaded sha2 v0.9.2
[INFO] [stderr]   Downloaded wasm-bindgen-futures v0.4.18
[INFO] [stderr]   Downloaded js-sys v0.3.45
[INFO] [stderr]   Downloaded web-sys v0.3.45
[INFO] [stderr]   Downloaded rocksdb v0.15.0
[INFO] [stderr]   Downloaded futures-io v0.3.8
[INFO] [stderr]   Downloaded configure_me v0.4.0
[INFO] [stderr]   Downloaded async-channel v1.5.1
[INFO] [stderr]   Downloaded futures-core v0.3.8
[INFO] [stderr]   Downloaded bitcoincash-addr v0.5.2
[INFO] [stderr]   Downloaded roff v0.1.0
[INFO] [stderr]   Downloaded man v0.1.1
[INFO] [stderr]   Downloaded signal-hook-registry v1.2.2
[INFO] [stderr]   Downloaded sysconf v0.3.4
[INFO] [stderr]   Downloaded smallvec v1.5.1
[INFO] [stderr]   Downloaded bitcoin_hashes v0.9.4
[INFO] [stderr]   Downloaded cashaccount-sys v0.1.1
[INFO] [stderr]   Downloaded unicode-segmentation v1.7.0
[INFO] [stderr]   Downloaded wasm-bindgen-shared v0.2.68
[INFO] [stderr]   Downloaded chunked_transfer v0.3.1
[INFO] [stderr]   Downloaded futures-channel v0.3.8
[INFO] [stderr]   Downloaded toml v0.5.7
[INFO] [stderr]   Downloaded tiny_http v0.6.2
[INFO] [stderr]   Downloaded tinyvec v1.0.1
[INFO] [stderr]   Downloaded fastrand v1.4.0
[INFO] [stderr]   Downloaded wepoll-sys v3.0.1
[INFO] [stderr]   Downloaded cargo_toml v0.8.1
[INFO] [stderr]   Downloaded const_fn v0.4.3
[INFO] [stderr]   Downloaded async-global-executor v1.4.3
[INFO] [stderr]   Downloaded wasm-bindgen-backend v0.2.68
[INFO] [stderr]   Downloaded futures-lite v1.11.2
[INFO] [stderr]   Downloaded bitcoin_hashes v0.7.6
[INFO] [stderr]   Downloaded sha-1 v0.9.2
[INFO] [stderr]   Downloaded crossbeam-utils v0.8.0
[INFO] [stderr]   Downloaded rayon-core v1.9.0
[INFO] [stderr]   Downloaded backtrace v0.3.54
[INFO] [stderr]   Downloaded wasm-bindgen v0.2.68
[INFO] [stderr]   Downloaded secp256k1-sys v0.3.0
[INFO] [stderr]   Downloaded gimli v0.23.0
[INFO] [stderr]   Downloaded async-std v1.7.0
[INFO] [stderr]   Downloaded crossbeam-epoch v0.9.0
[INFO] [stderr]   Downloaded trackable_derive v0.1.3
[INFO] [stderr]   Downloaded bitcoincash v0.25.2
[INFO] [stderr]   Downloaded trackable v0.2.23
[INFO] [stderr]   Downloaded async-io v1.2.0
[INFO] [stderr]   Downloaded syn-mid v0.5.2
[INFO] [stderr]   Downloaded httpcodec v0.2.3
[INFO] [stderr]   Downloaded unicode-normalization v0.1.15
[INFO] [stderr]   Downloaded librocksdb-sys v6.11.4
[INFO] [stderr]   Downloaded unsigned-varint v0.2.3
[INFO] running `Command { std: "docker" "create" "-v" "/var/lib/crater-agent-workspace/builds/worker-5-tc1/target:/opt/rustwide/target:rw,Z" "-v" "/var/lib/crater-agent-workspace/builds/worker-5-tc1/source:/opt/rustwide/workdir:ro,Z" "-v" "/var/lib/crater-agent-workspace/cargo-home:/opt/rustwide/cargo-home:ro,Z" "-v" "/var/lib/crater-agent-workspace/rustup-home:/opt/rustwide/rustup-home:ro,Z" "-e" "SOURCE_DIR=/opt/rustwide/workdir" "-e" "CARGO_TARGET_DIR=/opt/rustwide/target" "-e" "CARGO_HOME=/opt/rustwide/cargo-home" "-e" "RUSTUP_HOME=/opt/rustwide/rustup-home" "-w" "/opt/rustwide/workdir" "-m" "1610612736" "--user" "0:0" "--network" "none" "ghcr.io/rust-lang/crates-build-env/linux@sha256:5ff2268d62e97bff2cde7d5815dd6ed5b47097566f13b8d0ca110b04b60e07ed" "/opt/rustwide/cargo-home/bin/cargo" "+1.69.0" "metadata" "--no-deps" "--format-version=1", kill_on_drop: false }`
[INFO] [stdout] 3c1c55cb481839845b77e2342bd70475075220d44e87cf8aea7332cf9928d7bb
[INFO] running `Command { std: "docker" "start" "-a" "3c1c55cb481839845b77e2342bd70475075220d44e87cf8aea7332cf9928d7bb", kill_on_drop: false }`
[INFO] running `Command { std: "docker" "inspect" "3c1c55cb481839845b77e2342bd70475075220d44e87cf8aea7332cf9928d7bb", kill_on_drop: false }`
[INFO] running `Command { std: "docker" "rm" "-f" "3c1c55cb481839845b77e2342bd70475075220d44e87cf8aea7332cf9928d7bb", kill_on_drop: false }`
[INFO] [stdout] 3c1c55cb481839845b77e2342bd70475075220d44e87cf8aea7332cf9928d7bb
[INFO] running `Command { std: "docker" "create" "-v" "/var/lib/crater-agent-workspace/builds/worker-5-tc1/target:/opt/rustwide/target:rw,Z" "-v" "/var/lib/crater-agent-workspace/builds/worker-5-tc1/source:/opt/rustwide/workdir:ro,Z" "-v" "/var/lib/crater-agent-workspace/cargo-home:/opt/rustwide/cargo-home:ro,Z" "-v" "/var/lib/crater-agent-workspace/rustup-home:/opt/rustwide/rustup-home:ro,Z" "-e" "SOURCE_DIR=/opt/rustwide/workdir" "-e" "CARGO_TARGET_DIR=/opt/rustwide/target" "-e" "CARGO_INCREMENTAL=0" "-e" "RUST_BACKTRACE=full" "-e" "RUSTFLAGS=--cap-lints=warn" "-e" "RUSTDOCFLAGS=--cap-lints=warn" "-e" "CARGO_HOME=/opt/rustwide/cargo-home" "-e" "RUSTUP_HOME=/opt/rustwide/rustup-home" "-w" "/opt/rustwide/workdir" "-m" "1610612736" "--user" "0:0" "--network" "none" "ghcr.io/rust-lang/crates-build-env/linux@sha256:5ff2268d62e97bff2cde7d5815dd6ed5b47097566f13b8d0ca110b04b60e07ed" "/opt/rustwide/cargo-home/bin/cargo" "+1.69.0" "build" "--frozen" "--message-format=json", kill_on_drop: false }`
[INFO] [stdout] 2e6af05e235a0b0407746af3add6b7826ce725d4b1f62429f273ebe9a1c68bd0
[INFO] running `Command { std: "docker" "start" "-a" "2e6af05e235a0b0407746af3add6b7826ce725d4b1f62429f273ebe9a1c68bd0", kill_on_drop: false }`
[INFO] [stderr]    Compiling libc v0.2.80
[INFO] [stderr]    Compiling autocfg v1.0.1
[INFO] [stderr]    Compiling const_fn v0.4.3
[INFO] [stderr]    Compiling version_check v0.9.2
[INFO] [stderr]    Compiling proc-macro2 v1.0.24
[INFO] [stderr]    Compiling unicode-xid v0.2.1
[INFO] [stderr]    Compiling rayon-core v1.9.0
[INFO] [stderr]    Compiling either v1.6.1
[INFO] [stderr]    Compiling memchr v2.3.4
[INFO] [stderr]    Compiling syn v1.0.48
[INFO] [stderr]    Compiling log v0.4.11
[INFO] [stderr]    Compiling serde v1.0.117
[INFO] [stderr]    Compiling crossbeam-utils v0.8.0
[INFO] [stderr]    Compiling memoffset v0.5.6
[INFO] [stderr]    Compiling rayon v1.5.0
[INFO] [stderr]    Compiling num_cpus v1.13.0
[INFO] [stderr]    Compiling quote v1.0.7
[INFO] [stderr]    Compiling thread_local v1.0.1
[INFO] [stderr]    Compiling glob v0.3.0
[INFO] [stderr]    Compiling aho-corasick v0.7.15
[INFO] [stderr]    Compiling atty v0.2.11
[INFO] [stderr]    Compiling nom v5.1.2
[INFO] [stderr]    Compiling bitflags v1.2.1
[INFO] [stderr]    Compiling regex-syntax v0.6.21
[INFO] [stderr]    Compiling crossbeam-epoch v0.9.0
[INFO] [stderr]    Compiling crossbeam-channel v0.5.0
[INFO] [stderr]    Compiling clang-sys v0.29.3
[INFO] [stderr]    Compiling crossbeam-deque v0.8.0
[INFO] [stderr]    Compiling quick-error v1.2.3
[INFO] [stderr]    Compiling unicode-width v0.1.8
[INFO] [stderr]    Compiling termcolor v1.1.0
[INFO] [stderr]    Compiling humantime v1.3.0
[INFO] [stderr]    Compiling textwrap v0.11.0
[INFO] [stderr]    Compiling vec_map v0.8.2
[INFO] [stderr]    Compiling strsim v0.8.0
[INFO] [stderr]    Compiling ansi_term v0.11.0
[INFO] [stderr]    Compiling bindgen v0.54.0
[INFO] [stderr]    Compiling clap v2.33.3
[INFO] [stderr]    Compiling which v3.1.1
[INFO] [stderr]    Compiling regex v1.4.2
[INFO] [stderr]    Compiling peeking_take_while v0.1.2
[INFO] [stderr]    Compiling shlex v0.1.1
[INFO] [stderr]    Compiling rustc-hash v1.1.0
[INFO] [stderr]    Compiling lazycell v1.3.0
[INFO] [stderr]    Compiling num-traits v0.2.14
[INFO] [stderr]    Compiling env_logger v0.7.1
[INFO] [stderr]    Compiling cexpr v0.4.0
[INFO] [stderr]    Compiling futures-core v0.3.8
[INFO] [stderr]    Compiling proc-macro-hack v0.5.19
[INFO] [stderr]    Compiling serde_derive v1.0.117
[INFO] [stderr]    Compiling typenum v1.12.0
[INFO] [stderr]    Compiling cache-padded v1.1.1
[INFO] [stderr]    Compiling concurrent-queue v1.2.2
[INFO] [stderr]    Compiling cc v1.0.41
[INFO] [stderr]    Compiling generic-array v0.14.4
[INFO] [stderr]    Compiling byteorder v1.3.4
[INFO] [stderr]    Compiling futures-io v0.3.8
[INFO] [stderr]    Compiling waker-fn v1.1.0
[INFO] [stderr]    Compiling parking v2.0.0
[INFO] [stderr]    Compiling fastrand v1.4.0
[INFO] [stderr]    Compiling pin-project-lite v0.1.11
[INFO] [stderr]    Compiling futures-lite v1.11.2
[INFO] [stderr]    Compiling libloading v0.5.2
[INFO] [stderr]    Compiling toml v0.5.7
[INFO] [stderr]    Compiling num-integer v0.1.44
[INFO] [stderr]    Compiling proc-macro-error-attr v0.4.12
[INFO] [stderr]    Compiling once_cell v1.5.2
[INFO] [stderr]    Compiling fs_extra v1.2.0
[INFO] [stderr]    Compiling getrandom v0.1.15
[INFO] [stderr]    Compiling tinyvec_macros v0.1.0
[INFO] [stderr]    Compiling tinyvec v1.0.1
[INFO] [stderr]    Compiling jemalloc-sys v0.3.2
[INFO] [stderr]    Compiling secp256k1-sys v0.3.0
[INFO] [stderr]    Compiling syn-mid v0.5.2
[INFO] [stderr]    Compiling miniz_oxide v0.4.3
[INFO] [stderr]    Compiling proc-macro-error v0.4.12
[INFO] [stderr]    Compiling configure_me_codegen v0.4.2
[INFO] [stderr]    Compiling matches v0.1.8
[INFO] [stderr]    Compiling winapi-build v0.1.1
[INFO] [stderr]    Compiling roff v0.1.0
[INFO] [stderr]    Compiling async-task v4.0.3
[INFO] [stderr]    Compiling vec-arena v1.0.0
[INFO] [stderr]    Compiling event-listener v2.5.1
[INFO] [stderr]    Compiling kernel32-sys v0.2.2
[INFO] [stderr]    Compiling man v0.1.1
[INFO] [stderr]    Compiling unicode-bidi v0.3.4
[INFO] [stderr]    Compiling unicode-normalization v0.1.15
[INFO] [stderr]    Compiling trackable_derive v0.1.3
[INFO] [stderr]    Compiling polling v2.0.2
[INFO] [stderr]    Compiling time v0.1.44
[INFO] [stderr]    Compiling nb-connect v1.0.2
[INFO] [stderr]    Compiling instant v0.1.9
[INFO] [stderr]    Compiling smallvec v1.5.1
[INFO] [stderr]    Compiling void v1.0.2
[INFO] [stderr]    Compiling gimli v0.23.0
[INFO] [stderr]    Compiling fmt2io v0.1.0
[INFO] [stderr]    Compiling unicode-segmentation v1.7.0
[INFO] [stderr]    Compiling protobuf v2.14.0
[INFO] [stderr]    Compiling ryu v1.0.5
[INFO] [stderr]    Compiling adler v0.2.3
[INFO] [stderr]    Compiling parking_lot_core v0.8.2
[INFO] [stderr]    Compiling trackable v0.2.23
[INFO] [stderr]    Compiling chrono v0.4.19
[INFO] [stderr]    Compiling async-io v1.2.0
[INFO] [stderr]    Compiling idna v0.1.5
[INFO] [stderr]    Compiling rand_core v0.5.1
[INFO] [stderr]    Compiling cargo_toml v0.8.1
[INFO] [stderr]    Compiling async-channel v1.5.1
[INFO] [stderr]    Compiling async-executor v1.4.0
[INFO] [stderr]    Compiling block-buffer v0.9.0
[INFO] [stderr]    Compiling digest v0.9.0
[INFO] [stderr]    Compiling addr2line v0.14.0
[INFO] [stderr]    Compiling thiserror-impl v1.0.23
[INFO] [stderr]    Compiling paste-impl v0.1.18
[INFO] [stderr]    Compiling indexmap v1.6.0
[INFO] [stderr]    Compiling error-chain v0.12.4
[INFO] [stderr]    Compiling lock_api v0.4.2
[INFO] [stderr]    Compiling serde_json v1.0.59
[INFO] [stderr]    Compiling ppv-lite86 v0.2.10
[INFO] [stderr]    Compiling prometheus v0.11.0
[INFO] [stderr]    Compiling rustc-demangle v0.1.18
[INFO] [stderr]    Compiling cpuid-bool v0.1.2
[INFO] [stderr]    Compiling object v0.22.0
[INFO] [stderr]    Compiling winapi v0.2.8
[INFO] [stderr]    Compiling atomic-waker v1.0.0
[INFO] [stderr]    Compiling blocking v1.0.2
[INFO] [stderr]    Compiling rand_chacha v0.2.2
[INFO] [stderr]    Compiling thiserror v1.0.23
[INFO] [stderr]    Compiling paste v0.1.18
[INFO] [stderr]    Compiling url v1.7.2
[INFO] [stderr]    Compiling parking_lot v0.11.1
[INFO] [stderr]    Compiling async-global-executor v1.4.3
[INFO] [stderr]    Compiling secp256k1 v0.19.0
[INFO] [stderr]    Compiling librocksdb-sys v6.11.4
[INFO] [stderr]    Compiling cashaccount-sys v0.1.1
[INFO] [stderr]    Compiling genawaiter-proc-macro v0.99.1
[INFO] [stderr]    Compiling backtrace v0.3.54
[INFO] [stderr]    Compiling bytecodec v0.4.13
[INFO] [stderr]    Compiling electrscash v3.1.0 (/opt/rustwide/workdir)
[INFO] [stderr]    Compiling async-mutex v1.4.0
[INFO] [stderr]    Compiling bitcoin_hashes v0.9.4
[INFO] [stderr]    Compiling errno v0.2.7
[INFO] [stderr]    Compiling signal-hook-registry v1.2.2
[INFO] [stderr]    Compiling dirs-sys-next v0.1.1
[INFO] [stderr]    Compiling kv-log-macro v1.0.7
[INFO] [stderr]    Compiling crossbeam-utils v0.6.6
[INFO] [stderr]    Compiling parse_arg v0.1.4
[INFO] [stderr]    Compiling chunked_transfer v0.3.1
[INFO] [stderr]    Compiling genawaiter-macro v0.99.1
[INFO] [stderr]    Compiling slab v0.4.2
[INFO] [stderr]    Compiling bech32 v0.7.2
[INFO] [stderr]    Compiling bitcoin_hashes v0.7.6
[INFO] [stderr]    Compiling ascii v0.8.7
[INFO] [stderr]    Compiling itoa v0.4.6
[INFO] [stderr]    Compiling hashbrown v0.9.1
[INFO] [stderr]    Compiling tiny_http v0.6.2
[INFO] [stderr]    Compiling bitcoincash v0.25.2
[INFO] [stderr] error: failed to run custom build command for `jemalloc-sys v0.3.2`
[INFO] [stderr] note: To improve backtraces for build dependencies, set the CARGO_PROFILE_DEV_BUILD_OVERRIDE_DEBUG=true environment variable to enable debug information generation.
[INFO] [stderr] 
[INFO] [stderr] Caused by:
[INFO] [stderr]   process didn't exit successfully: `/opt/rustwide/target/debug/build/jemalloc-sys-fd43f92184e15435/build-script-build` (exit status: 101)
[INFO] [stderr]   --- stdout
[INFO] [stderr]   TARGET=x86_64-unknown-linux-gnu
[INFO] [stderr]   HOST=x86_64-unknown-linux-gnu
[INFO] [stderr]   NUM_JOBS=8
[INFO] [stderr]   OUT_DIR="/opt/rustwide/target/debug/build/jemalloc-sys-96874e9f25502242/out"
[INFO] [stderr]   BUILD_DIR="/opt/rustwide/target/debug/build/jemalloc-sys-96874e9f25502242/out/build"
[INFO] [stderr]   SRC_DIR="/opt/rustwide/cargo-home/registry/src/github.com-1ecc6299db9ec823/jemalloc-sys-0.3.2"
[INFO] [stderr]   OPT_LEVEL = Some("0")
[INFO] [stderr]   TARGET = Some("x86_64-unknown-linux-gnu")
[INFO] [stderr]   HOST = Some("x86_64-unknown-linux-gnu")
[INFO] [stderr]   CC_x86_64-unknown-linux-gnu = None
[INFO] [stderr]   CC_x86_64_unknown_linux_gnu = None
[INFO] [stderr]   HOST_CC = None
[INFO] [stderr]   CC = None
[INFO] [stderr]   CFLAGS_x86_64-unknown-linux-gnu = None
[INFO] [stderr]   CFLAGS_x86_64_unknown_linux_gnu = None
[INFO] [stderr]   HOST_CFLAGS = None
[INFO] [stderr]   CFLAGS = None
[INFO] [stderr]   CRATE_CC_NO_DEFAULTS = None
[INFO] [stderr]   DEBUG = Some("true")
[INFO] [stderr]   CARGO_CFG_TARGET_FEATURE = Some("fxsr,sse,sse2")
[INFO] [stderr]   CC="cc"
[INFO] [stderr]   CFLAGS="-O0 -ffunction-sections -fdata-sections -fPIC -g -fno-omit-frame-pointer -m64 -Wall"
[INFO] [stderr]   JEMALLOC_REPO_DIR="jemalloc"
[INFO] [stderr]   JEMALLOC_SRC_DIR="/opt/rustwide/target/debug/build/jemalloc-sys-96874e9f25502242/out/jemalloc"
[INFO] [stderr]   cargo:rustc-cfg=prefixed
[INFO] [stderr]   --with-jemalloc-prefix=_rjem_
[INFO] [stderr]   running: cd "/opt/rustwide/target/debug/build/jemalloc-sys-96874e9f25502242/out/build" && CC="cc" CFLAGS="-O0 -ffunction-sections -fdata-sections -fPIC -g -fno-omit-frame-pointer -m64 -Wall" CPPFLAGS="-O0 -ffunction-sections -fdata-sections -fPIC -g -fno-omit-frame-pointer -m64 -Wall" LDFLAGS="-O0 -ffunction-sections -fdata-sections -fPIC -g -fno-omit-frame-pointer -m64 -Wall" "sh" "/opt/rustwide/target/debug/build/jemalloc-sys-96874e9f25502242/out/jemalloc/configure" "--disable-cxx" "--with-jemalloc-prefix=_rjem_" "--with-private-namespace=_rjem_" "--host=x86_64-unknown-linux-gnu" "--build=x86_64-unknown-linux-gnu" "--prefix=/opt/rustwide/target/debug/build/jemalloc-sys-96874e9f25502242/out"
[INFO] [stderr]   checking for xsltproc... false
[INFO] [stderr]   checking for x86_64-unknown-linux-gnu-gcc... cc
[INFO] [stderr]   checking whether the C compiler works... yes
[INFO] [stderr]   checking for C compiler default output file name... a.out
[INFO] [stderr]   checking for suffix of executables... 
[INFO] [stderr]   checking whether we are cross compiling... no
[INFO] [stderr]   checking for suffix of object files... o
[INFO] [stderr]   checking whether we are using the GNU C compiler... yes
[INFO] [stderr]   checking whether cc accepts -g... yes
[INFO] [stderr]   checking for cc option to accept ISO C89... none needed
[INFO] [stderr]   checking whether compiler is cray... no
[INFO] [stderr]   checking whether compiler supports -std=gnu11... yes
[INFO] [stderr]   checking whether compiler supports -Wall... yes
[INFO] [stderr]   checking whether compiler supports -Wshorten-64-to-32... no
[INFO] [stderr]   checking whether compiler supports -Wsign-compare... yes
[INFO] [stderr]   checking whether compiler supports -Wundef... yes
[INFO] [stderr]   checking whether compiler supports -Wno-format-zero-length... yes
[INFO] [stderr]   checking whether compiler supports -pipe... yes
[INFO] [stderr]   checking whether compiler supports -g3... yes
[INFO] [stderr]   checking how to run the C preprocessor... cc -E
[INFO] [stderr]   checking for grep that handles long lines and -e... /usr/bin/grep
[INFO] [stderr]   checking for egrep... /usr/bin/grep -E
[INFO] [stderr]   checking for ANSI C header files... yes
[INFO] [stderr]   checking for sys/types.h... yes
[INFO] [stderr]   checking for sys/stat.h... yes
[INFO] [stderr]   checking for stdlib.h... yes
[INFO] [stderr]   checking for string.h... yes
[INFO] [stderr]   checking for memory.h... yes
[INFO] [stderr]   checking for strings.h... yes
[INFO] [stderr]   checking for inttypes.h... yes
[INFO] [stderr]   checking for stdint.h... yes
[INFO] [stderr]   checking for unistd.h... yes
[INFO] [stderr]   checking whether byte ordering is bigendian... no
[INFO] [stderr]   checking size of void *... 8
[INFO] [stderr]   checking size of int... 4
[INFO] [stderr]   checking size of long... 8
[INFO] [stderr]   checking size of long long... 8
[INFO] [stderr]   checking size of intmax_t... 8
[INFO] [stderr]   checking build system type... x86_64-unknown-linux-gnu
[INFO] [stderr]   checking host system type... x86_64-unknown-linux-gnu
[INFO] [stderr]   checking whether pause instruction is compilable... yes
[INFO] [stderr]   checking number of significant virtual address bits... 48
[INFO] [stderr]   checking for x86_64-unknown-linux-gnu-ar... no
[INFO] [stderr]   checking for ar... ar
[INFO] [stderr]   checking for x86_64-unknown-linux-gnu-nm... no
[INFO] [stderr]   checking for nm... nm
[INFO] [stderr]   checking for gawk... no
[INFO] [stderr]   checking for mawk... mawk
[INFO] [stderr]   checking malloc.h usability... yes
[INFO] [stderr]   checking malloc.h presence... yes
[INFO] [stderr]   checking for malloc.h... yes
[INFO] [stderr]   checking whether malloc_usable_size definition can use const argument... no
[INFO] [stderr]   checking for library containing log... -lm
[INFO] [stderr]   checking whether __attribute__ syntax is compilable... yes
[INFO] [stderr]   checking whether compiler supports -fvisibility=hidden... yes
[INFO] [stderr]   checking whether compiler supports -fvisibility=hidden... no
[INFO] [stderr]   checking whether compiler supports -Werror... yes
[INFO] [stderr]   checking whether compiler supports -herror_on_warning... yes
[INFO] [stderr]   checking whether tls_model attribute is compilable... yes
[INFO] [stderr]   checking whether compiler supports -Werror... yes
[INFO] [stderr]   checking whether compiler supports -herror_on_warning... yes
[INFO] [stderr]   checking whether alloc_size attribute is compilable... yes
[INFO] [stderr]   checking whether compiler supports -Werror... yes
[INFO] [stderr]   checking whether compiler supports -herror_on_warning... yes
[INFO] [stderr]   checking whether format(gnu_printf, ...) attribute is compilable... yes
[INFO] [stderr]   checking whether compiler supports -Werror... yes
[INFO] [stderr]   checking whether compiler supports -herror_on_warning... yes
[INFO] [stderr]   checking whether format(printf, ...) attribute is compilable... yes
[INFO] [stderr]   checking for a BSD-compatible install... /usr/bin/install -c
[INFO] [stderr]   checking for x86_64-unknown-linux-gnu-ranlib... no
[INFO] [stderr]   checking for ranlib... ranlib
[INFO] [stderr]   checking for ld... /usr/bin/ld
[INFO] [stderr]   checking for autoconf... /usr/bin/autoconf
[INFO] [stderr]   checking for memalign... yes
[INFO] [stderr]   checking for valloc... yes
[INFO] [stderr]   checking whether compiler supports -O3... yes
[INFO] [stderr]   checking whether compiler supports -O3... no
[INFO] [stderr]   checking whether compiler supports -funroll-loops... yes
[INFO] [stderr]   checking configured backtracing method... N/A
[INFO] [stderr]   checking for sbrk... yes
[INFO] [stderr]   checking whether utrace(2) is compilable... no
[INFO] [stderr]   checking whether a program using __builtin_unreachable is compilable... yes
[INFO] [stderr]   checking whether a program using __builtin_ffsl is compilable... yes
[INFO] [stderr]   checking LG_PAGE... 12
[INFO] [stderr]   Missing VERSION file, and unable to generate it; creating bogus VERSION
[INFO] [stderr]   checking pthread.h usability... yes
[INFO] [stderr]   checking pthread.h presence... yes
[INFO] [stderr]   checking for pthread.h... yes
[INFO] [stderr]   checking for pthread_create in -lpthread... yes
[INFO] [stderr]   checking dlfcn.h usability... yes
[INFO] [stderr]   checking dlfcn.h presence... yes
[INFO] [stderr]   checking for dlfcn.h... yes
[INFO] [stderr]   checking for dlsym... yes
[INFO] [stderr]   checking whether pthread_atfork(3) is compilable... yes
[INFO] [stderr]   checking whether pthread_setname_np(3) is compilable... yes
[INFO] [stderr]   checking for library containing clock_gettime... none required
[INFO] [stderr]   checking whether clock_gettime(CLOCK_MONOTONIC_COARSE, ...) is compilable... yes
[INFO] [stderr]   checking whether clock_gettime(CLOCK_MONOTONIC, ...) is compilable... yes
[INFO] [stderr]   checking whether mach_absolute_time() is compilable... no
[INFO] [stderr]   checking whether compiler supports -Werror... yes
[INFO] [stderr]   checking whether syscall(2) is compilable... yes
[INFO] [stderr]   checking for secure_getenv... yes
[INFO] [stderr]   checking for sched_getcpu... yes
[INFO] [stderr]   checking for sched_setaffinity... yes
[INFO] [stderr]   checking for issetugid... no
[INFO] [stderr]   checking for _malloc_thread_cleanup... no
[INFO] [stderr]   checking for _pthread_mutex_init_calloc_cb... no
[INFO] [stderr]   checking for TLS... yes
[INFO] [stderr]   checking whether C11 atomics is compilable... yes
[INFO] [stderr]   checking whether GCC __atomic atomics is compilable... yes
[INFO] [stderr]   checking whether GCC __sync atomics is compilable... yes
[INFO] [stderr]   checking whether Darwin OSAtomic*() is compilable... no
[INFO] [stderr]   checking whether madvise(2) is compilable... yes
[INFO] [stderr]   checking whether madvise(..., MADV_FREE) is compilable... yes
[INFO] [stderr]   checking whether madvise(..., MADV_DONTNEED) is compilable... yes
[INFO] [stderr]   checking whether madvise(..., MADV_DO[NT]DUMP) is compilable... yes
[INFO] [stderr]   checking whether madvise(..., MADV_[NO]HUGEPAGE) is compilable... yes
[INFO] [stderr]   checking whether to force 32-bit __sync_{add,sub}_and_fetch()... no
[INFO] [stderr]   checking whether to force 64-bit __sync_{add,sub}_and_fetch()... no
[INFO] [stderr]   checking for __builtin_clz... yes
[INFO] [stderr]   checking whether Darwin os_unfair_lock_*() is compilable... no
[INFO] [stderr]   checking whether Darwin OSSpin*() is compilable... no
[INFO] [stderr]   checking whether glibc malloc hook is compilable... no
[INFO] [stderr]   checking whether glibc memalign hook is compilable... no
[INFO] [stderr]   checking whether pthreads adaptive mutexes is compilable... yes
[INFO] [stderr]   checking whether compiler supports -D_GNU_SOURCE... yes
[INFO] [stderr]   checking whether compiler supports -Werror... yes
[INFO] [stderr]   checking whether compiler supports -herror_on_warning... yes
[INFO] [stderr]   checking whether strerror_r returns char with gnu source is compilable... yes
[INFO] [stderr]   checking for stdbool.h that conforms to C99... yes
[INFO] [stderr]   checking for _Bool... yes
[INFO] [stderr]   configure: creating ./config.status
[INFO] [stderr]   config.status: creating Makefile
[INFO] [stderr]   config.status: creating jemalloc.pc
[INFO] [stderr]   config.status: creating doc/html.xsl
[INFO] [stderr]   config.status: creating doc/manpages.xsl
[INFO] [stderr]   config.status: creating doc/jemalloc.xml
[INFO] [stderr]   config.status: creating include/jemalloc/jemalloc_macros.h
[INFO] [stderr]   config.status: creating include/jemalloc/jemalloc_protos.h
[INFO] [stderr]   config.status: creating include/jemalloc/jemalloc_typedefs.h
[INFO] [stderr]   config.status: creating include/jemalloc/internal/jemalloc_preamble.h
[INFO] [stderr]   config.status: creating test/test.sh
[INFO] [stderr]   config.status: creating test/include/test/jemalloc_test.h
[INFO] [stderr]   config.status: creating config.stamp
[INFO] [stderr]   config.status: creating bin/jemalloc-config
[INFO] [stderr]   config.status: creating bin/jemalloc.sh
[INFO] [stderr]   config.status: creating bin/jeprof
[INFO] [stderr]   config.status: creating include/jemalloc/jemalloc_defs.h
[INFO] [stderr]   config.status: creating include/jemalloc/internal/jemalloc_internal_defs.h
[INFO] [stderr]   config.status: creating test/include/test/jemalloc_test_defs.h
[INFO] [stderr]   config.status: executing include/jemalloc/internal/public_symbols.txt commands
[INFO] [stderr]   config.status: executing include/jemalloc/internal/private_symbols.awk commands
[INFO] [stderr]   config.status: executing include/jemalloc/internal/private_symbols_jet.awk commands
[INFO] [stderr]   config.status: executing include/jemalloc/internal/public_namespace.h commands
[INFO] [stderr]   config.status: executing include/jemalloc/internal/public_unnamespace.h commands
[INFO] [stderr]   config.status: executing include/jemalloc/internal/size_classes.h commands
[INFO] [stderr]   config.status: executing include/jemalloc/jemalloc_protos_jet.h commands
[INFO] [stderr]   config.status: executing include/jemalloc/jemalloc_rename.h commands
[INFO] [stderr]   config.status: executing include/jemalloc/jemalloc_mangle.h commands
[INFO] [stderr]   config.status: executing include/jemalloc/jemalloc_mangle_jet.h commands
[INFO] [stderr]   config.status: executing include/jemalloc/jemalloc.h commands
[INFO] [stderr]   ===============================================================================
[INFO] [stderr]   jemalloc version   : 0.0.0-0-g0000000000000000000000000000000000000000
[INFO] [stderr]   library revision   : 2
[INFO] [stderr] 
[INFO] [stderr]   CONFIG             : --disable-cxx --with-jemalloc-prefix=_rjem_ --with-private-namespace=_rjem_ --host=x86_64-unknown-linux-gnu --build=x86_64-unknown-linux-gnu --prefix=/opt/rustwide/target/debug/build/jemalloc-sys-96874e9f25502242/out build_alias=x86_64-unknown-linux-gnu host_alias=x86_64-unknown-linux-gnu CC=cc 'CFLAGS=-O0 -ffunction-sections -fdata-sections -fPIC -g -fno-omit-frame-pointer -m64 -Wall' 'LDFLAGS=-O0 -ffunction-sections -fdata-sections -fPIC -g -fno-omit-frame-pointer -m64 -Wall' 'CPPFLAGS=-O0 -ffunction-sections -fdata-sections -fPIC -g -fno-omit-frame-pointer -m64 -Wall'
[INFO] [stderr]   CC                 : cc
[INFO] [stderr]   CONFIGURE_CFLAGS   : -std=gnu11 -Wall -Wsign-compare -Wundef -Wno-format-zero-length -pipe -g3 -fvisibility=hidden -O3 -funroll-loops
[INFO] [stderr]   SPECIFIED_CFLAGS   : -O0 -ffunction-sections -fdata-sections -fPIC -g -fno-omit-frame-pointer -m64 -Wall
[INFO] [stderr]   EXTRA_CFLAGS       : 
[INFO] [stderr]   CPPFLAGS           : -O0 -ffunction-sections -fdata-sections -fPIC -g -fno-omit-frame-pointer -m64 -Wall -D_GNU_SOURCE -D_REENTRANT
[INFO] [stderr]   CXX                : 
[INFO] [stderr]   CONFIGURE_CXXFLAGS : 
[INFO] [stderr]   SPECIFIED_CXXFLAGS : 
[INFO] [stderr]   EXTRA_CXXFLAGS     : 
[INFO] [stderr]   LDFLAGS            : -O0 -ffunction-sections -fdata-sections -fPIC -g -fno-omit-frame-pointer -m64 -Wall
[INFO] [stderr]   EXTRA_LDFLAGS      : 
[INFO] [stderr]   DSO_LDFLAGS        : -shared -Wl,-soname,$(@F)
[INFO] [stderr]   LIBS               : -lm  -lpthread
[INFO] [stderr]   RPATH_EXTRA        : 
[INFO] [stderr] 
[INFO] [stderr]   XSLTPROC           : false
[INFO] [stderr]   XSLROOT            : 
[INFO] [stderr] 
[INFO] [stderr]   PREFIX             : /opt/rustwide/target/debug/build/jemalloc-sys-96874e9f25502242/out
[INFO] [stderr]   BINDIR             : /opt/rustwide/target/debug/build/jemalloc-sys-96874e9f25502242/out/bin
[INFO] [stderr]   DATADIR            : /opt/rustwide/target/debug/build/jemalloc-sys-96874e9f25502242/out/share
[INFO] [stderr]   INCLUDEDIR         : /opt/rustwide/target/debug/build/jemalloc-sys-96874e9f25502242/out/include
[INFO] [stderr]   LIBDIR             : /opt/rustwide/target/debug/build/jemalloc-sys-96874e9f25502242/out/lib
[INFO] [stderr]   MANDIR             : /opt/rustwide/target/debug/build/jemalloc-sys-96874e9f25502242/out/share/man
[INFO] [stderr] 
[INFO] [stderr]   srcroot            : /opt/rustwide/target/debug/build/jemalloc-sys-96874e9f25502242/out/jemalloc/
[INFO] [stderr]   abs_srcroot        : /opt/rustwide/target/debug/build/jemalloc-sys-96874e9f25502242/out/jemalloc/
[INFO] [stderr]   objroot            : 
[INFO] [stderr]   abs_objroot        : /opt/rustwide/target/debug/build/jemalloc-sys-96874e9f25502242/out/build/
[INFO] [stderr] 
[INFO] [stderr]   JEMALLOC_PREFIX    : _rjem_
[INFO] [stderr]   JEMALLOC_PRIVATE_NAMESPACE
[INFO] [stderr]                      : _rjem_je_
[INFO] [stderr]   install_suffix     : 
[INFO] [stderr]   malloc_conf        : 
[INFO] [stderr]   autogen            : 0
[INFO] [stderr]   debug              : 0
[INFO] [stderr]   stats              : 1
[INFO] [stderr]   prof               : 0
[INFO] [stderr]   prof-libunwind     : 0
[INFO] [stderr]   prof-libgcc        : 0
[INFO] [stderr]   prof-gcc           : 0
[INFO] [stderr]   fill               : 1
[INFO] [stderr]   utrace             : 0
[INFO] [stderr]   xmalloc            : 0
[INFO] [stderr]   log                : 0
[INFO] [stderr]   lazy_lock          : 0
[INFO] [stderr]   cache-oblivious    : 1
[INFO] [stderr]   cxx                : 0
[INFO] [stderr]   ===============================================================================
[INFO] [stderr]   running: cd "/opt/rustwide/target/debug/build/jemalloc-sys-96874e9f25502242/out/build" && "make" "srcroot=../jemalloc/" "-j" "8"
[INFO] [stderr]   cc -std=gnu11 -Wall -Wsign-compare -Wundef -Wno-format-zero-length -pipe -g3 -fvisibility=hidden -O3 -funroll-loops -O0 -ffunction-sections -fdata-sections -fPIC -g -fno-omit-frame-pointer -m64 -Wall -fPIC -DPIC -c -O0 -ffunction-sections -fdata-sections -fPIC -g -fno-omit-frame-pointer -m64 -Wall -D_GNU_SOURCE -D_REENTRANT -Iinclude -I../jemalloc/include -DJEMALLOC_NO_PRIVATE_NAMESPACE -o src/jemalloc.sym.o ../jemalloc/src/jemalloc.c
[INFO] [stderr]   cc -std=gnu11 -Wall -Wsign-compare -Wundef -Wno-format-zero-length -pipe -g3 -fvisibility=hidden -O3 -funroll-loops -O0 -ffunction-sections -fdata-sections -fPIC -g -fno-omit-frame-pointer -m64 -Wall -fPIC -DPIC -c -O0 -ffunction-sections -fdata-sections -fPIC -g -fno-omit-frame-pointer -m64 -Wall -D_GNU_SOURCE -D_REENTRANT -Iinclude -I../jemalloc/include -DJEMALLOC_NO_PRIVATE_NAMESPACE -o src/arena.sym.o ../jemalloc/src/arena.c
[INFO] [stderr]   cc -std=gnu11 -Wall -Wsign-compare -Wundef -Wno-format-zero-length -pipe -g3 -fvisibility=hidden -O3 -funroll-loops -O0 -ffunction-sections -fdata-sections -fPIC -g -fno-omit-frame-pointer -m64 -Wall -fPIC -DPIC -c -O0 -ffunction-sections -fdata-sections -fPIC -g -fno-omit-frame-pointer -m64 -Wall -D_GNU_SOURCE -D_REENTRANT -Iinclude -I../jemalloc/include -DJEMALLOC_NO_PRIVATE_NAMESPACE -o src/background_thread.sym.o ../jemalloc/src/background_thread.c
[INFO] [stderr]   cc -std=gnu11 -Wall -Wsign-compare -Wundef -Wno-format-zero-length -pipe -g3 -fvisibility=hidden -O3 -funroll-loops -O0 -ffunction-sections -fdata-sections -fPIC -g -fno-omit-frame-pointer -m64 -Wall -fPIC -DPIC -c -O0 -ffunction-sections -fdata-sections -fPIC -g -fno-omit-frame-pointer -m64 -Wall -D_GNU_SOURCE -D_REENTRANT -Iinclude -I../jemalloc/include -DJEMALLOC_NO_PRIVATE_NAMESPACE -o src/base.sym.o ../jemalloc/src/base.c
[INFO] [stderr]   cc -std=gnu11 -Wall -Wsign-compare -Wundef -Wno-format-zero-length -pipe -g3 -fvisibility=hidden -O3 -funroll-loops -O0 -ffunction-sections -fdata-sections -fPIC -g -fno-omit-frame-pointer -m64 -Wall -fPIC -DPIC -c -O0 -ffunction-sections -fdata-sections -fPIC -g -fno-omit-frame-pointer -m64 -Wall -D_GNU_SOURCE -D_REENTRANT -Iinclude -I../jemalloc/include -DJEMALLOC_NO_PRIVATE_NAMESPACE -o src/bin.sym.o ../jemalloc/src/bin.c
[INFO] [stderr]   cc -std=gnu11 -Wall -Wsign-compare -Wundef -Wno-format-zero-length -pipe -g3 -fvisibility=hidden -O3 -funroll-loops -O0 -ffunction-sections -fdata-sections -fPIC -g -fno-omit-frame-pointer -m64 -Wall -fPIC -DPIC -c -O0 -ffunction-sections -fdata-sections -fPIC -g -fno-omit-frame-pointer -m64 -Wall -D_GNU_SOURCE -D_REENTRANT -Iinclude -I../jemalloc/include -DJEMALLOC_NO_PRIVATE_NAMESPACE -o src/bitmap.sym.o ../jemalloc/src/bitmap.c
[INFO] [stderr]   cc -std=gnu11 -Wall -Wsign-compare -Wundef -Wno-format-zero-length -pipe -g3 -fvisibility=hidden -O3 -funroll-loops -O0 -ffunction-sections -fdata-sections -fPIC -g -fno-omit-frame-pointer -m64 -Wall -fPIC -DPIC -c -O0 -ffunction-sections -fdata-sections -fPIC -g -fno-omit-frame-pointer -m64 -Wall -D_GNU_SOURCE -D_REENTRANT -Iinclude -I../jemalloc/include -DJEMALLOC_NO_PRIVATE_NAMESPACE -o src/ckh.sym.o ../jemalloc/src/ckh.c
[INFO] [stderr]   cc -std=gnu11 -Wall -Wsign-compare -Wundef -Wno-format-zero-length -pipe -g3 -fvisibility=hidden -O3 -funroll-loops -O0 -ffunction-sections -fdata-sections -fPIC -g -fno-omit-frame-pointer -m64 -Wall -fPIC -DPIC -c -O0 -ffunction-sections -fdata-sections -fPIC -g -fno-omit-frame-pointer -m64 -Wall -D_GNU_SOURCE -D_REENTRANT -Iinclude -I../jemalloc/include -DJEMALLOC_NO_PRIVATE_NAMESPACE -o src/ctl.sym.o ../jemalloc/src/ctl.c
[INFO] [stderr]   cc -std=gnu11 -Wall -Wsign-compare -Wundef -Wno-format-zero-length -pipe -g3 -fvisibility=hidden -O3 -funroll-loops -O0 -ffunction-sections -fdata-sections -fPIC -g -fno-omit-frame-pointer -m64 -Wall -fPIC -DPIC -c -O0 -ffunction-sections -fdata-sections -fPIC -g -fno-omit-frame-pointer -m64 -Wall -D_GNU_SOURCE -D_REENTRANT -Iinclude -I../jemalloc/include -DJEMALLOC_NO_PRIVATE_NAMESPACE -o src/div.sym.o ../jemalloc/src/div.c
[INFO] [stderr]   cc -std=gnu11 -Wall -Wsign-compare -Wundef -Wno-format-zero-length -pipe -g3 -fvisibility=hidden -O3 -funroll-loops -O0 -ffunction-sections -fdata-sections -fPIC -g -fno-omit-frame-pointer -m64 -Wall -fPIC -DPIC -c -O0 -ffunction-sections -fdata-sections -fPIC -g -fno-omit-frame-pointer -m64 -Wall -D_GNU_SOURCE -D_REENTRANT -Iinclude -I../jemalloc/include -DJEMALLOC_NO_PRIVATE_NAMESPACE -o src/extent.sym.o ../jemalloc/src/extent.c
[INFO] [stderr]   cc -std=gnu11 -Wall -Wsign-compare -Wundef -Wno-format-zero-length -pipe -g3 -fvisibility=hidden -O3 -funroll-loops -O0 -ffunction-sections -fdata-sections -fPIC -g -fno-omit-frame-pointer -m64 -Wall -fPIC -DPIC -c -O0 -ffunction-sections -fdata-sections -fPIC -g -fno-omit-frame-pointer -m64 -Wall -D_GNU_SOURCE -D_REENTRANT -Iinclude -I../jemalloc/include -DJEMALLOC_NO_PRIVATE_NAMESPACE -o src/extent_dss.sym.o ../jemalloc/src/extent_dss.c
[INFO] [stderr]   cc -std=gnu11 -Wall -Wsign-compare -Wundef -Wno-format-zero-length -pipe -g3 -fvisibility=hidden -O3 -funroll-loops -O0 -ffunction-sections -fdata-sections -fPIC -g -fno-omit-frame-pointer -m64 -Wall -fPIC -DPIC -c -O0 -ffunction-sections -fdata-sections -fPIC -g -fno-omit-frame-pointer -m64 -Wall -D_GNU_SOURCE -D_REENTRANT -Iinclude -I../jemalloc/include -DJEMALLOC_NO_PRIVATE_NAMESPACE -o src/extent_mmap.sym.o ../jemalloc/src/extent_mmap.c
[INFO] [stderr]   cc -std=gnu11 -Wall -Wsign-compare -Wundef -Wno-format-zero-length -pipe -g3 -fvisibility=hidden -O3 -funroll-loops -O0 -ffunction-sections -fdata-sections -fPIC -g -fno-omit-frame-pointer -m64 -Wall -fPIC -DPIC -c -O0 -ffunction-sections -fdata-sections -fPIC -g -fno-omit-frame-pointer -m64 -Wall -D_GNU_SOURCE -D_REENTRANT -Iinclude -I../jemalloc/include -DJEMALLOC_NO_PRIVATE_NAMESPACE -o src/hash.sym.o ../jemalloc/src/hash.c
[INFO] [stderr]   cc -std=gnu11 -Wall -Wsign-compare -Wundef -Wno-format-zero-length -pipe -g3 -fvisibility=hidden -O3 -funroll-loops -O0 -ffunction-sections -fdata-sections -fPIC -g -fno-omit-frame-pointer -m64 -Wall -fPIC -DPIC -c -O0 -ffunction-sections -fdata-sections -fPIC -g -fno-omit-frame-pointer -m64 -Wall -D_GNU_SOURCE -D_REENTRANT -Iinclude -I../jemalloc/include -DJEMALLOC_NO_PRIVATE_NAMESPACE -o src/hooks.sym.o ../jemalloc/src/hooks.c
[INFO] [stderr]   cc -std=gnu11 -Wall -Wsign-compare -Wundef -Wno-format-zero-length -pipe -g3 -fvisibility=hidden -O3 -funroll-loops -O0 -ffunction-sections -fdata-sections -fPIC -g -fno-omit-frame-pointer -m64 -Wall -fPIC -DPIC -c -O0 -ffunction-sections -fdata-sections -fPIC -g -fno-omit-frame-pointer -m64 -Wall -D_GNU_SOURCE -D_REENTRANT -Iinclude -I../jemalloc/include -DJEMALLOC_NO_PRIVATE_NAMESPACE -o src/large.sym.o ../jemalloc/src/large.c
[INFO] [stderr]   cc -std=gnu11 -Wall -Wsign-compare -Wundef -Wno-format-zero-length -pipe -g3 -fvisibility=hidden -O3 -funroll-loops -O0 -ffunction-sections -fdata-sections -fPIC -g -fno-omit-frame-pointer -m64 -Wall -fPIC -DPIC -c -O0 -ffunction-sections -fdata-sections -fPIC -g -fno-omit-frame-pointer -m64 -Wall -D_GNU_SOURCE -D_REENTRANT -Iinclude -I../jemalloc/include -DJEMALLOC_NO_PRIVATE_NAMESPACE -o src/log.sym.o ../jemalloc/src/log.c
[INFO] [stderr]   cc -std=gnu11 -Wall -Wsign-compare -Wundef -Wno-format-zero-length -pipe -g3 -fvisibility=hidden -O3 -funroll-loops -O0 -ffunction-sections -fdata-sections -fPIC -g -fno-omit-frame-pointer -m64 -Wall -fPIC -DPIC -c -O0 -ffunction-sections -fdata-sections -fPIC -g -fno-omit-frame-pointer -m64 -Wall -D_GNU_SOURCE -D_REENTRANT -Iinclude -I../jemalloc/include -DJEMALLOC_NO_PRIVATE_NAMESPACE -o src/malloc_io.sym.o ../jemalloc/src/malloc_io.c
[INFO] [stderr]   cc -std=gnu11 -Wall -Wsign-compare -Wundef -Wno-format-zero-length -pipe -g3 -fvisibility=hidden -O3 -funroll-loops -O0 -ffunction-sections -fdata-sections -fPIC -g -fno-omit-frame-pointer -m64 -Wall -fPIC -DPIC -c -O0 -ffunction-sections -fdata-sections -fPIC -g -fno-omit-frame-pointer -m64 -Wall -D_GNU_SOURCE -D_REENTRANT -Iinclude -I../jemalloc/include -DJEMALLOC_NO_PRIVATE_NAMESPACE -o src/mutex.sym.o ../jemalloc/src/mutex.c
[INFO] [stderr]   cc -std=gnu11 -Wall -Wsign-compare -Wundef -Wno-format-zero-length -pipe -g3 -fvisibility=hidden -O3 -funroll-loops -O0 -ffunction-sections -fdata-sections -fPIC -g -fno-omit-frame-pointer -m64 -Wall -fPIC -DPIC -c -O0 -ffunction-sections -fdata-sections -fPIC -g -fno-omit-frame-pointer -m64 -Wall -D_GNU_SOURCE -D_REENTRANT -Iinclude -I../jemalloc/include -DJEMALLOC_NO_PRIVATE_NAMESPACE -o src/mutex_pool.sym.o ../jemalloc/src/mutex_pool.c
[INFO] [stderr]   cc -std=gnu11 -Wall -Wsign-compare -Wundef -Wno-format-zero-length -pipe -g3 -fvisibility=hidden -O3 -funroll-loops -O0 -ffunction-sections -fdata-sections -fPIC -g -fno-omit-frame-pointer -m64 -Wall -fPIC -DPIC -c -O0 -ffunction-sections -fdata-sections -fPIC -g -fno-omit-frame-pointer -m64 -Wall -D_GNU_SOURCE -D_REENTRANT -Iinclude -I../jemalloc/include -DJEMALLOC_NO_PRIVATE_NAMESPACE -o src/nstime.sym.o ../jemalloc/src/nstime.c
[INFO] [stderr]   cc -std=gnu11 -Wall -Wsign-compare -Wundef -Wno-format-zero-length -pipe -g3 -fvisibility=hidden -O3 -funroll-loops -O0 -ffunction-sections -fdata-sections -fPIC -g -fno-omit-frame-pointer -m64 -Wall -fPIC -DPIC -c -O0 -ffunction-sections -fdata-sections -fPIC -g -fno-omit-frame-pointer -m64 -Wall -D_GNU_SOURCE -D_REENTRANT -Iinclude -I../jemalloc/include -DJEMALLOC_NO_PRIVATE_NAMESPACE -o src/pages.sym.o ../jemalloc/src/pages.c
[INFO] [stderr]   cc -std=gnu11 -Wall -Wsign-compare -Wundef -Wno-format-zero-length -pipe -g3 -fvisibility=hidden -O3 -funroll-loops -O0 -ffunction-sections -fdata-sections -fPIC -g -fno-omit-frame-pointer -m64 -Wall -fPIC -DPIC -c -O0 -ffunction-sections -fdata-sections -fPIC -g -fno-omit-frame-pointer -m64 -Wall -D_GNU_SOURCE -D_REENTRANT -Iinclude -I../jemalloc/include -DJEMALLOC_NO_PRIVATE_NAMESPACE -o src/prng.sym.o ../jemalloc/src/prng.c
[INFO] [stderr]   cc -std=gnu11 -Wall -Wsign-compare -Wundef -Wno-format-zero-length -pipe -g3 -fvisibility=hidden -O3 -funroll-loops -O0 -ffunction-sections -fdata-sections -fPIC -g -fno-omit-frame-pointer -m64 -Wall -fPIC -DPIC -c -O0 -ffunction-sections -fdata-sections -fPIC -g -fno-omit-frame-pointer -m64 -Wall -D_GNU_SOURCE -D_REENTRANT -Iinclude -I../jemalloc/include -DJEMALLOC_NO_PRIVATE_NAMESPACE -o src/prof.sym.o ../jemalloc/src/prof.c
[INFO] [stderr]   cc -std=gnu11 -Wall -Wsign-compare -Wundef -Wno-format-zero-length -pipe -g3 -fvisibility=hidden -O3 -funroll-loops -O0 -ffunction-sections -fdata-sections -fPIC -g -fno-omit-frame-pointer -m64 -Wall -fPIC -DPIC -c -O0 -ffunction-sections -fdata-sections -fPIC -g -fno-omit-frame-pointer -m64 -Wall -D_GNU_SOURCE -D_REENTRANT -Iinclude -I../jemalloc/include -DJEMALLOC_NO_PRIVATE_NAMESPACE -o src/rtree.sym.o ../jemalloc/src/rtree.c
[INFO] [stderr]   cc -std=gnu11 -Wall -Wsign-compare -Wundef -Wno-format-zero-length -pipe -g3 -fvisibility=hidden -O3 -funroll-loops -O0 -ffunction-sections -fdata-sections -fPIC -g -fno-omit-frame-pointer -m64 -Wall -fPIC -DPIC -c -O0 -ffunction-sections -fdata-sections -fPIC -g -fno-omit-frame-pointer -m64 -Wall -D_GNU_SOURCE -D_REENTRANT -Iinclude -I../jemalloc/include -DJEMALLOC_NO_PRIVATE_NAMESPACE -o src/stats.sym.o ../jemalloc/src/stats.c
[INFO] [stderr]   cc -std=gnu11 -Wall -Wsign-compare -Wundef -Wno-format-zero-length -pipe -g3 -fvisibility=hidden -O3 -funroll-loops -O0 -ffunction-sections -fdata-sections -fPIC -g -fno-omit-frame-pointer -m64 -Wall -fPIC -DPIC -c -O0 -ffunction-sections -fdata-sections -fPIC -g -fno-omit-frame-pointer -m64 -Wall -D_GNU_SOURCE -D_REENTRANT -Iinclude -I../jemalloc/include -DJEMALLOC_NO_PRIVATE_NAMESPACE -o src/sz.sym.o ../jemalloc/src/sz.c
[INFO] [stderr]   cc -std=gnu11 -Wall -Wsign-compare -Wundef -Wno-format-zero-length -pipe -g3 -fvisibility=hidden -O3 -funroll-loops -O0 -ffunction-sections -fdata-sections -fPIC -g -fno-omit-frame-pointer -m64 -Wall -fPIC -DPIC -c -O0 -ffunction-sections -fdata-sections -fPIC -g -fno-omit-frame-pointer -m64 -Wall -D_GNU_SOURCE -D_REENTRANT -Iinclude -I../jemalloc/include -DJEMALLOC_NO_PRIVATE_NAMESPACE -o src/tcache.sym.o ../jemalloc/src/tcache.c
[INFO] [stderr]   cc -std=gnu11 -Wall -Wsign-compare -Wundef -Wno-format-zero-length -pipe -g3 -fvisibility=hidden -O3 -funroll-loops -O0 -ffunction-sections -fdata-sections -fPIC -g -fno-omit-frame-pointer -m64 -Wall -fPIC -DPIC -c -O0 -ffunction-sections -fdata-sections -fPIC -g -fno-omit-frame-pointer -m64 -Wall -D_GNU_SOURCE -D_REENTRANT -Iinclude -I../jemalloc/include -DJEMALLOC_NO_PRIVATE_NAMESPACE -o src/ticker.sym.o ../jemalloc/src/ticker.c
[INFO] [stderr]   cc -std=gnu11 -Wall -Wsign-compare -Wundef -Wno-format-zero-length -pipe -g3 -fvisibility=hidden -O3 -funroll-loops -O0 -ffunction-sections -fdata-sections -fPIC -g -fno-omit-frame-pointer -m64 -Wall -fPIC -DPIC -c -O0 -ffunction-sections -fdata-sections -fPIC -g -fno-omit-frame-pointer -m64 -Wall -D_GNU_SOURCE -D_REENTRANT -Iinclude -I../jemalloc/include -DJEMALLOC_NO_PRIVATE_NAMESPACE -o src/tsd.sym.o ../jemalloc/src/tsd.c
[INFO] [stderr]   cc -std=gnu11 -Wall -Wsign-compare -Wundef -Wno-format-zero-length -pipe -g3 -fvisibility=hidden -O3 -funroll-loops -O0 -ffunction-sections -fdata-sections -fPIC -g -fno-omit-frame-pointer -m64 -Wall -fPIC -DPIC -c -O0 -ffunction-sections -fdata-sections -fPIC -g -fno-omit-frame-pointer -m64 -Wall -D_GNU_SOURCE -D_REENTRANT -Iinclude -I../jemalloc/include -DJEMALLOC_NO_PRIVATE_NAMESPACE -o src/witness.sym.o ../jemalloc/src/witness.c
[INFO] [stderr]   nm -a src/arena.sym.o | mawk -f include/jemalloc/internal/private_symbols.awk > src/arena.sym
[INFO] [stderr]   nm -a src/background_thread.sym.o | mawk -f include/jemalloc/internal/private_symbols.awk > src/background_thread.sym
[INFO] [stderr]   nm -a src/base.sym.o | mawk -f include/jemalloc/internal/private_symbols.awk > src/base.sym
[INFO] [stderr]   nm -a src/bin.sym.o | mawk -f include/jemalloc/internal/private_symbols.awk > src/bin.sym
[INFO] [stderr]   nm -a src/bitmap.sym.o | mawk -f include/jemalloc/internal/private_symbols.awk > src/bitmap.sym
[INFO] [stderr]   nm -a src/ckh.sym.o | mawk -f include/jemalloc/internal/private_symbols.awk > src/ckh.sym
[INFO] [stderr]   nm -a src/ctl.sym.o | mawk -f include/jemalloc/internal/private_symbols.awk > src/ctl.sym
[INFO] [stderr]   nm -a src/div.sym.o | mawk -f include/jemalloc/internal/private_symbols.awk > src/div.sym
[INFO] [stderr]   nm -a src/extent.sym.o | mawk -f include/jemalloc/internal/private_symbols.awk > src/extent.sym
[INFO] [stderr]   nm -a src/extent_dss.sym.o | mawk -f include/jemalloc/internal/private_symbols.awk > src/extent_dss.sym
[INFO] [stderr]   nm -a src/extent_mmap.sym.o | mawk -f include/jemalloc/internal/private_symbols.awk > src/extent_mmap.sym
[INFO] [stderr]   nm -a src/hash.sym.o | mawk -f include/jemalloc/internal/private_symbols.awk > src/hash.sym
[INFO] [stderr]   nm -a src/hooks.sym.o | mawk -f include/jemalloc/internal/private_symbols.awk > src/hooks.sym
[INFO] [stderr]   nm -a src/large.sym.o | mawk -f include/jemalloc/internal/private_symbols.awk > src/large.sym
[INFO] [stderr]   nm -a src/log.sym.o | mawk -f include/jemalloc/internal/private_symbols.awk > src/log.sym
[INFO] [stderr]   nm -a src/malloc_io.sym.o | mawk -f include/jemalloc/internal/private_symbols.awk > src/malloc_io.sym
[INFO] [stderr]   nm -a src/mutex.sym.o | mawk -f include/jemalloc/internal/private_symbols.awk > src/mutex.sym
[INFO] [stderr]   nm -a src/mutex_pool.sym.o | mawk -f include/jemalloc/internal/private_symbols.awk > src/mutex_pool.sym
[INFO] [stderr]   nm -a src/nstime.sym.o | mawk -f include/jemalloc/internal/private_symbols.awk > src/nstime.sym
[INFO] [stderr]   nm -a src/pages.sym.o | mawk -f include/jemalloc/internal/private_symbols.awk > src/pages.sym
[INFO] [stderr]   nm -a src/prng.sym.o | mawk -f include/jemalloc/internal/private_symbols.awk > src/prng.sym
[INFO] [stderr]   nm -a src/rtree.sym.o | mawk -f include/jemalloc/internal/private_symbols.awk > src/rtree.sym
[INFO] [stderr]   nm -a src/stats.sym.o | mawk -f include/jemalloc/internal/private_symbols.awk > src/stats.sym
[INFO] [stderr]   nm -a src/sz.sym.o | mawk -f include/jemalloc/internal/private_symbols.awk > src/sz.sym
[INFO] [stderr]   nm -a src/ticker.sym.o | mawk -f include/jemalloc/internal/private_symbols.awk > src/ticker.sym
[INFO] [stderr]   nm -a src/tsd.sym.o | mawk -f include/jemalloc/internal/private_symbols.awk > src/tsd.sym
[INFO] [stderr]   nm -a src/witness.sym.o | mawk -f include/jemalloc/internal/private_symbols.awk > src/witness.sym
[INFO] [stderr]   nm -a src/tcache.sym.o | mawk -f include/jemalloc/internal/private_symbols.awk > src/tcache.sym
[INFO] [stderr]   nm -a src/prof.sym.o | mawk -f include/jemalloc/internal/private_symbols.awk > src/prof.sym
[INFO] [stderr] 
[INFO] [stderr]   --- stderr
[INFO] [stderr]   ../jemalloc/src/malloc_io.c: In function 'malloc_vsnprintf':
[INFO] [stderr]   ../jemalloc/src/malloc_io.c:369:9: warning: case label value exceeds maximum value for type [-Wswitch-outside-range]
[INFO] [stderr]     369 |         case '?' | 0x80:                                                \
[INFO] [stderr]         |         ^~~~
[INFO] [stderr]   ../jemalloc/src/malloc_io.c:581:33: note: in expansion of macro 'GET_ARG_NUMERIC'
[INFO] [stderr]     581 |                                 GET_ARG_NUMERIC(val, 'p');
[INFO] [stderr]         |                                 ^~~~~~~~~~~~~~~
[INFO] [stderr]   ../jemalloc/src/malloc_io.c:387:9: warning: case label value exceeds maximum value for type [-Wswitch-outside-range]
[INFO] [stderr]     387 |         case 'j' | 0x80:                                                \
[INFO] [stderr]         |         ^~~~
[INFO] [stderr]   ../jemalloc/src/malloc_io.c:581:33: note: in expansion of macro 'GET_ARG_NUMERIC'
[INFO] [stderr]     581 |                                 GET_ARG_NUMERIC(val, 'p');
[INFO] [stderr]         |                                 ^~~~~~~~~~~~~~~
[INFO] [stderr]   ../jemalloc/src/malloc_io.c:375:9: warning: case label value exceeds maximum value for type [-Wswitch-outside-range]
[INFO] [stderr]     375 |         case 'l' | 0x80:                                                \
[INFO] [stderr]         |         ^~~~
[INFO] [stderr]   ../jemalloc/src/malloc_io.c:581:33: note: in expansion of macro 'GET_ARG_NUMERIC'
[INFO] [stderr]     581 |                                 GET_ARG_NUMERIC(val, 'p');
[INFO] [stderr]         |                                 ^~~~~~~~~~~~~~~
[INFO] [stderr]   ../jemalloc/src/malloc_io.c:381:9: warning: case label value exceeds maximum value for type [-Wswitch-outside-range]
[INFO] [stderr]     381 |         case 'q' | 0x80:                                                \
[INFO] [stderr]         |         ^~~~
[INFO] [stderr]   ../jemalloc/src/malloc_io.c:581:33: note: in expansion of macro 'GET_ARG_NUMERIC'
[INFO] [stderr]     581 |                                 GET_ARG_NUMERIC(val, 'p');
[INFO] [stderr]         |                                 ^~~~~~~~~~~~~~~
[INFO] [stderr]   ../jemalloc/src/malloc_io.c:396:9: warning: case label value exceeds maximum value for type [-Wswitch-outside-range]
[INFO] [stderr]     396 |         case 'z' | 0x80:                                                \
[INFO] [stderr]         |         ^~~~
[INFO] [stderr]   ../jemalloc/src/malloc_io.c:581:33: note: in expansion of macro 'GET_ARG_NUMERIC'
[INFO] [stderr]     581 |                                 GET_ARG_NUMERIC(val, 'p');
[INFO] [stderr]         |                                 ^~~~~~~~~~~~~~~
[INFO] [stderr]   {standard input}: Assembler messages:
[INFO] [stderr]   {standard input}:120541: Warning: end of file not at end of a line; newline inserted
[INFO] [stderr]   {standard input}:122238: Error: number of operands mismatch for `lea'
[INFO] [stderr]   {standard input}: Error: open CFI at the end of file; missing .cfi_endproc directive
[INFO] [stderr]   cc: fatal error: Killed signal terminated program cc1
[INFO] [stderr]   compilation terminated.
[INFO] [stderr]   make: *** [Makefile:349: src/jemalloc.sym.o] Error 1
[INFO] [stderr]   thread 'main' panicked at 'command did not execute successfully: cd "/opt/rustwide/target/debug/build/jemalloc-sys-96874e9f25502242/out/build" && "make" "srcroot=../jemalloc/" "-j" "8"
[INFO] [stderr]   expected success, got: exit status: 2', /opt/rustwide/cargo-home/registry/src/github.com-1ecc6299db9ec823/jemalloc-sys-0.3.2/build.rs:392:9
[INFO] [stderr]   stack backtrace:
[INFO] [stderr]      0:     0x5580034bc95a - std::backtrace_rs::backtrace::libunwind::trace::ha9053a9a07ca49cb
[INFO] [stderr]                                  at /rustc/84c898d65adf2f39a5a98507f1fe0ce10a2b8dbc/library/std/src/../../backtrace/src/backtrace/libunwind.rs:93:5
[INFO] [stderr]      1:     0x5580034bc95a - std::backtrace_rs::backtrace::trace_unsynchronized::h9c2852a457ad564e
[INFO] [stderr]                                  at /rustc/84c898d65adf2f39a5a98507f1fe0ce10a2b8dbc/library/std/src/../../backtrace/src/backtrace/mod.rs:66:5
[INFO] [stderr]      2:     0x5580034bc95a - std::sys_common::backtrace::_print_fmt::h457936fbfaa0070f
[INFO] [stderr]                                  at /rustc/84c898d65adf2f39a5a98507f1fe0ce10a2b8dbc/library/std/src/sys_common/backtrace.rs:65:5
[INFO] [stderr]      3:     0x5580034bc95a - <std::sys_common::backtrace::_print::DisplayBacktrace as core::fmt::Display>::fmt::h5779d7bf7f70cb0c
[INFO] [stderr]                                  at /rustc/84c898d65adf2f39a5a98507f1fe0ce10a2b8dbc/library/std/src/sys_common/backtrace.rs:44:22
[INFO] [stderr]      4:     0x5580034dc8be - core::fmt::write::h5a4baaff1bcd3eb5
[INFO] [stderr]                                  at /rustc/84c898d65adf2f39a5a98507f1fe0ce10a2b8dbc/library/core/src/fmt/mod.rs:1232:17
[INFO] [stderr]      5:     0x5580034b9d35 - std::io::Write::write_fmt::h4bc1f301cb9e9cce
[INFO] [stderr]                                  at /rustc/84c898d65adf2f39a5a98507f1fe0ce10a2b8dbc/library/std/src/io/mod.rs:1684:15
[INFO] [stderr]      6:     0x5580034bc725 - std::sys_common::backtrace::_print::h5fcdc36060f177e8
[INFO] [stderr]                                  at /rustc/84c898d65adf2f39a5a98507f1fe0ce10a2b8dbc/library/std/src/sys_common/backtrace.rs:47:5
[INFO] [stderr]      7:     0x5580034bc725 - std::sys_common::backtrace::print::h54ca9458b876c8bf
[INFO] [stderr]                                  at /rustc/84c898d65adf2f39a5a98507f1fe0ce10a2b8dbc/library/std/src/sys_common/backtrace.rs:34:9
[INFO] [stderr]      8:     0x5580034bdf9f - std::panicking::default_hook::{{closure}}::hbe471161c7664ed6
[INFO] [stderr]                                  at /rustc/84c898d65adf2f39a5a98507f1fe0ce10a2b8dbc/library/std/src/panicking.rs:271:22
[INFO] [stderr]      9:     0x5580034bdcdb - std::panicking::default_hook::ha3500da57aa4ac4f
[INFO] [stderr]                                  at /rustc/84c898d65adf2f39a5a98507f1fe0ce10a2b8dbc/library/std/src/panicking.rs:290:9
[INFO] [stderr]     10:     0x5580034be548 - std::panicking::rust_panic_with_hook::h50c09d000dc561d2
[INFO] [stderr]                                  at /rustc/84c898d65adf2f39a5a98507f1fe0ce10a2b8dbc/library/std/src/panicking.rs:692:13
[INFO] [stderr]     11:     0x5580034be449 - std::panicking::begin_panic_handler::{{closure}}::h9e2b2176e00e0d9c
[INFO] [stderr]                                  at /rustc/84c898d65adf2f39a5a98507f1fe0ce10a2b8dbc/library/std/src/panicking.rs:583:13
[INFO] [stderr]     12:     0x5580034bcdc6 - std::sys_common::backtrace::__rust_end_short_backtrace::h5739b8e512c09d02
[INFO] [stderr]                                  at /rustc/84c898d65adf2f39a5a98507f1fe0ce10a2b8dbc/library/std/src/sys_common/backtrace.rs:150:18
[INFO] [stderr]     13:     0x5580034be152 - rust_begin_unwind
[INFO] [stderr]                                  at /rustc/84c898d65adf2f39a5a98507f1fe0ce10a2b8dbc/library/std/src/panicking.rs:579:5
[INFO] [stderr]     14:     0x5580034507e3 - core::panicking::panic_fmt::hf33a1475b4dc5c3e
[INFO] [stderr]                                  at /rustc/84c898d65adf2f39a5a98507f1fe0ce10a2b8dbc/library/core/src/panicking.rs:64:14
[INFO] [stderr]     15:     0x558003455eb6 - build_script_build::run::h1ada05d2d442d9a0
[INFO] [stderr]     16:     0x5580034549d7 - build_script_build::main::hdd8b780cea49cbf4
[INFO] [stderr]     17:     0x55800345fa13 - core::ops::function::FnOnce::call_once::hb706f6564b737ad3
[INFO] [stderr]     18:     0x55800345f799 - std::sys_common::backtrace::__rust_begin_short_backtrace::hf19f2c59cee64782
[INFO] [stderr]     19:     0x55800345f7e9 - std::rt::lang_start::{{closure}}::h5e52b0509d1e907b
[INFO] [stderr]     20:     0x5580034b618c - core::ops::function::impls::<impl core::ops::function::FnOnce<A> for &F>::call_once::hd6efcd3bec896f2c
[INFO] [stderr]                                  at /rustc/84c898d65adf2f39a5a98507f1fe0ce10a2b8dbc/library/core/src/ops/function.rs:287:13
[INFO] [stderr]     21:     0x5580034b618c - std::panicking::try::do_call::hce04e543bb1f4cbb
[INFO] [stderr]                                  at /rustc/84c898d65adf2f39a5a98507f1fe0ce10a2b8dbc/library/std/src/panicking.rs:487:40
[INFO] [stderr]     22:     0x5580034b618c - std::panicking::try::h3342dd4e1f680968
[INFO] [stderr]                                  at /rustc/84c898d65adf2f39a5a98507f1fe0ce10a2b8dbc/library/std/src/panicking.rs:451:19
[INFO] [stderr]     23:     0x5580034b618c - std::panic::catch_unwind::h148ce1e59ac0cee7
[INFO] [stderr]                                  at /rustc/84c898d65adf2f39a5a98507f1fe0ce10a2b8dbc/library/std/src/panic.rs:140:14
[INFO] [stderr]     24:     0x5580034b618c - std::rt::lang_start_internal::{{closure}}::h25f9dda2057a67fe
[INFO] [stderr]                                  at /rustc/84c898d65adf2f39a5a98507f1fe0ce10a2b8dbc/library/std/src/rt.rs:148:48
[INFO] [stderr]     25:     0x5580034b618c - std::panicking::try::do_call::h7caaaeaf9401650b
[INFO] [stderr]                                  at /rustc/84c898d65adf2f39a5a98507f1fe0ce10a2b8dbc/library/std/src/panicking.rs:487:40
[INFO] [stderr]     26:     0x5580034b618c - std::panicking::try::he7d15285746cbbc2
[INFO] [stderr]                                  at /rustc/84c898d65adf2f39a5a98507f1fe0ce10a2b8dbc/library/std/src/panicking.rs:451:19
[INFO] [stderr]     27:     0x5580034b618c - std::panic::catch_unwind::h89fb4f50c0301fe0
[INFO] [stderr]                                  at /rustc/84c898d65adf2f39a5a98507f1fe0ce10a2b8dbc/library/std/src/panic.rs:140:14
[INFO] [stderr]     28:     0x5580034b618c - std::rt::lang_start_internal::h078acd489417d3c1
[INFO] [stderr]                                  at /rustc/84c898d65adf2f39a5a98507f1fe0ce10a2b8dbc/library/std/src/rt.rs:148:20
[INFO] [stderr]     29:     0x55800345f7c7 - std::rt::lang_start::hac5f5f05ab17e58a
[INFO] [stderr]     30:     0x5580034562f5 - main
[INFO] [stderr]     31:     0x7f1e42627d90 - <unknown>
[INFO] [stderr]     32:     0x7f1e42627e40 - __libc_start_main
[INFO] [stderr]     33:     0x558003450d15 - _start
[INFO] [stderr]     34:                0x0 - <unknown>
[INFO] [stderr] warning: build failed, waiting for other jobs to finish...
[INFO] [stderr] The following warnings were emitted during compilation:
[INFO] [stderr] 
[INFO] [stderr] warning: libcashaccount/src/cashaccount.cpp: In function 'int cashacc_parse_opreturn(const char*, unsigned int, bool, CashAccount*)':
[INFO] [stderr] warning: libcashaccount/src/cashaccount.cpp:62:45: warning: comparison of integer expressions of different signedness: 'int' and 'unsigned int' [-Wsign-compare]
[INFO] [stderr] warning:    62 |   for (int i = CASHACCOUNT_PREFIX_LENGTH; i < len; ++i) {
[INFO] [stderr] warning:       |                                           ~~^~~~~
[INFO] [stderr] warning: libcashaccount/src/cashaccount.cpp:46:11: warning: comparison of integer expressions of different signedness: 'int' and 'unsigned int' [-Wsign-compare]
[INFO] [stderr] warning:    46 |   if (++i >= len)                                                              \
[INFO] [stderr] warning:       |       ~~~~^~~~~~
[INFO] [stderr] warning: libcashaccount/src/cashaccount.cpp:68:7: note: in expansion of macro 'INCREMENT_I'
[INFO] [stderr] warning:    68 |       INCREMENT_I;
[INFO] [stderr] warning:       |       ^~~~~~~~~~~
[INFO] [stderr] warning: libcashaccount/src/cashaccount.cpp:46:11: warning: comparison of integer expressions of different signedness: 'int' and 'unsigned int' [-Wsign-compare]
[INFO] [stderr] warning:    46 |   if (++i >= len)                                                              \
[INFO] [stderr] warning:       |       ~~~~^~~~~~
[INFO] [stderr] warning: libcashaccount/src/cashaccount.cpp:70:7: note: in expansion of macro 'INCREMENT_I'
[INFO] [stderr] warning:    70 |       INCREMENT_I;
[INFO] [stderr] warning:       |       ^~~~~~~~~~~
[INFO] [stderr] warning: libcashaccount/src/cashaccount.cpp:46:11: warning: comparison of integer expressions of different signedness: 'int' and 'unsigned int' [-Wsign-compare]
[INFO] [stderr] warning:    46 |   if (++i >= len)                                                              \
[INFO] [stderr] warning:       |       ~~~~^~~~~~
[INFO] [stderr] warning: libcashaccount/src/cashaccount.cpp:72:7: note: in expansion of macro 'INCREMENT_I'
[INFO] [stderr] warning:    72 |       INCREMENT_I;
[INFO] [stderr] warning:       |       ^~~~~~~~~~~
[INFO] [stderr] warning: libcashaccount/src/cashaccount.cpp:46:11: warning: comparison of integer expressions of different signedness: 'int' and 'unsigned int' [-Wsign-compare]
[INFO] [stderr] warning:    46 |   if (++i >= len)                                                              \
[INFO] [stderr] warning:       |       ~~~~^~~~~~
[INFO] [stderr] warning: libcashaccount/src/cashaccount.cpp:75:7: note: in expansion of macro 'INCREMENT_I'
[INFO] [stderr] warning:    75 |       INCREMENT_I;
[INFO] [stderr] warning:       |       ^~~~~~~~~~~
[INFO] [stderr] warning: libcashaccount/src/cashaccount.cpp:46:11: warning: comparison of integer expressions of different signedness: 'int' and 'unsigned int' [-Wsign-compare]
[INFO] [stderr] warning:    46 |   if (++i >= len)                                                              \
[INFO] [stderr] warning:       |       ~~~~^~~~~~
[INFO] [stderr] warning: libcashaccount/src/cashaccount.cpp:77:7: note: in expansion of macro 'INCREMENT_I'
[INFO] [stderr] warning:    77 |       INCREMENT_I;
[INFO] [stderr] warning:       |       ^~~~~~~~~~~
[INFO] [stderr] warning: libcashaccount/src/cashaccount.cpp:46:11: warning: comparison of integer expressions of different signedness: 'int' and 'unsigned int' [-Wsign-compare]
[INFO] [stderr] warning:    46 |   if (++i >= len)                                                              \
[INFO] [stderr] warning:       |       ~~~~^~~~~~
[INFO] [stderr] warning: libcashaccount/src/cashaccount.cpp:79:7: note: in expansion of macro 'INCREMENT_I'
[INFO] [stderr] warning:    79 |       INCREMENT_I;
[INFO] [stderr] warning:       |       ^~~~~~~~~~~
[INFO] [stderr] warning: libcashaccount/src/cashaccount.cpp:46:11: warning: comparison of integer expressions of different signedness: 'int' and 'unsigned int' [-Wsign-compare]
[INFO] [stderr] warning:    46 |   if (++i >= len)                                                              \
[INFO] [stderr] warning:       |       ~~~~^~~~~~
[INFO] [stderr] warning: libcashaccount/src/cashaccount.cpp:84:7: note: in expansion of macro 'INCREMENT_I'
[INFO] [stderr] warning:    84 |       INCREMENT_I;
[INFO] [stderr] warning:       |       ^~~~~~~~~~~
[INFO] [stderr] warning: libcashaccount/src/cashaccount.cpp:46:11: warning: comparison of integer expressions of different signedness: 'int' and 'unsigned int' [-Wsign-compare]
[INFO] [stderr] warning:    46 |   if (++i >= len)                                                              \
[INFO] [stderr] warning:       |       ~~~~^~~~~~
[INFO] [stderr] warning: libcashaccount/src/cashaccount.cpp:86:7: note: in expansion of macro 'INCREMENT_I'
[INFO] [stderr] warning:    86 |       INCREMENT_I;
[INFO] [stderr] warning:       |       ^~~~~~~~~~~
[INFO] [stderr] warning: libcashaccount/src/cashaccount.cpp:46:11: warning: comparison of integer expressions of different signedness: 'int' and 'unsigned int' [-Wsign-compare]
[INFO] [stderr] warning:    46 |   if (++i >= len)                                                              \
[INFO] [stderr] warning:       |       ~~~~^~~~~~
[INFO] [stderr] warning: libcashaccount/src/cashaccount.cpp:88:7: note: in expansion of macro 'INCREMENT_I'
[INFO] [stderr] warning:    88 |       INCREMENT_I;
[INFO] [stderr] warning:       |       ^~~~~~~~~~~
[INFO] [stderr] warning: libcashaccount/src/cashaccount.cpp:46:11: warning: comparison of integer expressions of different signedness: 'int' and 'unsigned int' [-Wsign-compare]
[INFO] [stderr] warning:    46 |   if (++i >= len)                                                              \
[INFO] [stderr] warning:       |       ~~~~^~~~~~
[INFO] [stderr] warning: libcashaccount/src/cashaccount.cpp:90:7: note: in expansion of macro 'INCREMENT_I'
[INFO] [stderr] warning:    90 |       INCREMENT_I;
[INFO] [stderr] warning:       |       ^~~~~~~~~~~
[INFO] [stderr] warning: libcashaccount/src/cashaccount.cpp:46:11: warning: comparison of integer expressions of different signedness: 'int' and 'unsigned int' [-Wsign-compare]
[INFO] [stderr] warning:    46 |   if (++i >= len)                                                              \
[INFO] [stderr] warning:       |       ~~~~^~~~~~
[INFO] [stderr] warning: libcashaccount/src/cashaccount.cpp:92:7: note: in expansion of macro 'INCREMENT_I'
[INFO] [stderr] warning:    92 |       INCREMENT_I;
[INFO] [stderr] warning:       |       ^~~~~~~~~~~
[INFO] [stderr] warning: c++: fatal error: Killed signal terminated program cc1plus
[INFO] [stderr] warning: compilation terminated.
[INFO] [stderr] 
[INFO] [stderr] error: failed to run custom build command for `cashaccount-sys v0.1.1`
[INFO] [stderr] note: To improve backtraces for build dependencies, set the CARGO_PROFILE_DEV_BUILD_OVERRIDE_DEBUG=true environment variable to enable debug information generation.
[INFO] [stderr] 
[INFO] [stderr] Caused by:
[INFO] [stderr]   process didn't exit successfully: `/opt/rustwide/target/debug/build/cashaccount-sys-29d45bbba774d8cd/build-script-build` (exit status: 1)
[INFO] [stderr]   --- stdout
[INFO] [stderr]   cargo:rustc-link-lib=static=cashaccount
[INFO] [stderr]   cargo:rustc-link-search=native=libcashaccount/src
[INFO] [stderr]   cargo:rerun-if-changed=build.rs
[INFO] [stderr]   cargo:rerun-if-changed=libcashaccount/
[INFO] [stderr]   NUM_JOBS = Some("8")
[INFO] [stderr]   TARGET = Some("x86_64-unknown-linux-gnu")
[INFO] [stderr]   HOST = Some("x86_64-unknown-linux-gnu")
[INFO] [stderr]   CXX_x86_64-unknown-linux-gnu = None
[INFO] [stderr]   CXX_x86_64_unknown_linux_gnu = None
[INFO] [stderr]   HOST_CXX = None
[INFO] [stderr]   CXX = None
[INFO] [stderr]   CXXFLAGS_x86_64-unknown-linux-gnu = None
[INFO] [stderr]   CXXFLAGS_x86_64_unknown_linux_gnu = None
[INFO] [stderr]   HOST_CXXFLAGS = None
[INFO] [stderr]   CXXFLAGS = None
[INFO] [stderr]   CRATE_CC_NO_DEFAULTS = None
[INFO] [stderr]   DEBUG = Some("true")
[INFO] [stderr]   CARGO_CFG_TARGET_FEATURE = Some("fxsr,sse,sse2")
[INFO] [stderr]   running: "c++" "-O3" "-ffunction-sections" "-fdata-sections" "-fPIC" "-g" "-fno-omit-frame-pointer" "-m64" "-I" "libcashaccount/includes/" "-I" "libcashaccount/src/" "-Wall" "-Wextra" "-std=c++11" "-o" "/opt/rustwide/target/debug/build/cashaccount-sys-5ff3ab3bb8d9a55a/out/libcashaccount/src/cashaccount.o" "-c" "libcashaccount/src/cashaccount.cpp"
[INFO] [stderr]   cargo:warning=libcashaccount/src/cashaccount.cpp: In function 'int cashacc_parse_opreturn(const char*, unsigned int, bool, CashAccount*)':
[INFO] [stderr]   cargo:warning=libcashaccount/src/cashaccount.cpp:62:45: warning: comparison of integer expressions of different signedness: 'int' and 'unsigned int' [-Wsign-compare]
[INFO] [stderr]   cargo:warning=   62 |   for (int i = CASHACCOUNT_PREFIX_LENGTH; i < len; ++i) {
[INFO] [stderr]   cargo:warning=      |                                           ~~^~~~~
[INFO] [stderr]   cargo:warning=libcashaccount/src/cashaccount.cpp:46:11: warning: comparison of integer expressions of different signedness: 'int' and 'unsigned int' [-Wsign-compare]
[INFO] [stderr]   cargo:warning=   46 |   if (++i >= len)                                                              \
[INFO] [stderr]   cargo:warning=      |       ~~~~^~~~~~
[INFO] [stderr]   cargo:warning=libcashaccount/src/cashaccount.cpp:68:7: note: in expansion of macro 'INCREMENT_I'
[INFO] [stderr]   cargo:warning=   68 |       INCREMENT_I;
[INFO] [stderr]   cargo:warning=      |       ^~~~~~~~~~~
[INFO] [stderr]   cargo:warning=libcashaccount/src/cashaccount.cpp:46:11: warning: comparison of integer expressions of different signedness: 'int' and 'unsigned int' [-Wsign-compare]
[INFO] [stderr]   cargo:warning=   46 |   if (++i >= len)                                                              \
[INFO] [stderr]   cargo:warning=      |       ~~~~^~~~~~
[INFO] [stderr]   cargo:warning=libcashaccount/src/cashaccount.cpp:70:7: note: in expansion of macro 'INCREMENT_I'
[INFO] [stderr]   cargo:warning=   70 |       INCREMENT_I;
[INFO] [stderr]   cargo:warning=      |       ^~~~~~~~~~~
[INFO] [stderr]   cargo:warning=libcashaccount/src/cashaccount.cpp:46:11: warning: comparison of integer expressions of different signedness: 'int' and 'unsigned int' [-Wsign-compare]
[INFO] [stderr]   cargo:warning=   46 |   if (++i >= len)                                                              \
[INFO] [stderr]   cargo:warning=      |       ~~~~^~~~~~
[INFO] [stderr]   cargo:warning=libcashaccount/src/cashaccount.cpp:72:7: note: in expansion of macro 'INCREMENT_I'
[INFO] [stderr]   cargo:warning=   72 |       INCREMENT_I;
[INFO] [stderr]   cargo:warning=      |       ^~~~~~~~~~~
[INFO] [stderr]   cargo:warning=libcashaccount/src/cashaccount.cpp:46:11: warning: comparison of integer expressions of different signedness: 'int' and 'unsigned int' [-Wsign-compare]
[INFO] [stderr]   cargo:warning=   46 |   if (++i >= len)                                                              \
[INFO] [stderr]   cargo:warning=      |       ~~~~^~~~~~
[INFO] [stderr]   cargo:warning=libcashaccount/src/cashaccount.cpp:75:7: note: in expansion of macro 'INCREMENT_I'
[INFO] [stderr]   cargo:warning=   75 |       INCREMENT_I;
[INFO] [stderr]   cargo:warning=      |       ^~~~~~~~~~~
[INFO] [stderr]   cargo:warning=libcashaccount/src/cashaccount.cpp:46:11: warning: comparison of integer expressions of different signedness: 'int' and 'unsigned int' [-Wsign-compare]
[INFO] [stderr]   cargo:warning=   46 |   if (++i >= len)                                                              \
[INFO] [stderr]   cargo:warning=      |       ~~~~^~~~~~
[INFO] [stderr]   cargo:warning=libcashaccount/src/cashaccount.cpp:77:7: note: in expansion of macro 'INCREMENT_I'
[INFO] [stderr]   cargo:warning=   77 |       INCREMENT_I;
[INFO] [stderr]   cargo:warning=      |       ^~~~~~~~~~~
[INFO] [stderr]   cargo:warning=libcashaccount/src/cashaccount.cpp:46:11: warning: comparison of integer expressions of different signedness: 'int' and 'unsigned int' [-Wsign-compare]
[INFO] [stderr]   cargo:warning=   46 |   if (++i >= len)                                                              \
[INFO] [stderr]   cargo:warning=      |       ~~~~^~~~~~
[INFO] [stderr]   cargo:warning=libcashaccount/src/cashaccount.cpp:79:7: note: in expansion of macro 'INCREMENT_I'
[INFO] [stderr]   cargo:warning=   79 |       INCREMENT_I;
[INFO] [stderr]   cargo:warning=      |       ^~~~~~~~~~~
[INFO] [stderr]   cargo:warning=libcashaccount/src/cashaccount.cpp:46:11: warning: comparison of integer expressions of different signedness: 'int' and 'unsigned int' [-Wsign-compare]
[INFO] [stderr]   cargo:warning=   46 |   if (++i >= len)                                                              \
[INFO] [stderr]   cargo:warning=      |       ~~~~^~~~~~
[INFO] [stderr]   cargo:warning=libcashaccount/src/cashaccount.cpp:84:7: note: in expansion of macro 'INCREMENT_I'
[INFO] [stderr]   cargo:warning=   84 |       INCREMENT_I;
[INFO] [stderr]   cargo:warning=      |       ^~~~~~~~~~~
[INFO] [stderr]   cargo:warning=libcashaccount/src/cashaccount.cpp:46:11: warning: comparison of integer expressions of different signedness: 'int' and 'unsigned int' [-Wsign-compare]
[INFO] [stderr]   cargo:warning=   46 |   if (++i >= len)                                                              \
[INFO] [stderr]   cargo:warning=      |       ~~~~^~~~~~
[INFO] [stderr]   cargo:warning=libcashaccount/src/cashaccount.cpp:86:7: note: in expansion of macro 'INCREMENT_I'
[INFO] [stderr]   cargo:warning=   86 |       INCREMENT_I;
[INFO] [stderr]   cargo:warning=      |       ^~~~~~~~~~~
[INFO] [stderr]   cargo:warning=libcashaccount/src/cashaccount.cpp:46:11: warning: comparison of integer expressions of different signedness: 'int' and 'unsigned int' [-Wsign-compare]
[INFO] [stderr]   cargo:warning=   46 |   if (++i >= len)                                                              \
[INFO] [stderr]   cargo:warning=      |       ~~~~^~~~~~
[INFO] [stderr]   cargo:warning=libcashaccount/src/cashaccount.cpp:88:7: note: in expansion of macro 'INCREMENT_I'
[INFO] [stderr]   cargo:warning=   88 |       INCREMENT_I;
[INFO] [stderr]   cargo:warning=      |       ^~~~~~~~~~~
[INFO] [stderr]   cargo:warning=libcashaccount/src/cashaccount.cpp:46:11: warning: comparison of integer expressions of different signedness: 'int' and 'unsigned int' [-Wsign-compare]
[INFO] [stderr]   cargo:warning=   46 |   if (++i >= len)                                                              \
[INFO] [stderr]   cargo:warning=      |       ~~~~^~~~~~
[INFO] [stderr]   cargo:warning=libcashaccount/src/cashaccount.cpp:90:7: note: in expansion of macro 'INCREMENT_I'
[INFO] [stderr]   cargo:warning=   90 |       INCREMENT_I;
[INFO] [stderr]   cargo:warning=      |       ^~~~~~~~~~~
[INFO] [stderr]   cargo:warning=libcashaccount/src/cashaccount.cpp:46:11: warning: comparison of integer expressions of different signedness: 'int' and 'unsigned int' [-Wsign-compare]
[INFO] [stderr]   cargo:warning=   46 |   if (++i >= len)                                                              \
[INFO] [stderr]   cargo:warning=      |       ~~~~^~~~~~
[INFO] [stderr]   cargo:warning=libcashaccount/src/cashaccount.cpp:92:7: note: in expansion of macro 'INCREMENT_I'
[INFO] [stderr]   cargo:warning=   92 |       INCREMENT_I;
[INFO] [stderr]   cargo:warning=      |       ^~~~~~~~~~~
[INFO] [stderr]   cargo:warning=c++: fatal error: Killed signal terminated program cc1plus
[INFO] [stderr]   cargo:warning=compilation terminated.
[INFO] [stderr]   exit status: 1
[INFO] [stderr] 
[INFO] [stderr]   --- stderr
[INFO] [stderr] 
[INFO] [stderr] 
[INFO] [stderr]   error occurred: Command "c++" "-O3" "-ffunction-sections" "-fdata-sections" "-fPIC" "-g" "-fno-omit-frame-pointer" "-m64" "-I" "libcashaccount/includes/" "-I" "libcashaccount/src/" "-Wall" "-Wextra" "-std=c++11" "-o" "/opt/rustwide/target/debug/build/cashaccount-sys-5ff3ab3bb8d9a55a/out/libcashaccount/src/cashaccount.o" "-c" "libcashaccount/src/cashaccount.cpp" with args "c++" did not execute successfully (status code exit status: 1).
[INFO] [stderr] 
[INFO] [stderr] 
[INFO] [stderr] error: could not compile `protobuf`
[INFO] [stderr] 
[INFO] [stderr] Caused by:
[INFO] [stderr]   process didn't exit successfully: `rustc --crate-name protobuf /opt/rustwide/cargo-home/registry/src/github.com-1ecc6299db9ec823/protobuf-2.14.0/src/lib.rs --error-format=json --json=diagnostic-rendered-ansi,artifacts,future-incompat --crate-type lib --emit=dep-info,metadata,link -C embed-bitcode=no -C debuginfo=2 -C metadata=cc84050f37935b55 -C extra-filename=-cc84050f37935b55 --out-dir /opt/rustwide/target/debug/deps -L dependency=/opt/rustwide/target/debug/deps --cap-lints allow --cap-lints=warn` (signal: 9, SIGKILL: kill)
[INFO] [stderr] The following warnings were emitted during compilation:
[INFO] [stderr] 
[INFO] [stderr] warning: c++: fatal error: Killed signal terminated program cc1plus
[INFO] [stderr] warning: compilation terminated.
[INFO] [stderr] 
[INFO] [stderr] error: failed to run custom build command for `librocksdb-sys v6.11.4`
[INFO] [stderr] note: To improve backtraces for build dependencies, set the CARGO_PROFILE_DEV_BUILD_OVERRIDE_DEBUG=true environment variable to enable debug information generation.
[INFO] [stderr] 
[INFO] [stderr] Caused by:
[INFO] [stderr]   process didn't exit successfully: `/opt/rustwide/target/debug/build/librocksdb-sys-485cddc2bdec714c/build-script-build` (exit status: 1)
[INFO] [stderr]   --- stdout
[INFO] [stderr]   cargo:rerun-if-changed=rocksdb/
[INFO] [stderr]   NUM_JOBS = Some("8")
[INFO] [stderr]   TARGET = Some("x86_64-unknown-linux-gnu")
[INFO] [stderr]   OPT_LEVEL = Some("0")
[INFO] [stderr]   HOST = Some("x86_64-unknown-linux-gnu")
[INFO] [stderr]   CXX_x86_64-unknown-linux-gnu = None
[INFO] [stderr]   CXX_x86_64_unknown_linux_gnu = None
[INFO] [stderr]   HOST_CXX = None
[INFO] [stderr]   CXX = None
[INFO] [stderr]   CXXFLAGS_x86_64-unknown-linux-gnu = None
[INFO] [stderr]   CXXFLAGS_x86_64_unknown_linux_gnu = None
[INFO] [stderr]   HOST_CXXFLAGS = None
[INFO] [stderr]   CXXFLAGS = None
[INFO] [stderr]   CRATE_CC_NO_DEFAULTS = None
[INFO] [stderr]   DEBUG = Some("true")
[INFO] [stderr]   CARGO_CFG_TARGET_FEATURE = Some("fxsr,sse,sse2")
[INFO] [stderr]   CXX_x86_64-unknown-linux-gnu = None
[INFO] [stderr]   CXX_x86_64_unknown_linux_gnu = None
[INFO] [stderr]   HOST_CXX = None
[INFO] [stderr]   CXX = None
[INFO] [stderr]   CXXFLAGS_x86_64-unknown-linux-gnu = None
[INFO] [stderr]   CXXFLAGS_x86_64_unknown_linux_gnu = None
[INFO] [stderr]   HOST_CXXFLAGS = None
[INFO] [stderr]   CXXFLAGS = None
[INFO] [stderr]   CRATE_CC_NO_DEFAULTS = None
[INFO] [stderr]   CARGO_CFG_TARGET_FEATURE = Some("fxsr,sse,sse2")
[INFO] [stderr]   CXX_x86_64-unknown-linux-gnu = None
[INFO] [stderr]   CXX_x86_64_unknown_linux_gnu = None
[INFO] [stderr]   HOST_CXX = None
[INFO] [stderr]   CXX = None
[INFO] [stderr]   CXXFLAGS_x86_64-unknown-linux-gnu = None
[INFO] [stderr]   CXXFLAGS_x86_64_unknown_linux_gnu = None
[INFO] [stderr]   HOST_CXXFLAGS = None
[INFO] [stderr]   CXXFLAGS = None
[INFO] [stderr]   CRATE_CC_NO_DEFAULTS = None
[INFO] [stderr]   CARGO_CFG_TARGET_FEATURE = Some("fxsr,sse,sse2")
[INFO] [stderr]   CXX_x86_64-unknown-linux-gnu = None
[INFO] [stderr]   CXX_x86_64_unknown_linux_gnu = None
[INFO] [stderr]   HOST_CXX = None
[INFO] [stderr]   CXX = None
[INFO] [stderr]   CXXFLAGS_x86_64-unknown-linux-gnu = None
[INFO] [stderr]   CXXFLAGS_x86_64_unknown_linux_gnu = None
[INFO] [stderr]   HOST_CXXFLAGS = None
[INFO] [stderr]   CXXFLAGS = None
[INFO] [stderr]   CRATE_CC_NO_DEFAULTS = None
[INFO] [stderr]   CARGO_CFG_TARGET_FEATURE = Some("fxsr,sse,sse2")
[INFO] [stderr]   CXX_x86_64-unknown-linux-gnu = None
[INFO] [stderr]   CXX_x86_64_unknown_linux_gnu = None
[INFO] [stderr]   HOST_CXX = None
[INFO] [stderr]   CXX = None
[INFO] [stderr]   CXXFLAGS_x86_64-unknown-linux-gnu = None
[INFO] [stderr]   CXXFLAGS_x86_64_unknown_linux_gnu = None
[INFO] [stderr]   HOST_CXXFLAGS = None
[INFO] [stderr]   CXXFLAGS = None
[INFO] [stderr]   CRATE_CC_NO_DEFAULTS = None
[INFO] [stderr]   CARGO_CFG_TARGET_FEATURE = Some("fxsr,sse,sse2")
[INFO] [stderr]   running: "c++" "-O0" "-ffunction-sections" "-fdata-sections" "-fPIC" "-g" "-fno-omit-frame-pointer" "-m64" "-I" "rocksdb/include/" "-I" "rocksdb/" "-I" "rocksdb/third-party/gtest-1.8.1/fused-src/" "-I" "snappy/" "-I" "lz4/lib/" "-I" "zstd/lib/" "-I" "zstd/lib/dictBuilder/" "-I" "zlib/" "-I" "bzip2/" "-I" "." "-Wall" "-Wextra" "-std=c++11" "-Wno-unused-parameter" "-msse2" "-msse4.1" "-msse4.2" "-mpclmul" "-DSNAPPY=1" "-DLZ4=1" "-DZSTD=1" "-DZLIB=1" "-DBZIP2=1" "-DNDEBUG=1" "-DHAVE_SSE42=1" "-DHAVE_PCLMUL=1" "-DOS_LINUX=1" "-DROCKSDB_PLATFORM_POSIX=1" "-DROCKSDB_LIB_IO_POSIX=1" "-o" "/opt/rustwide/target/debug/build/librocksdb-sys-de3fb7e5cf84849c/out/rocksdb/cache/cache.o" "-c" "rocksdb/cache/cache.cc"
[INFO] [stderr]   running: "c++" "-O0" "-ffunction-sections" "-fdata-sections" "-fPIC" "-g" "-fno-omit-frame-pointer" "-m64" "-I" "rocksdb/include/" "-I" "rocksdb/" "-I" "rocksdb/third-party/gtest-1.8.1/fused-src/" "-I" "snappy/" "-I" "lz4/lib/" "-I" "zstd/lib/" "-I" "zstd/lib/dictBuilder/" "-I" "zlib/" "-I" "bzip2/" "-I" "." "-Wall" "-Wextra" "-std=c++11" "-Wno-unused-parameter" "-msse2" "-msse4.1" "-msse4.2" "-mpclmul" "-DSNAPPY=1" "-DLZ4=1" "-DZSTD=1" "-DZLIB=1" "-DBZIP2=1" "-DNDEBUG=1" "-DHAVE_SSE42=1" "-DHAVE_PCLMUL=1" "-DOS_LINUX=1" "-DROCKSDB_PLATFORM_POSIX=1" "-DROCKSDB_LIB_IO_POSIX=1" "-o" "/opt/rustwide/target/debug/build/librocksdb-sys-de3fb7e5cf84849c/out/rocksdb/db/compaction/compaction.o" "-c" "rocksdb/db/compaction/compaction.cc"
[INFO] [stderr]   running: "c++" "-O0" "-ffunction-sections" "-fdata-sections" "-fPIC" "-g" "-fno-omit-frame-pointer" "-m64" "-I" "rocksdb/include/" "-I" "rocksdb/" "-I" "rocksdb/third-party/gtest-1.8.1/fused-src/" "-I" "snappy/" "-I" "lz4/lib/" "-I" "zstd/lib/" "-I" "zstd/lib/dictBuilder/" "-I" "zlib/" "-I" "bzip2/" "-I" "." "-Wall" "-Wextra" "-std=c++11" "-Wno-unused-parameter" "-msse2" "-msse4.1" "-msse4.2" "-mpclmul" "-DSNAPPY=1" "-DLZ4=1" "-DZSTD=1" "-DZLIB=1" "-DBZIP2=1" "-DNDEBUG=1" "-DHAVE_SSE42=1" "-DHAVE_PCLMUL=1" "-DOS_LINUX=1" "-DROCKSDB_PLATFORM_POSIX=1" "-DROCKSDB_LIB_IO_POSIX=1" "-o" "/opt/rustwide/target/debug/build/librocksdb-sys-de3fb7e5cf84849c/out/rocksdb/db/convenience.o" "-c" "rocksdb/db/convenience.cc"
[INFO] [stderr]   running: "c++" "-O0" "-ffunction-sections" "-fdata-sections" "-fPIC" "-g" "-fno-omit-frame-pointer" "-m64" "-I" "rocksdb/include/" "-I" "rocksdb/" "-I" "rocksdb/third-party/gtest-1.8.1/fused-src/" "-I" "snappy/" "-I" "lz4/lib/" "-I" "zstd/lib/" "-I" "zstd/lib/dictBuilder/" "-I" "zlib/" "-I" "bzip2/" "-I" "." "-Wall" "-Wextra" "-std=c++11" "-Wno-unused-parameter" "-msse2" "-msse4.1" "-msse4.2" "-mpclmul" "-DSNAPPY=1" "-DLZ4=1" "-DZSTD=1" "-DZLIB=1" "-DBZIP2=1" "-DNDEBUG=1" "-DHAVE_SSE42=1" "-DHAVE_PCLMUL=1" "-DOS_LINUX=1" "-DROCKSDB_PLATFORM_POSIX=1" "-DROCKSDB_LIB_IO_POSIX=1" "-o" "/opt/rustwide/target/debug/build/librocksdb-sys-de3fb7e5cf84849c/out/rocksdb/logging/log_buffer.o" "-c" "rocksdb/logging/log_buffer.cc"
[INFO] [stderr]   running: "c++" "-O0" "-ffunction-sections" "-fdata-sections" "-fPIC" "-g" "-fno-omit-frame-pointer" "-m64" "-I" "rocksdb/include/" "-I" "rocksdb/" "-I" "rocksdb/third-party/gtest-1.8.1/fused-src/" "-I" "snappy/" "-I" "lz4/lib/" "-I" "zstd/lib/" "-I" "zstd/lib/dictBuilder/" "-I" "zlib/" "-I" "bzip2/" "-I" "." "-Wall" "-Wextra" "-std=c++11" "-Wno-unused-parameter" "-msse2" "-msse4.1" "-msse4.2" "-mpclmul" "-DSNAPPY=1" "-DLZ4=1" "-DZSTD=1" "-DZLIB=1" "-DBZIP2=1" "-DNDEBUG=1" "-DHAVE_SSE42=1" "-DHAVE_PCLMUL=1" "-DOS_LINUX=1" "-DROCKSDB_PLATFORM_POSIX=1" "-DROCKSDB_LIB_IO_POSIX=1" "-o" "/opt/rustwide/target/debug/build/librocksdb-sys-de3fb7e5cf84849c/out/rocksdb/monitoring/iostats_context.o" "-c" "rocksdb/monitoring/iostats_context.cc"
[INFO] [stderr]   running: "c++" "-O0" "-ffunction-sections" "-fdata-sections" "-fPIC" "-g" "-fno-omit-frame-pointer" "-m64" "-I" "rocksdb/include/" "-I" "rocksdb/" "-I" "rocksdb/third-party/gtest-1.8.1/fused-src/" "-I" "snappy/" "-I" "lz4/lib/" "-I" "zstd/lib/" "-I" "zstd/lib/dictBuilder/" "-I" "zlib/" "-I" "bzip2/" "-I" "." "-Wall" "-Wextra" "-std=c++11" "-Wno-unused-parameter" "-msse2" "-msse4.1" "-msse4.2" "-mpclmul" "-DSNAPPY=1" "-DLZ4=1" "-DZSTD=1" "-DZLIB=1" "-DBZIP2=1" "-DNDEBUG=1" "-DHAVE_SSE42=1" "-DHAVE_PCLMUL=1" "-DOS_LINUX=1" "-DROCKSDB_PLATFORM_POSIX=1" "-DROCKSDB_LIB_IO_POSIX=1" "-o" "/opt/rustwide/target/debug/build/librocksdb-sys-de3fb7e5cf84849c/out/rocksdb/port/stack_trace.o" "-c" "rocksdb/port/stack_trace.cc"
[INFO] [stderr]   running: "c++" "-O0" "-ffunction-sections" "-fdata-sections" "-fPIC" "-g" "-fno-omit-frame-pointer" "-m64" "-I" "rocksdb/include/" "-I" "rocksdb/" "-I" "rocksdb/third-party/gtest-1.8.1/fused-src/" "-I" "snappy/" "-I" "lz4/lib/" "-I" "zstd/lib/" "-I" "zstd/lib/dictBuilder/" "-I" "zlib/" "-I" "bzip2/" "-I" "." "-Wall" "-Wextra" "-std=c++11" "-Wno-unused-parameter" "-msse2" "-msse4.1" "-msse4.2" "-mpclmul" "-DSNAPPY=1" "-DLZ4=1" "-DZSTD=1" "-DZLIB=1" "-DBZIP2=1" "-DNDEBUG=1" "-DHAVE_SSE42=1" "-DHAVE_PCLMUL=1" "-DOS_LINUX=1" "-DROCKSDB_PLATFORM_POSIX=1" "-DROCKSDB_LIB_IO_POSIX=1" "-o" "/opt/rustwide/target/debug/build/librocksdb-sys-de3fb7e5cf84849c/out/rocksdb/db/trim_history_scheduler.o" "-c" "rocksdb/db/trim_history_scheduler.cc"
[INFO] [stderr]   running: "c++" "-O0" "-ffunction-sections" "-fdata-sections" "-fPIC" "-g" "-fno-omit-frame-pointer" "-m64" "-I" "rocksdb/include/" "-I" "rocksdb/" "-I" "rocksdb/third-party/gtest-1.8.1/fused-src/" "-I" "snappy/" "-I" "lz4/lib/" "-I" "zstd/lib/" "-I" "zstd/lib/dictBuilder/" "-I" "zlib/" "-I" "bzip2/" "-I" "." "-Wall" "-Wextra" "-std=c++11" "-Wno-unused-parameter" "-msse2" "-msse4.1" "-msse4.2" "-mpclmul" "-DSNAPPY=1" "-DLZ4=1" "-DZSTD=1" "-DZLIB=1" "-DBZIP2=1" "-DNDEBUG=1" "-DHAVE_SSE42=1" "-DHAVE_PCLMUL=1" "-DOS_LINUX=1" "-DROCKSDB_PLATFORM_POSIX=1" "-DROCKSDB_LIB_IO_POSIX=1" "-o" "/opt/rustwide/target/debug/build/librocksdb-sys-de3fb7e5cf84849c/out/rocksdb/db/db_impl/db_impl_readonly.o" "-c" "rocksdb/db/db_impl/db_impl_readonly.cc"
[INFO] [stderr]   exit status: 0
[INFO] [stderr]   running: "c++" "-O0" "-ffunction-sections" "-fdata-sections" "-fPIC" "-g" "-fno-omit-frame-pointer" "-m64" "-I" "rocksdb/include/" "-I" "rocksdb/" "-I" "rocksdb/third-party/gtest-1.8.1/fused-src/" "-I" "snappy/" "-I" "lz4/lib/" "-I" "zstd/lib/" "-I" "zstd/lib/dictBuilder/" "-I" "zlib/" "-I" "bzip2/" "-I" "." "-Wall" "-Wextra" "-std=c++11" "-Wno-unused-parameter" "-msse2" "-msse4.1" "-msse4.2" "-mpclmul" "-DSNAPPY=1" "-DLZ4=1" "-DZSTD=1" "-DZLIB=1" "-DBZIP2=1" "-DNDEBUG=1" "-DHAVE_SSE42=1" "-DHAVE_PCLMUL=1" "-DOS_LINUX=1" "-DROCKSDB_PLATFORM_POSIX=1" "-DROCKSDB_LIB_IO_POSIX=1" "-o" "/opt/rustwide/target/debug/build/librocksdb-sys-de3fb7e5cf84849c/out/rocksdb/table/adaptive/adaptive_table_factory.o" "-c" "rocksdb/table/adaptive/adaptive_table_factory.cc"
[INFO] [stderr]   exit status: 0
[INFO] [stderr]   running: "c++" "-O0" "-ffunction-sections" "-fdata-sections" "-fPIC" "-g" "-fno-omit-frame-pointer" "-m64" "-I" "rocksdb/include/" "-I" "rocksdb/" "-I" "rocksdb/third-party/gtest-1.8.1/fused-src/" "-I" "snappy/" "-I" "lz4/lib/" "-I" "zstd/lib/" "-I" "zstd/lib/dictBuilder/" "-I" "zlib/" "-I" "bzip2/" "-I" "." "-Wall" "-Wextra" "-std=c++11" "-Wno-unused-parameter" "-msse2" "-msse4.1" "-msse4.2" "-mpclmul" "-DSNAPPY=1" "-DLZ4=1" "-DZSTD=1" "-DZLIB=1" "-DBZIP2=1" "-DNDEBUG=1" "-DHAVE_SSE42=1" "-DHAVE_PCLMUL=1" "-DOS_LINUX=1" "-DROCKSDB_PLATFORM_POSIX=1" "-DROCKSDB_LIB_IO_POSIX=1" "-o" "/opt/rustwide/target/debug/build/librocksdb-sys-de3fb7e5cf84849c/out/rocksdb/monitoring/perf_context.o" "-c" "rocksdb/monitoring/perf_context.cc"
[INFO] [stderr]   exit status: 0
[INFO] [stderr]   running: "c++" "-O0" "-ffunction-sections" "-fdata-sections" "-fPIC" "-g" "-fno-omit-frame-pointer" "-m64" "-I" "rocksdb/include/" "-I" "rocksdb/" "-I" "rocksdb/third-party/gtest-1.8.1/fused-src/" "-I" "snappy/" "-I" "lz4/lib/" "-I" "zstd/lib/" "-I" "zstd/lib/dictBuilder/" "-I" "zlib/" "-I" "bzip2/" "-I" "." "-Wall" "-Wextra" "-std=c++11" "-Wno-unused-parameter" "-msse2" "-msse4.1" "-msse4.2" "-mpclmul" "-DSNAPPY=1" "-DLZ4=1" "-DZSTD=1" "-DZLIB=1" "-DBZIP2=1" "-DNDEBUG=1" "-DHAVE_SSE42=1" "-DHAVE_PCLMUL=1" "-DOS_LINUX=1" "-DROCKSDB_PLATFORM_POSIX=1" "-DROCKSDB_LIB_IO_POSIX=1" "-o" "/opt/rustwide/target/debug/build/librocksdb-sys-de3fb7e5cf84849c/out/rocksdb/memory/arena.o" "-c" "rocksdb/memory/arena.cc"
[INFO] [stderr]   exit status: 0
[INFO] [stderr]   running: "c++" "-O0" "-ffunction-sections" "-fdata-sections" "-fPIC" "-g" "-fno-omit-frame-pointer" "-m64" "-I" "rocksdb/include/" "-I" "rocksdb/" "-I" "rocksdb/third-party/gtest-1.8.1/fused-src/" "-I" "snappy/" "-I" "lz4/lib/" "-I" "zstd/lib/" "-I" "zstd/lib/dictBuilder/" "-I" "zlib/" "-I" "bzip2/" "-I" "." "-Wall" "-Wextra" "-std=c++11" "-Wno-unused-parameter" "-msse2" "-msse4.1" "-msse4.2" "-mpclmul" "-DSNAPPY=1" "-DLZ4=1" "-DZSTD=1" "-DZLIB=1" "-DBZIP2=1" "-DNDEBUG=1" "-DHAVE_SSE42=1" "-DHAVE_PCLMUL=1" "-DOS_LINUX=1" "-DROCKSDB_PLATFORM_POSIX=1" "-DROCKSDB_LIB_IO_POSIX=1" "-o" "/opt/rustwide/target/debug/build/librocksdb-sys-de3fb7e5cf84849c/out/rocksdb/cache/clock_cache.o" "-c" "rocksdb/cache/clock_cache.cc"
[INFO] [stderr]   exit status: 0
[INFO] [stderr]   running: "c++" "-O0" "-ffunction-sections" "-fdata-sections" "-fPIC" "-g" "-fno-omit-frame-pointer" "-m64" "-I" "rocksdb/include/" "-I" "rocksdb/" "-I" "rocksdb/third-party/gtest-1.8.1/fused-src/" "-I" "snappy/" "-I" "lz4/lib/" "-I" "zstd/lib/" "-I" "zstd/lib/dictBuilder/" "-I" "zlib/" "-I" "bzip2/" "-I" "." "-Wall" "-Wextra" "-std=c++11" "-Wno-unused-parameter" "-msse2" "-msse4.1" "-msse4.2" "-mpclmul" "-DSNAPPY=1" "-DLZ4=1" "-DZSTD=1" "-DZLIB=1" "-DBZIP2=1" "-DNDEBUG=1" "-DHAVE_SSE42=1" "-DHAVE_PCLMUL=1" "-DOS_LINUX=1" "-DROCKSDB_PLATFORM_POSIX=1" "-DROCKSDB_LIB_IO_POSIX=1" "-o" "/opt/rustwide/target/debug/build/librocksdb-sys-de3fb7e5cf84849c/out/rocksdb/memory/concurrent_arena.o" "-c" "rocksdb/memory/concurrent_arena.cc"
[INFO] [stderr]   cargo:warning=c++: fatal error: Killed signal terminated program cc1plus
[INFO] [stderr]   cargo:warning=compilation terminated.
[INFO] [stderr]   exit status: 1
[INFO] [stderr]   exit status: 0
[INFO] [stderr]   exit status: 0
[INFO] [stderr]   exit status: 0
[INFO] [stderr]   exit status: 0
[INFO] [stderr]   exit status: 0
[INFO] [stderr]   exit status: 0
[INFO] [stderr]   exit status: 0
[INFO] [stderr] 
[INFO] [stderr]   --- stderr
[INFO] [stderr]   error: 'rustfmt' is not installed for the toolchain '1.69.0-x86_64-unknown-linux-gnu'
[INFO] [stderr]   To install, run `rustup component add rustfmt --toolchain 1.69.0-x86_64-unknown-linux-gnu`
[INFO] [stderr]   Failed to run rustfmt: Internal rustfmt error (non-fatal, continuing)
[INFO] [stderr] 
[INFO] [stderr] 
[INFO] [stderr]   error occurred: Command "c++" "-O0" "-ffunction-sections" "-fdata-sections" "-fPIC" "-g" "-fno-omit-frame-pointer" "-m64" "-I" "rocksdb/include/" "-I" "rocksdb/" "-I" "rocksdb/third-party/gtest-1.8.1/fused-src/" "-I" "snappy/" "-I" "lz4/lib/" "-I" "zstd/lib/" "-I" "zstd/lib/dictBuilder/" "-I" "zlib/" "-I" "bzip2/" "-I" "." "-Wall" "-Wextra" "-std=c++11" "-Wno-unused-parameter" "-msse2" "-msse4.1" "-msse4.2" "-mpclmul" "-DSNAPPY=1" "-DLZ4=1" "-DZSTD=1" "-DZLIB=1" "-DBZIP2=1" "-DNDEBUG=1" "-DHAVE_SSE42=1" "-DHAVE_PCLMUL=1" "-DOS_LINUX=1" "-DROCKSDB_PLATFORM_POSIX=1" "-DROCKSDB_LIB_IO_POSIX=1" "-o" "/opt/rustwide/target/debug/build/librocksdb-sys-de3fb7e5cf84849c/out/rocksdb/db/db_impl/db_impl_readonly.o" "-c" "rocksdb/db/db_impl/db_impl_readonly.cc" with args "c++" did not execute successfully (status code exit status: 1).
[INFO] [stderr] 
[INFO] [stderr] 
[INFO] running `Command { std: "docker" "inspect" "2e6af05e235a0b0407746af3add6b7826ce725d4b1f62429f273ebe9a1c68bd0", kill_on_drop: false }`
[INFO] running `Command { std: "docker" "rm" "-f" "2e6af05e235a0b0407746af3add6b7826ce725d4b1f62429f273ebe9a1c68bd0", kill_on_drop: false }`
[INFO] [stdout] 2e6af05e235a0b0407746af3add6b7826ce725d4b1f62429f273ebe9a1c68bd0
