[INFO] fetching crate eclair_bindings_derive 0.1.0...
[INFO] testing eclair_bindings_derive-0.1.0 against 1.69.0 for beta-1.70-1
[INFO] extracting crate eclair_bindings_derive 0.1.0 into /workspace/builds/worker-6-tc1/source
[INFO] validating manifest of crates.io crate eclair_bindings_derive 0.1.0 on toolchain 1.69.0
[INFO] running `Command { std: CARGO_HOME="/workspace/cargo-home" RUSTUP_HOME="/workspace/rustup-home" "/workspace/cargo-home/bin/cargo" "+1.69.0" "metadata" "--manifest-path" "Cargo.toml" "--no-deps", kill_on_drop: false }`
[INFO] started tweaking crates.io crate eclair_bindings_derive 0.1.0
[INFO] finished tweaking crates.io crate eclair_bindings_derive 0.1.0
[INFO] tweaked toml for crates.io crate eclair_bindings_derive 0.1.0 written to /workspace/builds/worker-6-tc1/source/Cargo.toml
[INFO] running `Command { std: CARGO_HOME="/workspace/cargo-home" RUSTUP_HOME="/workspace/rustup-home" __CARGO_TEST_CHANNEL_OVERRIDE_DO_NOT_USE_THIS="nightly" "/workspace/cargo-home/bin/cargo" "+1.69.0" "generate-lockfile" "--manifest-path" "Cargo.toml" "-Zno-index-update", kill_on_drop: false }`
[INFO] running `Command { std: CARGO_HOME="/workspace/cargo-home" RUSTUP_HOME="/workspace/rustup-home" "/workspace/cargo-home/bin/cargo" "+1.69.0" "fetch" "--manifest-path" "Cargo.toml", kill_on_drop: false }`
[INFO] running `Command { std: "docker" "create" "-v" "/var/lib/crater-agent-workspace/builds/worker-6-tc1/target:/opt/rustwide/target:rw,Z" "-v" "/var/lib/crater-agent-workspace/builds/worker-6-tc1/source:/opt/rustwide/workdir:ro,Z" "-v" "/var/lib/crater-agent-workspace/cargo-home:/opt/rustwide/cargo-home:ro,Z" "-v" "/var/lib/crater-agent-workspace/rustup-home:/opt/rustwide/rustup-home:ro,Z" "-e" "SOURCE_DIR=/opt/rustwide/workdir" "-e" "CARGO_TARGET_DIR=/opt/rustwide/target" "-e" "CARGO_HOME=/opt/rustwide/cargo-home" "-e" "RUSTUP_HOME=/opt/rustwide/rustup-home" "-w" "/opt/rustwide/workdir" "-m" "1610612736" "--user" "0:0" "--network" "none" "ghcr.io/rust-lang/crates-build-env/linux@sha256:5ff2268d62e97bff2cde7d5815dd6ed5b47097566f13b8d0ca110b04b60e07ed" "/opt/rustwide/cargo-home/bin/cargo" "+1.69.0" "metadata" "--no-deps" "--format-version=1", kill_on_drop: false }`
[INFO] [stdout] ee29a5c97b9da3dce04b727fd7b601a67222844330dada20d1e5276436d29474
[INFO] running `Command { std: "docker" "start" "-a" "ee29a5c97b9da3dce04b727fd7b601a67222844330dada20d1e5276436d29474", kill_on_drop: false }`
[INFO] running `Command { std: "docker" "inspect" "ee29a5c97b9da3dce04b727fd7b601a67222844330dada20d1e5276436d29474", kill_on_drop: false }`
[INFO] running `Command { std: "docker" "rm" "-f" "ee29a5c97b9da3dce04b727fd7b601a67222844330dada20d1e5276436d29474", kill_on_drop: false }`
[INFO] [stdout] ee29a5c97b9da3dce04b727fd7b601a67222844330dada20d1e5276436d29474
[INFO] running `Command { std: "docker" "create" "-v" "/var/lib/crater-agent-workspace/builds/worker-6-tc1/target:/opt/rustwide/target:rw,Z" "-v" "/var/lib/crater-agent-workspace/builds/worker-6-tc1/source:/opt/rustwide/workdir:ro,Z" "-v" "/var/lib/crater-agent-workspace/cargo-home:/opt/rustwide/cargo-home:ro,Z" "-v" "/var/lib/crater-agent-workspace/rustup-home:/opt/rustwide/rustup-home:ro,Z" "-e" "SOURCE_DIR=/opt/rustwide/workdir" "-e" "CARGO_TARGET_DIR=/opt/rustwide/target" "-e" "CARGO_INCREMENTAL=0" "-e" "RUST_BACKTRACE=full" "-e" "RUSTFLAGS=--cap-lints=warn" "-e" "RUSTDOCFLAGS=--cap-lints=warn" "-e" "CARGO_HOME=/opt/rustwide/cargo-home" "-e" "RUSTUP_HOME=/opt/rustwide/rustup-home" "-w" "/opt/rustwide/workdir" "-m" "1610612736" "--user" "0:0" "--network" "none" "ghcr.io/rust-lang/crates-build-env/linux@sha256:5ff2268d62e97bff2cde7d5815dd6ed5b47097566f13b8d0ca110b04b60e07ed" "/opt/rustwide/cargo-home/bin/cargo" "+1.69.0" "build" "--frozen" "--message-format=json", kill_on_drop: false }`
[INFO] [stdout] e5943332343009746ca5b82cb9874c007f940dbc8d19d3fdea7cdc6cec58fe3c
[INFO] running `Command { std: "docker" "start" "-a" "e5943332343009746ca5b82cb9874c007f940dbc8d19d3fdea7cdc6cec58fe3c", kill_on_drop: false }`
[INFO] [stderr]    Compiling proc-macro2 v1.0.56
[INFO] [stderr]    Compiling quote v1.0.26
[INFO] [stderr]    Compiling unicode-ident v1.0.8
[INFO] [stderr]    Compiling cc v1.0.79
[INFO] [stderr]    Compiling syn v1.0.109
[INFO] [stderr]    Compiling eclair_bindings_derive v0.1.0 (/opt/rustwide/workdir)
[INFO] [stderr] warning: warning: overriding the module target triple with x86_64-unknown-linux-gnu [-Woverride-module]
[INFO] [stderr] warning: 1 warning generated.
[INFO] [stderr]     Finished dev [unoptimized + debuginfo] target(s) in 3.68s
[INFO] running `Command { std: "docker" "inspect" "e5943332343009746ca5b82cb9874c007f940dbc8d19d3fdea7cdc6cec58fe3c", kill_on_drop: false }`
[INFO] running `Command { std: "docker" "rm" "-f" "e5943332343009746ca5b82cb9874c007f940dbc8d19d3fdea7cdc6cec58fe3c", kill_on_drop: false }`
[INFO] [stdout] e5943332343009746ca5b82cb9874c007f940dbc8d19d3fdea7cdc6cec58fe3c
[INFO] running `Command { std: "docker" "create" "-v" "/var/lib/crater-agent-workspace/builds/worker-6-tc1/target:/opt/rustwide/target:rw,Z" "-v" "/var/lib/crater-agent-workspace/builds/worker-6-tc1/source:/opt/rustwide/workdir:ro,Z" "-v" "/var/lib/crater-agent-workspace/cargo-home:/opt/rustwide/cargo-home:ro,Z" "-v" "/var/lib/crater-agent-workspace/rustup-home:/opt/rustwide/rustup-home:ro,Z" "-e" "SOURCE_DIR=/opt/rustwide/workdir" "-e" "CARGO_TARGET_DIR=/opt/rustwide/target" "-e" "CARGO_INCREMENTAL=0" "-e" "RUST_BACKTRACE=full" "-e" "RUSTFLAGS=--cap-lints=warn" "-e" "RUSTDOCFLAGS=--cap-lints=warn" "-e" "CARGO_HOME=/opt/rustwide/cargo-home" "-e" "RUSTUP_HOME=/opt/rustwide/rustup-home" "-w" "/opt/rustwide/workdir" "-m" "1610612736" "--user" "0:0" "--network" "none" "ghcr.io/rust-lang/crates-build-env/linux@sha256:5ff2268d62e97bff2cde7d5815dd6ed5b47097566f13b8d0ca110b04b60e07ed" "/opt/rustwide/cargo-home/bin/cargo" "+1.69.0" "test" "--frozen" "--no-run" "--message-format=json", kill_on_drop: false }`
[INFO] [stdout] 37b8bd920314a6c1a0694081d95d212dae16f30856557cef83652d200b43f357
[INFO] running `Command { std: "docker" "start" "-a" "37b8bd920314a6c1a0694081d95d212dae16f30856557cef83652d200b43f357", kill_on_drop: false }`
[INFO] [stderr]    Compiling proc-macro2 v1.0.56
[INFO] [stderr]    Compiling unicode-ident v1.0.8
[INFO] [stderr]    Compiling quote v1.0.26
[INFO] [stderr]    Compiling syn v1.0.109
[INFO] [stderr] warning: warning: overriding the module target triple with x86_64-unknown-linux-gnu [-Woverride-module]
[INFO] [stderr] warning: 1 warning generated.
[INFO] [stderr]    Compiling eclair_bindings_derive v0.1.0 (/opt/rustwide/workdir)
[INFO] [stdout] error[E0463]: can't find crate for `eclair_bindings`
[INFO] [stdout]  --> tests/derive_test.rs:1:1
[INFO] [stdout]   |
[INFO] [stdout] 1 | extern crate eclair_bindings;
[INFO] [stdout]   | ^^^^^^^^^^^^^^^^^^^^^^^^^^^^^ can't find crate
[INFO] [stdout] 
[INFO] [stdout] 
[INFO] [stdout] error[E0433]: failed to resolve: use of undeclared type `Program`
[INFO] [stdout]   --> tests/derive_test.rs:18:22
[INFO] [stdout]    |
[INFO] [stdout] 18 |     let mut eclair = Program::new(P);
[INFO] [stdout]    |                      ^^^^^^^ use of undeclared type `Program`
[INFO] [stdout] 
[INFO] [stdout] 
[INFO] [stdout] error[E0433]: failed to resolve: use of undeclared type `Program`
[INFO] [stdout]   --> tests/derive_test.rs:64:22
[INFO] [stdout]    |
[INFO] [stdout] 64 |     let mut eclair = Program::new(P);
[INFO] [stdout]    |                      ^^^^^^^ use of undeclared type `Program`
[INFO] [stdout] 
[INFO] [stdout] 
[INFO] [stdout] error[E0433]: failed to resolve: use of undeclared type `Program`
[INFO] [stdout]   --> tests/derive_test.rs:91:22
[INFO] [stdout]    |
[INFO] [stdout] 91 |     let mut eclair = Program::new(Path);
[INFO] [stdout]    |                      ^^^^^^^ use of undeclared type `Program`
[INFO] [stdout] 
[INFO] [stdout] 
[INFO] [stdout] error: aborting due to 4 previous errors
[INFO] [stdout] 
[INFO] [stdout] 
[INFO] [stdout] Some errors have detailed explanations: E0433, E0463.
[INFO] [stdout] 
[INFO] [stdout] For more information about an error, try `rustc --explain E0433`.
[INFO] [stdout] 
[INFO] [stderr] The following warnings were emitted during compilation:
[INFO] [stderr] 
[INFO] [stderr] warning: warning: overriding the module target triple with x86_64-unknown-linux-gnu [-Woverride-module]
[INFO] [stderr] warning: 1 warning generated.
[INFO] [stderr] 
[INFO] [stderr] error: could not compile `eclair_bindings_derive` due to 5 previous errors
[INFO] running `Command { std: "docker" "inspect" "37b8bd920314a6c1a0694081d95d212dae16f30856557cef83652d200b43f357", kill_on_drop: false }`
[INFO] running `Command { std: "docker" "rm" "-f" "37b8bd920314a6c1a0694081d95d212dae16f30856557cef83652d200b43f357", kill_on_drop: false }`
[INFO] [stdout] 37b8bd920314a6c1a0694081d95d212dae16f30856557cef83652d200b43f357
