[INFO] fetching crate e-libscanner 0.1.8...
[INFO] testing e-libscanner-0.1.8 against 1.69.0 for beta-1.70-1
[INFO] extracting crate e-libscanner 0.1.8 into /workspace/builds/worker-3-tc1/source
[INFO] validating manifest of crates.io crate e-libscanner 0.1.8 on toolchain 1.69.0
[INFO] running `Command { std: CARGO_HOME="/workspace/cargo-home" RUSTUP_HOME="/workspace/rustup-home" "/workspace/cargo-home/bin/cargo" "+1.69.0" "metadata" "--manifest-path" "Cargo.toml" "--no-deps", kill_on_drop: false }`
[INFO] started tweaking crates.io crate e-libscanner 0.1.8
[INFO] removed 9 missing examples
[INFO] finished tweaking crates.io crate e-libscanner 0.1.8
[INFO] tweaked toml for crates.io crate e-libscanner 0.1.8 written to /workspace/builds/worker-3-tc1/source/Cargo.toml
[INFO] crate crates.io crate e-libscanner 0.1.8 already has a lockfile, it will not be regenerated
[INFO] running `Command { std: CARGO_HOME="/workspace/cargo-home" RUSTUP_HOME="/workspace/rustup-home" "/workspace/cargo-home/bin/cargo" "+1.69.0" "fetch" "--manifest-path" "Cargo.toml", kill_on_drop: false }`
[INFO] [stderr]  Downloading crates ...
[INFO] [stderr]   Downloaded wasm-bindgen-futures v0.4.32
[INFO] [stderr]   Downloaded ipnetwork v0.18.0
[INFO] [stderr]   Downloaded ipnetwork v0.19.0
[INFO] [stderr]   Downloaded async-global-executor v2.2.0
[INFO] [stderr]   Downloaded pnet_transport v0.30.0
[INFO] [stderr]   Downloaded ctor v0.1.23
[INFO] [stderr]   Downloaded pnet_datalink v0.31.0
[INFO] [stderr]   Downloaded pnet_macros_support v0.31.0
[INFO] [stderr]   Downloaded pnet_base v0.31.0
[INFO] [stderr]   Downloaded pnet_packet v0.31.0
[INFO] [stderr]   Downloaded pnet_macros v0.31.0
[INFO] [stderr]   Downloaded no-std-net v0.6.0
[INFO] [stderr]   Downloaded pnet_packet v0.30.0
[INFO] [stderr]   Downloaded windows_i686_gnu v0.30.0
[INFO] [stderr]   Downloaded libc v0.2.131
[INFO] [stderr]   Downloaded windows_x86_64_msvc v0.30.0
[INFO] [stderr]   Downloaded windows_aarch64_msvc v0.30.0
[INFO] [stderr]   Downloaded windows_i686_msvc v0.30.0
[INFO] [stderr]   Downloaded windows_x86_64_gnu v0.30.0
[INFO] [stderr]   Downloaded pnet_sys v0.30.0
[INFO] [stderr]   Downloaded windows v0.30.0
[INFO] [stderr]   Downloaded pnet v0.30.0
[INFO] [stderr]   Downloaded pnet_base v0.30.0
[INFO] [stderr]   Downloaded e-utils v0.1.20
[INFO] [stderr]   Downloaded pnet_datalink v0.30.0
[INFO] [stderr]   Downloaded pnet_macros v0.30.0
[INFO] [stderr]   Downloaded pnet_macros_support v0.30.0
[INFO] running `Command { std: "docker" "create" "-v" "/var/lib/crater-agent-workspace/builds/worker-3-tc1/target:/opt/rustwide/target:rw,Z" "-v" "/var/lib/crater-agent-workspace/builds/worker-3-tc1/source:/opt/rustwide/workdir:ro,Z" "-v" "/var/lib/crater-agent-workspace/cargo-home:/opt/rustwide/cargo-home:ro,Z" "-v" "/var/lib/crater-agent-workspace/rustup-home:/opt/rustwide/rustup-home:ro,Z" "-e" "SOURCE_DIR=/opt/rustwide/workdir" "-e" "CARGO_TARGET_DIR=/opt/rustwide/target" "-e" "CARGO_HOME=/opt/rustwide/cargo-home" "-e" "RUSTUP_HOME=/opt/rustwide/rustup-home" "-w" "/opt/rustwide/workdir" "-m" "1610612736" "--user" "0:0" "--network" "none" "ghcr.io/rust-lang/crates-build-env/linux@sha256:5ff2268d62e97bff2cde7d5815dd6ed5b47097566f13b8d0ca110b04b60e07ed" "/opt/rustwide/cargo-home/bin/cargo" "+1.69.0" "metadata" "--no-deps" "--format-version=1", kill_on_drop: false }`
[INFO] [stdout] c551da17508805ec5e47d4950cfc8338fd65b68350871108b598de9e0ec60191
[INFO] running `Command { std: "docker" "start" "-a" "c551da17508805ec5e47d4950cfc8338fd65b68350871108b598de9e0ec60191", kill_on_drop: false }`
[INFO] running `Command { std: "docker" "inspect" "c551da17508805ec5e47d4950cfc8338fd65b68350871108b598de9e0ec60191", kill_on_drop: false }`
[INFO] running `Command { std: "docker" "rm" "-f" "c551da17508805ec5e47d4950cfc8338fd65b68350871108b598de9e0ec60191", kill_on_drop: false }`
[INFO] [stdout] c551da17508805ec5e47d4950cfc8338fd65b68350871108b598de9e0ec60191
[INFO] running `Command { std: "docker" "create" "-v" "/var/lib/crater-agent-workspace/builds/worker-3-tc1/target:/opt/rustwide/target:rw,Z" "-v" "/var/lib/crater-agent-workspace/builds/worker-3-tc1/source:/opt/rustwide/workdir:ro,Z" "-v" "/var/lib/crater-agent-workspace/cargo-home:/opt/rustwide/cargo-home:ro,Z" "-v" "/var/lib/crater-agent-workspace/rustup-home:/opt/rustwide/rustup-home:ro,Z" "-e" "SOURCE_DIR=/opt/rustwide/workdir" "-e" "CARGO_TARGET_DIR=/opt/rustwide/target" "-e" "CARGO_INCREMENTAL=0" "-e" "RUST_BACKTRACE=full" "-e" "RUSTFLAGS=--cap-lints=warn" "-e" "RUSTDOCFLAGS=--cap-lints=warn" "-e" "CARGO_HOME=/opt/rustwide/cargo-home" "-e" "RUSTUP_HOME=/opt/rustwide/rustup-home" "-w" "/opt/rustwide/workdir" "-m" "1610612736" "--user" "0:0" "--network" "none" "ghcr.io/rust-lang/crates-build-env/linux@sha256:5ff2268d62e97bff2cde7d5815dd6ed5b47097566f13b8d0ca110b04b60e07ed" "/opt/rustwide/cargo-home/bin/cargo" "+1.69.0" "build" "--frozen" "--message-format=json", kill_on_drop: false }`
[INFO] [stdout] 8b876335f17c5ee6564f648ef3dd4c54654b28abf66e9651ff278d5658e61740
[INFO] running `Command { std: "docker" "start" "-a" "8b876335f17c5ee6564f648ef3dd4c54654b28abf66e9651ff278d5658e61740", kill_on_drop: false }`
[INFO] [stderr]     Blocking waiting for file lock on package cache
[INFO] [stderr]    Compiling proc-macro2 v1.0.43
[INFO] [stderr]    Compiling unicode-ident v1.0.3
[INFO] [stderr]    Compiling quote v1.0.21
[INFO] [stderr]    Compiling syn v1.0.99
[INFO] [stderr]    Compiling libc v0.2.131
[INFO] [stderr]    Compiling version_check v0.9.4
[INFO] [stderr]    Compiling once_cell v1.13.0
[INFO] [stderr]    Compiling no-std-net v0.6.0
[INFO] [stderr]    Compiling futures-core v0.3.21
[INFO] [stderr]    Compiling serde_derive v1.0.143
[INFO] [stderr]    Compiling crossbeam-utils v0.8.11
[INFO] [stderr]    Compiling cache-padded v1.2.0
[INFO] [stderr]    Compiling serde v1.0.143
[INFO] [stderr]    Compiling regex-syntax v0.6.27
[INFO] [stderr]    Compiling log v0.4.17
[INFO] [stderr]    Compiling aho-corasick v0.7.18
[INFO] [stderr]    Compiling slab v0.4.7
[INFO] [stderr]    Compiling fastrand v1.8.0
[INFO] [stderr]    Compiling concurrent-queue v1.2.4
[INFO] [stderr]    Compiling parking v2.0.0
[INFO] [stderr]    Compiling futures-io v0.3.21
[INFO] [stderr]    Compiling waker-fn v1.1.0
[INFO] [stderr]    Compiling pnet_base v0.30.0
[INFO] [stderr]    Compiling memoffset v0.6.5
[INFO] [stderr]    Compiling value-bag v1.0.0-alpha.9
[INFO] [stderr]    Compiling event-listener v2.5.3
[INFO] [stderr]    Compiling proc-macro-error-attr v1.0.4
[INFO] [stderr]    Compiling futures-lite v1.12.0
[INFO] [stderr]    Compiling crossbeam-epoch v0.9.10
[INFO] [stderr]    Compiling async-task v4.3.0
[INFO] [stderr]    Compiling pnet_macros_support v0.30.0
[INFO] [stderr]    Compiling async-channel v1.7.1
[INFO] [stderr]    Compiling proc-macro-error v1.0.4
[INFO] [stderr]    Compiling atomic-waker v1.0.0
[INFO] [stderr]    Compiling scopeguard v1.1.0
[INFO] [stderr]    Compiling rayon-core v1.9.3
[INFO] [stderr]    Compiling async-lock v2.5.0
[INFO] [stderr]    Compiling pnet_base v0.31.0
[INFO] [stderr]    Compiling unicode-segmentation v1.9.0
[INFO] [stderr]    Compiling unicode-width v0.1.9
[INFO] [stderr]    Compiling ppv-lite86 v0.2.16
[INFO] [stderr]    Compiling pnet v0.30.0
[INFO] [stderr]    Compiling textwrap v0.11.0
[INFO] [stderr]    Compiling crossbeam-channel v0.5.6
[INFO] [stderr]    Compiling rayon v1.5.3
[INFO] [stderr]    Compiling e-utils v0.1.20
[INFO] [stderr]    Compiling num_cpus v1.13.1
[INFO] [stderr]    Compiling pnet_sys v0.30.0
[INFO] [stderr]    Compiling getrandom v0.2.7
[INFO] [stderr]    Compiling socket2 v0.4.4
[INFO] [stderr]    Compiling heck v0.3.3
[INFO] [stderr]    Compiling async-executor v1.4.1
[INFO] [stderr]    Compiling blocking v1.2.0
[INFO] [stderr]    Compiling crossbeam-deque v0.8.2
[INFO] [stderr]    Compiling atty v0.2.14
[INFO] [stderr]    Compiling rand_core v0.6.3
[INFO] [stderr]    Compiling strsim v0.8.0
[INFO] [stderr]    Compiling vec_map v0.8.2
[INFO] [stderr]    Compiling pnet_sys v0.31.0
[INFO] [stderr]    Compiling pnet_macros_support v0.31.0
[INFO] [stderr]    Compiling rand_chacha v0.3.1
[INFO] [stderr]    Compiling either v1.7.0
[INFO] [stderr]    Compiling ipnet v2.5.0
[INFO] [stderr]    Compiling clap v2.34.0
[INFO] [stderr]    Compiling rand v0.8.5
[INFO] [stderr]    Compiling regex v1.6.0
[INFO] [stderr]    Compiling ctor v0.1.23
[INFO] [stderr]    Compiling pnet_macros v0.30.0
[INFO] [stderr]    Compiling structopt-derive v0.4.18
[INFO] [stderr]    Compiling pnet_macros v0.31.0
[INFO] [stderr]    Compiling polling v2.2.0
[INFO] [stderr]    Compiling kv-log-macro v1.0.7
[INFO] [stderr]    Compiling pnet_packet v0.30.0
[INFO] [stderr]    Compiling async-io v1.7.0
[INFO] [stderr]    Compiling structopt v0.3.26
[INFO] [stderr]    Compiling pnet_packet v0.31.0
[INFO] [stderr]    Compiling async-global-executor v2.2.0
[INFO] [stderr]    Compiling async-std v1.12.0
[INFO] [stderr]    Compiling pnet_transport v0.30.0
[INFO] [stderr]    Compiling ipnetwork v0.18.0
[INFO] [stderr]    Compiling ipnetwork v0.19.0
[INFO] [stderr]    Compiling pnet_datalink v0.30.0
[INFO] [stderr]    Compiling pnet_datalink v0.31.0
[INFO] [stderr]    Compiling e-libscanner v0.1.8 (/opt/rustwide/workdir)
[INFO] [stdout] error[E0425]: cannot find value `stop` in this scope
[INFO] [stdout]    --> src/sync_scan/unix.rs:174:22
[INFO] [stdout]     |
[INFO] [stdout] 174 |                     *stop.lock().unwrap() = true;
[INFO] [stdout]     |                      ^^^^ help: a local variable with a similar name exists: `pstop`
[INFO] [stdout] 
[INFO] [stdout] 
[INFO] [stdout] warning: lint `const_err` has been removed: converted into hard error, see issue #71800 <https://github.com/rust-lang/rust/issues/71800> for more information
[INFO] [stdout]   --> src/lib.rs:61:5
[INFO] [stdout]    |
[INFO] [stdout] 61 |     const_err,
[INFO] [stdout]    |     ^^^^^^^^^
[INFO] [stdout]    |
[INFO] [stdout]    = note: `#[warn(renamed_and_removed_lints)]` on by default
[INFO] [stdout] 
[INFO] [stdout] 
[INFO] [stdout] error[E0308]: mismatched types
[INFO] [stdout]    --> src/sync_scan/unix.rs:134:12
[INFO] [stdout]     |
[INFO] [stdout] 134 |         if pstop.lock().unwrap() {
[INFO] [stdout]     |            ^^^^^^^^^^^^^^^^^^^^^ expected `bool`, found `MutexGuard<'_, bool>`
[INFO] [stdout]     |
[INFO] [stdout]     = note: expected type `bool`
[INFO] [stdout]              found struct `MutexGuard<'_, bool>`
[INFO] [stdout] help: consider dereferencing the type
[INFO] [stdout]     |
[INFO] [stdout] 134 |         if *pstop.lock().unwrap() {
[INFO] [stdout]     |            +
[INFO] [stdout] 
[INFO] [stdout] 
[INFO] [stdout] error[E0308]: mismatched types
[INFO] [stdout]    --> src/sync_scan/unix.rs:176:27
[INFO] [stdout]     |
[INFO] [stdout] 176 |                 } else if pstop.lock().unwrap() {
[INFO] [stdout]     |                           ^^^^^^^^^^^^^^^^^^^^^ expected `bool`, found `MutexGuard<'_, bool>`
[INFO] [stdout]     |
[INFO] [stdout]     = note: expected type `bool`
[INFO] [stdout]              found struct `MutexGuard<'_, bool>`
[INFO] [stdout] help: consider dereferencing the type
[INFO] [stdout]     |
[INFO] [stdout] 176 |                 } else if *pstop.lock().unwrap() {
[INFO] [stdout]     |                           +
[INFO] [stdout] 
[INFO] [stdout] 
[INFO] [stdout] error: aborting due to 3 previous errors; 1 warning emitted
[INFO] [stdout] 
[INFO] [stdout] 
[INFO] [stdout] Some errors have detailed explanations: E0308, E0425.
[INFO] [stdout] 
[INFO] [stdout] For more information about an error, try `rustc --explain E0308`.
[INFO] [stdout] 
[INFO] [stderr] error: could not compile `e-libscanner` due to 4 previous errors; 1 warning emitted
[INFO] running `Command { std: "docker" "inspect" "8b876335f17c5ee6564f648ef3dd4c54654b28abf66e9651ff278d5658e61740", kill_on_drop: false }`
[INFO] running `Command { std: "docker" "rm" "-f" "8b876335f17c5ee6564f648ef3dd4c54654b28abf66e9651ff278d5658e61740", kill_on_drop: false }`
[INFO] [stdout] 8b876335f17c5ee6564f648ef3dd4c54654b28abf66e9651ff278d5658e61740
