[INFO] fetching crate dust_dds 0.2.1...
[INFO] testing dust_dds-0.2.1 against 1.69.0 for beta-1.70-1
[INFO] extracting crate dust_dds 0.2.1 into /workspace/builds/worker-1-tc1/source
[INFO] validating manifest of crates.io crate dust_dds 0.2.1 on toolchain 1.69.0
[INFO] running `Command { std: CARGO_HOME="/workspace/cargo-home" RUSTUP_HOME="/workspace/rustup-home" "/workspace/cargo-home/bin/cargo" "+1.69.0" "metadata" "--manifest-path" "Cargo.toml" "--no-deps", kill_on_drop: false }`
[INFO] started tweaking crates.io crate dust_dds 0.2.1
[INFO] finished tweaking crates.io crate dust_dds 0.2.1
[INFO] tweaked toml for crates.io crate dust_dds 0.2.1 written to /workspace/builds/worker-1-tc1/source/Cargo.toml
[INFO] crate crates.io crate dust_dds 0.2.1 already has a lockfile, it will not be regenerated
[INFO] running `Command { std: CARGO_HOME="/workspace/cargo-home" RUSTUP_HOME="/workspace/rustup-home" "/workspace/cargo-home/bin/cargo" "+1.69.0" "fetch" "--manifest-path" "Cargo.toml", kill_on_drop: false }`
[INFO] [stderr]  Downloading crates ...
[INFO] [stderr]   Downloaded mockall_derive v0.11.4
[INFO] [stderr]   Downloaded jsonschema v0.12.0
[INFO] [stderr]   Downloaded fraction v0.8.0
[INFO] [stderr]   Downloaded downcast v0.11.0
[INFO] [stderr]   Downloaded fnmatch-regex v0.2.0
[INFO] [stderr]   Downloaded cdr v0.2.4
[INFO] [stderr]   Downloaded mockall v0.11.4
[INFO] [stderr]   Downloaded ifcfg v0.1.2
[INFO] [stderr]   Downloaded pest v0.3.3
[INFO] [stderr]   Downloaded handlebars v0.29.1
[INFO] [stderr]   Downloaded fancy-regex v0.6.0
[INFO] [stderr]   Downloaded nix v0.20.2
[INFO] [stderr]   Downloaded dust_dds_derive v0.2.1
[INFO] running `Command { std: "docker" "create" "-v" "/var/lib/crater-agent-workspace/builds/worker-1-tc1/target:/opt/rustwide/target:rw,Z" "-v" "/var/lib/crater-agent-workspace/builds/worker-1-tc1/source:/opt/rustwide/workdir:ro,Z" "-v" "/var/lib/crater-agent-workspace/cargo-home:/opt/rustwide/cargo-home:ro,Z" "-v" "/var/lib/crater-agent-workspace/rustup-home:/opt/rustwide/rustup-home:ro,Z" "-e" "SOURCE_DIR=/opt/rustwide/workdir" "-e" "CARGO_TARGET_DIR=/opt/rustwide/target" "-e" "CARGO_HOME=/opt/rustwide/cargo-home" "-e" "RUSTUP_HOME=/opt/rustwide/rustup-home" "-w" "/opt/rustwide/workdir" "-m" "1610612736" "--user" "0:0" "--network" "none" "ghcr.io/rust-lang/crates-build-env/linux@sha256:5ff2268d62e97bff2cde7d5815dd6ed5b47097566f13b8d0ca110b04b60e07ed" "/opt/rustwide/cargo-home/bin/cargo" "+1.69.0" "metadata" "--no-deps" "--format-version=1", kill_on_drop: false }`
[INFO] [stdout] 4ee270578bad480a358526f11196a043b6f71fae6edbec12977cec7ad3c54c2e
[INFO] running `Command { std: "docker" "start" "-a" "4ee270578bad480a358526f11196a043b6f71fae6edbec12977cec7ad3c54c2e", kill_on_drop: false }`
[INFO] running `Command { std: "docker" "inspect" "4ee270578bad480a358526f11196a043b6f71fae6edbec12977cec7ad3c54c2e", kill_on_drop: false }`
[INFO] running `Command { std: "docker" "rm" "-f" "4ee270578bad480a358526f11196a043b6f71fae6edbec12977cec7ad3c54c2e", kill_on_drop: false }`
[INFO] [stdout] 4ee270578bad480a358526f11196a043b6f71fae6edbec12977cec7ad3c54c2e
[INFO] running `Command { std: "docker" "create" "-v" "/var/lib/crater-agent-workspace/builds/worker-1-tc1/target:/opt/rustwide/target:rw,Z" "-v" "/var/lib/crater-agent-workspace/builds/worker-1-tc1/source:/opt/rustwide/workdir:ro,Z" "-v" "/var/lib/crater-agent-workspace/cargo-home:/opt/rustwide/cargo-home:ro,Z" "-v" "/var/lib/crater-agent-workspace/rustup-home:/opt/rustwide/rustup-home:ro,Z" "-e" "SOURCE_DIR=/opt/rustwide/workdir" "-e" "CARGO_TARGET_DIR=/opt/rustwide/target" "-e" "CARGO_INCREMENTAL=0" "-e" "RUST_BACKTRACE=full" "-e" "RUSTFLAGS=--cap-lints=warn" "-e" "RUSTDOCFLAGS=--cap-lints=warn" "-e" "CARGO_HOME=/opt/rustwide/cargo-home" "-e" "RUSTUP_HOME=/opt/rustwide/rustup-home" "-w" "/opt/rustwide/workdir" "-m" "1610612736" "--user" "0:0" "--network" "none" "ghcr.io/rust-lang/crates-build-env/linux@sha256:5ff2268d62e97bff2cde7d5815dd6ed5b47097566f13b8d0ca110b04b60e07ed" "/opt/rustwide/cargo-home/bin/cargo" "+1.69.0" "build" "--frozen" "--message-format=json", kill_on_drop: false }`
[INFO] [stdout] 3c67eb6a0fe331524ee4258a1acd9622e32d32089eff0dbed6da6beadc5b4311
[INFO] running `Command { std: "docker" "start" "-a" "3c67eb6a0fe331524ee4258a1acd9622e32d32089eff0dbed6da6beadc5b4311", kill_on_drop: false }`
[INFO] [stderr]    Compiling proc-macro2 v1.0.56
[INFO] [stderr]    Compiling libc v0.2.141
[INFO] [stderr]    Compiling num-traits v0.2.15
[INFO] [stderr]    Compiling serde_derive v1.0.160
[INFO] [stderr]    Compiling serde v1.0.160
[INFO] [stderr]    Compiling num-integer v0.1.45
[INFO] [stderr]    Compiling serde_json v1.0.87
[INFO] [stderr]    Compiling ryu v1.0.13
[INFO] [stderr]    Compiling syn v1.0.109
[INFO] [stderr]    Compiling itoa v1.0.6
[INFO] [stderr]    Compiling log v0.4.17
[INFO] [stderr]    Compiling num-bigint v0.2.6
[INFO] [stderr]    Compiling memoffset v0.6.5
[INFO] [stderr]    Compiling regex v0.2.11
[INFO] [stderr]    Compiling ucd-util v0.1.10
[INFO] [stderr]    Compiling aho-corasick v0.6.10
[INFO] [stderr]    Compiling regex-syntax v0.5.6
[INFO] [stderr]    Compiling thread_local v0.3.6
[INFO] [stderr]    Compiling num-rational v0.2.4
[INFO] [stderr]    Compiling num-complex v0.2.4
[INFO] [stderr]    Compiling num-iter v0.1.43
[INFO] [stderr]    Compiling tinyvec_macros v0.1.1
[INFO] [stderr]    Compiling utf8-ranges v1.0.5
[INFO] [stderr]    Compiling tinyvec v1.6.0
[INFO] [stderr]    Compiling log v0.3.9
[INFO] [stderr]    Compiling quick-error v1.2.3
[INFO] [stderr]    Compiling lazy_static v0.2.11
[INFO] [stderr]    Compiling parking_lot_core v0.9.7
[INFO] [stderr]    Compiling regex-syntax v0.6.29
[INFO] [stderr]    Compiling pest v0.3.3
[INFO] [stderr]    Compiling ahash v0.7.6
[INFO] [stderr]    Compiling unicode-bidi v0.3.13
[INFO] [stderr]    Compiling percent-encoding v2.2.0
[INFO] [stderr]    Compiling iana-time-zone v0.1.56
[INFO] [stderr]    Compiling form_urlencoded v1.1.0
[INFO] [stderr]    Compiling once_cell v1.17.1
[INFO] [stderr]    Compiling schemars v0.8.11
[INFO] [stderr]    Compiling num-cmp v0.1.0
[INFO] [stderr]    Compiling itoa v0.4.8
[INFO] [stderr]    Compiling convert_case v0.4.0
[INFO] [stderr]    Compiling quick-error v2.0.1
[INFO] [stderr]    Compiling dyn-clone v1.0.11
[INFO] [stderr]    Compiling quote v1.0.26
[INFO] [stderr]    Compiling syn v2.0.15
[INFO] [stderr]    Compiling unicode-normalization v0.1.22
[INFO] [stderr]    Compiling idna v0.3.0
[INFO] [stderr]    Compiling getrandom v0.2.9
[INFO] [stderr]    Compiling time v0.1.45
[INFO] [stderr]    Compiling nix v0.23.2
[INFO] [stderr]    Compiling nix v0.20.2
[INFO] [stderr]    Compiling parking_lot v0.12.1
[INFO] [stderr]    Compiling url v2.3.1
[INFO] [stderr]    Compiling socket2 v0.4.9
[INFO] [stderr]    Compiling chrono v0.4.24
[INFO] [stderr]    Compiling regex v1.7.3
[INFO] [stderr]    Compiling num v0.2.1
[INFO] [stderr]    Compiling fraction v0.8.0
[INFO] [stderr]    Compiling fancy-regex v0.6.0
[INFO] [stderr]    Compiling fnmatch-regex v0.2.0
[INFO] [stderr]    Compiling serde_derive_internals v0.26.0
[INFO] [stderr]    Compiling mac_address v1.1.4
[INFO] [stderr]    Compiling schemars_derive v0.8.11
[INFO] [stderr]    Compiling dust_dds_derive v0.2.1
[INFO] [stderr]    Compiling derive_more v0.99.16
[INFO] [stderr]    Compiling cdr v0.2.4
[INFO] [stderr]    Compiling handlebars v0.29.1
[INFO] [stderr]    Compiling jsonschema v0.12.0
[INFO] [stderr]    Compiling ifcfg v0.1.2
[INFO] [stderr]    Compiling dust_dds v0.2.1 (/opt/rustwide/workdir)
[INFO] [stderr]     Finished dev [unoptimized + debuginfo] target(s) in 24.30s
[INFO] running `Command { std: "docker" "inspect" "3c67eb6a0fe331524ee4258a1acd9622e32d32089eff0dbed6da6beadc5b4311", kill_on_drop: false }`
[INFO] running `Command { std: "docker" "rm" "-f" "3c67eb6a0fe331524ee4258a1acd9622e32d32089eff0dbed6da6beadc5b4311", kill_on_drop: false }`
[INFO] [stdout] 3c67eb6a0fe331524ee4258a1acd9622e32d32089eff0dbed6da6beadc5b4311
[INFO] running `Command { std: "docker" "create" "-v" "/var/lib/crater-agent-workspace/builds/worker-1-tc1/target:/opt/rustwide/target:rw,Z" "-v" "/var/lib/crater-agent-workspace/builds/worker-1-tc1/source:/opt/rustwide/workdir:ro,Z" "-v" "/var/lib/crater-agent-workspace/cargo-home:/opt/rustwide/cargo-home:ro,Z" "-v" "/var/lib/crater-agent-workspace/rustup-home:/opt/rustwide/rustup-home:ro,Z" "-e" "SOURCE_DIR=/opt/rustwide/workdir" "-e" "CARGO_TARGET_DIR=/opt/rustwide/target" "-e" "CARGO_INCREMENTAL=0" "-e" "RUST_BACKTRACE=full" "-e" "RUSTFLAGS=--cap-lints=warn" "-e" "RUSTDOCFLAGS=--cap-lints=warn" "-e" "CARGO_HOME=/opt/rustwide/cargo-home" "-e" "RUSTUP_HOME=/opt/rustwide/rustup-home" "-w" "/opt/rustwide/workdir" "-m" "1610612736" "--user" "0:0" "--network" "none" "ghcr.io/rust-lang/crates-build-env/linux@sha256:5ff2268d62e97bff2cde7d5815dd6ed5b47097566f13b8d0ca110b04b60e07ed" "/opt/rustwide/cargo-home/bin/cargo" "+1.69.0" "test" "--frozen" "--no-run" "--message-format=json", kill_on_drop: false }`
[INFO] [stdout] e24a3b04e9e9a0d1f0759be8b4a4d2e675f7bcf12b5720e9809aa6a510ebd4f0
[INFO] running `Command { std: "docker" "start" "-a" "e24a3b04e9e9a0d1f0759be8b4a4d2e675f7bcf12b5720e9809aa6a510ebd4f0", kill_on_drop: false }`
[INFO] [stderr]    Compiling crossbeam-channel v0.5.8
[INFO] [stderr]    Compiling num_cpus v1.15.0
[INFO] [stderr]    Compiling plotters-backend v0.3.4
[INFO] [stderr]    Compiling predicates-core v1.0.6
[INFO] [stderr]    Compiling unicode-width v0.1.10
[INFO] [stderr]    Compiling float-cmp v0.9.0
[INFO] [stderr]    Compiling csv-core v0.1.10
[INFO] [stderr]    Compiling normalize-line-endings v0.3.0
[INFO] [stderr]    Compiling half v1.8.2
[INFO] [stderr]    Compiling cast v0.3.0
[INFO] [stderr]    Compiling difflib v0.4.0
[INFO] [stderr]    Compiling termtree v0.4.1
[INFO] [stderr]    Compiling walkdir v2.3.3
[INFO] [stderr]    Compiling tinytemplate v1.2.1
[INFO] [stderr]    Compiling mockall_derive v0.11.4
[INFO] [stderr]    Compiling atty v0.2.14
[INFO] [stderr]    Compiling fragile v2.0.0
[INFO] [stderr]    Compiling textwrap v0.11.0
[INFO] [stderr]    Compiling predicates-tree v1.0.9
[INFO] [stderr]    Compiling plotters-svg v0.3.3
[INFO] [stderr]    Compiling criterion-plot v0.4.5
[INFO] [stderr]    Compiling plotters v0.3.4
[INFO] [stderr]    Compiling clap v2.34.0
[INFO] [stderr]    Compiling predicates v2.1.5
[INFO] [stderr]    Compiling csv v1.2.1
[INFO] [stderr]    Compiling serde_cbor v0.11.2
[INFO] [stderr]    Compiling oorandom v11.1.3
[INFO] [stderr]    Compiling rayon-core v1.11.0
[INFO] [stderr]    Compiling downcast v0.11.0
[INFO] [stderr]    Compiling rayon v1.7.0
[INFO] [stderr]    Compiling mockall v0.11.4
[INFO] [stderr]    Compiling criterion v0.3.6
[INFO] [stderr]    Compiling dust_dds v0.2.1 (/opt/rustwide/workdir)
[INFO] [stderr] error: could not compile `dust_dds`
[INFO] [stderr] 
[INFO] [stderr] Caused by:
[INFO] [stderr]   process didn't exit successfully: `rustc --crate-name write_read_samples --edition=2018 tests/write_read_samples.rs --error-format=json --json=diagnostic-rendered-ansi,artifacts,future-incompat --emit=dep-info,link -C embed-bitcode=no -C debuginfo=2 --test -C metadata=c5d855b47fee4852 -C extra-filename=-c5d855b47fee4852 --out-dir /opt/rustwide/target/debug/deps -L dependency=/opt/rustwide/target/debug/deps --extern byteorder=/opt/rustwide/target/debug/deps/libbyteorder-50c19e9bd62c942c.rlib --extern cdr=/opt/rustwide/target/debug/deps/libcdr-815dfb312156a96c.rlib --extern criterion=/opt/rustwide/target/debug/deps/libcriterion-68b9f8b82989585d.rlib --extern derive_more=/opt/rustwide/target/debug/deps/libderive_more-e3d345e41df698ae.so --extern dust_dds=/opt/rustwide/target/debug/deps/libdust_dds-544267743163e79a.rlib --extern dust_dds_derive=/opt/rustwide/target/debug/deps/libdust_dds_derive-e96778f854f2f779.so --extern fnmatch_regex=/opt/rustwide/target/debug/deps/libfnmatch_regex-a2fbf23f8d54c7d0.rlib --extern ifcfg=/opt/rustwide/target/debug/deps/libifcfg-786391a5e9534b2f.rlib --extern jsonschema=/opt/rustwide/target/debug/deps/libjsonschema-6091edce151c0d3b.rlib --extern lazy_static=/opt/rustwide/target/debug/deps/liblazy_static-a15e1ed0a3c31761.rlib --extern mac_address=/opt/rustwide/target/debug/deps/libmac_address-c861b8fd792b8d32.rlib --extern md5=/opt/rustwide/target/debug/deps/libmd5-c050a6e713644a9b.rlib --extern mockall=/opt/rustwide/target/debug/deps/libmockall-ea0dfba5905d9f86.rlib --extern schemars=/opt/rustwide/target/debug/deps/libschemars-a4fdf3b1ed65fbbb.rlib --extern serde=/opt/rustwide/target/debug/deps/libserde-92bc9916abcb1bf4.rlib --extern serde_json=/opt/rustwide/target/debug/deps/libserde_json-756c7e6accffc2df.rlib --extern socket2=/opt/rustwide/target/debug/deps/libsocket2-1028757e1ed55d61.rlib --cap-lints=warn -L native=/opt/rustwide/target/debug/build/ifcfg-398da69200c740f0/out` (signal: 9, SIGKILL: kill)
[INFO] [stderr] warning: build failed, waiting for other jobs to finish...
[INFO] [stderr] error: could not compile `dust_dds`
[INFO] [stderr] 
[INFO] [stderr] Caused by:
[INFO] [stderr]   process didn't exit successfully: `rustc --crate-name dust_dds --edition=2018 src/lib.rs --error-format=json --json=diagnostic-rendered-ansi,artifacts,future-incompat --emit=dep-info,link -C embed-bitcode=no -C debuginfo=2 --test -C metadata=300bfff9edca7ca5 -C extra-filename=-300bfff9edca7ca5 --out-dir /opt/rustwide/target/debug/deps -L dependency=/opt/rustwide/target/debug/deps --extern byteorder=/opt/rustwide/target/debug/deps/libbyteorder-50c19e9bd62c942c.rlib --extern cdr=/opt/rustwide/target/debug/deps/libcdr-815dfb312156a96c.rlib --extern criterion=/opt/rustwide/target/debug/deps/libcriterion-68b9f8b82989585d.rlib --extern derive_more=/opt/rustwide/target/debug/deps/libderive_more-e3d345e41df698ae.so --extern dust_dds_derive=/opt/rustwide/target/debug/deps/libdust_dds_derive-e96778f854f2f779.so --extern fnmatch_regex=/opt/rustwide/target/debug/deps/libfnmatch_regex-a2fbf23f8d54c7d0.rlib --extern ifcfg=/opt/rustwide/target/debug/deps/libifcfg-786391a5e9534b2f.rlib --extern jsonschema=/opt/rustwide/target/debug/deps/libjsonschema-6091edce151c0d3b.rlib --extern lazy_static=/opt/rustwide/target/debug/deps/liblazy_static-a15e1ed0a3c31761.rlib --extern mac_address=/opt/rustwide/target/debug/deps/libmac_address-c861b8fd792b8d32.rlib --extern md5=/opt/rustwide/target/debug/deps/libmd5-c050a6e713644a9b.rlib --extern mockall=/opt/rustwide/target/debug/deps/libmockall-ea0dfba5905d9f86.rlib --extern schemars=/opt/rustwide/target/debug/deps/libschemars-a4fdf3b1ed65fbbb.rlib --extern serde=/opt/rustwide/target/debug/deps/libserde-92bc9916abcb1bf4.rlib --extern serde_json=/opt/rustwide/target/debug/deps/libserde_json-756c7e6accffc2df.rlib --extern socket2=/opt/rustwide/target/debug/deps/libsocket2-1028757e1ed55d61.rlib --cap-lints=warn -L native=/opt/rustwide/target/debug/build/ifcfg-398da69200c740f0/out` (signal: 9, SIGKILL: kill)
[INFO] [stderr] error: could not compile `dust_dds`
[INFO] [stderr] 
[INFO] [stderr] Caused by:
[INFO] [stderr]   process didn't exit successfully: `rustc --crate-name domain_participant_api --edition=2018 tests/domain_participant_api.rs --error-format=json --json=diagnostic-rendered-ansi,artifacts,future-incompat --emit=dep-info,link -C embed-bitcode=no -C debuginfo=2 --test -C metadata=6e30c166576f7197 -C extra-filename=-6e30c166576f7197 --out-dir /opt/rustwide/target/debug/deps -L dependency=/opt/rustwide/target/debug/deps --extern byteorder=/opt/rustwide/target/debug/deps/libbyteorder-50c19e9bd62c942c.rlib --extern cdr=/opt/rustwide/target/debug/deps/libcdr-815dfb312156a96c.rlib --extern criterion=/opt/rustwide/target/debug/deps/libcriterion-68b9f8b82989585d.rlib --extern derive_more=/opt/rustwide/target/debug/deps/libderive_more-e3d345e41df698ae.so --extern dust_dds=/opt/rustwide/target/debug/deps/libdust_dds-544267743163e79a.rlib --extern dust_dds_derive=/opt/rustwide/target/debug/deps/libdust_dds_derive-e96778f854f2f779.so --extern fnmatch_regex=/opt/rustwide/target/debug/deps/libfnmatch_regex-a2fbf23f8d54c7d0.rlib --extern ifcfg=/opt/rustwide/target/debug/deps/libifcfg-786391a5e9534b2f.rlib --extern jsonschema=/opt/rustwide/target/debug/deps/libjsonschema-6091edce151c0d3b.rlib --extern lazy_static=/opt/rustwide/target/debug/deps/liblazy_static-a15e1ed0a3c31761.rlib --extern mac_address=/opt/rustwide/target/debug/deps/libmac_address-c861b8fd792b8d32.rlib --extern md5=/opt/rustwide/target/debug/deps/libmd5-c050a6e713644a9b.rlib --extern mockall=/opt/rustwide/target/debug/deps/libmockall-ea0dfba5905d9f86.rlib --extern schemars=/opt/rustwide/target/debug/deps/libschemars-a4fdf3b1ed65fbbb.rlib --extern serde=/opt/rustwide/target/debug/deps/libserde-92bc9916abcb1bf4.rlib --extern serde_json=/opt/rustwide/target/debug/deps/libserde_json-756c7e6accffc2df.rlib --extern socket2=/opt/rustwide/target/debug/deps/libsocket2-1028757e1ed55d61.rlib --cap-lints=warn -L native=/opt/rustwide/target/debug/build/ifcfg-398da69200c740f0/out` (signal: 9, SIGKILL: kill)
[INFO] [stdout] error: linking with `cc` failed: exit status: 1
[INFO] [stdout]   |
[INFO] [stdout]   = note: LC_ALL="C" PATH="/opt/rustwide/rustup-home/toolchains/1.69.0-x86_64-unknown-linux-gnu/lib/rustlib/x86_64-unknown-linux-gnu/bin:/opt/rustwide/cargo-home/bin:/usr/local/sbin:/usr/local/bin:/usr/sbin:/usr/bin:/sbin:/bin" VSLANG="1033" "cc" "-m64" "/tmp/rustcFQj5Cl/symbols.o" "/opt/rustwide/target/debug/deps/publisher_api-0bea67159a247e91.publisher_api.5b62f369-cgu.0.rcgu.o" "/opt/rustwide/target/debug/deps/publisher_api-0bea67159a247e91.publisher_api.5b62f369-cgu.1.rcgu.o" "/opt/rustwide/target/debug/deps/publisher_api-0bea67159a247e91.publisher_api.5b62f369-cgu.10.rcgu.o" "/opt/rustwide/target/debug/deps/publisher_api-0bea67159a247e91.publisher_api.5b62f369-cgu.11.rcgu.o" "/opt/rustwide/target/debug/deps/publisher_api-0bea67159a247e91.publisher_api.5b62f369-cgu.12.rcgu.o" "/opt/rustwide/target/debug/deps/publisher_api-0bea67159a247e91.publisher_api.5b62f369-cgu.13.rcgu.o" "/opt/rustwide/target/debug/deps/publisher_api-0bea67159a247e91.publisher_api.5b62f369-cgu.14.rcgu.o" "/opt/rustwide/target/debug/deps/publisher_api-0bea67159a247e91.publisher_api.5b62f369-cgu.15.rcgu.o" "/opt/rustwide/target/debug/deps/publisher_api-0bea67159a247e91.publisher_api.5b62f369-cgu.2.rcgu.o" "/opt/rustwide/target/debug/deps/publisher_api-0bea67159a247e91.publisher_api.5b62f369-cgu.3.rcgu.o" "/opt/rustwide/target/debug/deps/publisher_api-0bea67159a247e91.publisher_api.5b62f369-cgu.4.rcgu.o" "/opt/rustwide/target/debug/deps/publisher_api-0bea67159a247e91.publisher_api.5b62f369-cgu.5.rcgu.o" "/opt/rustwide/target/debug/deps/publisher_api-0bea67159a247e91.publisher_api.5b62f369-cgu.6.rcgu.o" "/opt/rustwide/target/debug/deps/publisher_api-0bea67159a247e91.publisher_api.5b62f369-cgu.7.rcgu.o" "/opt/rustwide/target/debug/deps/publisher_api-0bea67159a247e91.publisher_api.5b62f369-cgu.8.rcgu.o" "/opt/rustwide/target/debug/deps/publisher_api-0bea67159a247e91.publisher_api.5b62f369-cgu.9.rcgu.o" "/opt/rustwide/target/debug/deps/publisher_api-0bea67159a247e91.2yn978rq3jjlxmay.rcgu.o" "-Wl,--as-needed" "-L" "/opt/rustwide/target/debug/deps" "-L" "/opt/rustwide/target/debug/build/ifcfg-398da69200c740f0/out" "-L" "/opt/rustwide/rustup-home/toolchains/1.69.0-x86_64-unknown-linux-gnu/lib/rustlib/x86_64-unknown-linux-gnu/lib" "-Wl,-Bstatic" "/opt/rustwide/rustup-home/toolchains/1.69.0-x86_64-unknown-linux-gnu/lib/rustlib/x86_64-unknown-linux-gnu/lib/libtest-7791a6353d4a7929.rlib" "/opt/rustwide/rustup-home/toolchains/1.69.0-x86_64-unknown-linux-gnu/lib/rustlib/x86_64-unknown-linux-gnu/lib/libgetopts-7b17724e9ce90a72.rlib" "/opt/rustwide/rustup-home/toolchains/1.69.0-x86_64-unknown-linux-gnu/lib/rustlib/x86_64-unknown-linux-gnu/lib/libunicode_width-596f8ce9d30a755e.rlib" "/opt/rustwide/rustup-home/toolchains/1.69.0-x86_64-unknown-linux-gnu/lib/rustlib/x86_64-unknown-linux-gnu/lib/librustc_std_workspace_std-da04f86254de594f.rlib" "/opt/rustwide/target/debug/deps/libdust_dds-544267743163e79a.rlib" "/opt/rustwide/target/debug/deps/libcdr-815dfb312156a96c.rlib" "/opt/rustwide/target/debug/deps/libmd5-c050a6e713644a9b.rlib" "/opt/rustwide/target/debug/deps/libifcfg-786391a5e9534b2f.rlib" "/opt/rustwide/target/debug/deps/libnix-aaaaa20f14994963.rlib" "/opt/rustwide/target/debug/deps/libfnmatch_regex-a2fbf23f8d54c7d0.rlib" "/opt/rustwide/target/debug/deps/libitertools-ea912201e9c13d48.rlib" "/opt/rustwide/target/debug/deps/libeither-cac85af8160ee6c4.rlib" "/opt/rustwide/target/debug/deps/libquick_error-b54af3b21bd61298.rlib" "/opt/rustwide/target/debug/deps/libbyteorder-50c19e9bd62c942c.rlib" "/opt/rustwide/target/debug/deps/libsocket2-1028757e1ed55d61.rlib" "/opt/rustwide/target/debug/deps/libschemars-a4fdf3b1ed65fbbb.rlib" "/opt/rustwide/target/debug/deps/libdyn_clone-e9cc5ecb301fed49.rlib" "/opt/rustwide/target/debug/deps/libmac_address-c861b8fd792b8d32.rlib" "/opt/rustwide/target/debug/deps/libnix-47ab7d75d92f0c64.rlib" "/opt/rustwide/target/debug/deps/libbitflags-ed17cd8d1f1832b6.rlib" "/opt/rustwide/target/debug/deps/libmemoffset-0f776f28e9231e55.rlib" "/opt/rustwide/target/debug/deps/libjsonschema-6091edce151c0d3b.rlib" "/opt/rustwide/target/debug/deps/libitoa-56a8428bad7458b8.rlib" "/opt/rustwide/target/debug/deps/libbase64-8062ff4772a66de9.rlib" "/opt/rustwide/target/debug/deps/libparking_lot-f45484c1d041c614.rlib" "/opt/rustwide/target/debug/deps/libparking_lot_core-df89ff26abbf583e.rlib" "/opt/rustwide/target/debug/deps/libsmallvec-22f2447eab0ca59b.rlib" "/opt/rustwide/target/debug/deps/liblock_api-68f9f4627da435ce.rlib" "/opt/rustwide/target/debug/deps/libscopeguard-f471875f675163b5.rlib" "/opt/rustwide/target/debug/deps/libfraction-719631fcd5838868.rlib" "/opt/rustwide/target/debug/deps/liblazy_static-a15e1ed0a3c31761.rlib" "/opt/rustwide/target/debug/deps/libnum-5aa4d0633fa5bf2a.rlib" "/opt/rustwide/target/debug/deps/libnum_rational-c524d631322beee6.rlib" "/opt/rustwide/target/debug/deps/libnum_iter-da450dff2ba76238.rlib" "/opt/rustwide/target/debug/deps/libnum_complex-0cffe9d3e6316e03.rlib" "/opt/rustwide/target/debug/deps/libnum_bigint-66f684760b32f7b8.rlib" "/opt/rustwide/target/debug/deps/libchrono-afd07f29ec62a13a.rlib" "/opt/rustwide/target/debug/deps/libiana_time_zone-bf2c4c30343f4ef7.rlib" "/opt/rustwide/target/debug/deps/libnum_integer-fcfdf2a4a96bf0a5.rlib" "/opt/rustwide/target/debug/deps/libnum_traits-3b93294800e9dc5d.rlib" "/opt/rustwide/target/debug/deps/libtime-147da1e32c9bdd31.rlib" "/opt/rustwide/target/debug/deps/libnum_cmp-e325153cfb6c48e1.rlib" "/opt/rustwide/target/debug/deps/libfancy_regex-ed072ff72292f459.rlib" "/opt/rustwide/target/debug/deps/libregex-bc0557adb69c609c.rlib" "/opt/rustwide/target/debug/deps/libaho_corasick-9bb9d75852409017.rlib" "/opt/rustwide/target/debug/deps/libmemchr-b18e4aa3c7a38625.rlib" "/opt/rustwide/target/debug/deps/libregex_syntax-4f5764d8391a61ee.rlib" "/opt/rustwide/target/debug/deps/libbit_set-d77ae1617525bb37.rlib" "/opt/rustwide/target/debug/deps/libbit_vec-ffc8dfb7fb6568b2.rlib" "/opt/rustwide/target/debug/deps/libahash-121ca1b76a78e6b3.rlib" "/opt/rustwide/target/debug/deps/libgetrandom-09390260e521cfc4.rlib" "/opt/rustwide/target/debug/deps/liblibc-09c46731ae1c781e.rlib" "/opt/rustwide/target/debug/deps/libcfg_if-e5e118dd7d121aaa.rlib" "/opt/rustwide/target/debug/deps/libonce_cell-7d2ec3fb6b6c5a4d.rlib" "/opt/rustwide/target/debug/deps/liburl-25a81f6654f7c1c7.rlib" "/opt/rustwide/target/debug/deps/libidna-b865ee86652f4dd4.rlib" "/opt/rustwide/target/debug/deps/libunicode_normalization-65834209e2c3efa0.rlib" "/opt/rustwide/target/debug/deps/libtinyvec-4aa74f8a972e3d9d.rlib" "/opt/rustwide/target/debug/deps/libtinyvec_macros-8eb663675e81bb18.rlib" "/opt/rustwide/target/debug/deps/libunicode_bidi-df88d89b87cd1c3f.rlib" "/opt/rustwide/target/debug/deps/libform_urlencoded-4406ed733a551179.rlib" "/opt/rustwide/target/debug/deps/libpercent_encoding-5b4f3c280783d946.rlib" "/opt/rustwide/target/debug/deps/libserde_json-756c7e6accffc2df.rlib" "/opt/rustwide/target/debug/deps/libryu-87a43729435ac998.rlib" "/opt/rustwide/target/debug/deps/libitoa-12e0c769e046c1b6.rlib" "/opt/rustwide/target/debug/deps/libserde-92bc9916abcb1bf4.rlib" "/opt/rustwide/rustup-home/toolchains/1.69.0-x86_64-unknown-linux-gnu/lib/rustlib/x86_64-unknown-linux-gnu/lib/libstd-89bc084783fdc439.rlib" "/opt/rustwide/rustup-home/toolchains/1.69.0-x86_64-unknown-linux-gnu/lib/rustlib/x86_64-unknown-linux-gnu/lib/libpanic_unwind-8bee4b287d4367c1.rlib" "/opt/rustwide/rustup-home/toolchains/1.69.0-x86_64-unknown-linux-gnu/lib/rustlib/x86_64-unknown-linux-gnu/lib/libobject-d61707aed80694c0.rlib" "/opt/rustwide/rustup-home/toolchains/1.69.0-x86_64-unknown-linux-gnu/lib/rustlib/x86_64-unknown-linux-gnu/lib/libmemchr-d85366256f22345b.rlib" "/opt/rustwide/rustup-home/toolchains/1.69.0-x86_64-unknown-linux-gnu/lib/rustlib/x86_64-unknown-linux-gnu/lib/libaddr2line-96069b86b8a8cae9.rlib" "/opt/rustwide/rustup-home/toolchains/1.69.0-x86_64-unknown-linux-gnu/lib/rustlib/x86_64-unknown-linux-gnu/lib/libgimli-d19d53abf68dfa6c.rlib" "/opt/rustwide/rustup-home/toolchains/1.69.0-x86_64-unknown-linux-gnu/lib/rustlib/x86_64-unknown-linux-gnu/lib/librustc_demangle-787cbccd19d64ac6.rlib" "/opt/rustwide/rustup-home/toolchains/1.69.0-x86_64-unknown-linux-gnu/lib/rustlib/x86_64-unknown-linux-gnu/lib/libstd_detect-b3837a36b830e0d0.rlib" "/opt/rustwide/rustup-home/toolchains/1.69.0-x86_64-unknown-linux-gnu/lib/rustlib/x86_64-unknown-linux-gnu/lib/libhashbrown-e3deb0e7e3f04966.rlib" "/opt/rustwide/rustup-home/toolchains/1.69.0-x86_64-unknown-linux-gnu/lib/rustlib/x86_64-unknown-linux-gnu/lib/libminiz_oxide-dabbb79c9815def4.rlib" "/opt/rustwide/rustup-home/toolchains/1.69.0-x86_64-unknown-linux-gnu/lib/rustlib/x86_64-unknown-linux-gnu/lib/libadler-305b01f34c9409f2.rlib" "/opt/rustwide/rustup-home/toolchains/1.69.0-x86_64-unknown-linux-gnu/lib/rustlib/x86_64-unknown-linux-gnu/lib/librustc_std_workspace_alloc-f833521df6074e73.rlib" "/opt/rustwide/rustup-home/toolchains/1.69.0-x86_64-unknown-linux-gnu/lib/rustlib/x86_64-unknown-linux-gnu/lib/libunwind-9ac333113350d171.rlib" "/opt/rustwide/rustup-home/toolchains/1.69.0-x86_64-unknown-linux-gnu/lib/rustlib/x86_64-unknown-linux-gnu/lib/libcfg_if-1c126114322d0eee.rlib" "/opt/rustwide/rustup-home/toolchains/1.69.0-x86_64-unknown-linux-gnu/lib/rustlib/x86_64-unknown-linux-gnu/lib/liblibc-bad9164fdeeecf92.rlib" "/opt/rustwide/rustup-home/toolchains/1.69.0-x86_64-unknown-linux-gnu/lib/rustlib/x86_64-unknown-linux-gnu/lib/liballoc-f9374b1e480fa681.rlib" "/opt/rustwide/rustup-home/toolchains/1.69.0-x86_64-unknown-linux-gnu/lib/rustlib/x86_64-unknown-linux-gnu/lib/librustc_std_workspace_core-207f06e41d9603af.rlib" "/opt/rustwide/rustup-home/toolchains/1.69.0-x86_64-unknown-linux-gnu/lib/rustlib/x86_64-unknown-linux-gnu/lib/libcore-7e2768e66e984e85.rlib" "/opt/rustwide/rustup-home/toolchains/1.69.0-x86_64-unknown-linux-gnu/lib/rustlib/x86_64-unknown-linux-gnu/lib/libcompiler_builtins-957b4aff41f8cd46.rlib" "-Wl,-Bdynamic" "-lgcc_s" "-lutil" "-lrt" "-lpthread" "-lm" "-ldl" "-lc" "-Wl,--eh-frame-hdr" "-Wl,-z,noexecstack" "-L" "/opt/rustwide/rustup-home/toolchains/1.69.0-x86_64-unknown-linux-gnu/lib/rustlib/x86_64-unknown-linux-gnu/lib" "-o" "/opt/rustwide/target/debug/deps/publisher_api-0bea67159a247e91" "-Wl,--gc-sections" "-pie" "-Wl,-z,relro,-z,now" "-nodefaultlibs"
[INFO] [stdout]   = note: collect2: fatal error: ld terminated with signal 9 [Killed]
[INFO] [stdout]           compilation terminated.
[INFO] [stdout]           
[INFO] [stdout] 
[INFO] [stdout] 
[INFO] [stdout] error: aborting due to previous error
[INFO] [stdout] 
[INFO] [stdout] 
[INFO] [stderr] error: could not compile `dust_dds` due to 2 previous errors
[INFO] [stdout] error: linking with `cc` failed: exit status: 1
[INFO] [stdout]   |
[INFO] [stdout]   = note: LC_ALL="C" PATH="/opt/rustwide/rustup-home/toolchains/1.69.0-x86_64-unknown-linux-gnu/lib/rustlib/x86_64-unknown-linux-gnu/bin:/opt/rustwide/cargo-home/bin:/usr/local/sbin:/usr/local/bin:/usr/sbin:/usr/bin:/sbin:/bin" VSLANG="1033" "cc" "-m64" "/tmp/rustcSp6h9l/symbols.o" "/opt/rustwide/target/debug/deps/subscriber_api-8cc9a87744d68a12.subscriber_api.7a8de293-cgu.0.rcgu.o" "/opt/rustwide/target/debug/deps/subscriber_api-8cc9a87744d68a12.subscriber_api.7a8de293-cgu.1.rcgu.o" "/opt/rustwide/target/debug/deps/subscriber_api-8cc9a87744d68a12.subscriber_api.7a8de293-cgu.10.rcgu.o" "/opt/rustwide/target/debug/deps/subscriber_api-8cc9a87744d68a12.subscriber_api.7a8de293-cgu.11.rcgu.o" "/opt/rustwide/target/debug/deps/subscriber_api-8cc9a87744d68a12.subscriber_api.7a8de293-cgu.12.rcgu.o" "/opt/rustwide/target/debug/deps/subscriber_api-8cc9a87744d68a12.subscriber_api.7a8de293-cgu.13.rcgu.o" "/opt/rustwide/target/debug/deps/subscriber_api-8cc9a87744d68a12.subscriber_api.7a8de293-cgu.14.rcgu.o" "/opt/rustwide/target/debug/deps/subscriber_api-8cc9a87744d68a12.subscriber_api.7a8de293-cgu.15.rcgu.o" "/opt/rustwide/target/debug/deps/subscriber_api-8cc9a87744d68a12.subscriber_api.7a8de293-cgu.2.rcgu.o" "/opt/rustwide/target/debug/deps/subscriber_api-8cc9a87744d68a12.subscriber_api.7a8de293-cgu.3.rcgu.o" "/opt/rustwide/target/debug/deps/subscriber_api-8cc9a87744d68a12.subscriber_api.7a8de293-cgu.4.rcgu.o" "/opt/rustwide/target/debug/deps/subscriber_api-8cc9a87744d68a12.subscriber_api.7a8de293-cgu.5.rcgu.o" "/opt/rustwide/target/debug/deps/subscriber_api-8cc9a87744d68a12.subscriber_api.7a8de293-cgu.6.rcgu.o" "/opt/rustwide/target/debug/deps/subscriber_api-8cc9a87744d68a12.subscriber_api.7a8de293-cgu.7.rcgu.o" "/opt/rustwide/target/debug/deps/subscriber_api-8cc9a87744d68a12.subscriber_api.7a8de293-cgu.8.rcgu.o" "/opt/rustwide/target/debug/deps/subscriber_api-8cc9a87744d68a12.subscriber_api.7a8de293-cgu.9.rcgu.o" "/opt/rustwide/target/debug/deps/subscriber_api-8cc9a87744d68a12.25iktwolpf2va01r.rcgu.o" "-Wl,--as-needed" "-L" "/opt/rustwide/target/debug/deps" "-L" "/opt/rustwide/target/debug/build/ifcfg-398da69200c740f0/out" "-L" "/opt/rustwide/rustup-home/toolchains/1.69.0-x86_64-unknown-linux-gnu/lib/rustlib/x86_64-unknown-linux-gnu/lib" "-Wl,-Bstatic" "/opt/rustwide/rustup-home/toolchains/1.69.0-x86_64-unknown-linux-gnu/lib/rustlib/x86_64-unknown-linux-gnu/lib/libtest-7791a6353d4a7929.rlib" "/opt/rustwide/rustup-home/toolchains/1.69.0-x86_64-unknown-linux-gnu/lib/rustlib/x86_64-unknown-linux-gnu/lib/libgetopts-7b17724e9ce90a72.rlib" "/opt/rustwide/rustup-home/toolchains/1.69.0-x86_64-unknown-linux-gnu/lib/rustlib/x86_64-unknown-linux-gnu/lib/libunicode_width-596f8ce9d30a755e.rlib" "/opt/rustwide/rustup-home/toolchains/1.69.0-x86_64-unknown-linux-gnu/lib/rustlib/x86_64-unknown-linux-gnu/lib/librustc_std_workspace_std-da04f86254de594f.rlib" "/opt/rustwide/target/debug/deps/libdust_dds-544267743163e79a.rlib" "/opt/rustwide/target/debug/deps/libcdr-815dfb312156a96c.rlib" "/opt/rustwide/target/debug/deps/libmd5-c050a6e713644a9b.rlib" "/opt/rustwide/target/debug/deps/libifcfg-786391a5e9534b2f.rlib" "/opt/rustwide/target/debug/deps/libnix-aaaaa20f14994963.rlib" "/opt/rustwide/target/debug/deps/libfnmatch_regex-a2fbf23f8d54c7d0.rlib" "/opt/rustwide/target/debug/deps/libitertools-ea912201e9c13d48.rlib" "/opt/rustwide/target/debug/deps/libeither-cac85af8160ee6c4.rlib" "/opt/rustwide/target/debug/deps/libquick_error-b54af3b21bd61298.rlib" "/opt/rustwide/target/debug/deps/libbyteorder-50c19e9bd62c942c.rlib" "/opt/rustwide/target/debug/deps/libsocket2-1028757e1ed55d61.rlib" "/opt/rustwide/target/debug/deps/libschemars-a4fdf3b1ed65fbbb.rlib" "/opt/rustwide/target/debug/deps/libdyn_clone-e9cc5ecb301fed49.rlib" "/opt/rustwide/target/debug/deps/libmac_address-c861b8fd792b8d32.rlib" "/opt/rustwide/target/debug/deps/libnix-47ab7d75d92f0c64.rlib" "/opt/rustwide/target/debug/deps/libbitflags-ed17cd8d1f1832b6.rlib" "/opt/rustwide/target/debug/deps/libmemoffset-0f776f28e9231e55.rlib" "/opt/rustwide/target/debug/deps/libjsonschema-6091edce151c0d3b.rlib" "/opt/rustwide/target/debug/deps/libitoa-56a8428bad7458b8.rlib" "/opt/rustwide/target/debug/deps/libbase64-8062ff4772a66de9.rlib" "/opt/rustwide/target/debug/deps/libparking_lot-f45484c1d041c614.rlib" "/opt/rustwide/target/debug/deps/libparking_lot_core-df89ff26abbf583e.rlib" "/opt/rustwide/target/debug/deps/libsmallvec-22f2447eab0ca59b.rlib" "/opt/rustwide/target/debug/deps/liblock_api-68f9f4627da435ce.rlib" "/opt/rustwide/target/debug/deps/libscopeguard-f471875f675163b5.rlib" "/opt/rustwide/target/debug/deps/libfraction-719631fcd5838868.rlib" "/opt/rustwide/target/debug/deps/liblazy_static-a15e1ed0a3c31761.rlib" "/opt/rustwide/target/debug/deps/libnum-5aa4d0633fa5bf2a.rlib" "/opt/rustwide/target/debug/deps/libnum_rational-c524d631322beee6.rlib" "/opt/rustwide/target/debug/deps/libnum_iter-da450dff2ba76238.rlib" "/opt/rustwide/target/debug/deps/libnum_complex-0cffe9d3e6316e03.rlib" "/opt/rustwide/target/debug/deps/libnum_bigint-66f684760b32f7b8.rlib" "/opt/rustwide/target/debug/deps/libchrono-afd07f29ec62a13a.rlib" "/opt/rustwide/target/debug/deps/libiana_time_zone-bf2c4c30343f4ef7.rlib" "/opt/rustwide/target/debug/deps/libnum_integer-fcfdf2a4a96bf0a5.rlib" "/opt/rustwide/target/debug/deps/libnum_traits-3b93294800e9dc5d.rlib" "/opt/rustwide/target/debug/deps/libtime-147da1e32c9bdd31.rlib" "/opt/rustwide/target/debug/deps/libnum_cmp-e325153cfb6c48e1.rlib" "/opt/rustwide/target/debug/deps/libfancy_regex-ed072ff72292f459.rlib" "/opt/rustwide/target/debug/deps/libregex-bc0557adb69c609c.rlib" "/opt/rustwide/target/debug/deps/libaho_corasick-9bb9d75852409017.rlib" "/opt/rustwide/target/debug/deps/libmemchr-b18e4aa3c7a38625.rlib" "/opt/rustwide/target/debug/deps/libregex_syntax-4f5764d8391a61ee.rlib" "/opt/rustwide/target/debug/deps/libbit_set-d77ae1617525bb37.rlib" "/opt/rustwide/target/debug/deps/libbit_vec-ffc8dfb7fb6568b2.rlib" "/opt/rustwide/target/debug/deps/libahash-121ca1b76a78e6b3.rlib" "/opt/rustwide/target/debug/deps/libgetrandom-09390260e521cfc4.rlib" "/opt/rustwide/target/debug/deps/liblibc-09c46731ae1c781e.rlib" "/opt/rustwide/target/debug/deps/libcfg_if-e5e118dd7d121aaa.rlib" "/opt/rustwide/target/debug/deps/libonce_cell-7d2ec3fb6b6c5a4d.rlib" "/opt/rustwide/target/debug/deps/liburl-25a81f6654f7c1c7.rlib" "/opt/rustwide/target/debug/deps/libidna-b865ee86652f4dd4.rlib" "/opt/rustwide/target/debug/deps/libunicode_normalization-65834209e2c3efa0.rlib" "/opt/rustwide/target/debug/deps/libtinyvec-4aa74f8a972e3d9d.rlib" "/opt/rustwide/target/debug/deps/libtinyvec_macros-8eb663675e81bb18.rlib" "/opt/rustwide/target/debug/deps/libunicode_bidi-df88d89b87cd1c3f.rlib" "/opt/rustwide/target/debug/deps/libform_urlencoded-4406ed733a551179.rlib" "/opt/rustwide/target/debug/deps/libpercent_encoding-5b4f3c280783d946.rlib" "/opt/rustwide/target/debug/deps/libserde_json-756c7e6accffc2df.rlib" "/opt/rustwide/target/debug/deps/libryu-87a43729435ac998.rlib" "/opt/rustwide/target/debug/deps/libitoa-12e0c769e046c1b6.rlib" "/opt/rustwide/target/debug/deps/libserde-92bc9916abcb1bf4.rlib" "/opt/rustwide/rustup-home/toolchains/1.69.0-x86_64-unknown-linux-gnu/lib/rustlib/x86_64-unknown-linux-gnu/lib/libstd-89bc084783fdc439.rlib" "/opt/rustwide/rustup-home/toolchains/1.69.0-x86_64-unknown-linux-gnu/lib/rustlib/x86_64-unknown-linux-gnu/lib/libpanic_unwind-8bee4b287d4367c1.rlib" "/opt/rustwide/rustup-home/toolchains/1.69.0-x86_64-unknown-linux-gnu/lib/rustlib/x86_64-unknown-linux-gnu/lib/libobject-d61707aed80694c0.rlib" "/opt/rustwide/rustup-home/toolchains/1.69.0-x86_64-unknown-linux-gnu/lib/rustlib/x86_64-unknown-linux-gnu/lib/libmemchr-d85366256f22345b.rlib" "/opt/rustwide/rustup-home/toolchains/1.69.0-x86_64-unknown-linux-gnu/lib/rustlib/x86_64-unknown-linux-gnu/lib/libaddr2line-96069b86b8a8cae9.rlib" "/opt/rustwide/rustup-home/toolchains/1.69.0-x86_64-unknown-linux-gnu/lib/rustlib/x86_64-unknown-linux-gnu/lib/libgimli-d19d53abf68dfa6c.rlib" "/opt/rustwide/rustup-home/toolchains/1.69.0-x86_64-unknown-linux-gnu/lib/rustlib/x86_64-unknown-linux-gnu/lib/librustc_demangle-787cbccd19d64ac6.rlib" "/opt/rustwide/rustup-home/toolchains/1.69.0-x86_64-unknown-linux-gnu/lib/rustlib/x86_64-unknown-linux-gnu/lib/libstd_detect-b3837a36b830e0d0.rlib" "/opt/rustwide/rustup-home/toolchains/1.69.0-x86_64-unknown-linux-gnu/lib/rustlib/x86_64-unknown-linux-gnu/lib/libhashbrown-e3deb0e7e3f04966.rlib" "/opt/rustwide/rustup-home/toolchains/1.69.0-x86_64-unknown-linux-gnu/lib/rustlib/x86_64-unknown-linux-gnu/lib/libminiz_oxide-dabbb79c9815def4.rlib" "/opt/rustwide/rustup-home/toolchains/1.69.0-x86_64-unknown-linux-gnu/lib/rustlib/x86_64-unknown-linux-gnu/lib/libadler-305b01f34c9409f2.rlib" "/opt/rustwide/rustup-home/toolchains/1.69.0-x86_64-unknown-linux-gnu/lib/rustlib/x86_64-unknown-linux-gnu/lib/librustc_std_workspace_alloc-f833521df6074e73.rlib" "/opt/rustwide/rustup-home/toolchains/1.69.0-x86_64-unknown-linux-gnu/lib/rustlib/x86_64-unknown-linux-gnu/lib/libunwind-9ac333113350d171.rlib" "/opt/rustwide/rustup-home/toolchains/1.69.0-x86_64-unknown-linux-gnu/lib/rustlib/x86_64-unknown-linux-gnu/lib/libcfg_if-1c126114322d0eee.rlib" "/opt/rustwide/rustup-home/toolchains/1.69.0-x86_64-unknown-linux-gnu/lib/rustlib/x86_64-unknown-linux-gnu/lib/liblibc-bad9164fdeeecf92.rlib" "/opt/rustwide/rustup-home/toolchains/1.69.0-x86_64-unknown-linux-gnu/lib/rustlib/x86_64-unknown-linux-gnu/lib/liballoc-f9374b1e480fa681.rlib" "/opt/rustwide/rustup-home/toolchains/1.69.0-x86_64-unknown-linux-gnu/lib/rustlib/x86_64-unknown-linux-gnu/lib/librustc_std_workspace_core-207f06e41d9603af.rlib" "/opt/rustwide/rustup-home/toolchains/1.69.0-x86_64-unknown-linux-gnu/lib/rustlib/x86_64-unknown-linux-gnu/lib/libcore-7e2768e66e984e85.rlib" "/opt/rustwide/rustup-home/toolchains/1.69.0-x86_64-unknown-linux-gnu/lib/rustlib/x86_64-unknown-linux-gnu/lib/libcompiler_builtins-957b4aff41f8cd46.rlib" "-Wl,-Bdynamic" "-lgcc_s" "-lutil" "-lrt" "-lpthread" "-lm" "-ldl" "-lc" "-Wl,--eh-frame-hdr" "-Wl,-z,noexecstack" "-L" "/opt/rustwide/rustup-home/toolchains/1.69.0-x86_64-unknown-linux-gnu/lib/rustlib/x86_64-unknown-linux-gnu/lib" "-o" "/opt/rustwide/target/debug/deps/subscriber_api-8cc9a87744d68a12" "-Wl,--gc-sections" "-pie" "-Wl,-z,relro,-z,now" "-nodefaultlibs"
[INFO] [stdout]   = note: collect2: fatal error: ld terminated with signal 9 [Killed]
[INFO] [stdout]           compilation terminated.
[INFO] [stdout]           
[INFO] [stdout] 
[INFO] [stdout] 
[INFO] [stdout] error: aborting due to previous error
[INFO] [stdout] 
[INFO] [stdout] 
[INFO] [stderr] error: could not compile `dust_dds` due to 2 previous errors
[INFO] [stderr] error: could not compile `dust_dds`
[INFO] [stderr] 
[INFO] [stderr] Caused by:
[INFO] [stderr]   process didn't exit successfully: `rustc --crate-name listeners --edition=2018 tests/listeners.rs --error-format=json --json=diagnostic-rendered-ansi,artifacts,future-incompat --emit=dep-info,link -C embed-bitcode=no -C debuginfo=2 --test -C metadata=37c5053b87b35b46 -C extra-filename=-37c5053b87b35b46 --out-dir /opt/rustwide/target/debug/deps -L dependency=/opt/rustwide/target/debug/deps --extern byteorder=/opt/rustwide/target/debug/deps/libbyteorder-50c19e9bd62c942c.rlib --extern cdr=/opt/rustwide/target/debug/deps/libcdr-815dfb312156a96c.rlib --extern criterion=/opt/rustwide/target/debug/deps/libcriterion-68b9f8b82989585d.rlib --extern derive_more=/opt/rustwide/target/debug/deps/libderive_more-e3d345e41df698ae.so --extern dust_dds=/opt/rustwide/target/debug/deps/libdust_dds-544267743163e79a.rlib --extern dust_dds_derive=/opt/rustwide/target/debug/deps/libdust_dds_derive-e96778f854f2f779.so --extern fnmatch_regex=/opt/rustwide/target/debug/deps/libfnmatch_regex-a2fbf23f8d54c7d0.rlib --extern ifcfg=/opt/rustwide/target/debug/deps/libifcfg-786391a5e9534b2f.rlib --extern jsonschema=/opt/rustwide/target/debug/deps/libjsonschema-6091edce151c0d3b.rlib --extern lazy_static=/opt/rustwide/target/debug/deps/liblazy_static-a15e1ed0a3c31761.rlib --extern mac_address=/opt/rustwide/target/debug/deps/libmac_address-c861b8fd792b8d32.rlib --extern md5=/opt/rustwide/target/debug/deps/libmd5-c050a6e713644a9b.rlib --extern mockall=/opt/rustwide/target/debug/deps/libmockall-ea0dfba5905d9f86.rlib --extern schemars=/opt/rustwide/target/debug/deps/libschemars-a4fdf3b1ed65fbbb.rlib --extern serde=/opt/rustwide/target/debug/deps/libserde-92bc9916abcb1bf4.rlib --extern serde_json=/opt/rustwide/target/debug/deps/libserde_json-756c7e6accffc2df.rlib --extern socket2=/opt/rustwide/target/debug/deps/libsocket2-1028757e1ed55d61.rlib --cap-lints=warn -L native=/opt/rustwide/target/debug/build/ifcfg-398da69200c740f0/out` (signal: 9, SIGKILL: kill)
[INFO] [stdout] error: linking with `cc` failed: exit status: 1
[INFO] [stdout]   |
[INFO] [stdout]   = note: LC_ALL="C" PATH="/opt/rustwide/rustup-home/toolchains/1.69.0-x86_64-unknown-linux-gnu/lib/rustlib/x86_64-unknown-linux-gnu/bin:/opt/rustwide/cargo-home/bin:/usr/local/sbin:/usr/local/bin:/usr/sbin:/usr/bin:/sbin:/bin" VSLANG="1033" "cc" "-m64" "/tmp/rustc7Ive9W/symbols.o" "/opt/rustwide/target/debug/deps/domain_participant_factory_qos-c80b6cbe24077712.domain_participant_factory_qos.184d9797-cgu.0.rcgu.o" "/opt/rustwide/target/debug/deps/domain_participant_factory_qos-c80b6cbe24077712.domain_participant_factory_qos.184d9797-cgu.1.rcgu.o" "/opt/rustwide/target/debug/deps/domain_participant_factory_qos-c80b6cbe24077712.domain_participant_factory_qos.184d9797-cgu.10.rcgu.o" "/opt/rustwide/target/debug/deps/domain_participant_factory_qos-c80b6cbe24077712.domain_participant_factory_qos.184d9797-cgu.11.rcgu.o" "/opt/rustwide/target/debug/deps/domain_participant_factory_qos-c80b6cbe24077712.domain_participant_factory_qos.184d9797-cgu.12.rcgu.o" "/opt/rustwide/target/debug/deps/domain_participant_factory_qos-c80b6cbe24077712.domain_participant_factory_qos.184d9797-cgu.13.rcgu.o" "/opt/rustwide/target/debug/deps/domain_participant_factory_qos-c80b6cbe24077712.domain_participant_factory_qos.184d9797-cgu.2.rcgu.o" "/opt/rustwide/target/debug/deps/domain_participant_factory_qos-c80b6cbe24077712.domain_participant_factory_qos.184d9797-cgu.3.rcgu.o" "/opt/rustwide/target/debug/deps/domain_participant_factory_qos-c80b6cbe24077712.domain_participant_factory_qos.184d9797-cgu.4.rcgu.o" "/opt/rustwide/target/debug/deps/domain_participant_factory_qos-c80b6cbe24077712.domain_participant_factory_qos.184d9797-cgu.5.rcgu.o" "/opt/rustwide/target/debug/deps/domain_participant_factory_qos-c80b6cbe24077712.domain_participant_factory_qos.184d9797-cgu.6.rcgu.o" "/opt/rustwide/target/debug/deps/domain_participant_factory_qos-c80b6cbe24077712.domain_participant_factory_qos.184d9797-cgu.7.rcgu.o" "/opt/rustwide/target/debug/deps/domain_participant_factory_qos-c80b6cbe24077712.domain_participant_factory_qos.184d9797-cgu.8.rcgu.o" "/opt/rustwide/target/debug/deps/domain_participant_factory_qos-c80b6cbe24077712.domain_participant_factory_qos.184d9797-cgu.9.rcgu.o" "/opt/rustwide/target/debug/deps/domain_participant_factory_qos-c80b6cbe24077712.58u7u5cw9mfgoz1.rcgu.o" "-Wl,--as-needed" "-L" "/opt/rustwide/target/debug/deps" "-L" "/opt/rustwide/target/debug/build/ifcfg-398da69200c740f0/out" "-L" "/opt/rustwide/rustup-home/toolchains/1.69.0-x86_64-unknown-linux-gnu/lib/rustlib/x86_64-unknown-linux-gnu/lib" "-Wl,-Bstatic" "/opt/rustwide/rustup-home/toolchains/1.69.0-x86_64-unknown-linux-gnu/lib/rustlib/x86_64-unknown-linux-gnu/lib/libtest-7791a6353d4a7929.rlib" "/opt/rustwide/rustup-home/toolchains/1.69.0-x86_64-unknown-linux-gnu/lib/rustlib/x86_64-unknown-linux-gnu/lib/libgetopts-7b17724e9ce90a72.rlib" "/opt/rustwide/rustup-home/toolchains/1.69.0-x86_64-unknown-linux-gnu/lib/rustlib/x86_64-unknown-linux-gnu/lib/libunicode_width-596f8ce9d30a755e.rlib" "/opt/rustwide/rustup-home/toolchains/1.69.0-x86_64-unknown-linux-gnu/lib/rustlib/x86_64-unknown-linux-gnu/lib/librustc_std_workspace_std-da04f86254de594f.rlib" "/opt/rustwide/target/debug/deps/libdust_dds-544267743163e79a.rlib" "/opt/rustwide/target/debug/deps/libcdr-815dfb312156a96c.rlib" "/opt/rustwide/target/debug/deps/libmd5-c050a6e713644a9b.rlib" "/opt/rustwide/target/debug/deps/libifcfg-786391a5e9534b2f.rlib" "/opt/rustwide/target/debug/deps/libnix-aaaaa20f14994963.rlib" "/opt/rustwide/target/debug/deps/libfnmatch_regex-a2fbf23f8d54c7d0.rlib" "/opt/rustwide/target/debug/deps/libitertools-ea912201e9c13d48.rlib" "/opt/rustwide/target/debug/deps/libeither-cac85af8160ee6c4.rlib" "/opt/rustwide/target/debug/deps/libquick_error-b54af3b21bd61298.rlib" "/opt/rustwide/target/debug/deps/libbyteorder-50c19e9bd62c942c.rlib" "/opt/rustwide/target/debug/deps/libsocket2-1028757e1ed55d61.rlib" "/opt/rustwide/target/debug/deps/libschemars-a4fdf3b1ed65fbbb.rlib" "/opt/rustwide/target/debug/deps/libdyn_clone-e9cc5ecb301fed49.rlib" "/opt/rustwide/target/debug/deps/libmac_address-c861b8fd792b8d32.rlib" "/opt/rustwide/target/debug/deps/libnix-47ab7d75d92f0c64.rlib" "/opt/rustwide/target/debug/deps/libbitflags-ed17cd8d1f1832b6.rlib" "/opt/rustwide/target/debug/deps/libmemoffset-0f776f28e9231e55.rlib" "/opt/rustwide/target/debug/deps/libjsonschema-6091edce151c0d3b.rlib" "/opt/rustwide/target/debug/deps/libitoa-56a8428bad7458b8.rlib" "/opt/rustwide/target/debug/deps/libbase64-8062ff4772a66de9.rlib" "/opt/rustwide/target/debug/deps/libparking_lot-f45484c1d041c614.rlib" "/opt/rustwide/target/debug/deps/libparking_lot_core-df89ff26abbf583e.rlib" "/opt/rustwide/target/debug/deps/libsmallvec-22f2447eab0ca59b.rlib" "/opt/rustwide/target/debug/deps/liblock_api-68f9f4627da435ce.rlib" "/opt/rustwide/target/debug/deps/libscopeguard-f471875f675163b5.rlib" "/opt/rustwide/target/debug/deps/libfraction-719631fcd5838868.rlib" "/opt/rustwide/target/debug/deps/liblazy_static-a15e1ed0a3c31761.rlib" "/opt/rustwide/target/debug/deps/libnum-5aa4d0633fa5bf2a.rlib" "/opt/rustwide/target/debug/deps/libnum_rational-c524d631322beee6.rlib" "/opt/rustwide/target/debug/deps/libnum_iter-da450dff2ba76238.rlib" "/opt/rustwide/target/debug/deps/libnum_complex-0cffe9d3e6316e03.rlib" "/opt/rustwide/target/debug/deps/libnum_bigint-66f684760b32f7b8.rlib" "/opt/rustwide/target/debug/deps/libchrono-afd07f29ec62a13a.rlib" "/opt/rustwide/target/debug/deps/libiana_time_zone-bf2c4c30343f4ef7.rlib" "/opt/rustwide/target/debug/deps/libnum_integer-fcfdf2a4a96bf0a5.rlib" "/opt/rustwide/target/debug/deps/libnum_traits-3b93294800e9dc5d.rlib" "/opt/rustwide/target/debug/deps/libtime-147da1e32c9bdd31.rlib" "/opt/rustwide/target/debug/deps/libnum_cmp-e325153cfb6c48e1.rlib" "/opt/rustwide/target/debug/deps/libfancy_regex-ed072ff72292f459.rlib" "/opt/rustwide/target/debug/deps/libregex-bc0557adb69c609c.rlib" "/opt/rustwide/target/debug/deps/libaho_corasick-9bb9d75852409017.rlib" "/opt/rustwide/target/debug/deps/libmemchr-b18e4aa3c7a38625.rlib" "/opt/rustwide/target/debug/deps/libregex_syntax-4f5764d8391a61ee.rlib" "/opt/rustwide/target/debug/deps/libbit_set-d77ae1617525bb37.rlib" "/opt/rustwide/target/debug/deps/libbit_vec-ffc8dfb7fb6568b2.rlib" "/opt/rustwide/target/debug/deps/libahash-121ca1b76a78e6b3.rlib" "/opt/rustwide/target/debug/deps/libgetrandom-09390260e521cfc4.rlib" "/opt/rustwide/target/debug/deps/liblibc-09c46731ae1c781e.rlib" "/opt/rustwide/target/debug/deps/libcfg_if-e5e118dd7d121aaa.rlib" "/opt/rustwide/target/debug/deps/libonce_cell-7d2ec3fb6b6c5a4d.rlib" "/opt/rustwide/target/debug/deps/liburl-25a81f6654f7c1c7.rlib" "/opt/rustwide/target/debug/deps/libidna-b865ee86652f4dd4.rlib" "/opt/rustwide/target/debug/deps/libunicode_normalization-65834209e2c3efa0.rlib" "/opt/rustwide/target/debug/deps/libtinyvec-4aa74f8a972e3d9d.rlib" "/opt/rustwide/target/debug/deps/libtinyvec_macros-8eb663675e81bb18.rlib" "/opt/rustwide/target/debug/deps/libunicode_bidi-df88d89b87cd1c3f.rlib" "/opt/rustwide/target/debug/deps/libform_urlencoded-4406ed733a551179.rlib" "/opt/rustwide/target/debug/deps/libpercent_encoding-5b4f3c280783d946.rlib" "/opt/rustwide/target/debug/deps/libserde_json-756c7e6accffc2df.rlib" "/opt/rustwide/target/debug/deps/libryu-87a43729435ac998.rlib" "/opt/rustwide/target/debug/deps/libitoa-12e0c769e046c1b6.rlib" "/opt/rustwide/target/debug/deps/libserde-92bc9916abcb1bf4.rlib" "/opt/rustwide/rustup-home/toolchains/1.69.0-x86_64-unknown-linux-gnu/lib/rustlib/x86_64-unknown-linux-gnu/lib/libstd-89bc084783fdc439.rlib" "/opt/rustwide/rustup-home/toolchains/1.69.0-x86_64-unknown-linux-gnu/lib/rustlib/x86_64-unknown-linux-gnu/lib/libpanic_unwind-8bee4b287d4367c1.rlib" "/opt/rustwide/rustup-home/toolchains/1.69.0-x86_64-unknown-linux-gnu/lib/rustlib/x86_64-unknown-linux-gnu/lib/libobject-d61707aed80694c0.rlib" "/opt/rustwide/rustup-home/toolchains/1.69.0-x86_64-unknown-linux-gnu/lib/rustlib/x86_64-unknown-linux-gnu/lib/libmemchr-d85366256f22345b.rlib" "/opt/rustwide/rustup-home/toolchains/1.69.0-x86_64-unknown-linux-gnu/lib/rustlib/x86_64-unknown-linux-gnu/lib/libaddr2line-96069b86b8a8cae9.rlib" "/opt/rustwide/rustup-home/toolchains/1.69.0-x86_64-unknown-linux-gnu/lib/rustlib/x86_64-unknown-linux-gnu/lib/libgimli-d19d53abf68dfa6c.rlib" "/opt/rustwide/rustup-home/toolchains/1.69.0-x86_64-unknown-linux-gnu/lib/rustlib/x86_64-unknown-linux-gnu/lib/librustc_demangle-787cbccd19d64ac6.rlib" "/opt/rustwide/rustup-home/toolchains/1.69.0-x86_64-unknown-linux-gnu/lib/rustlib/x86_64-unknown-linux-gnu/lib/libstd_detect-b3837a36b830e0d0.rlib" "/opt/rustwide/rustup-home/toolchains/1.69.0-x86_64-unknown-linux-gnu/lib/rustlib/x86_64-unknown-linux-gnu/lib/libhashbrown-e3deb0e7e3f04966.rlib" "/opt/rustwide/rustup-home/toolchains/1.69.0-x86_64-unknown-linux-gnu/lib/rustlib/x86_64-unknown-linux-gnu/lib/libminiz_oxide-dabbb79c9815def4.rlib" "/opt/rustwide/rustup-home/toolchains/1.69.0-x86_64-unknown-linux-gnu/lib/rustlib/x86_64-unknown-linux-gnu/lib/libadler-305b01f34c9409f2.rlib" "/opt/rustwide/rustup-home/toolchains/1.69.0-x86_64-unknown-linux-gnu/lib/rustlib/x86_64-unknown-linux-gnu/lib/librustc_std_workspace_alloc-f833521df6074e73.rlib" "/opt/rustwide/rustup-home/toolchains/1.69.0-x86_64-unknown-linux-gnu/lib/rustlib/x86_64-unknown-linux-gnu/lib/libunwind-9ac333113350d171.rlib" "/opt/rustwide/rustup-home/toolchains/1.69.0-x86_64-unknown-linux-gnu/lib/rustlib/x86_64-unknown-linux-gnu/lib/libcfg_if-1c126114322d0eee.rlib" "/opt/rustwide/rustup-home/toolchains/1.69.0-x86_64-unknown-linux-gnu/lib/rustlib/x86_64-unknown-linux-gnu/lib/liblibc-bad9164fdeeecf92.rlib" "/opt/rustwide/rustup-home/toolchains/1.69.0-x86_64-unknown-linux-gnu/lib/rustlib/x86_64-unknown-linux-gnu/lib/liballoc-f9374b1e480fa681.rlib" "/opt/rustwide/rustup-home/toolchains/1.69.0-x86_64-unknown-linux-gnu/lib/rustlib/x86_64-unknown-linux-gnu/lib/librustc_std_workspace_core-207f06e41d9603af.rlib" "/opt/rustwide/rustup-home/toolchains/1.69.0-x86_64-unknown-linux-gnu/lib/rustlib/x86_64-unknown-linux-gnu/lib/libcore-7e2768e66e984e85.rlib" "/opt/rustwide/rustup-home/toolchains/1.69.0-x86_64-unknown-linux-gnu/lib/rustlib/x86_64-unknown-linux-gnu/lib/libcompiler_builtins-957b4aff41f8cd46.rlib" "-Wl,-Bdynamic" "-lgcc_s" "-lutil" "-lrt" "-lpthread" "-lm" "-ldl" "-lc" "-Wl,--eh-frame-hdr" "-Wl,-z,noexecstack" "-L" "/opt/rustwide/rustup-home/toolchains/1.69.0-x86_64-unknown-linux-gnu/lib/rustlib/x86_64-unknown-linux-gnu/lib" "-o" "/opt/rustwide/target/debug/deps/domain_participant_factory_qos-c80b6cbe24077712" "-Wl,--gc-sections" "-pie" "-Wl,-z,relro,-z,now" "-nodefaultlibs"
[INFO] [stdout]   = note: collect2: fatal error: ld terminated with signal 9 [Killed]
[INFO] [stdout]           compilation terminated.
[INFO] [stdout]           
[INFO] [stdout] 
[INFO] [stdout] 
[INFO] [stdout] error: aborting due to previous error
[INFO] [stdout] 
[INFO] [stdout] 
[INFO] [stderr] error: could not compile `dust_dds` due to 2 previous errors
[INFO] [stdout] error: linking with `cc` failed: exit status: 1
[INFO] [stdout]   |
[INFO] [stdout]   = note: LC_ALL="C" PATH="/opt/rustwide/rustup-home/toolchains/1.69.0-x86_64-unknown-linux-gnu/lib/rustlib/x86_64-unknown-linux-gnu/bin:/opt/rustwide/cargo-home/bin:/usr/local/sbin:/usr/local/bin:/usr/sbin:/usr/bin:/sbin:/bin" VSLANG="1033" "cc" "-m64" "/tmp/rustcoirkLQ/symbols.o" "/opt/rustwide/target/debug/deps/discovery-aac67c35ab79fd5a.discovery.42cc3f5c-cgu.0.rcgu.o" "/opt/rustwide/target/debug/deps/discovery-aac67c35ab79fd5a.discovery.42cc3f5c-cgu.1.rcgu.o" "/opt/rustwide/target/debug/deps/discovery-aac67c35ab79fd5a.discovery.42cc3f5c-cgu.10.rcgu.o" "/opt/rustwide/target/debug/deps/discovery-aac67c35ab79fd5a.discovery.42cc3f5c-cgu.11.rcgu.o" "/opt/rustwide/target/debug/deps/discovery-aac67c35ab79fd5a.discovery.42cc3f5c-cgu.12.rcgu.o" "/opt/rustwide/target/debug/deps/discovery-aac67c35ab79fd5a.discovery.42cc3f5c-cgu.13.rcgu.o" "/opt/rustwide/target/debug/deps/discovery-aac67c35ab79fd5a.discovery.42cc3f5c-cgu.14.rcgu.o" "/opt/rustwide/target/debug/deps/discovery-aac67c35ab79fd5a.discovery.42cc3f5c-cgu.15.rcgu.o" "/opt/rustwide/target/debug/deps/discovery-aac67c35ab79fd5a.discovery.42cc3f5c-cgu.2.rcgu.o" "/opt/rustwide/target/debug/deps/discovery-aac67c35ab79fd5a.discovery.42cc3f5c-cgu.3.rcgu.o" "/opt/rustwide/target/debug/deps/discovery-aac67c35ab79fd5a.discovery.42cc3f5c-cgu.4.rcgu.o" "/opt/rustwide/target/debug/deps/discovery-aac67c35ab79fd5a.discovery.42cc3f5c-cgu.5.rcgu.o" "/opt/rustwide/target/debug/deps/discovery-aac67c35ab79fd5a.discovery.42cc3f5c-cgu.6.rcgu.o" "/opt/rustwide/target/debug/deps/discovery-aac67c35ab79fd5a.discovery.42cc3f5c-cgu.7.rcgu.o" "/opt/rustwide/target/debug/deps/discovery-aac67c35ab79fd5a.discovery.42cc3f5c-cgu.8.rcgu.o" "/opt/rustwide/target/debug/deps/discovery-aac67c35ab79fd5a.discovery.42cc3f5c-cgu.9.rcgu.o" "/opt/rustwide/target/debug/deps/discovery-aac67c35ab79fd5a.2gvu706w1xf3kza9.rcgu.o" "-Wl,--as-needed" "-L" "/opt/rustwide/target/debug/deps" "-L" "/opt/rustwide/target/debug/build/ifcfg-398da69200c740f0/out" "-L" "/opt/rustwide/rustup-home/toolchains/1.69.0-x86_64-unknown-linux-gnu/lib/rustlib/x86_64-unknown-linux-gnu/lib" "-Wl,-Bstatic" "/opt/rustwide/rustup-home/toolchains/1.69.0-x86_64-unknown-linux-gnu/lib/rustlib/x86_64-unknown-linux-gnu/lib/libtest-7791a6353d4a7929.rlib" "/opt/rustwide/rustup-home/toolchains/1.69.0-x86_64-unknown-linux-gnu/lib/rustlib/x86_64-unknown-linux-gnu/lib/libgetopts-7b17724e9ce90a72.rlib" "/opt/rustwide/rustup-home/toolchains/1.69.0-x86_64-unknown-linux-gnu/lib/rustlib/x86_64-unknown-linux-gnu/lib/libunicode_width-596f8ce9d30a755e.rlib" "/opt/rustwide/rustup-home/toolchains/1.69.0-x86_64-unknown-linux-gnu/lib/rustlib/x86_64-unknown-linux-gnu/lib/librustc_std_workspace_std-da04f86254de594f.rlib" "/opt/rustwide/target/debug/deps/libdust_dds-544267743163e79a.rlib" "/opt/rustwide/target/debug/deps/libcdr-815dfb312156a96c.rlib" "/opt/rustwide/target/debug/deps/libmd5-c050a6e713644a9b.rlib" "/opt/rustwide/target/debug/deps/libifcfg-786391a5e9534b2f.rlib" "/opt/rustwide/target/debug/deps/libnix-aaaaa20f14994963.rlib" "/opt/rustwide/target/debug/deps/libfnmatch_regex-a2fbf23f8d54c7d0.rlib" "/opt/rustwide/target/debug/deps/libitertools-ea912201e9c13d48.rlib" "/opt/rustwide/target/debug/deps/libeither-cac85af8160ee6c4.rlib" "/opt/rustwide/target/debug/deps/libquick_error-b54af3b21bd61298.rlib" "/opt/rustwide/target/debug/deps/libbyteorder-50c19e9bd62c942c.rlib" "/opt/rustwide/target/debug/deps/libsocket2-1028757e1ed55d61.rlib" "/opt/rustwide/target/debug/deps/libschemars-a4fdf3b1ed65fbbb.rlib" "/opt/rustwide/target/debug/deps/libdyn_clone-e9cc5ecb301fed49.rlib" "/opt/rustwide/target/debug/deps/libmac_address-c861b8fd792b8d32.rlib" "/opt/rustwide/target/debug/deps/libnix-47ab7d75d92f0c64.rlib" "/opt/rustwide/target/debug/deps/libbitflags-ed17cd8d1f1832b6.rlib" "/opt/rustwide/target/debug/deps/libmemoffset-0f776f28e9231e55.rlib" "/opt/rustwide/target/debug/deps/libjsonschema-6091edce151c0d3b.rlib" "/opt/rustwide/target/debug/deps/libitoa-56a8428bad7458b8.rlib" "/opt/rustwide/target/debug/deps/libbase64-8062ff4772a66de9.rlib" "/opt/rustwide/target/debug/deps/libparking_lot-f45484c1d041c614.rlib" "/opt/rustwide/target/debug/deps/libparking_lot_core-df89ff26abbf583e.rlib" "/opt/rustwide/target/debug/deps/libsmallvec-22f2447eab0ca59b.rlib" "/opt/rustwide/target/debug/deps/liblock_api-68f9f4627da435ce.rlib" "/opt/rustwide/target/debug/deps/libscopeguard-f471875f675163b5.rlib" "/opt/rustwide/target/debug/deps/libfraction-719631fcd5838868.rlib" "/opt/rustwide/target/debug/deps/liblazy_static-a15e1ed0a3c31761.rlib" "/opt/rustwide/target/debug/deps/libnum-5aa4d0633fa5bf2a.rlib" "/opt/rustwide/target/debug/deps/libnum_rational-c524d631322beee6.rlib" "/opt/rustwide/target/debug/deps/libnum_iter-da450dff2ba76238.rlib" "/opt/rustwide/target/debug/deps/libnum_complex-0cffe9d3e6316e03.rlib" "/opt/rustwide/target/debug/deps/libnum_bigint-66f684760b32f7b8.rlib" "/opt/rustwide/target/debug/deps/libchrono-afd07f29ec62a13a.rlib" "/opt/rustwide/target/debug/deps/libiana_time_zone-bf2c4c30343f4ef7.rlib" "/opt/rustwide/target/debug/deps/libnum_integer-fcfdf2a4a96bf0a5.rlib" "/opt/rustwide/target/debug/deps/libnum_traits-3b93294800e9dc5d.rlib" "/opt/rustwide/target/debug/deps/libtime-147da1e32c9bdd31.rlib" "/opt/rustwide/target/debug/deps/libnum_cmp-e325153cfb6c48e1.rlib" "/opt/rustwide/target/debug/deps/libfancy_regex-ed072ff72292f459.rlib" "/opt/rustwide/target/debug/deps/libregex-bc0557adb69c609c.rlib" "/opt/rustwide/target/debug/deps/libaho_corasick-9bb9d75852409017.rlib" "/opt/rustwide/target/debug/deps/libmemchr-b18e4aa3c7a38625.rlib" "/opt/rustwide/target/debug/deps/libregex_syntax-4f5764d8391a61ee.rlib" "/opt/rustwide/target/debug/deps/libbit_set-d77ae1617525bb37.rlib" "/opt/rustwide/target/debug/deps/libbit_vec-ffc8dfb7fb6568b2.rlib" "/opt/rustwide/target/debug/deps/libahash-121ca1b76a78e6b3.rlib" "/opt/rustwide/target/debug/deps/libgetrandom-09390260e521cfc4.rlib" "/opt/rustwide/target/debug/deps/liblibc-09c46731ae1c781e.rlib" "/opt/rustwide/target/debug/deps/libcfg_if-e5e118dd7d121aaa.rlib" "/opt/rustwide/target/debug/deps/libonce_cell-7d2ec3fb6b6c5a4d.rlib" "/opt/rustwide/target/debug/deps/liburl-25a81f6654f7c1c7.rlib" "/opt/rustwide/target/debug/deps/libidna-b865ee86652f4dd4.rlib" "/opt/rustwide/target/debug/deps/libunicode_normalization-65834209e2c3efa0.rlib" "/opt/rustwide/target/debug/deps/libtinyvec-4aa74f8a972e3d9d.rlib" "/opt/rustwide/target/debug/deps/libtinyvec_macros-8eb663675e81bb18.rlib" "/opt/rustwide/target/debug/deps/libunicode_bidi-df88d89b87cd1c3f.rlib" "/opt/rustwide/target/debug/deps/libform_urlencoded-4406ed733a551179.rlib" "/opt/rustwide/target/debug/deps/libpercent_encoding-5b4f3c280783d946.rlib" "/opt/rustwide/target/debug/deps/libserde_json-756c7e6accffc2df.rlib" "/opt/rustwide/target/debug/deps/libryu-87a43729435ac998.rlib" "/opt/rustwide/target/debug/deps/libitoa-12e0c769e046c1b6.rlib" "/opt/rustwide/target/debug/deps/libserde-92bc9916abcb1bf4.rlib" "/opt/rustwide/rustup-home/toolchains/1.69.0-x86_64-unknown-linux-gnu/lib/rustlib/x86_64-unknown-linux-gnu/lib/libstd-89bc084783fdc439.rlib" "/opt/rustwide/rustup-home/toolchains/1.69.0-x86_64-unknown-linux-gnu/lib/rustlib/x86_64-unknown-linux-gnu/lib/libpanic_unwind-8bee4b287d4367c1.rlib" "/opt/rustwide/rustup-home/toolchains/1.69.0-x86_64-unknown-linux-gnu/lib/rustlib/x86_64-unknown-linux-gnu/lib/libobject-d61707aed80694c0.rlib" "/opt/rustwide/rustup-home/toolchains/1.69.0-x86_64-unknown-linux-gnu/lib/rustlib/x86_64-unknown-linux-gnu/lib/libmemchr-d85366256f22345b.rlib" "/opt/rustwide/rustup-home/toolchains/1.69.0-x86_64-unknown-linux-gnu/lib/rustlib/x86_64-unknown-linux-gnu/lib/libaddr2line-96069b86b8a8cae9.rlib" "/opt/rustwide/rustup-home/toolchains/1.69.0-x86_64-unknown-linux-gnu/lib/rustlib/x86_64-unknown-linux-gnu/lib/libgimli-d19d53abf68dfa6c.rlib" "/opt/rustwide/rustup-home/toolchains/1.69.0-x86_64-unknown-linux-gnu/lib/rustlib/x86_64-unknown-linux-gnu/lib/librustc_demangle-787cbccd19d64ac6.rlib" "/opt/rustwide/rustup-home/toolchains/1.69.0-x86_64-unknown-linux-gnu/lib/rustlib/x86_64-unknown-linux-gnu/lib/libstd_detect-b3837a36b830e0d0.rlib" "/opt/rustwide/rustup-home/toolchains/1.69.0-x86_64-unknown-linux-gnu/lib/rustlib/x86_64-unknown-linux-gnu/lib/libhashbrown-e3deb0e7e3f04966.rlib" "/opt/rustwide/rustup-home/toolchains/1.69.0-x86_64-unknown-linux-gnu/lib/rustlib/x86_64-unknown-linux-gnu/lib/libminiz_oxide-dabbb79c9815def4.rlib" "/opt/rustwide/rustup-home/toolchains/1.69.0-x86_64-unknown-linux-gnu/lib/rustlib/x86_64-unknown-linux-gnu/lib/libadler-305b01f34c9409f2.rlib" "/opt/rustwide/rustup-home/toolchains/1.69.0-x86_64-unknown-linux-gnu/lib/rustlib/x86_64-unknown-linux-gnu/lib/librustc_std_workspace_alloc-f833521df6074e73.rlib" "/opt/rustwide/rustup-home/toolchains/1.69.0-x86_64-unknown-linux-gnu/lib/rustlib/x86_64-unknown-linux-gnu/lib/libunwind-9ac333113350d171.rlib" "/opt/rustwide/rustup-home/toolchains/1.69.0-x86_64-unknown-linux-gnu/lib/rustlib/x86_64-unknown-linux-gnu/lib/libcfg_if-1c126114322d0eee.rlib" "/opt/rustwide/rustup-home/toolchains/1.69.0-x86_64-unknown-linux-gnu/lib/rustlib/x86_64-unknown-linux-gnu/lib/liblibc-bad9164fdeeecf92.rlib" "/opt/rustwide/rustup-home/toolchains/1.69.0-x86_64-unknown-linux-gnu/lib/rustlib/x86_64-unknown-linux-gnu/lib/liballoc-f9374b1e480fa681.rlib" "/opt/rustwide/rustup-home/toolchains/1.69.0-x86_64-unknown-linux-gnu/lib/rustlib/x86_64-unknown-linux-gnu/lib/librustc_std_workspace_core-207f06e41d9603af.rlib" "/opt/rustwide/rustup-home/toolchains/1.69.0-x86_64-unknown-linux-gnu/lib/rustlib/x86_64-unknown-linux-gnu/lib/libcore-7e2768e66e984e85.rlib" "/opt/rustwide/rustup-home/toolchains/1.69.0-x86_64-unknown-linux-gnu/lib/rustlib/x86_64-unknown-linux-gnu/lib/libcompiler_builtins-957b4aff41f8cd46.rlib" "-Wl,-Bdynamic" "-lgcc_s" "-lutil" "-lrt" "-lpthread" "-lm" "-ldl" "-lc" "-Wl,--eh-frame-hdr" "-Wl,-z,noexecstack" "-L" "/opt/rustwide/rustup-home/toolchains/1.69.0-x86_64-unknown-linux-gnu/lib/rustlib/x86_64-unknown-linux-gnu/lib" "-o" "/opt/rustwide/target/debug/deps/discovery-aac67c35ab79fd5a" "-Wl,--gc-sections" "-pie" "-Wl,-z,relro,-z,now" "-nodefaultlibs"
[INFO] [stdout]   = note: collect2: fatal error: ld terminated with signal 9 [Killed]
[INFO] [stdout]           compilation terminated.
[INFO] [stdout]           
[INFO] [stdout] 
[INFO] [stdout] 
[INFO] [stdout] error: aborting due to previous error
[INFO] [stdout] 
[INFO] [stdout] 
[INFO] [stderr] error: could not compile `dust_dds` due to 2 previous errors
[INFO] running `Command { std: "docker" "inspect" "e24a3b04e9e9a0d1f0759be8b4a4d2e675f7bcf12b5720e9809aa6a510ebd4f0", kill_on_drop: false }`
[INFO] running `Command { std: "docker" "rm" "-f" "e24a3b04e9e9a0d1f0759be8b4a4d2e675f7bcf12b5720e9809aa6a510ebd4f0", kill_on_drop: false }`
[INFO] [stdout] e24a3b04e9e9a0d1f0759be8b4a4d2e675f7bcf12b5720e9809aa6a510ebd4f0
