[INFO] fetching crate desk-logind 1.1.1...
[INFO] testing desk-logind-1.1.1 against beta-2023-04-20 for beta-1.70-1
[INFO] extracting crate desk-logind 1.1.1 into /workspace/builds/worker-6-tc2/source
[INFO] validating manifest of crates.io crate desk-logind 1.1.1 on toolchain beta-2023-04-20
[INFO] running `Command { std: CARGO_HOME="/workspace/cargo-home" RUSTUP_HOME="/workspace/rustup-home" "/workspace/cargo-home/bin/cargo" "+beta-2023-04-20" "metadata" "--manifest-path" "Cargo.toml" "--no-deps", kill_on_drop: false }`
[INFO] started tweaking crates.io crate desk-logind 1.1.1
[INFO] finished tweaking crates.io crate desk-logind 1.1.1
[INFO] tweaked toml for crates.io crate desk-logind 1.1.1 written to /workspace/builds/worker-6-tc2/source/Cargo.toml
[INFO] running `Command { std: CARGO_HOME="/workspace/cargo-home" RUSTUP_HOME="/workspace/rustup-home" __CARGO_TEST_CHANNEL_OVERRIDE_DO_NOT_USE_THIS="nightly" "/workspace/cargo-home/bin/cargo" "+beta-2023-04-20" "generate-lockfile" "--manifest-path" "Cargo.toml" "-Zno-index-update", kill_on_drop: false }`
[INFO] running `Command { std: CARGO_HOME="/workspace/cargo-home" RUSTUP_HOME="/workspace/rustup-home" "/workspace/cargo-home/bin/cargo" "+beta-2023-04-20" "fetch" "--manifest-path" "Cargo.toml", kill_on_drop: false }`
[INFO] [stderr]  Downloading crates ...
[INFO] [stderr]   Downloaded nix v0.19.1
[INFO] [stderr]   Downloaded dbus v0.9.7
[INFO] [stderr]   Downloaded libdbus-sys v0.2.5
[INFO] running `Command { std: "docker" "create" "-v" "/var/lib/crater-agent-workspace/builds/worker-6-tc2/target:/opt/rustwide/target:rw,Z" "-v" "/var/lib/crater-agent-workspace/builds/worker-6-tc2/source:/opt/rustwide/workdir:ro,Z" "-v" "/var/lib/crater-agent-workspace/cargo-home:/opt/rustwide/cargo-home:ro,Z" "-v" "/var/lib/crater-agent-workspace/rustup-home:/opt/rustwide/rustup-home:ro,Z" "-e" "SOURCE_DIR=/opt/rustwide/workdir" "-e" "CARGO_TARGET_DIR=/opt/rustwide/target" "-e" "CARGO_HOME=/opt/rustwide/cargo-home" "-e" "RUSTUP_HOME=/opt/rustwide/rustup-home" "-w" "/opt/rustwide/workdir" "-m" "1610612736" "--user" "0:0" "--network" "none" "ghcr.io/rust-lang/crates-build-env/linux@sha256:5ff2268d62e97bff2cde7d5815dd6ed5b47097566f13b8d0ca110b04b60e07ed" "/opt/rustwide/cargo-home/bin/cargo" "+beta-2023-04-20" "metadata" "--no-deps" "--format-version=1", kill_on_drop: false }`
[INFO] [stdout] a8d563b7ca9ebec447119f5c9cd4fefc894ea91e27065cb84a42ba188b47cc06
[INFO] running `Command { std: "docker" "start" "-a" "a8d563b7ca9ebec447119f5c9cd4fefc894ea91e27065cb84a42ba188b47cc06", kill_on_drop: false }`
[INFO] running `Command { std: "docker" "inspect" "a8d563b7ca9ebec447119f5c9cd4fefc894ea91e27065cb84a42ba188b47cc06", kill_on_drop: false }`
[INFO] running `Command { std: "docker" "rm" "-f" "a8d563b7ca9ebec447119f5c9cd4fefc894ea91e27065cb84a42ba188b47cc06", kill_on_drop: false }`
[INFO] [stdout] a8d563b7ca9ebec447119f5c9cd4fefc894ea91e27065cb84a42ba188b47cc06
[INFO] running `Command { std: "docker" "create" "-v" "/var/lib/crater-agent-workspace/builds/worker-6-tc2/target:/opt/rustwide/target:rw,Z" "-v" "/var/lib/crater-agent-workspace/builds/worker-6-tc2/source:/opt/rustwide/workdir:ro,Z" "-v" "/var/lib/crater-agent-workspace/cargo-home:/opt/rustwide/cargo-home:ro,Z" "-v" "/var/lib/crater-agent-workspace/rustup-home:/opt/rustwide/rustup-home:ro,Z" "-e" "SOURCE_DIR=/opt/rustwide/workdir" "-e" "CARGO_TARGET_DIR=/opt/rustwide/target" "-e" "CARGO_INCREMENTAL=0" "-e" "RUST_BACKTRACE=full" "-e" "RUSTFLAGS=--cap-lints=warn" "-e" "RUSTDOCFLAGS=--cap-lints=warn" "-e" "CARGO_HOME=/opt/rustwide/cargo-home" "-e" "RUSTUP_HOME=/opt/rustwide/rustup-home" "-w" "/opt/rustwide/workdir" "-m" "1610612736" "--user" "0:0" "--network" "none" "ghcr.io/rust-lang/crates-build-env/linux@sha256:5ff2268d62e97bff2cde7d5815dd6ed5b47097566f13b8d0ca110b04b60e07ed" "/opt/rustwide/cargo-home/bin/cargo" "+beta-2023-04-20" "build" "--frozen" "--message-format=json", kill_on_drop: false }`
[INFO] [stdout] e4440c8a99c64e7e2d2bcd17d7b60b59f48f25de898a25ea8a3f6b8243c932d8
[INFO] running `Command { std: "docker" "start" "-a" "e4440c8a99c64e7e2d2bcd17d7b60b59f48f25de898a25ea8a3f6b8243c932d8", kill_on_drop: false }`
[INFO] [stderr]    Compiling proc-macro2 v1.0.56
[INFO] [stderr]    Compiling unicode-ident v1.0.8
[INFO] [stderr]    Compiling quote v1.0.26
[INFO] [stderr]    Compiling pkg-config v0.3.26
[INFO] [stderr]    Compiling libc v0.2.142
[INFO] [stderr]    Compiling thiserror v1.0.40
[INFO] [stderr]    Compiling cfg-if v1.0.0
[INFO] [stderr]    Compiling bitflags v1.3.2
[INFO] [stderr]    Compiling libdbus-sys v0.2.5
[INFO] [stderr]    Compiling syn v2.0.15
[INFO] [stderr]    Compiling nix v0.19.1
[INFO] [stderr]    Compiling dbus v0.9.7
[INFO] [stderr]    Compiling thiserror-impl v1.0.40
[INFO] [stderr]    Compiling desk-logind v1.1.1 (/opt/rustwide/workdir)
[INFO] [stdout] error[E0432]: unresolved import `thiserror`
[INFO] [stdout]  --> src/error.rs:7:10
[INFO] [stdout]   |
[INFO] [stdout] 7 | #[derive(Error, Debug)]
[INFO] [stdout]   |          ^^^^^ no `ThiserrorProvide` in `__private`
[INFO] [stdout]   |
[INFO] [stdout]   = note: this error originates in the derive macro `Error` (in Nightly builds, run with -Z macro-backtrace for more info)
[INFO] [stdout] 
[INFO] [stdout] 
[INFO] [stdout] error[E0658]: use of unstable library feature 'error_generic_member_access'
[INFO] [stdout]  --> src/error.rs:7:10
[INFO] [stdout]   |
[INFO] [stdout] 7 | #[derive(Error, Debug)]
[INFO] [stdout]   |          ^^^^^
[INFO] [stdout]   |
[INFO] [stdout]   = note: see issue #99301 <https://github.com/rust-lang/rust/issues/99301> for more information
[INFO] [stdout]   = note: this error originates in the derive macro `Error` (in Nightly builds, run with -Z macro-backtrace for more info)
[INFO] [stdout] 
[INFO] [stdout] 
[INFO] [stdout] error[E0658]: use of unstable library feature 'provide_any'
[INFO] [stdout]  --> src/error.rs:7:10
[INFO] [stdout]   |
[INFO] [stdout] 7 | #[derive(Error, Debug)]
[INFO] [stdout]   |          ^^^^^
[INFO] [stdout]   |
[INFO] [stdout]   = note: see issue #96024 <https://github.com/rust-lang/rust/issues/96024> for more information
[INFO] [stdout]   = note: this error originates in the derive macro `Error` (in Nightly builds, run with -Z macro-backtrace for more info)
[INFO] [stdout] 
[INFO] [stdout] 
[INFO] [stdout] error[E0554]: `#![feature]` may not be used on the beta release channel
[INFO] [stdout]  --> src/lib.rs:2:12
[INFO] [stdout]   |
[INFO] [stdout] 2 | #![feature(backtrace)]
[INFO] [stdout]   |            ^^^^^^^^^
[INFO] [stdout] 
[INFO] [stdout] 
[INFO] [stdout] warning: the feature `backtrace` has been stable since 1.65.0 and no longer requires an attribute to enable
[INFO] [stdout]  --> src/lib.rs:2:12
[INFO] [stdout]   |
[INFO] [stdout] 2 | #![feature(backtrace)]
[INFO] [stdout]   |            ^^^^^^^^^
[INFO] [stdout]   |
[INFO] [stdout]   = note: `#[warn(stable_features)]` on by default
[INFO] [stdout] 
[INFO] [stdout] 
[INFO] [stdout] error[E0599]: no method named `thiserror_provide` found for reference `&dbus::Error` in the current scope
[INFO] [stdout]   --> src/error.rs:16:9
[INFO] [stdout]    |
[INFO] [stdout] 16 |         source: DBusError,
[INFO] [stdout]    |         ^^^^^^ method not found in `&Error`
[INFO] [stdout] 
[INFO] [stdout] 
[INFO] [stdout] error[E0599]: no method named `thiserror_provide` found for reference `&dbus::Error` in the current scope
[INFO] [stdout]   --> src/error.rs:25:9
[INFO] [stdout]    |
[INFO] [stdout] 25 |         source: DBusError,
[INFO] [stdout]    |         ^^^^^^ method not found in `&Error`
[INFO] [stdout] 
[INFO] [stdout] 
[INFO] [stdout] error[E0599]: no method named `thiserror_provide` found for reference `&nix::Error` in the current scope
[INFO] [stdout]   --> src/error.rs:33:9
[INFO] [stdout]    |
[INFO] [stdout] 33 |         source: nix::Error,
[INFO] [stdout]    |         ^^^^^^ method not found in `&Error`
[INFO] [stdout] 
[INFO] [stdout] 
[INFO] [stdout] error: aborting due to 7 previous errors; 1 warning emitted
[INFO] [stdout] 
[INFO] [stdout] 
[INFO] [stdout] Some errors have detailed explanations: E0432, E0554, E0599, E0658.
[INFO] [stdout] 
[INFO] [stdout] For more information about an error, try `rustc --explain E0432`.
[INFO] [stdout] 
[INFO] [stderr] error: could not compile `desk-logind` (lib) due to 8 previous errors; 1 warning emitted
[INFO] [stderr] warning: build failed, waiting for other jobs to finish...
[INFO] running `Command { std: "docker" "inspect" "e4440c8a99c64e7e2d2bcd17d7b60b59f48f25de898a25ea8a3f6b8243c932d8", kill_on_drop: false }`
[INFO] running `Command { std: "docker" "rm" "-f" "e4440c8a99c64e7e2d2bcd17d7b60b59f48f25de898a25ea8a3f6b8243c932d8", kill_on_drop: false }`
[INFO] [stdout] e4440c8a99c64e7e2d2bcd17d7b60b59f48f25de898a25ea8a3f6b8243c932d8
