[INFO] fetching crate depict-web 0.3.0...
[INFO] testing depict-web-0.3.0 against 1.69.0 for beta-1.70-1
[INFO] extracting crate depict-web 0.3.0 into /workspace/builds/worker-1-tc1/source
[INFO] validating manifest of crates.io crate depict-web 0.3.0 on toolchain 1.69.0
[INFO] running `Command { std: CARGO_HOME="/workspace/cargo-home" RUSTUP_HOME="/workspace/rustup-home" "/workspace/cargo-home/bin/cargo" "+1.69.0" "metadata" "--manifest-path" "Cargo.toml" "--no-deps", kill_on_drop: false }`
[INFO] started tweaking crates.io crate depict-web 0.3.0
[INFO] finished tweaking crates.io crate depict-web 0.3.0
[INFO] tweaked toml for crates.io crate depict-web 0.3.0 written to /workspace/builds/worker-1-tc1/source/Cargo.toml
[INFO] crate crates.io crate depict-web 0.3.0 already has a lockfile, it will not be regenerated
[INFO] running `Command { std: CARGO_HOME="/workspace/cargo-home" RUSTUP_HOME="/workspace/rustup-home" "/workspace/cargo-home/bin/cargo" "+1.69.0" "fetch" "--manifest-path" "Cargo.toml", kill_on_drop: false }`
[INFO] [stderr]  Downloading crates ...
[INFO] [stderr]   Downloaded osqp-rust v0.6.2
[INFO] [stderr]   Downloaded include_dir v0.7.3
[INFO] [stderr]   Downloaded smallbox v0.8.1
[INFO] [stderr]   Downloaded enum-kinds v0.5.1
[INFO] [stderr]   Downloaded include_dir_macros v0.7.3
[INFO] [stderr]   Downloaded logos v0.12.1
[INFO] [stderr]   Downloaded printf-compat v0.1.1
[INFO] [stderr]   Downloaded lru v0.8.1
[INFO] [stderr]   Downloaded serde_repr v0.1.11
[INFO] [stderr]   Downloaded keyboard-types v0.6.2
[INFO] [stderr]   Downloaded wasm-logger v0.2.0
[INFO] [stderr]   Downloaded dioxus-rsx v0.0.3
[INFO] [stderr]   Downloaded internment v0.7.0
[INFO] [stderr]   Downloaded longest-increasing-subsequence v0.1.0
[INFO] [stderr]   Downloaded bumpslab v0.2.0
[INFO] [stderr]   Downloaded dioxus v0.3.2
[INFO] [stderr]   Downloaded dioxus-core v0.3.2
[INFO] [stderr]   Downloaded execute-command-macro-impl v0.1.8
[INFO] [stderr]   Downloaded execute-command-macro v0.1.8
[INFO] [stderr]   Downloaded dioxus-rsx v0.0.2
[INFO] [stderr]   Downloaded dioxus-hooks v0.3.0
[INFO] [stderr]   Downloaded intmap v0.7.1
[INFO] [stderr]   Downloaded interprocess v1.2.1
[INFO] [stderr]   Downloaded colorous v1.0.10
[INFO] [stderr]   Downloaded darling_macro v0.14.3
[INFO] [stderr]   Downloaded execute v0.2.11
[INFO] [stderr]   Downloaded ux v0.1.5
[INFO] [stderr]   Downloaded smallstr v0.2.0
[INFO] [stderr]   Downloaded logos-derive v0.12.1
[INFO] [stderr]   Downloaded self_cell v0.10.2
[INFO] [stderr]   Downloaded svg v0.10.0
[INFO] [stderr]   Downloaded ordered-float v3.4.0
[INFO] [stderr]   Downloaded darling_core v0.14.3
[INFO] [stderr]   Downloaded dioxus-hot-reload v0.1.1
[INFO] [stderr]   Downloaded pomelo v0.1.5
[INFO] [stderr]   Downloaded pomelo-impl v0.1.5
[INFO] [stderr]   Downloaded spinning v0.1.0
[INFO] [stderr]   Downloaded dioxus-core-macro v0.3.0
[INFO] [stderr]   Downloaded sorted-vec v0.7.0
[INFO] [stderr]   Downloaded sledgehammer_bindgen v0.1.3
[INFO] [stderr]   Downloaded depict v0.3.0
[INFO] [stderr]   Downloaded dioxus-web v0.3.1
[INFO] [stderr]   Downloaded dioxus-interpreter-js v0.3.1
[INFO] [stderr]   Downloaded execute-command-tokens v0.1.6
[INFO] [stderr]   Downloaded to_method v1.1.0
[INFO] [stderr]   Downloaded dioxus-html v0.3.1
[INFO] [stderr]   Downloaded sledgehammer_utils v0.1.0
[INFO] [stderr]   Downloaded osqp-rust-sys v0.6.2
[INFO] [stderr]   Downloaded cstr_core v0.2.6
[INFO] [stderr]   Downloaded darling v0.14.3
[INFO] running `Command { std: "docker" "create" "-v" "/var/lib/crater-agent-workspace/builds/worker-1-tc1/target:/opt/rustwide/target:rw,Z" "-v" "/var/lib/crater-agent-workspace/builds/worker-1-tc1/source:/opt/rustwide/workdir:ro,Z" "-v" "/var/lib/crater-agent-workspace/cargo-home:/opt/rustwide/cargo-home:ro,Z" "-v" "/var/lib/crater-agent-workspace/rustup-home:/opt/rustwide/rustup-home:ro,Z" "-e" "SOURCE_DIR=/opt/rustwide/workdir" "-e" "CARGO_TARGET_DIR=/opt/rustwide/target" "-e" "CARGO_HOME=/opt/rustwide/cargo-home" "-e" "RUSTUP_HOME=/opt/rustwide/rustup-home" "-w" "/opt/rustwide/workdir" "-m" "1610612736" "--user" "0:0" "--network" "none" "ghcr.io/rust-lang/crates-build-env/linux@sha256:5ff2268d62e97bff2cde7d5815dd6ed5b47097566f13b8d0ca110b04b60e07ed" "/opt/rustwide/cargo-home/bin/cargo" "+1.69.0" "metadata" "--no-deps" "--format-version=1", kill_on_drop: false }`
[INFO] [stdout] 142cbff61c1b05d59159f65251261ae031c817565f9b5e4d95b8bc718be39447
[INFO] running `Command { std: "docker" "start" "-a" "142cbff61c1b05d59159f65251261ae031c817565f9b5e4d95b8bc718be39447", kill_on_drop: false }`
[INFO] running `Command { std: "docker" "inspect" "142cbff61c1b05d59159f65251261ae031c817565f9b5e4d95b8bc718be39447", kill_on_drop: false }`
[INFO] running `Command { std: "docker" "rm" "-f" "142cbff61c1b05d59159f65251261ae031c817565f9b5e4d95b8bc718be39447", kill_on_drop: false }`
[INFO] [stdout] 142cbff61c1b05d59159f65251261ae031c817565f9b5e4d95b8bc718be39447
[INFO] running `Command { std: "docker" "create" "-v" "/var/lib/crater-agent-workspace/builds/worker-1-tc1/target:/opt/rustwide/target:rw,Z" "-v" "/var/lib/crater-agent-workspace/builds/worker-1-tc1/source:/opt/rustwide/workdir:ro,Z" "-v" "/var/lib/crater-agent-workspace/cargo-home:/opt/rustwide/cargo-home:ro,Z" "-v" "/var/lib/crater-agent-workspace/rustup-home:/opt/rustwide/rustup-home:ro,Z" "-e" "SOURCE_DIR=/opt/rustwide/workdir" "-e" "CARGO_TARGET_DIR=/opt/rustwide/target" "-e" "CARGO_INCREMENTAL=0" "-e" "RUST_BACKTRACE=full" "-e" "RUSTFLAGS=--cap-lints=warn" "-e" "RUSTDOCFLAGS=--cap-lints=warn" "-e" "CARGO_HOME=/opt/rustwide/cargo-home" "-e" "RUSTUP_HOME=/opt/rustwide/rustup-home" "-w" "/opt/rustwide/workdir" "-m" "1610612736" "--user" "0:0" "--network" "none" "ghcr.io/rust-lang/crates-build-env/linux@sha256:5ff2268d62e97bff2cde7d5815dd6ed5b47097566f13b8d0ca110b04b60e07ed" "/opt/rustwide/cargo-home/bin/cargo" "+1.69.0" "build" "--frozen" "--message-format=json", kill_on_drop: false }`
[INFO] [stdout] 60840978e6942a9698c7ced65695f4df05c29f37c58e5d6bfe285e5dca7be3a1
[INFO] running `Command { std: "docker" "start" "-a" "60840978e6942a9698c7ced65695f4df05c29f37c58e5d6bfe285e5dca7be3a1", kill_on_drop: false }`
[INFO] [stderr]    Compiling proc-macro2 v1.0.51
[INFO] [stderr]    Compiling unicode-ident v1.0.8
[INFO] [stderr]    Compiling quote v1.0.23
[INFO] [stderr]    Compiling syn v1.0.109
[INFO] [stderr]    Compiling cfg-if v1.0.0
[INFO] [stderr]    Compiling autocfg v1.1.0
[INFO] [stderr]    Compiling once_cell v1.17.1
[INFO] [stderr]    Compiling libc v0.2.139
[INFO] [stderr]    Compiling version_check v0.9.4
[INFO] [stderr]    Compiling serde_derive v1.0.152
[INFO] [stderr]    Compiling serde v1.0.152
[INFO] [stderr]    Compiling bumpalo v3.12.0
[INFO] [stderr]    Compiling memchr v2.5.0
[INFO] [stderr]    Compiling log v0.4.17
[INFO] [stderr]    Compiling pin-project-lite v0.2.9
[INFO] [stderr]    Compiling wasm-bindgen-shared v0.2.84
[INFO] [stderr]    Compiling futures-core v0.3.26
[INFO] [stderr]    Compiling serde_json v1.0.94
[INFO] [stderr]    Compiling wasm-bindgen v0.2.84
[INFO] [stderr]    Compiling pin-utils v0.1.0
[INFO] [stderr]    Compiling parking_lot_core v0.9.7
[INFO] [stderr]    Compiling itoa v1.0.6
[INFO] [stderr]    Compiling smallvec v1.10.0
[INFO] [stderr]    Compiling scopeguard v1.1.0
[INFO] [stderr]    Compiling ahash v0.7.6
[INFO] [stderr]    Compiling lock_api v0.4.9
[INFO] [stderr]    Compiling slab v0.4.8
[INFO] [stderr]    Compiling ryu v1.0.13
[INFO] [stderr]    Compiling futures-io v0.3.26
[INFO] [stderr]    Compiling fnv v1.0.7
[INFO] [stderr]    Compiling futures-channel v0.3.26
[INFO] [stderr]    Compiling num-traits v0.2.15
[INFO] [stderr]    Compiling futures-sink v0.3.26
[INFO] [stderr]    Compiling rustc-hash v1.1.0
[INFO] [stderr]    Compiling futures-task v0.3.26
[INFO] [stderr]    Compiling futures-util v0.3.26
[INFO] [stderr]    Compiling bumpslab v0.2.0
[INFO] [stderr]    Compiling indexmap v1.9.2
[INFO] [stderr]    Compiling crossbeam-utils v0.8.15
[INFO] [stderr]    Compiling smallbox v0.8.1
[INFO] [stderr]    Compiling longest-increasing-subsequence v0.1.0
[INFO] [stderr]    Compiling ident_case v1.0.1
[INFO] [stderr]    Compiling bitflags v1.3.2
[INFO] [stderr]    Compiling semver v1.0.16
[INFO] [stderr]    Compiling regex-syntax v0.6.28
[INFO] [stderr]    Compiling typenum v1.16.0
[INFO] [stderr]    Compiling event-listener v2.5.3
[INFO] [stderr]    Compiling async-trait v0.1.66
[INFO] [stderr]    Compiling aho-corasick v0.7.20
[INFO] [stderr]    Compiling num-integer v0.1.45
[INFO] [stderr]    Compiling concurrent-queue v2.1.0
[INFO] [stderr]    Compiling generic-array v0.14.6
[INFO] [stderr]    Compiling getrandom v0.2.8
[INFO] [stderr]    Compiling rustc_version v0.4.0
[INFO] [stderr]    Compiling waker-fn v1.1.0
[INFO] [stderr]    Compiling unicode-segmentation v1.10.1
[INFO] [stderr]    Compiling same-file v1.0.6
[INFO] [stderr]    Compiling fastrand v1.9.0
[INFO] [stderr]    Compiling parking v2.0.0
[INFO] [stderr]    Compiling parking_lot v0.12.1
[INFO] [stderr]    Compiling hashbrown v0.12.3
[INFO] [stderr]    Compiling execute-command-tokens v0.1.6
[INFO] [stderr]    Compiling thiserror v1.0.39
[INFO] [stderr]    Compiling interprocess v1.2.1
[INFO] [stderr]    Compiling futures-lite v1.12.0
[INFO] [stderr]    Compiling walkdir v2.3.2
[INFO] [stderr]    Compiling inotify-sys v0.1.5
[INFO] [stderr]    Compiling ordered-float v2.10.0
[INFO] [stderr]    Compiling async-channel v1.8.0
[INFO] [stderr]    Compiling async-lock v2.7.0
[INFO] [stderr]    Compiling bstr v1.3.0
[INFO] [stderr]    Compiling atomic-waker v1.1.0
[INFO] [stderr]    Compiling async-task v4.3.0
[INFO] [stderr]    Compiling internment v0.7.0
[INFO] [stderr]    Compiling inotify v0.9.6
[INFO] [stderr]    Compiling regex v1.7.1
[INFO] [stderr]    Compiling blocking v1.3.0
[INFO] [stderr]    Compiling time v0.1.45
[INFO] [stderr]    Compiling filetime v0.2.20
[INFO] [stderr]    Compiling mio v0.8.6
[INFO] [stderr]    Compiling crossbeam-channel v0.5.7
[INFO] [stderr]    Compiling spinning v0.1.0
[INFO] [stderr]    Compiling thread_local v1.1.7
[INFO] [stderr]    Compiling lazy_static v1.4.0
[INFO] [stderr]    Compiling to_method v1.1.0
[INFO] [stderr]    Compiling iana-time-zone v0.1.53
[INFO] [stderr]    Compiling osqp-rust-sys v0.6.2
[INFO] [stderr]    Compiling intmap v0.7.1
[INFO] [stderr]    Compiling either v1.8.1
[INFO] [stderr]    Compiling anyhow v1.0.69
[INFO] [stderr]    Compiling chrono v0.4.23
[INFO] [stderr]    Compiling lru v0.8.1
[INFO] [stderr]    Compiling colorous v1.0.10
[INFO] [stderr]    Compiling beef v0.5.2
[INFO] [stderr]    Compiling ux v0.1.5
[INFO] [stderr]    Compiling notify v5.1.0
[INFO] [stderr]    Compiling include_dir_macros v0.7.3
[INFO] [stderr]    Compiling convert_case v0.4.0
[INFO] [stderr]    Compiling cty v0.2.2
[INFO] [stderr]    Compiling fixedbitset v0.4.2
[INFO] [stdout] error[E0554]: `#![feature]` may not be used on the stable release channel
[INFO] [stdout]  --> /opt/rustwide/cargo-home/registry/src/github.com-1ecc6299db9ec823/osqp-rust-sys-0.6.2/lib.rs:8:1
[INFO] [stdout]   |
[INFO] [stdout] 8 | #![feature(extern_types)]
[INFO] [stdout]   | ^^^^^^^^^^^^^^^^^^^^^^^^^
[INFO] [stdout] 
[INFO] [stdout] 
[INFO] [stdout] error[E0554]: `#![feature]` may not be used on the stable release channel
[INFO] [stdout]  --> /opt/rustwide/cargo-home/registry/src/github.com-1ecc6299db9ec823/osqp-rust-sys-0.6.2/lib.rs:9:1
[INFO] [stdout]   |
[INFO] [stdout] 9 | #![feature(linkage)]
[INFO] [stdout]   | ^^^^^^^^^^^^^^^^^^^^
[INFO] [stdout] 
[INFO] [stdout] 
[INFO] [stdout] error[E0554]: `#![feature]` may not be used on the stable release channel
[INFO] [stdout]   --> /opt/rustwide/cargo-home/registry/src/github.com-1ecc6299db9ec823/osqp-rust-sys-0.6.2/lib.rs:10:1
[INFO] [stdout]    |
[INFO] [stdout] 10 | #![feature(register_tool)]
[INFO] [stdout]    | ^^^^^^^^^^^^^^^^^^^^^^^^^^
[INFO] [stdout] 
[INFO] [stdout] 
[INFO] [stderr]    Compiling cstr_core v0.2.6
[INFO] [stderr]    Compiling itertools v0.10.5
[INFO] [stdout] error: aborting due to 3 previous errors
[INFO] [stdout] 
[INFO] [stdout] 
[INFO] [stdout] For more information about this error, try `rustc --explain E0554`.
[INFO] [stdout] 
[INFO] [stderr] error: could not compile `osqp-rust-sys` due to 4 previous errors
[INFO] [stderr] warning: build failed, waiting for other jobs to finish...
[INFO] running `Command { std: "docker" "inspect" "60840978e6942a9698c7ced65695f4df05c29f37c58e5d6bfe285e5dca7be3a1", kill_on_drop: false }`
[INFO] running `Command { std: "docker" "rm" "-f" "60840978e6942a9698c7ced65695f4df05c29f37c58e5d6bfe285e5dca7be3a1", kill_on_drop: false }`
[INFO] [stdout] 60840978e6942a9698c7ced65695f4df05c29f37c58e5d6bfe285e5dca7be3a1
