[INFO] fetching crate db-rs 0.1.18...
[INFO] testing db-rs-0.1.18 against 1.69.0 for beta-1.70-1
[INFO] extracting crate db-rs 0.1.18 into /workspace/builds/worker-7-tc1/source
[INFO] validating manifest of crates.io crate db-rs 0.1.18 on toolchain 1.69.0
[INFO] running `Command { std: CARGO_HOME="/workspace/cargo-home" RUSTUP_HOME="/workspace/rustup-home" "/workspace/cargo-home/bin/cargo" "+1.69.0" "metadata" "--manifest-path" "Cargo.toml" "--no-deps", kill_on_drop: false }`
[INFO] started tweaking crates.io crate db-rs 0.1.18
[INFO] finished tweaking crates.io crate db-rs 0.1.18
[INFO] tweaked toml for crates.io crate db-rs 0.1.18 written to /workspace/builds/worker-7-tc1/source/Cargo.toml
[INFO] running `Command { std: CARGO_HOME="/workspace/cargo-home" RUSTUP_HOME="/workspace/rustup-home" __CARGO_TEST_CHANNEL_OVERRIDE_DO_NOT_USE_THIS="nightly" "/workspace/cargo-home/bin/cargo" "+1.69.0" "generate-lockfile" "--manifest-path" "Cargo.toml" "-Zno-index-update", kill_on_drop: false }`
[INFO] running `Command { std: CARGO_HOME="/workspace/cargo-home" RUSTUP_HOME="/workspace/rustup-home" "/workspace/cargo-home/bin/cargo" "+1.69.0" "fetch" "--manifest-path" "Cargo.toml", kill_on_drop: false }`
[INFO] running `Command { std: "docker" "create" "-v" "/var/lib/crater-agent-workspace/builds/worker-7-tc1/target:/opt/rustwide/target:rw,Z" "-v" "/var/lib/crater-agent-workspace/builds/worker-7-tc1/source:/opt/rustwide/workdir:ro,Z" "-v" "/var/lib/crater-agent-workspace/cargo-home:/opt/rustwide/cargo-home:ro,Z" "-v" "/var/lib/crater-agent-workspace/rustup-home:/opt/rustwide/rustup-home:ro,Z" "-e" "SOURCE_DIR=/opt/rustwide/workdir" "-e" "CARGO_TARGET_DIR=/opt/rustwide/target" "-e" "CARGO_HOME=/opt/rustwide/cargo-home" "-e" "RUSTUP_HOME=/opt/rustwide/rustup-home" "-w" "/opt/rustwide/workdir" "-m" "1610612736" "--user" "0:0" "--network" "none" "ghcr.io/rust-lang/crates-build-env/linux@sha256:5ff2268d62e97bff2cde7d5815dd6ed5b47097566f13b8d0ca110b04b60e07ed" "/opt/rustwide/cargo-home/bin/cargo" "+1.69.0" "metadata" "--no-deps" "--format-version=1", kill_on_drop: false }`
[INFO] [stdout] 6590a7949ab5e5cfe307df6009c21ce756fadc2bd5f9f29259d2eaac60ee1711
[INFO] running `Command { std: "docker" "start" "-a" "6590a7949ab5e5cfe307df6009c21ce756fadc2bd5f9f29259d2eaac60ee1711", kill_on_drop: false }`
[INFO] running `Command { std: "docker" "inspect" "6590a7949ab5e5cfe307df6009c21ce756fadc2bd5f9f29259d2eaac60ee1711", kill_on_drop: false }`
[INFO] running `Command { std: "docker" "rm" "-f" "6590a7949ab5e5cfe307df6009c21ce756fadc2bd5f9f29259d2eaac60ee1711", kill_on_drop: false }`
[INFO] [stdout] 6590a7949ab5e5cfe307df6009c21ce756fadc2bd5f9f29259d2eaac60ee1711
[INFO] running `Command { std: "docker" "create" "-v" "/var/lib/crater-agent-workspace/builds/worker-7-tc1/target:/opt/rustwide/target:rw,Z" "-v" "/var/lib/crater-agent-workspace/builds/worker-7-tc1/source:/opt/rustwide/workdir:ro,Z" "-v" "/var/lib/crater-agent-workspace/cargo-home:/opt/rustwide/cargo-home:ro,Z" "-v" "/var/lib/crater-agent-workspace/rustup-home:/opt/rustwide/rustup-home:ro,Z" "-e" "SOURCE_DIR=/opt/rustwide/workdir" "-e" "CARGO_TARGET_DIR=/opt/rustwide/target" "-e" "CARGO_INCREMENTAL=0" "-e" "RUST_BACKTRACE=full" "-e" "RUSTFLAGS=--cap-lints=warn" "-e" "RUSTDOCFLAGS=--cap-lints=warn" "-e" "CARGO_HOME=/opt/rustwide/cargo-home" "-e" "RUSTUP_HOME=/opt/rustwide/rustup-home" "-w" "/opt/rustwide/workdir" "-m" "1610612736" "--user" "0:0" "--network" "none" "ghcr.io/rust-lang/crates-build-env/linux@sha256:5ff2268d62e97bff2cde7d5815dd6ed5b47097566f13b8d0ca110b04b60e07ed" "/opt/rustwide/cargo-home/bin/cargo" "+1.69.0" "build" "--frozen" "--message-format=json", kill_on_drop: false }`
[INFO] [stdout] 5eaef5ffdddba2371ba06cf43bc47d357df1e099b006c253b36b2267b7fe9ab5
[INFO] running `Command { std: "docker" "start" "-a" "5eaef5ffdddba2371ba06cf43bc47d357df1e099b006c253b36b2267b7fe9ab5", kill_on_drop: false }`
[INFO] [stderr]    Compiling serde v1.0.160
[INFO] [stderr]    Compiling bincode v1.3.3
[INFO] [stderr]    Compiling db-rs v0.1.18 (/opt/rustwide/workdir)
[INFO] [stderr]     Finished dev [unoptimized + debuginfo] target(s) in 3.67s
[INFO] running `Command { std: "docker" "inspect" "5eaef5ffdddba2371ba06cf43bc47d357df1e099b006c253b36b2267b7fe9ab5", kill_on_drop: false }`
[INFO] running `Command { std: "docker" "rm" "-f" "5eaef5ffdddba2371ba06cf43bc47d357df1e099b006c253b36b2267b7fe9ab5", kill_on_drop: false }`
[INFO] [stdout] 5eaef5ffdddba2371ba06cf43bc47d357df1e099b006c253b36b2267b7fe9ab5
[INFO] running `Command { std: "docker" "create" "-v" "/var/lib/crater-agent-workspace/builds/worker-7-tc1/target:/opt/rustwide/target:rw,Z" "-v" "/var/lib/crater-agent-workspace/builds/worker-7-tc1/source:/opt/rustwide/workdir:ro,Z" "-v" "/var/lib/crater-agent-workspace/cargo-home:/opt/rustwide/cargo-home:ro,Z" "-v" "/var/lib/crater-agent-workspace/rustup-home:/opt/rustwide/rustup-home:ro,Z" "-e" "SOURCE_DIR=/opt/rustwide/workdir" "-e" "CARGO_TARGET_DIR=/opt/rustwide/target" "-e" "CARGO_INCREMENTAL=0" "-e" "RUST_BACKTRACE=full" "-e" "RUSTFLAGS=--cap-lints=warn" "-e" "RUSTDOCFLAGS=--cap-lints=warn" "-e" "CARGO_HOME=/opt/rustwide/cargo-home" "-e" "RUSTUP_HOME=/opt/rustwide/rustup-home" "-w" "/opt/rustwide/workdir" "-m" "1610612736" "--user" "0:0" "--network" "none" "ghcr.io/rust-lang/crates-build-env/linux@sha256:5ff2268d62e97bff2cde7d5815dd6ed5b47097566f13b8d0ca110b04b60e07ed" "/opt/rustwide/cargo-home/bin/cargo" "+1.69.0" "test" "--frozen" "--no-run" "--message-format=json", kill_on_drop: false }`
[INFO] [stdout] 5b50f592e02e375277f96ab36b0a1353a845e6cf6633b33b7cdb857ab2c19456
[INFO] running `Command { std: "docker" "start" "-a" "5b50f592e02e375277f96ab36b0a1353a845e6cf6633b33b7cdb857ab2c19456", kill_on_drop: false }`
[INFO] [stderr]     Blocking waiting for file lock on package cache
[INFO] [stderr]    Compiling db-rs v0.1.18 (/opt/rustwide/workdir)
[INFO] [stdout] error[E0432]: unresolved import `db_rs_derive`
[INFO] [stdout]  --> tests/list_tests.rs:2:5
[INFO] [stdout]   |
[INFO] [stdout] 2 | use db_rs_derive::Schema;
[INFO] [stdout]   |     ^^^^^^^^^^^^ use of undeclared crate or module `db_rs_derive`
[INFO] [stdout] 
[INFO] [stdout] 
[INFO] [stdout] error[E0432]: unresolved import `db_rs_derive`
[INFO] [stdout]  --> tests/lookup_tests.rs:3:5
[INFO] [stdout]   |
[INFO] [stdout] 3 | use db_rs_derive::Schema;
[INFO] [stdout]   |     ^^^^^^^^^^^^ use of undeclared crate or module `db_rs_derive`
[INFO] [stdout] 
[INFO] [stdout] 
[INFO] [stdout] error[E0432]: unresolved import `db_rs_derive`
[INFO] [stdout]  --> tests/lookup_set_tests.rs:3:5
[INFO] [stdout]   |
[INFO] [stdout] 3 | use db_rs_derive::Schema;
[INFO] [stdout]   |     ^^^^^^^^^^^^ use of undeclared crate or module `db_rs_derive`
[INFO] [stdout] 
[INFO] [stdout] 
[INFO] [stdout] error[E0432]: unresolved import `db_rs_derive`
[INFO] [stdout]  --> tests/lookup_list_tests.rs:3:5
[INFO] [stdout]   |
[INFO] [stdout] 3 | use db_rs_derive::Schema;
[INFO] [stdout]   |     ^^^^^^^^^^^^ use of undeclared crate or module `db_rs_derive`
[INFO] [stdout] 
[INFO] [stdout] 
[INFO] [stdout] error[E0432]: unresolved import `db_rs_derive`
[INFO] [stdout]  --> tests/log_tests.rs:3:5
[INFO] [stdout]   |
[INFO] [stdout] 3 | use db_rs_derive::Schema;
[INFO] [stdout]   |     ^^^^^^^^^^^^ use of undeclared crate or module `db_rs_derive`
[INFO] [stdout] 
[INFO] [stdout] 
[INFO] [stdout] error[E0432]: unresolved import `db_rs_derive`
[INFO] [stdout]  --> tests/transaction_tests.rs:2:5
[INFO] [stdout]   |
[INFO] [stdout] 2 | use db_rs_derive::Schema;
[INFO] [stdout]   |     ^^^^^^^^^^^^ use of undeclared crate or module `db_rs_derive`
[INFO] [stdout] 
[INFO] [stdout] 
[INFO] [stdout] error[E0432]: unresolved import `db_rs_derive`
[INFO] [stdout]  --> tests/single_tests.rs:2:5
[INFO] [stdout]   |
[INFO] [stdout] 2 | use db_rs_derive::Schema;
[INFO] [stdout]   |     ^^^^^^^^^^^^ use of undeclared crate or module `db_rs_derive`
[INFO] [stdout] 
[INFO] [stdout] 
[INFO] [stdout] error: cannot determine resolution for the derive macro `Schema`
[INFO] [stdout]  --> tests/transaction_tests.rs:6:10
[INFO] [stdout]   |
[INFO] [stdout] 6 | #[derive(Schema)]
[INFO] [stdout]   |          ^^^^^^
[INFO] [stdout]   |
[INFO] [stdout]   = note: import resolution is stuck, try simplifying macro imports
[INFO] [stdout] 
[INFO] [stdout] 
[INFO] [stdout] error: cannot determine resolution for the derive macro `Schema`
[INFO] [stdout]  --> tests/lookup_list_tests.rs:6:10
[INFO] [stdout]   |
[INFO] [stdout] 6 | #[derive(Schema)]
[INFO] [stdout]   |          ^^^^^^
[INFO] [stdout]   |
[INFO] [stdout]   = note: import resolution is stuck, try simplifying macro imports
[INFO] [stdout] 
[INFO] [stdout] 
[INFO] [stdout] error: cannot determine resolution for the derive macro `Schema`
[INFO] [stdout]  --> tests/lookup_tests.rs:6:10
[INFO] [stdout]   |
[INFO] [stdout] 6 | #[derive(Schema)]
[INFO] [stdout]   |          ^^^^^^
[INFO] [stdout]   |
[INFO] [stdout]   = note: import resolution is stuck, try simplifying macro imports
[INFO] [stdout] 
[INFO] [stdout] 
[INFO] [stdout] error: cannot determine resolution for the derive macro `Schema`
[INFO] [stdout]  --> tests/list_tests.rs:5:10
[INFO] [stdout]   |
[INFO] [stdout] 5 | #[derive(Schema)]
[INFO] [stdout]   |          ^^^^^^
[INFO] [stdout]   |
[INFO] [stdout]   = note: import resolution is stuck, try simplifying macro imports
[INFO] [stdout] 
[INFO] [stdout] 
[INFO] [stdout] error: cannot determine resolution for the derive macro `Schema`
[INFO] [stdout]   --> tests/log_tests.rs:10:10
[INFO] [stdout]    |
[INFO] [stdout] 10 | #[derive(Schema)]
[INFO] [stdout]    |          ^^^^^^
[INFO] [stdout]    |
[INFO] [stdout]    = note: import resolution is stuck, try simplifying macro imports
[INFO] [stdout] 
[INFO] [stdout] 
[INFO] [stdout] error: cannot determine resolution for the derive macro `Schema`
[INFO] [stdout]  --> tests/lookup_set_tests.rs:7:10
[INFO] [stdout]   |
[INFO] [stdout] 7 | #[derive(Schema)]
[INFO] [stdout]   |          ^^^^^^
[INFO] [stdout]   |
[INFO] [stdout]   = note: import resolution is stuck, try simplifying macro imports
[INFO] [stdout] 
[INFO] [stdout] 
[INFO] [stdout] error: cannot determine resolution for the derive macro `Schema`
[INFO] [stdout]  --> tests/single_tests.rs:6:10
[INFO] [stdout]   |
[INFO] [stdout] 6 | #[derive(Schema)]
[INFO] [stdout]   |          ^^^^^^
[INFO] [stdout]   |
[INFO] [stdout]   = note: import resolution is stuck, try simplifying macro imports
[INFO] [stdout] 
[INFO] [stdout] 
[INFO] [stdout] error[E0599]: no function or associated item named `init` found for struct `LookupSchema` in the current scope
[INFO] [stdout]   --> tests/lookup_tests.rs:19:32
[INFO] [stdout]    |
[INFO] [stdout] 7  | pub struct LookupSchema {
[INFO] [stdout]    | ----------------------- function or associated item `init` not found for this struct
[INFO] [stdout] ...
[INFO] [stdout] 19 |     let mut db = LookupSchema::init(Config::in_folder(dir)).unwrap();
[INFO] [stdout]    |                                ^^^^ function or associated item not found in `LookupSchema`
[INFO] [stdout]    |
[INFO] [stdout]    = help: items from traits can only be used if the trait is implemented and in scope
[INFO] [stdout]    = note: the following traits define an item `init`, perhaps you need to implement one of them:
[INFO] [stdout]            candidate #1: `Db`
[INFO] [stdout]            candidate #2: `Table`
[INFO] [stdout] 
[INFO] [stdout] 
[INFO] [stdout] error[E0599]: no function or associated item named `init` found for struct `LookupSchema` in the current scope
[INFO] [stdout]   --> tests/lookup_set_tests.rs:20:32
[INFO] [stdout]    |
[INFO] [stdout] 8  | pub struct LookupSchema {
[INFO] [stdout]    | ----------------------- function or associated item `init` not found for this struct
[INFO] [stdout] ...
[INFO] [stdout] 20 |     let mut db = LookupSchema::init(Config::in_folder(dir)).unwrap();
[INFO] [stdout]    |                                ^^^^ function or associated item not found in `LookupSchema`
[INFO] [stdout]    |
[INFO] [stdout]    = help: items from traits can only be used if the trait is implemented and in scope
[INFO] [stdout]    = note: the following traits define an item `init`, perhaps you need to implement one of them:
[INFO] [stdout]            candidate #1: `Db`
[INFO] [stdout]            candidate #2: `Table`
[INFO] [stdout] 
[INFO] [stdout] 
[INFO] [stdout] error[E0599]: no function or associated item named `init` found for struct `Schema` in the current scope
[INFO] [stdout]   --> tests/list_tests.rs:16:26
[INFO] [stdout]    |
[INFO] [stdout] 6  | struct Schema {
[INFO] [stdout]    | ------------- function or associated item `init` not found for this struct
[INFO] [stdout] ...
[INFO] [stdout] 16 |     let mut db = Schema::init(Config::in_folder(dir)).unwrap();
[INFO] [stdout]    |                          ^^^^ function or associated item not found in `Schema`
[INFO] [stdout]    |
[INFO] [stdout]    = help: items from traits can only be used if the trait is implemented and in scope
[INFO] [stdout]    = note: the following traits define an item `init`, perhaps you need to implement one of them:
[INFO] [stdout]            candidate #1: `Db`
[INFO] [stdout]            candidate #2: `Table`
[INFO] [stdout] 
[INFO] [stdout] 
[INFO] [stdout] error[E0599]: no function or associated item named `init` found for struct `LookupSchema` in the current scope
[INFO] [stdout]   --> tests/lookup_list_tests.rs:19:32
[INFO] [stdout]    |
[INFO] [stdout] 7  | pub struct LookupSchema {
[INFO] [stdout]    | ----------------------- function or associated item `init` not found for this struct
[INFO] [stdout] ...
[INFO] [stdout] 19 |     let mut db = LookupSchema::init(Config::in_folder(dir)).unwrap();
[INFO] [stdout]    |                                ^^^^ function or associated item not found in `LookupSchema`
[INFO] [stdout]    |
[INFO] [stdout]    = help: items from traits can only be used if the trait is implemented and in scope
[INFO] [stdout]    = note: the following traits define an item `init`, perhaps you need to implement one of them:
[INFO] [stdout]            candidate #1: `Db`
[INFO] [stdout]            candidate #2: `Table`
[INFO] [stdout] 
[INFO] [stdout] 
[INFO] [stdout] error[E0599]: no function or associated item named `init` found for struct `SingleSchema` in the current scope
[INFO] [stdout]   --> tests/single_tests.rs:21:32
[INFO] [stdout]    |
[INFO] [stdout] 7  | pub struct SingleSchema {
[INFO] [stdout]    | ----------------------- function or associated item `init` not found for this struct
[INFO] [stdout] ...
[INFO] [stdout] 21 |     let mut db = SingleSchema::init(Config::in_folder(dir)).unwrap();
[INFO] [stdout]    |                                ^^^^ function or associated item not found in `SingleSchema`
[INFO] [stdout]    |
[INFO] [stdout]    = help: items from traits can only be used if the trait is implemented and in scope
[INFO] [stdout]    = note: the following traits define an item `init`, perhaps you need to implement one of them:
[INFO] [stdout]            candidate #1: `Db`
[INFO] [stdout]            candidate #2: `Table`
[INFO] [stdout] 
[INFO] [stdout] 
[INFO] [stdout] error[E0599]: no function or associated item named `init` found for struct `TxTest` in the current scope
[INFO] [stdout]   --> tests/transaction_tests.rs:16:26
[INFO] [stdout]    |
[INFO] [stdout] 7  | struct TxTest {
[INFO] [stdout]    | ------------- function or associated item `init` not found for this struct
[INFO] [stdout] ...
[INFO] [stdout] 16 |     let mut db = TxTest::init(Config::in_folder(dir)).unwrap();
[INFO] [stdout]    |                          ^^^^ function or associated item not found in `TxTest`
[INFO] [stdout]    |
[INFO] [stdout]    = help: items from traits can only be used if the trait is implemented and in scope
[INFO] [stdout]    = note: the following traits define an item `init`, perhaps you need to implement one of them:
[INFO] [stdout]            candidate #1: `Db`
[INFO] [stdout]            candidate #2: `Table`
[INFO] [stdout] 
[INFO] [stdout] 
[INFO] [stdout] error[E0599]: no function or associated item named `init` found for struct `LogTests` in the current scope
[INFO] [stdout]   --> tests/log_tests.rs:21:28
[INFO] [stdout]    |
[INFO] [stdout] 11 | pub struct LogTests {
[INFO] [stdout]    | ------------------- function or associated item `init` not found for this struct
[INFO] [stdout] ...
[INFO] [stdout] 21 |     let mut db = LogTests::init(Config::in_folder(dir)).unwrap();
[INFO] [stdout]    |                            ^^^^ function or associated item not found in `LogTests`
[INFO] [stdout]    |
[INFO] [stdout]    = help: items from traits can only be used if the trait is implemented and in scope
[INFO] [stdout]    = note: the following traits define an item `init`, perhaps you need to implement one of them:
[INFO] [stdout]            candidate #1: `Db`
[INFO] [stdout]            candidate #2: `Table`
[INFO] [stdout] 
[INFO] [stdout] 
[INFO] [stdout] error[E0599]: no function or associated item named `init` found for struct `LookupSchema` in the current scope
[INFO] [stdout]   --> tests/lookup_set_tests.rs:24:28
[INFO] [stdout]    |
[INFO] [stdout] 8  | pub struct LookupSchema {
[INFO] [stdout]    | ----------------------- function or associated item `init` not found for this struct
[INFO] [stdout] ...
[INFO] [stdout] 24 |     let db = LookupSchema::init(Config::in_folder(dir)).unwrap();
[INFO] [stdout]    |                            ^^^^ function or associated item not found in `LookupSchema`
[INFO] [stdout]    |
[INFO] [stdout]    = help: items from traits can only be used if the trait is implemented and in scope
[INFO] [stdout]    = note: the following traits define an item `init`, perhaps you need to implement one of them:
[INFO] [stdout]            candidate #1: `Db`
[INFO] [stdout]            candidate #2: `Table`
[INFO] [stdout] 
[INFO] [stdout] 
[INFO] [stdout] error[E0599]: no function or associated item named `init` found for struct `LookupSchema` in the current scope
[INFO] [stdout]   --> tests/lookup_tests.rs:23:28
[INFO] [stdout]    |
[INFO] [stdout] 7  | pub struct LookupSchema {
[INFO] [stdout]    | ----------------------- function or associated item `init` not found for this struct
[INFO] [stdout] ...
[INFO] [stdout] 23 |     let db = LookupSchema::init(Config::in_folder(dir)).unwrap();
[INFO] [stdout]    |                            ^^^^ function or associated item not found in `LookupSchema`
[INFO] [stdout]    |
[INFO] [stdout]    = help: items from traits can only be used if the trait is implemented and in scope
[INFO] [stdout]    = note: the following traits define an item `init`, perhaps you need to implement one of them:
[INFO] [stdout]            candidate #1: `Db`
[INFO] [stdout]            candidate #2: `Table`
[INFO] [stdout] 
[INFO] [stdout] 
[INFO] [stdout] error[E0599]: no function or associated item named `init` found for struct `LookupSchema` in the current scope
[INFO] [stdout]   --> tests/lookup_list_tests.rs:23:28
[INFO] [stdout]    |
[INFO] [stdout] 7  | pub struct LookupSchema {
[INFO] [stdout]    | ----------------------- function or associated item `init` not found for this struct
[INFO] [stdout] ...
[INFO] [stdout] 23 |     let db = LookupSchema::init(Config::in_folder(dir)).unwrap();
[INFO] [stdout]    |                            ^^^^ function or associated item not found in `LookupSchema`
[INFO] [stdout]    |
[INFO] [stdout]    = help: items from traits can only be used if the trait is implemented and in scope
[INFO] [stdout]    = note: the following traits define an item `init`, perhaps you need to implement one of them:
[INFO] [stdout]            candidate #1: `Db`
[INFO] [stdout]            candidate #2: `Table`
[INFO] [stdout] 
[INFO] [stdout] 
[INFO] [stdout] error[E0599]: no function or associated item named `init` found for struct `Schema` in the current scope
[INFO] [stdout]   --> tests/list_tests.rs:20:22
[INFO] [stdout]    |
[INFO] [stdout] 6  | struct Schema {
[INFO] [stdout]    | ------------- function or associated item `init` not found for this struct
[INFO] [stdout] ...
[INFO] [stdout] 20 |     let db = Schema::init(Config::in_folder(dir)).unwrap();
[INFO] [stdout]    |                      ^^^^ function or associated item not found in `Schema`
[INFO] [stdout]    |
[INFO] [stdout]    = help: items from traits can only be used if the trait is implemented and in scope
[INFO] [stdout]    = note: the following traits define an item `init`, perhaps you need to implement one of them:
[INFO] [stdout]            candidate #1: `Db`
[INFO] [stdout]            candidate #2: `Table`
[INFO] [stdout] 
[INFO] [stdout] 
[INFO] [stdout] error[E0599]: no function or associated item named `init` found for struct `SingleSchema` in the current scope
[INFO] [stdout]   --> tests/single_tests.rs:25:32
[INFO] [stdout]    |
[INFO] [stdout] 7  | pub struct SingleSchema {
[INFO] [stdout]    | ----------------------- function or associated item `init` not found for this struct
[INFO] [stdout] ...
[INFO] [stdout] 25 |     let mut db = SingleSchema::init(Config::in_folder(dir)).unwrap();
[INFO] [stdout]    |                                ^^^^ function or associated item not found in `SingleSchema`
[INFO] [stdout]    |
[INFO] [stdout]    = help: items from traits can only be used if the trait is implemented and in scope
[INFO] [stdout]    = note: the following traits define an item `init`, perhaps you need to implement one of them:
[INFO] [stdout]            candidate #1: `Db`
[INFO] [stdout]            candidate #2: `Table`
[INFO] [stdout] 
[INFO] [stdout] 
[INFO] [stdout] error[E0599]: no function or associated item named `init` found for struct `TxTest` in the current scope
[INFO] [stdout]   --> tests/transaction_tests.rs:22:26
[INFO] [stdout]    |
[INFO] [stdout] 7  | struct TxTest {
[INFO] [stdout]    | ------------- function or associated item `init` not found for this struct
[INFO] [stdout] ...
[INFO] [stdout] 22 |         let db = TxTest::init(Config::in_folder(dir)).unwrap();
[INFO] [stdout]    |                          ^^^^ function or associated item not found in `TxTest`
[INFO] [stdout]    |
[INFO] [stdout]    = help: items from traits can only be used if the trait is implemented and in scope
[INFO] [stdout]    = note: the following traits define an item `init`, perhaps you need to implement one of them:
[INFO] [stdout]            candidate #1: `Db`
[INFO] [stdout]            candidate #2: `Table`
[INFO] [stdout] 
[INFO] [stdout] 
[INFO] [stdout] error[E0599]: no function or associated item named `init` found for struct `Schema` in the current scope
[INFO] [stdout]   --> tests/list_tests.rs:30:26
[INFO] [stdout]    |
[INFO] [stdout] 6  | struct Schema {
[INFO] [stdout]    | ------------- function or associated item `init` not found for this struct
[INFO] [stdout] ...
[INFO] [stdout] 30 |     let mut db = Schema::init(Config::in_folder(dir)).unwrap();
[INFO] [stdout]    |                          ^^^^ function or associated item not found in `Schema`
[INFO] [stdout]    |
[INFO] [stdout]    = help: items from traits can only be used if the trait is implemented and in scope
[INFO] [stdout]    = note: the following traits define an item `init`, perhaps you need to implement one of them:
[INFO] [stdout]            candidate #1: `Db`
[INFO] [stdout]            candidate #2: `Table`
[INFO] [stdout] 
[INFO] [stdout] 
[INFO] [stdout] error[E0599]: no function or associated item named `init` found for struct `TxTest` in the current scope
[INFO] [stdout]   --> tests/transaction_tests.rs:27:26
[INFO] [stdout]    |
[INFO] [stdout] 7  | struct TxTest {
[INFO] [stdout]    | ------------- function or associated item `init` not found for this struct
[INFO] [stdout] ...
[INFO] [stdout] 27 |         let db = TxTest::init(Config::in_folder(dir)).unwrap();
[INFO] [stdout]    |                          ^^^^ function or associated item not found in `TxTest`
[INFO] [stdout]    |
[INFO] [stdout]    = help: items from traits can only be used if the trait is implemented and in scope
[INFO] [stdout]    = note: the following traits define an item `init`, perhaps you need to implement one of them:
[INFO] [stdout]            candidate #1: `Db`
[INFO] [stdout]            candidate #2: `Table`
[INFO] [stdout] 
[INFO] [stdout] 
[INFO] [stdout] error[E0599]: no function or associated item named `init` found for struct `SingleSchema` in the current scope
[INFO] [stdout]   --> tests/single_tests.rs:30:28
[INFO] [stdout]    |
[INFO] [stdout] 7  | pub struct SingleSchema {
[INFO] [stdout]    | ----------------------- function or associated item `init` not found for this struct
[INFO] [stdout] ...
[INFO] [stdout] 30 |     let db = SingleSchema::init(Config::in_folder(dir)).unwrap();
[INFO] [stdout]    |                            ^^^^ function or associated item not found in `SingleSchema`
[INFO] [stdout]    |
[INFO] [stdout]    = help: items from traits can only be used if the trait is implemented and in scope
[INFO] [stdout]    = note: the following traits define an item `init`, perhaps you need to implement one of them:
[INFO] [stdout]            candidate #1: `Db`
[INFO] [stdout]            candidate #2: `Table`
[INFO] [stdout] 
[INFO] [stdout] 
[INFO] [stdout] error[E0599]: no function or associated item named `init` found for struct `LogTests` in the current scope
[INFO] [stdout]   --> tests/log_tests.rs:36:24
[INFO] [stdout]    |
[INFO] [stdout] 11 | pub struct LogTests {
[INFO] [stdout]    | ------------------- function or associated item `init` not found for this struct
[INFO] [stdout] ...
[INFO] [stdout] 36 |     let db = LogTests::init(Config::in_folder(dir)).unwrap();
[INFO] [stdout]    |                        ^^^^ function or associated item not found in `LogTests`
[INFO] [stdout]    |
[INFO] [stdout]    = help: items from traits can only be used if the trait is implemented and in scope
[INFO] [stdout]    = note: the following traits define an item `init`, perhaps you need to implement one of them:
[INFO] [stdout]            candidate #1: `Db`
[INFO] [stdout]            candidate #2: `Table`
[INFO] [stdout] 
[INFO] [stdout] 
[INFO] [stdout] error[E0599]: no function or associated item named `init` found for struct `Schema` in the current scope
[INFO] [stdout]   --> tests/list_tests.rs:48:22
[INFO] [stdout]    |
[INFO] [stdout] 6  | struct Schema {
[INFO] [stdout]    | ------------- function or associated item `init` not found for this struct
[INFO] [stdout] ...
[INFO] [stdout] 48 |     let db = Schema::init(Config::in_folder(dir)).unwrap();
[INFO] [stdout]    |                      ^^^^ function or associated item not found in `Schema`
[INFO] [stdout]    |
[INFO] [stdout]    = help: items from traits can only be used if the trait is implemented and in scope
[INFO] [stdout]    = note: the following traits define an item `init`, perhaps you need to implement one of them:
[INFO] [stdout]            candidate #1: `Db`
[INFO] [stdout]            candidate #2: `Table`
[INFO] [stdout] 
[INFO] [stdout] 
[INFO] [stdout] warning: unused import: `Db`
[INFO] [stdout]  --> tests/list_tests.rs:1:21
[INFO] [stdout]   |
[INFO] [stdout] 1 | use db_rs::{Config, Db, List};
[INFO] [stdout]   |                     ^^
[INFO] [stdout]   |
[INFO] [stdout]   = note: `#[warn(unused_imports)]` on by default
[INFO] [stdout] 
[INFO] [stdout] 
[INFO] [stdout] error: aborting due to 6 previous errors; 1 warning emitted
[INFO] [stdout] 
[INFO] [stdout] 
[INFO] [stdout] Some errors have detailed explanations: E0432, E0599.
[INFO] [stdout] 
[INFO] [stdout] For more information about an error, try `rustc --explain E0432`.
[INFO] [stdout] 
[INFO] [stdout] error[E0599]: no function or associated item named `init` found for struct `LookupSchema` in the current scope
[INFO] [stdout]   --> tests/lookup_tests.rs:33:32
[INFO] [stdout]    |
[INFO] [stdout] 7  | pub struct LookupSchema {
[INFO] [stdout]    | ----------------------- function or associated item `init` not found for this struct
[INFO] [stdout] ...
[INFO] [stdout] 33 |     let mut db = LookupSchema::init(Config::in_folder(dir)).unwrap();
[INFO] [stdout]    |                                ^^^^ function or associated item not found in `LookupSchema`
[INFO] [stdout]    |
[INFO] [stdout]    = help: items from traits can only be used if the trait is implemented and in scope
[INFO] [stdout]    = note: the following traits define an item `init`, perhaps you need to implement one of them:
[INFO] [stdout]            candidate #1: `Db`
[INFO] [stdout]            candidate #2: `Table`
[INFO] [stdout] 
[INFO] [stdout] 
[INFO] [stdout] error[E0599]: no function or associated item named `init` found for struct `LookupSchema` in the current scope
[INFO] [stdout]   --> tests/lookup_set_tests.rs:36:32
[INFO] [stdout]    |
[INFO] [stdout] 8  | pub struct LookupSchema {
[INFO] [stdout]    | ----------------------- function or associated item `init` not found for this struct
[INFO] [stdout] ...
[INFO] [stdout] 36 |     let mut db = LookupSchema::init(Config::in_folder(dir)).unwrap();
[INFO] [stdout]    |                                ^^^^ function or associated item not found in `LookupSchema`
[INFO] [stdout]    |
[INFO] [stdout]    = help: items from traits can only be used if the trait is implemented and in scope
[INFO] [stdout]    = note: the following traits define an item `init`, perhaps you need to implement one of them:
[INFO] [stdout]            candidate #1: `Db`
[INFO] [stdout]            candidate #2: `Table`
[INFO] [stdout] 
[INFO] [stdout] 
[INFO] [stdout] error[E0599]: no function or associated item named `init` found for struct `TxTest` in the current scope
[INFO] [stdout]   --> tests/transaction_tests.rs:39:26
[INFO] [stdout]    |
[INFO] [stdout] 7  | struct TxTest {
[INFO] [stdout]    | ------------- function or associated item `init` not found for this struct
[INFO] [stdout] ...
[INFO] [stdout] 39 |     let mut db = TxTest::init(Config::in_folder(dir)).unwrap();
[INFO] [stdout]    |                          ^^^^ function or associated item not found in `TxTest`
[INFO] [stdout]    |
[INFO] [stdout]    = help: items from traits can only be used if the trait is implemented and in scope
[INFO] [stdout]    = note: the following traits define an item `init`, perhaps you need to implement one of them:
[INFO] [stdout]            candidate #1: `Db`
[INFO] [stdout]            candidate #2: `Table`
[INFO] [stdout] 
[INFO] [stdout] 
[INFO] [stdout] error[E0599]: no function or associated item named `init` found for struct `SingleSchema` in the current scope
[INFO] [stdout]   --> tests/single_tests.rs:42:32
[INFO] [stdout]    |
[INFO] [stdout] 7  | pub struct SingleSchema {
[INFO] [stdout]    | ----------------------- function or associated item `init` not found for this struct
[INFO] [stdout] ...
[INFO] [stdout] 42 |     let mut db = SingleSchema::init(Config::in_folder(dir)).unwrap();
[INFO] [stdout]    |                                ^^^^ function or associated item not found in `SingleSchema`
[INFO] [stdout]    |
[INFO] [stdout]    = help: items from traits can only be used if the trait is implemented and in scope
[INFO] [stdout]    = note: the following traits define an item `init`, perhaps you need to implement one of them:
[INFO] [stdout]            candidate #1: `Db`
[INFO] [stdout]            candidate #2: `Table`
[INFO] [stdout] 
[INFO] [stdout] 
[INFO] [stdout] error[E0599]: no function or associated item named `init` found for struct `LookupSchema` in the current scope
[INFO] [stdout]   --> tests/lookup_list_tests.rs:34:32
[INFO] [stdout]    |
[INFO] [stdout] 7  | pub struct LookupSchema {
[INFO] [stdout]    | ----------------------- function or associated item `init` not found for this struct
[INFO] [stdout] ...
[INFO] [stdout] 34 |     let mut db = LookupSchema::init(Config::in_folder(dir)).unwrap();
[INFO] [stdout]    |                                ^^^^ function or associated item not found in `LookupSchema`
[INFO] [stdout]    |
[INFO] [stdout]    = help: items from traits can only be used if the trait is implemented and in scope
[INFO] [stdout]    = note: the following traits define an item `init`, perhaps you need to implement one of them:
[INFO] [stdout]            candidate #1: `Db`
[INFO] [stdout]            candidate #2: `Table`
[INFO] [stdout] 
[INFO] [stdout] 
[INFO] [stdout] error[E0599]: no function or associated item named `init` found for struct `LookupSchema` in the current scope
[INFO] [stdout]   --> tests/lookup_tests.rs:42:28
[INFO] [stdout]    |
[INFO] [stdout] 7  | pub struct LookupSchema {
[INFO] [stdout]    | ----------------------- function or associated item `init` not found for this struct
[INFO] [stdout] ...
[INFO] [stdout] 42 |     let db = LookupSchema::init(Config::in_folder(dir)).unwrap();
[INFO] [stdout]    |                            ^^^^ function or associated item not found in `LookupSchema`
[INFO] [stdout]    |
[INFO] [stdout]    = help: items from traits can only be used if the trait is implemented and in scope
[INFO] [stdout]    = note: the following traits define an item `init`, perhaps you need to implement one of them:
[INFO] [stdout]            candidate #1: `Db`
[INFO] [stdout]            candidate #2: `Table`
[INFO] [stdout] 
[INFO] [stdout] 
[INFO] [stdout] error[E0599]: no function or associated item named `init` found for struct `LookupSchema` in the current scope
[INFO] [stdout]   --> tests/lookup_set_tests.rs:45:28
[INFO] [stdout]    |
[INFO] [stdout] 8  | pub struct LookupSchema {
[INFO] [stdout]    | ----------------------- function or associated item `init` not found for this struct
[INFO] [stdout] ...
[INFO] [stdout] 45 |     let db = LookupSchema::init(Config::in_folder(dir)).unwrap();
[INFO] [stdout]    |                            ^^^^ function or associated item not found in `LookupSchema`
[INFO] [stdout]    |
[INFO] [stdout]    = help: items from traits can only be used if the trait is implemented and in scope
[INFO] [stdout]    = note: the following traits define an item `init`, perhaps you need to implement one of them:
[INFO] [stdout]            candidate #1: `Db`
[INFO] [stdout]            candidate #2: `Table`
[INFO] [stdout] 
[INFO] [stdout] 
[INFO] [stdout] error[E0599]: no function or associated item named `init` found for struct `LookupSchema` in the current scope
[INFO] [stdout]   --> tests/lookup_list_tests.rs:43:28
[INFO] [stdout]    |
[INFO] [stdout] 7  | pub struct LookupSchema {
[INFO] [stdout]    | ----------------------- function or associated item `init` not found for this struct
[INFO] [stdout] ...
[INFO] [stdout] 43 |     let db = LookupSchema::init(Config::in_folder(dir)).unwrap();
[INFO] [stdout]    |                            ^^^^ function or associated item not found in `LookupSchema`
[INFO] [stdout]    |
[INFO] [stdout]    = help: items from traits can only be used if the trait is implemented and in scope
[INFO] [stdout]    = note: the following traits define an item `init`, perhaps you need to implement one of them:
[INFO] [stdout]            candidate #1: `Db`
[INFO] [stdout]            candidate #2: `Table`
[INFO] [stdout] 
[INFO] [stdout] 
[INFO] [stdout] error[E0599]: no function or associated item named `init` found for struct `SingleSchema` in the current scope
[INFO] [stdout]   --> tests/single_tests.rs:51:28
[INFO] [stdout]    |
[INFO] [stdout] 7  | pub struct SingleSchema {
[INFO] [stdout]    | ----------------------- function or associated item `init` not found for this struct
[INFO] [stdout] ...
[INFO] [stdout] 51 |     let db = SingleSchema::init(Config::in_folder(dir)).unwrap();
[INFO] [stdout]    |                            ^^^^ function or associated item not found in `SingleSchema`
[INFO] [stdout]    |
[INFO] [stdout]    = help: items from traits can only be used if the trait is implemented and in scope
[INFO] [stdout]    = note: the following traits define an item `init`, perhaps you need to implement one of them:
[INFO] [stdout]            candidate #1: `Db`
[INFO] [stdout]            candidate #2: `Table`
[INFO] [stdout] 
[INFO] [stdout] 
[INFO] [stderr] error: could not compile `db-rs` due to 7 previous errors; 1 warning emitted
[INFO] [stderr] warning: build failed, waiting for other jobs to finish...
[INFO] [stdout] warning: unused import: `db_rs::Db`
[INFO] [stdout]  --> tests/lookup_tests.rs:1:5
[INFO] [stdout]   |
[INFO] [stdout] 1 | use db_rs::Db;
[INFO] [stdout]   |     ^^^^^^^^^
[INFO] [stdout]   |
[INFO] [stdout]   = note: `#[warn(unused_imports)]` on by default
[INFO] [stdout] 
[INFO] [stdout] 
[INFO] [stdout] error[E0599]: no function or associated item named `init` found for struct `LookupSchema` in the current scope
[INFO] [stdout]   --> tests/lookup_set_tests.rs:60:32
[INFO] [stdout]    |
[INFO] [stdout] 8  | pub struct LookupSchema {
[INFO] [stdout]    | ----------------------- function or associated item `init` not found for this struct
[INFO] [stdout] ...
[INFO] [stdout] 60 |     let mut db = LookupSchema::init(Config::in_folder(dir)).unwrap();
[INFO] [stdout]    |                                ^^^^ function or associated item not found in `LookupSchema`
[INFO] [stdout]    |
[INFO] [stdout]    = help: items from traits can only be used if the trait is implemented and in scope
[INFO] [stdout]    = note: the following traits define an item `init`, perhaps you need to implement one of them:
[INFO] [stdout]            candidate #1: `Db`
[INFO] [stdout]            candidate #2: `Table`
[INFO] [stdout] 
[INFO] [stdout] 
[INFO] [stdout] error[E0599]: no function or associated item named `init` found for struct `TxTest` in the current scope
[INFO] [stdout]   --> tests/transaction_tests.rs:69:22
[INFO] [stdout]    |
[INFO] [stdout] 7  | struct TxTest {
[INFO] [stdout]    | ------------- function or associated item `init` not found for this struct
[INFO] [stdout] ...
[INFO] [stdout] 69 |     let db = TxTest::init(Config::in_folder(dir)).unwrap();
[INFO] [stdout]    |                      ^^^^ function or associated item not found in `TxTest`
[INFO] [stdout]    |
[INFO] [stdout]    = help: items from traits can only be used if the trait is implemented and in scope
[INFO] [stdout]    = note: the following traits define an item `init`, perhaps you need to implement one of them:
[INFO] [stdout]            candidate #1: `Db`
[INFO] [stdout]            candidate #2: `Table`
[INFO] [stdout] 
[INFO] [stdout] 
[INFO] [stdout] error: aborting due to 6 previous errors; 1 warning emitted
[INFO] [stdout] 
[INFO] [stdout] 
[INFO] [stdout] Some errors have detailed explanations: E0432, E0599.
[INFO] [stdout] 
[INFO] [stdout] For more information about an error, try `rustc --explain E0432`.
[INFO] [stdout] 
[INFO] [stdout] error[E0599]: no function or associated item named `init` found for struct `LookupSchema` in the current scope
[INFO] [stdout]   --> tests/lookup_set_tests.rs:65:28
[INFO] [stdout]    |
[INFO] [stdout] 8  | pub struct LookupSchema {
[INFO] [stdout]    | ----------------------- function or associated item `init` not found for this struct
[INFO] [stdout] ...
[INFO] [stdout] 65 |     let db = LookupSchema::init(Config::in_folder(dir)).unwrap();
[INFO] [stdout]    |                            ^^^^ function or associated item not found in `LookupSchema`
[INFO] [stdout]    |
[INFO] [stdout]    = help: items from traits can only be used if the trait is implemented and in scope
[INFO] [stdout]    = note: the following traits define an item `init`, perhaps you need to implement one of them:
[INFO] [stdout]            candidate #1: `Db`
[INFO] [stdout]            candidate #2: `Table`
[INFO] [stdout] 
[INFO] [stdout] 
[INFO] [stdout] error[E0599]: no function or associated item named `init` found for struct `LookupSchema` in the current scope
[INFO] [stdout]   --> tests/lookup_list_tests.rs:83:32
[INFO] [stdout]    |
[INFO] [stdout] 7  | pub struct LookupSchema {
[INFO] [stdout]    | ----------------------- function or associated item `init` not found for this struct
[INFO] [stdout] ...
[INFO] [stdout] 83 |     let mut db = LookupSchema::init(Config::in_folder(dir)).unwrap();
[INFO] [stdout]    |                                ^^^^ function or associated item not found in `LookupSchema`
[INFO] [stdout]    |
[INFO] [stdout]    = help: items from traits can only be used if the trait is implemented and in scope
[INFO] [stdout]    = note: the following traits define an item `init`, perhaps you need to implement one of them:
[INFO] [stdout]            candidate #1: `Db`
[INFO] [stdout]            candidate #2: `Table`
[INFO] [stdout] 
[INFO] [stdout] 
[INFO] [stdout] warning: unused import: `Db`
[INFO] [stdout]  --> tests/single_tests.rs:1:21
[INFO] [stdout]   |
[INFO] [stdout] 1 | use db_rs::{Config, Db, Single};
[INFO] [stdout]   |                     ^^
[INFO] [stdout]   |
[INFO] [stdout]   = note: `#[warn(unused_imports)]` on by default
[INFO] [stdout] 
[INFO] [stdout] 
[INFO] [stdout] error[E0599]: no function or associated item named `init` found for struct `LogTests` in the current scope
[INFO] [stdout]   --> tests/log_tests.rs:48:28
[INFO] [stdout]    |
[INFO] [stdout] 11 | pub struct LogTests {
[INFO] [stdout]    | ------------------- function or associated item `init` not found for this struct
[INFO] [stdout] ...
[INFO] [stdout] 48 |     let mut db = LogTests::init(Config::in_folder(dir)).unwrap();
[INFO] [stdout]    |                            ^^^^ function or associated item not found in `LogTests`
[INFO] [stdout]    |
[INFO] [stdout]    = help: items from traits can only be used if the trait is implemented and in scope
[INFO] [stdout]    = note: the following traits define an item `init`, perhaps you need to implement one of them:
[INFO] [stdout]            candidate #1: `Db`
[INFO] [stdout]            candidate #2: `Table`
[INFO] [stdout] 
[INFO] [stdout] 
[INFO] [stdout] warning: unused import: `db_rs::Db`
[INFO] [stdout]  --> tests/lookup_set_tests.rs:1:5
[INFO] [stdout]   |
[INFO] [stdout] 1 | use db_rs::Db;
[INFO] [stdout]   |     ^^^^^^^^^
[INFO] [stdout]   |
[INFO] [stdout]   = note: `#[warn(unused_imports)]` on by default
[INFO] [stdout] 
[INFO] [stdout] 
[INFO] [stdout] error[E0599]: no function or associated item named `init` found for struct `TxTest` in the current scope
[INFO] [stdout]   --> tests/transaction_tests.rs:81:26
[INFO] [stdout]    |
[INFO] [stdout] 7  | struct TxTest {
[INFO] [stdout]    | ------------- function or associated item `init` not found for this struct
[INFO] [stdout] ...
[INFO] [stdout] 81 |     let mut db = TxTest::init(Config::in_folder(dir)).unwrap();
[INFO] [stdout]    |                          ^^^^ function or associated item not found in `TxTest`
[INFO] [stdout]    |
[INFO] [stdout]    = help: items from traits can only be used if the trait is implemented and in scope
[INFO] [stdout]    = note: the following traits define an item `init`, perhaps you need to implement one of them:
[INFO] [stdout]            candidate #1: `Db`
[INFO] [stdout]            candidate #2: `Table`
[INFO] [stdout] 
[INFO] [stdout] 
[INFO] [stdout] error: aborting due to 7 previous errors; 1 warning emitted
[INFO] [stdout] 
[INFO] [stdout] 
[INFO] [stdout] Some errors have detailed explanations: E0432, E0599.
[INFO] [stdout] 
[INFO] [stdout] For more information about an error, try `rustc --explain E0432`.
[INFO] [stdout] 
[INFO] [stdout] error: aborting due to 8 previous errors; 1 warning emitted
[INFO] [stdout] 
[INFO] [stdout] 
[INFO] [stdout] Some errors have detailed explanations: E0432, E0599.
[INFO] [stdout] 
[INFO] [stdout] For more information about an error, try `rustc --explain E0432`.
[INFO] [stdout] 
[INFO] [stdout] error[E0599]: no function or associated item named `init` found for struct `LookupSchema` in the current scope
[INFO] [stdout]   --> tests/lookup_list_tests.rs:88:28
[INFO] [stdout]    |
[INFO] [stdout] 7  | pub struct LookupSchema {
[INFO] [stdout]    | ----------------------- function or associated item `init` not found for this struct
[INFO] [stdout] ...
[INFO] [stdout] 88 |     let db = LookupSchema::init(Config::in_folder(dir)).unwrap();
[INFO] [stdout]    |                            ^^^^ function or associated item not found in `LookupSchema`
[INFO] [stdout]    |
[INFO] [stdout]    = help: items from traits can only be used if the trait is implemented and in scope
[INFO] [stdout]    = note: the following traits define an item `init`, perhaps you need to implement one of them:
[INFO] [stdout]            candidate #1: `Db`
[INFO] [stdout]            candidate #2: `Table`
[INFO] [stdout] 
[INFO] [stdout] 
[INFO] [stderr] error: could not compile `db-rs` due to 7 previous errors; 1 warning emitted
[INFO] [stdout] warning: unused import: `db_rs::Db`
[INFO] [stdout]  --> tests/lookup_list_tests.rs:1:5
[INFO] [stdout]   |
[INFO] [stdout] 1 | use db_rs::Db;
[INFO] [stdout]   |     ^^^^^^^^^
[INFO] [stdout]   |
[INFO] [stdout]   = note: `#[warn(unused_imports)]` on by default
[INFO] [stdout] 
[INFO] [stdout] 
[INFO] [stdout] error[E0599]: no function or associated item named `init` found for struct `TxTest` in the current scope
[INFO] [stdout]    --> tests/transaction_tests.rs:108:22
[INFO] [stdout]     |
[INFO] [stdout] 7   | struct TxTest {
[INFO] [stdout]     | ------------- function or associated item `init` not found for this struct
[INFO] [stdout] ...
[INFO] [stdout] 108 |     let db = TxTest::init(Config::in_folder(dir)).unwrap();
[INFO] [stdout]     |                      ^^^^ function or associated item not found in `TxTest`
[INFO] [stdout]     |
[INFO] [stdout]     = help: items from traits can only be used if the trait is implemented and in scope
[INFO] [stdout]     = note: the following traits define an item `init`, perhaps you need to implement one of them:
[INFO] [stdout]             candidate #1: `Db`
[INFO] [stdout]             candidate #2: `Table`
[INFO] [stdout] 
[INFO] [stdout] 
[INFO] [stdout] warning: unused import: `Db`
[INFO] [stdout]  --> tests/transaction_tests.rs:1:21
[INFO] [stdout]   |
[INFO] [stdout] 1 | use db_rs::{Config, Db, LookupTable};
[INFO] [stdout]   |                     ^^
[INFO] [stdout]   |
[INFO] [stdout]   = note: `#[warn(unused_imports)]` on by default
[INFO] [stdout] 
[INFO] [stdout] 
[INFO] [stderr] error: could not compile `db-rs` due to 9 previous errors; 1 warning emitted
[INFO] [stderr] error: could not compile `db-rs` due to 8 previous errors; 1 warning emitted
[INFO] [stdout] error: aborting due to 8 previous errors; 1 warning emitted
[INFO] [stdout] 
[INFO] [stdout] 
[INFO] [stdout] Some errors have detailed explanations: E0432, E0599.
[INFO] [stdout] 
[INFO] [stdout] For more information about an error, try `rustc --explain E0432`.
[INFO] [stdout] 
[INFO] [stdout] error: aborting due to 9 previous errors; 1 warning emitted
[INFO] [stdout] 
[INFO] [stdout] 
[INFO] [stdout] Some errors have detailed explanations: E0432, E0599.
[INFO] [stdout] 
[INFO] [stdout] For more information about an error, try `rustc --explain E0432`.
[INFO] [stdout] 
[INFO] [stdout] error[E0599]: no function or associated item named `init` found for struct `LogTests` in the current scope
[INFO] [stdout]   --> tests/log_tests.rs:77:24
[INFO] [stdout]    |
[INFO] [stdout] 11 | pub struct LogTests {
[INFO] [stdout]    | ------------------- function or associated item `init` not found for this struct
[INFO] [stdout] ...
[INFO] [stdout] 77 |     let db = LogTests::init(Config::in_folder(dir)).unwrap();
[INFO] [stdout]    |                        ^^^^ function or associated item not found in `LogTests`
[INFO] [stdout]    |
[INFO] [stdout]    = help: items from traits can only be used if the trait is implemented and in scope
[INFO] [stdout]    = note: the following traits define an item `init`, perhaps you need to implement one of them:
[INFO] [stdout]            candidate #1: `Db`
[INFO] [stdout]            candidate #2: `Table`
[INFO] [stdout] 
[INFO] [stdout] 
[INFO] [stderr] error: could not compile `db-rs` due to 9 previous errors; 1 warning emitted
[INFO] [stdout] error[E0599]: no function or associated item named `init` found for struct `LogTests` in the current scope
[INFO] [stdout]   --> tests/log_tests.rs:88:44
[INFO] [stdout]    |
[INFO] [stdout] 11 | pub struct LogTests {
[INFO] [stdout]    | ------------------- function or associated item `init` not found for this struct
[INFO] [stdout] ...
[INFO] [stdout] 88 |     let db = Arc::new(Mutex::new(LogTests::init(Config::in_folder(dir)).unwrap()));
[INFO] [stdout]    |                                            ^^^^ function or associated item not found in `LogTests`
[INFO] [stdout]    |
[INFO] [stdout]    = help: items from traits can only be used if the trait is implemented and in scope
[INFO] [stdout]    = note: the following traits define an item `init`, perhaps you need to implement one of them:
[INFO] [stdout]            candidate #1: `Db`
[INFO] [stdout]            candidate #2: `Table`
[INFO] [stdout] 
[INFO] [stdout] 
[INFO] [stderr] error: could not compile `db-rs` due to 10 previous errors; 1 warning emitted
[INFO] [stdout] warning: unused import: `db_rs::compacter::BackgroundCompacter`
[INFO] [stdout]  --> tests/log_tests.rs:1:5
[INFO] [stdout]   |
[INFO] [stdout] 1 | use db_rs::compacter::BackgroundCompacter;
[INFO] [stdout]   |     ^^^^^^^^^^^^^^^^^^^^^^^^^^^^^^^^^^^^^
[INFO] [stdout]   |
[INFO] [stdout]   = note: `#[warn(unused_imports)]` on by default
[INFO] [stdout] 
[INFO] [stdout] 
[INFO] [stdout] error: aborting due to 7 previous errors; 1 warning emitted
[INFO] [stdout] 
[INFO] [stdout] 
[INFO] [stdout] Some errors have detailed explanations: E0432, E0599.
[INFO] [stdout] 
[INFO] [stdout] For more information about an error, try `rustc --explain E0432`.
[INFO] [stdout] 
[INFO] [stderr] error: could not compile `db-rs` due to 8 previous errors; 1 warning emitted
[INFO] running `Command { std: "docker" "inspect" "5b50f592e02e375277f96ab36b0a1353a845e6cf6633b33b7cdb857ab2c19456", kill_on_drop: false }`
[INFO] running `Command { std: "docker" "rm" "-f" "5b50f592e02e375277f96ab36b0a1353a845e6cf6633b33b7cdb857ab2c19456", kill_on_drop: false }`
[INFO] [stdout] 5b50f592e02e375277f96ab36b0a1353a845e6cf6633b33b7cdb857ab2c19456
