[INFO] fetching crate dalek-ff-group 0.3.0...
[INFO] testing dalek-ff-group-0.3.0 against 1.69.0 for beta-1.70-1
[INFO] extracting crate dalek-ff-group 0.3.0 into /workspace/builds/worker-4-tc1/source
[INFO] validating manifest of crates.io crate dalek-ff-group 0.3.0 on toolchain 1.69.0
[INFO] running `Command { std: CARGO_HOME="/workspace/cargo-home" RUSTUP_HOME="/workspace/rustup-home" "/workspace/cargo-home/bin/cargo" "+1.69.0" "metadata" "--manifest-path" "Cargo.toml" "--no-deps", kill_on_drop: false }`
[INFO] started tweaking crates.io crate dalek-ff-group 0.3.0
[INFO] finished tweaking crates.io crate dalek-ff-group 0.3.0
[INFO] tweaked toml for crates.io crate dalek-ff-group 0.3.0 written to /workspace/builds/worker-4-tc1/source/Cargo.toml
[INFO] running `Command { std: CARGO_HOME="/workspace/cargo-home" RUSTUP_HOME="/workspace/rustup-home" __CARGO_TEST_CHANNEL_OVERRIDE_DO_NOT_USE_THIS="nightly" "/workspace/cargo-home/bin/cargo" "+1.69.0" "generate-lockfile" "--manifest-path" "Cargo.toml" "-Zno-index-update", kill_on_drop: false }`
[INFO] running `Command { std: CARGO_HOME="/workspace/cargo-home" RUSTUP_HOME="/workspace/rustup-home" "/workspace/cargo-home/bin/cargo" "+1.69.0" "fetch" "--manifest-path" "Cargo.toml", kill_on_drop: false }`
[INFO] [stderr]  Downloading crates ...
[INFO] [stderr]   Downloaded crypto-bigint v0.5.2
[INFO] running `Command { std: "docker" "create" "-v" "/var/lib/crater-agent-workspace/builds/worker-4-tc1/target:/opt/rustwide/target:rw,Z" "-v" "/var/lib/crater-agent-workspace/builds/worker-4-tc1/source:/opt/rustwide/workdir:ro,Z" "-v" "/var/lib/crater-agent-workspace/cargo-home:/opt/rustwide/cargo-home:ro,Z" "-v" "/var/lib/crater-agent-workspace/rustup-home:/opt/rustwide/rustup-home:ro,Z" "-e" "SOURCE_DIR=/opt/rustwide/workdir" "-e" "CARGO_TARGET_DIR=/opt/rustwide/target" "-e" "CARGO_HOME=/opt/rustwide/cargo-home" "-e" "RUSTUP_HOME=/opt/rustwide/rustup-home" "-w" "/opt/rustwide/workdir" "-m" "1610612736" "--user" "0:0" "--network" "none" "ghcr.io/rust-lang/crates-build-env/linux@sha256:5ff2268d62e97bff2cde7d5815dd6ed5b47097566f13b8d0ca110b04b60e07ed" "/opt/rustwide/cargo-home/bin/cargo" "+1.69.0" "metadata" "--no-deps" "--format-version=1", kill_on_drop: false }`
[INFO] [stdout] 0c08176c6792704ad9a042397e60af8565949c0a51fb3e6729bbc8714842363d
[INFO] running `Command { std: "docker" "start" "-a" "0c08176c6792704ad9a042397e60af8565949c0a51fb3e6729bbc8714842363d", kill_on_drop: false }`
[INFO] running `Command { std: "docker" "inspect" "0c08176c6792704ad9a042397e60af8565949c0a51fb3e6729bbc8714842363d", kill_on_drop: false }`
[INFO] running `Command { std: "docker" "rm" "-f" "0c08176c6792704ad9a042397e60af8565949c0a51fb3e6729bbc8714842363d", kill_on_drop: false }`
[INFO] [stdout] 0c08176c6792704ad9a042397e60af8565949c0a51fb3e6729bbc8714842363d
[INFO] running `Command { std: "docker" "create" "-v" "/var/lib/crater-agent-workspace/builds/worker-4-tc1/target:/opt/rustwide/target:rw,Z" "-v" "/var/lib/crater-agent-workspace/builds/worker-4-tc1/source:/opt/rustwide/workdir:ro,Z" "-v" "/var/lib/crater-agent-workspace/cargo-home:/opt/rustwide/cargo-home:ro,Z" "-v" "/var/lib/crater-agent-workspace/rustup-home:/opt/rustwide/rustup-home:ro,Z" "-e" "SOURCE_DIR=/opt/rustwide/workdir" "-e" "CARGO_TARGET_DIR=/opt/rustwide/target" "-e" "CARGO_INCREMENTAL=0" "-e" "RUST_BACKTRACE=full" "-e" "RUSTFLAGS=--cap-lints=warn" "-e" "RUSTDOCFLAGS=--cap-lints=warn" "-e" "CARGO_HOME=/opt/rustwide/cargo-home" "-e" "RUSTUP_HOME=/opt/rustwide/rustup-home" "-w" "/opt/rustwide/workdir" "-m" "1610612736" "--user" "0:0" "--network" "none" "ghcr.io/rust-lang/crates-build-env/linux@sha256:5ff2268d62e97bff2cde7d5815dd6ed5b47097566f13b8d0ca110b04b60e07ed" "/opt/rustwide/cargo-home/bin/cargo" "+1.69.0" "build" "--frozen" "--message-format=json", kill_on_drop: false }`
[INFO] [stdout] 4e78f140b383ff044764afa23a3be29c32532b28ea1fb94e7239cd59d30a74ae
[INFO] running `Command { std: "docker" "start" "-a" "4e78f140b383ff044764afa23a3be29c32532b28ea1fb94e7239cd59d30a74ae", kill_on_drop: false }`
[INFO] [stderr]     Blocking waiting for file lock on package cache
[INFO] [stderr]    Compiling typenum v1.16.0
[INFO] [stderr]    Compiling libc v0.2.142
[INFO] [stderr]    Compiling radium v0.7.0
[INFO] [stderr]    Compiling generic-array v0.14.7
[INFO] [stderr]    Compiling tap v1.0.1
[INFO] [stderr]    Compiling subtle v2.5.0
[INFO] [stderr]    Compiling funty v2.0.0
[INFO] [stderr]    Compiling syn v2.0.15
[INFO] [stderr]    Compiling wyz v0.5.1
[INFO] [stderr]    Compiling byteorder v1.4.3
[INFO] [stderr]    Compiling cpufeatures v0.2.7
[INFO] [stderr]    Compiling bitvec v1.0.1
[INFO] [stderr]    Compiling getrandom v0.2.9
[INFO] [stderr]    Compiling getrandom v0.1.16
[INFO] [stderr]    Compiling rand_core v0.6.4
[INFO] [stderr]    Compiling rand_core v0.5.1
[INFO] [stderr]    Compiling crypto-bigint v0.5.2
[INFO] [stderr]    Compiling digest v0.9.0
[INFO] [stderr]    Compiling crypto-common v0.1.6
[INFO] [stderr]    Compiling block-buffer v0.9.0
[INFO] [stderr]    Compiling block-buffer v0.10.4
[INFO] [stderr]    Compiling sha2 v0.9.9
[INFO] [stderr]    Compiling digest v0.10.6
[INFO] [stderr]    Compiling ff v0.12.1
[INFO] [stderr]    Compiling group v0.12.1
[INFO] [stderr]    Compiling zeroize_derive v1.4.2
[INFO] [stderr]    Compiling zeroize v1.6.0
[INFO] [stderr]    Compiling curve25519-dalek v3.2.0
[INFO] [stderr]    Compiling dalek-ff-group v0.3.0 (/opt/rustwide/workdir)
[INFO] [stderr]     Finished dev [unoptimized + debuginfo] target(s) in 7.47s
[INFO] running `Command { std: "docker" "inspect" "4e78f140b383ff044764afa23a3be29c32532b28ea1fb94e7239cd59d30a74ae", kill_on_drop: false }`
[INFO] running `Command { std: "docker" "rm" "-f" "4e78f140b383ff044764afa23a3be29c32532b28ea1fb94e7239cd59d30a74ae", kill_on_drop: false }`
[INFO] [stdout] 4e78f140b383ff044764afa23a3be29c32532b28ea1fb94e7239cd59d30a74ae
[INFO] running `Command { std: "docker" "create" "-v" "/var/lib/crater-agent-workspace/builds/worker-4-tc1/target:/opt/rustwide/target:rw,Z" "-v" "/var/lib/crater-agent-workspace/builds/worker-4-tc1/source:/opt/rustwide/workdir:ro,Z" "-v" "/var/lib/crater-agent-workspace/cargo-home:/opt/rustwide/cargo-home:ro,Z" "-v" "/var/lib/crater-agent-workspace/rustup-home:/opt/rustwide/rustup-home:ro,Z" "-e" "SOURCE_DIR=/opt/rustwide/workdir" "-e" "CARGO_TARGET_DIR=/opt/rustwide/target" "-e" "CARGO_INCREMENTAL=0" "-e" "RUST_BACKTRACE=full" "-e" "RUSTFLAGS=--cap-lints=warn" "-e" "RUSTDOCFLAGS=--cap-lints=warn" "-e" "CARGO_HOME=/opt/rustwide/cargo-home" "-e" "RUSTUP_HOME=/opt/rustwide/rustup-home" "-w" "/opt/rustwide/workdir" "-m" "1610612736" "--user" "0:0" "--network" "none" "ghcr.io/rust-lang/crates-build-env/linux@sha256:5ff2268d62e97bff2cde7d5815dd6ed5b47097566f13b8d0ca110b04b60e07ed" "/opt/rustwide/cargo-home/bin/cargo" "+1.69.0" "test" "--frozen" "--no-run" "--message-format=json", kill_on_drop: false }`
[INFO] [stdout] 5e7e9118e4cd0d70fece567cc8a19a1d56f960745f4ec1f451acb20df8dcbd8e
[INFO] running `Command { std: "docker" "start" "-a" "5e7e9118e4cd0d70fece567cc8a19a1d56f960745f4ec1f451acb20df8dcbd8e", kill_on_drop: false }`
[INFO] [stderr]    Compiling dalek-ff-group v0.3.0 (/opt/rustwide/workdir)
[INFO] [stdout] error[E0433]: failed to resolve: use of undeclared crate or module `ff_group_tests`
[INFO] [stdout]    --> src/field.rs:286:3
[INFO] [stdout]     |
[INFO] [stdout] 286 |   ff_group_tests::prime_field::test_prime_field_bits::<_, FieldElement>(&mut rand_core::OsRng);
[INFO] [stdout]     |   ^^^^^^^^^^^^^^ use of undeclared crate or module `ff_group_tests`
[INFO] [stdout] 
[INFO] [stdout] 
[INFO] [stdout] error[E0433]: failed to resolve: use of undeclared crate or module `ff_group_tests`
[INFO] [stdout]    --> src/lib.rs:490:3
[INFO] [stdout]     |
[INFO] [stdout] 490 |   ff_group_tests::group::test_prime_group_bits::<_, EdwardsPoint>(&mut rand_core::OsRng);
[INFO] [stdout]     |   ^^^^^^^^^^^^^^ use of undeclared crate or module `ff_group_tests`
[INFO] [stdout] 
[INFO] [stdout] 
[INFO] [stdout] error[E0433]: failed to resolve: use of undeclared crate or module `ff_group_tests`
[INFO] [stdout]    --> src/lib.rs:495:3
[INFO] [stdout]     |
[INFO] [stdout] 495 |   ff_group_tests::group::test_prime_group_bits::<_, RistrettoPoint>(&mut rand_core::OsRng);
[INFO] [stdout]     |   ^^^^^^^^^^^^^^ use of undeclared crate or module `ff_group_tests`
[INFO] [stdout] 
[INFO] [stdout] 
[INFO] [stdout] error: aborting due to 3 previous errors
[INFO] [stdout] 
[INFO] [stdout] 
[INFO] [stdout] For more information about this error, try `rustc --explain E0433`.
[INFO] [stdout] 
[INFO] [stderr] error: could not compile `dalek-ff-group` due to 4 previous errors
[INFO] running `Command { std: "docker" "inspect" "5e7e9118e4cd0d70fece567cc8a19a1d56f960745f4ec1f451acb20df8dcbd8e", kill_on_drop: false }`
[INFO] running `Command { std: "docker" "rm" "-f" "5e7e9118e4cd0d70fece567cc8a19a1d56f960745f4ec1f451acb20df8dcbd8e", kill_on_drop: false }`
[INFO] [stdout] 5e7e9118e4cd0d70fece567cc8a19a1d56f960745f4ec1f451acb20df8dcbd8e
