[INFO] fetching crate custom_error_core 1.9.0...
[INFO] testing custom_error_core-1.9.0 against 1.69.0 for beta-1.70-1
[INFO] extracting crate custom_error_core 1.9.0 into /workspace/builds/worker-0-tc1/source
[INFO] validating manifest of crates.io crate custom_error_core 1.9.0 on toolchain 1.69.0
[INFO] running `Command { std: CARGO_HOME="/workspace/cargo-home" RUSTUP_HOME="/workspace/rustup-home" "/workspace/cargo-home/bin/cargo" "+1.69.0" "metadata" "--manifest-path" "Cargo.toml" "--no-deps", kill_on_drop: false }`
[INFO] started tweaking crates.io crate custom_error_core 1.9.0
[INFO] finished tweaking crates.io crate custom_error_core 1.9.0
[INFO] tweaked toml for crates.io crate custom_error_core 1.9.0 written to /workspace/builds/worker-0-tc1/source/Cargo.toml
[INFO] running `Command { std: CARGO_HOME="/workspace/cargo-home" RUSTUP_HOME="/workspace/rustup-home" __CARGO_TEST_CHANNEL_OVERRIDE_DO_NOT_USE_THIS="nightly" "/workspace/cargo-home/bin/cargo" "+1.69.0" "generate-lockfile" "--manifest-path" "Cargo.toml" "-Zno-index-update", kill_on_drop: false }`
[INFO] running `Command { std: CARGO_HOME="/workspace/cargo-home" RUSTUP_HOME="/workspace/rustup-home" "/workspace/cargo-home/bin/cargo" "+1.69.0" "fetch" "--manifest-path" "Cargo.toml", kill_on_drop: false }`
[INFO] [stderr]     Blocking waiting for file lock on package cache
[INFO] running `Command { std: "docker" "create" "-v" "/var/lib/crater-agent-workspace/builds/worker-0-tc1/target:/opt/rustwide/target:rw,Z" "-v" "/var/lib/crater-agent-workspace/builds/worker-0-tc1/source:/opt/rustwide/workdir:ro,Z" "-v" "/var/lib/crater-agent-workspace/cargo-home:/opt/rustwide/cargo-home:ro,Z" "-v" "/var/lib/crater-agent-workspace/rustup-home:/opt/rustwide/rustup-home:ro,Z" "-e" "SOURCE_DIR=/opt/rustwide/workdir" "-e" "CARGO_TARGET_DIR=/opt/rustwide/target" "-e" "CARGO_HOME=/opt/rustwide/cargo-home" "-e" "RUSTUP_HOME=/opt/rustwide/rustup-home" "-w" "/opt/rustwide/workdir" "-m" "1610612736" "--user" "0:0" "--network" "none" "ghcr.io/rust-lang/crates-build-env/linux@sha256:5ff2268d62e97bff2cde7d5815dd6ed5b47097566f13b8d0ca110b04b60e07ed" "/opt/rustwide/cargo-home/bin/cargo" "+1.69.0" "metadata" "--no-deps" "--format-version=1", kill_on_drop: false }`
[INFO] [stdout] 590e2f1cec926eb0f432226c3e030b884991385f9245684f978555bd1de3be6d
[INFO] running `Command { std: "docker" "start" "-a" "590e2f1cec926eb0f432226c3e030b884991385f9245684f978555bd1de3be6d", kill_on_drop: false }`
[INFO] running `Command { std: "docker" "inspect" "590e2f1cec926eb0f432226c3e030b884991385f9245684f978555bd1de3be6d", kill_on_drop: false }`
[INFO] running `Command { std: "docker" "rm" "-f" "590e2f1cec926eb0f432226c3e030b884991385f9245684f978555bd1de3be6d", kill_on_drop: false }`
[INFO] [stdout] 590e2f1cec926eb0f432226c3e030b884991385f9245684f978555bd1de3be6d
[INFO] running `Command { std: "docker" "create" "-v" "/var/lib/crater-agent-workspace/builds/worker-0-tc1/target:/opt/rustwide/target:rw,Z" "-v" "/var/lib/crater-agent-workspace/builds/worker-0-tc1/source:/opt/rustwide/workdir:ro,Z" "-v" "/var/lib/crater-agent-workspace/cargo-home:/opt/rustwide/cargo-home:ro,Z" "-v" "/var/lib/crater-agent-workspace/rustup-home:/opt/rustwide/rustup-home:ro,Z" "-e" "SOURCE_DIR=/opt/rustwide/workdir" "-e" "CARGO_TARGET_DIR=/opt/rustwide/target" "-e" "CARGO_INCREMENTAL=0" "-e" "RUST_BACKTRACE=full" "-e" "RUSTFLAGS=--cap-lints=warn" "-e" "RUSTDOCFLAGS=--cap-lints=warn" "-e" "CARGO_HOME=/opt/rustwide/cargo-home" "-e" "RUSTUP_HOME=/opt/rustwide/rustup-home" "-w" "/opt/rustwide/workdir" "-m" "1610612736" "--user" "0:0" "--network" "none" "ghcr.io/rust-lang/crates-build-env/linux@sha256:5ff2268d62e97bff2cde7d5815dd6ed5b47097566f13b8d0ca110b04b60e07ed" "/opt/rustwide/cargo-home/bin/cargo" "+1.69.0" "build" "--frozen" "--message-format=json", kill_on_drop: false }`
[INFO] [stdout] 1102cfc65a0c7634b20a810fb834ec1263cc079a949324ecadf816d2a29364e6
[INFO] running `Command { std: "docker" "start" "-a" "1102cfc65a0c7634b20a810fb834ec1263cc079a949324ecadf816d2a29364e6", kill_on_drop: false }`
[INFO] [stderr]    Compiling custom_error_core v1.9.0 (/opt/rustwide/workdir)
[INFO] [stderr]     Finished dev [unoptimized + debuginfo] target(s) in 0.14s
[INFO] running `Command { std: "docker" "inspect" "1102cfc65a0c7634b20a810fb834ec1263cc079a949324ecadf816d2a29364e6", kill_on_drop: false }`
[INFO] running `Command { std: "docker" "rm" "-f" "1102cfc65a0c7634b20a810fb834ec1263cc079a949324ecadf816d2a29364e6", kill_on_drop: false }`
[INFO] [stdout] 1102cfc65a0c7634b20a810fb834ec1263cc079a949324ecadf816d2a29364e6
[INFO] running `Command { std: "docker" "create" "-v" "/var/lib/crater-agent-workspace/builds/worker-0-tc1/target:/opt/rustwide/target:rw,Z" "-v" "/var/lib/crater-agent-workspace/builds/worker-0-tc1/source:/opt/rustwide/workdir:ro,Z" "-v" "/var/lib/crater-agent-workspace/cargo-home:/opt/rustwide/cargo-home:ro,Z" "-v" "/var/lib/crater-agent-workspace/rustup-home:/opt/rustwide/rustup-home:ro,Z" "-e" "SOURCE_DIR=/opt/rustwide/workdir" "-e" "CARGO_TARGET_DIR=/opt/rustwide/target" "-e" "CARGO_INCREMENTAL=0" "-e" "RUST_BACKTRACE=full" "-e" "RUSTFLAGS=--cap-lints=warn" "-e" "RUSTDOCFLAGS=--cap-lints=warn" "-e" "CARGO_HOME=/opt/rustwide/cargo-home" "-e" "RUSTUP_HOME=/opt/rustwide/rustup-home" "-w" "/opt/rustwide/workdir" "-m" "1610612736" "--user" "0:0" "--network" "none" "ghcr.io/rust-lang/crates-build-env/linux@sha256:5ff2268d62e97bff2cde7d5815dd6ed5b47097566f13b8d0ca110b04b60e07ed" "/opt/rustwide/cargo-home/bin/cargo" "+1.69.0" "test" "--frozen" "--no-run" "--message-format=json", kill_on_drop: false }`
[INFO] [stdout] f91c56431145bd177f5164d415ed1363cf1fcd8d6db176f71dbc1480dceb81cb
[INFO] running `Command { std: "docker" "start" "-a" "f91c56431145bd177f5164d415ed1363cf1fcd8d6db176f71dbc1480dceb81cb", kill_on_drop: false }`
[INFO] [stderr]    Compiling custom_error_core v1.9.0 (/opt/rustwide/workdir)
[INFO] [stdout] error[E0463]: can't find crate for `custom_error`
[INFO] [stdout]  --> tests/tests.rs:2:1
[INFO] [stdout]   |
[INFO] [stdout] 2 | extern crate custom_error;
[INFO] [stdout]   | ^^^^^^^^^^^^^^^^^^^^^^^^^^ can't find crate
[INFO] [stdout] 
[INFO] [stdout] 
[INFO] [stdout] warning: named argument `description` is not used by name
[INFO] [stdout]    --> src/lib.rs:555:32
[INFO] [stdout]     |
[INFO] [stdout] 555 |         custom_error!(MyError {description: &'static str} = "{}");
[INFO] [stdout]     |                                ^^^^^^^^^^^ this named argument is referred to by position in formatting string
[INFO] [stdout]     |
[INFO] [stdout]     = note: `#[warn(named_arguments_used_positionally)]` on by default
[INFO] [stdout] 
[INFO] [stdout] 
[INFO] [stdout] warning: named argument `x` is not used by name
[INFO] [stdout]    --> src/lib.rs:627:41
[INFO] [stdout]     |
[INFO] [stdout] 627 |             custom_error! {pub MyError {x: &'static str} = "{}"}
[INFO] [stdout]     |                                         ^ this named argument is referred to by position in formatting string
[INFO] [stdout] 
[INFO] [stdout] 
[INFO] [stdout] warning: named argument `x` is not used by name
[INFO] [stdout]    --> src/lib.rs:637:17
[INFO] [stdout]     |
[INFO] [stdout] 637 |                 x: &'static str
[INFO] [stdout]     |                 ^ this named argument is referred to by position in formatting string
[INFO] [stdout] 
[INFO] [stdout] 
[INFO] [stdout] error: cannot find macro `custom_error` in this scope
[INFO] [stdout]  --> tests/tests.rs:6:1
[INFO] [stdout]   |
[INFO] [stdout] 6 | custom_error! {
[INFO] [stdout]   | ^^^^^^^^^^^^
[INFO] [stdout]   |
[INFO] [stdout]   = help: consider importing this macro:
[INFO] [stdout]           custom_error_core::custom_error
[INFO] [stdout] note: `custom_error` is imported here, but it is an unresolved item, not a macro
[INFO] [stdout]  --> tests/tests.rs:2:1
[INFO] [stdout]   |
[INFO] [stdout] 2 | extern crate custom_error;
[INFO] [stdout]   | ^^^^^^^^^^^^^^^^^^^^^^^^^^
[INFO] [stdout] 
[INFO] [stdout] 
[INFO] [stdout] error: cannot find macro `custom_error` in this scope
[INFO] [stdout]   --> tests/tests.rs:22:1
[INFO] [stdout]    |
[INFO] [stdout] 22 | custom_error! {FileParseError
[INFO] [stdout]    | ^^^^^^^^^^^^
[INFO] [stdout]    |
[INFO] [stdout]    = help: consider importing this macro:
[INFO] [stdout]            custom_error_core::custom_error
[INFO] [stdout] note: `custom_error` is imported here, but it is an unresolved item, not a macro
[INFO] [stdout]   --> tests/tests.rs:2:1
[INFO] [stdout]    |
[INFO] [stdout] 2  | extern crate custom_error;
[INFO] [stdout]    | ^^^^^^^^^^^^^^^^^^^^^^^^^^
[INFO] [stdout] 
[INFO] [stdout] 
[INFO] [stdout] error[E0433]: failed to resolve: use of undeclared type `OpenFileError`
[INFO] [stdout]   --> tests/tests.rs:15:32
[INFO] [stdout]    |
[INFO] [stdout] 15 |         ErrorKind::NotFound => OpenFileError::NotFound {
[INFO] [stdout]    |                                ^^^^^^^^^^^^^ use of undeclared type `OpenFileError`
[INFO] [stdout] 
[INFO] [stdout] 
[INFO] [stdout] error[E0433]: failed to resolve: use of undeclared type `OpenFileError`
[INFO] [stdout]   --> tests/tests.rs:18:14
[INFO] [stdout]    |
[INFO] [stdout] 18 |         _ => OpenFileError::Other,
[INFO] [stdout]    |              ^^^^^^^^^^^^^ use of undeclared type `OpenFileError`
[INFO] [stdout] 
[INFO] [stdout] 
[INFO] [stdout] error[E0433]: failed to resolve: use of undeclared type `FileParseError`
[INFO] [stdout]   --> tests/tests.rs:35:13
[INFO] [stdout]    |
[INFO] [stdout] 35 |         Err(FileParseError::TooLarge { value })
[INFO] [stdout]    |             ^^^^^^^^^^^^^^ use of undeclared type `FileParseError`
[INFO] [stdout] 
[INFO] [stdout] 
[INFO] [stdout] error[E0412]: cannot find type `OpenFileError` in this scope
[INFO] [stdout]   --> tests/tests.rs:13:54
[INFO] [stdout]    |
[INFO] [stdout] 13 | fn open_file_verbose(filename: &str) -> Result<File, OpenFileError> {
[INFO] [stdout]    |                                                      ^^^^^^^^^^^^^ not found in this scope
[INFO] [stdout]    |
[INFO] [stdout] help: you might be missing a type parameter
[INFO] [stdout]    |
[INFO] [stdout] 13 | fn open_file_verbose<OpenFileError>(filename: &str) -> Result<File, OpenFileError> {
[INFO] [stdout]    |                     +++++++++++++++
[INFO] [stdout] 
[INFO] [stdout] 
[INFO] [stdout] error[E0412]: cannot find type `FileParseError` in this scope
[INFO] [stdout]   --> tests/tests.rs:29:49
[INFO] [stdout]    |
[INFO] [stdout] 29 | fn parse_hex_file(filename: &str) -> Result<u8, FileParseError> {
[INFO] [stdout]    |                                                 ^^^^^^^^^^^^^^ not found in this scope
[INFO] [stdout]    |
[INFO] [stdout] help: you might be missing a type parameter
[INFO] [stdout]    |
[INFO] [stdout] 29 | fn parse_hex_file<FileParseError>(filename: &str) -> Result<u8, FileParseError> {
[INFO] [stdout]    |                  ++++++++++++++++
[INFO] [stdout] 
[INFO] [stdout] 
[INFO] [stdout] warning: unused imports: `io`, `num::ParseIntError`
[INFO] [stdout]  --> tests/tests.rs:4:21
[INFO] [stdout]   |
[INFO] [stdout] 4 | use std::{fs::File, io, io::ErrorKind, io::Read, num::ParseIntError, result::Result};
[INFO] [stdout]   |                     ^^                           ^^^^^^^^^^^^^^^^^^
[INFO] [stdout]   |
[INFO] [stdout]   = note: `#[warn(unused_imports)]` on by default
[INFO] [stdout] 
[INFO] [stdout] 
[INFO] [stderr] error: could not compile `custom_error_core` due to 9 previous errors; 2 warnings emitted
[INFO] [stdout] warning: unused import: `io::Read`
[INFO] [stdout]  --> tests/tests.rs:4:40
[INFO] [stdout]   |
[INFO] [stdout] 4 | use std::{fs::File, io, io::ErrorKind, io::Read, num::ParseIntError, result::Result};
[INFO] [stdout]   |                                        ^^^^^^^^
[INFO] [stdout] 
[INFO] [stdout] 
[INFO] [stderr] warning: build failed, waiting for other jobs to finish...
[INFO] [stdout] error: aborting due to 8 previous errors; 2 warnings emitted
[INFO] [stdout] 
[INFO] [stdout] 
[INFO] [stdout] Some errors have detailed explanations: E0412, E0433, E0463.
[INFO] [stdout] 
[INFO] [stdout] For more information about an error, try `rustc --explain E0412`.
[INFO] [stdout] 
[INFO] [stdout] warning: 3 warnings emitted
[INFO] [stdout] 
[INFO] [stdout] 
[INFO] running `Command { std: "docker" "inspect" "f91c56431145bd177f5164d415ed1363cf1fcd8d6db176f71dbc1480dceb81cb", kill_on_drop: false }`
[INFO] running `Command { std: "docker" "rm" "-f" "f91c56431145bd177f5164d415ed1363cf1fcd8d6db176f71dbc1480dceb81cb", kill_on_drop: false }`
[INFO] [stdout] f91c56431145bd177f5164d415ed1363cf1fcd8d6db176f71dbc1480dceb81cb
