[INFO] fetching crate cursebox 0.2.11...
[INFO] testing cursebox-0.2.11 against 1.69.0 for beta-1.70-1
[INFO] extracting crate cursebox 0.2.11 into /workspace/builds/worker-1-tc1/source
[INFO] validating manifest of crates.io crate cursebox 0.2.11 on toolchain 1.69.0
[INFO] running `Command { std: CARGO_HOME="/workspace/cargo-home" RUSTUP_HOME="/workspace/rustup-home" "/workspace/cargo-home/bin/cargo" "+1.69.0" "metadata" "--manifest-path" "Cargo.toml" "--no-deps", kill_on_drop: false }`
[INFO] started tweaking crates.io crate cursebox 0.2.11
[INFO] finished tweaking crates.io crate cursebox 0.2.11
[INFO] tweaked toml for crates.io crate cursebox 0.2.11 written to /workspace/builds/worker-1-tc1/source/Cargo.toml
[INFO] crate crates.io crate cursebox 0.2.11 already has a lockfile, it will not be regenerated
[INFO] running `Command { std: CARGO_HOME="/workspace/cargo-home" RUSTUP_HOME="/workspace/rustup-home" "/workspace/cargo-home/bin/cargo" "+1.69.0" "fetch" "--manifest-path" "Cargo.toml", kill_on_drop: false }`
[INFO] [stderr]  Downloading crates ...
[INFO] [stderr]   Downloaded hash-table v0.2.5
[INFO] [stderr]   Downloaded heap v0.1.0
[INFO] [stderr]   Downloaded default_allocator v0.3.0
[INFO] [stderr]   Downloaded ptr v0.2.3
[INFO] [stderr]   Downloaded abort v0.1.3
[INFO] [stderr]   Downloaded rel v0.2.0
[INFO] [stderr]   Downloaded fallible v0.1.3
[INFO] [stderr]   Downloaded i-o v0.4.7
[INFO] [stderr]   Downloaded unix-signal v0.1.4
[INFO] [stderr]   Downloaded null-terminated v0.3.15
[INFO] [stderr]   Downloaded subslice v0.2.2
[INFO] [stderr]   Downloaded chn v0.1.1
[INFO] [stderr]   Downloaded util v0.1.2
[INFO] [stderr]   Downloaded idem v0.4.0
[INFO] [stderr]   Downloaded flags v0.1.5
[INFO] [stderr]   Downloaded buf v0.2.3
[INFO] [stderr]   Downloaded idem v0.1.1
[INFO] [stderr]   Downloaded utf v0.1.6
[INFO] [stderr]   Downloaded unix v0.6.12
[INFO] [stderr]   Downloaded tempus v0.2.4
[INFO] [stderr]   Downloaded unix-tty v0.3.4
[INFO] [stderr]   Downloaded libc-interface v0.1.2
[INFO] [stderr]   Downloaded containers v0.9.12
[INFO] [stderr]   Downloaded system-call v0.1.3
[INFO] [stderr]   Downloaded loca v0.7.2
[INFO] running `Command { std: "docker" "create" "-v" "/var/lib/crater-agent-workspace/builds/worker-1-tc1/target:/opt/rustwide/target:rw,Z" "-v" "/var/lib/crater-agent-workspace/builds/worker-1-tc1/source:/opt/rustwide/workdir:ro,Z" "-v" "/var/lib/crater-agent-workspace/cargo-home:/opt/rustwide/cargo-home:ro,Z" "-v" "/var/lib/crater-agent-workspace/rustup-home:/opt/rustwide/rustup-home:ro,Z" "-e" "SOURCE_DIR=/opt/rustwide/workdir" "-e" "CARGO_TARGET_DIR=/opt/rustwide/target" "-e" "CARGO_HOME=/opt/rustwide/cargo-home" "-e" "RUSTUP_HOME=/opt/rustwide/rustup-home" "-w" "/opt/rustwide/workdir" "-m" "1610612736" "--user" "0:0" "--network" "none" "ghcr.io/rust-lang/crates-build-env/linux@sha256:5ff2268d62e97bff2cde7d5815dd6ed5b47097566f13b8d0ca110b04b60e07ed" "/opt/rustwide/cargo-home/bin/cargo" "+1.69.0" "metadata" "--no-deps" "--format-version=1", kill_on_drop: false }`
[INFO] [stdout] d53c62424d6dfe39b526499819de48afbff44acc56c8ef1e49507412797df535
[INFO] running `Command { std: "docker" "start" "-a" "d53c62424d6dfe39b526499819de48afbff44acc56c8ef1e49507412797df535", kill_on_drop: false }`
[INFO] running `Command { std: "docker" "inspect" "d53c62424d6dfe39b526499819de48afbff44acc56c8ef1e49507412797df535", kill_on_drop: false }`
[INFO] running `Command { std: "docker" "rm" "-f" "d53c62424d6dfe39b526499819de48afbff44acc56c8ef1e49507412797df535", kill_on_drop: false }`
[INFO] [stdout] d53c62424d6dfe39b526499819de48afbff44acc56c8ef1e49507412797df535
[INFO] running `Command { std: "docker" "create" "-v" "/var/lib/crater-agent-workspace/builds/worker-1-tc1/target:/opt/rustwide/target:rw,Z" "-v" "/var/lib/crater-agent-workspace/builds/worker-1-tc1/source:/opt/rustwide/workdir:ro,Z" "-v" "/var/lib/crater-agent-workspace/cargo-home:/opt/rustwide/cargo-home:ro,Z" "-v" "/var/lib/crater-agent-workspace/rustup-home:/opt/rustwide/rustup-home:ro,Z" "-e" "SOURCE_DIR=/opt/rustwide/workdir" "-e" "CARGO_TARGET_DIR=/opt/rustwide/target" "-e" "CARGO_INCREMENTAL=0" "-e" "RUST_BACKTRACE=full" "-e" "RUSTFLAGS=--cap-lints=warn" "-e" "RUSTDOCFLAGS=--cap-lints=warn" "-e" "CARGO_HOME=/opt/rustwide/cargo-home" "-e" "RUSTUP_HOME=/opt/rustwide/rustup-home" "-w" "/opt/rustwide/workdir" "-m" "1610612736" "--user" "0:0" "--network" "none" "ghcr.io/rust-lang/crates-build-env/linux@sha256:5ff2268d62e97bff2cde7d5815dd6ed5b47097566f13b8d0ca110b04b60e07ed" "/opt/rustwide/cargo-home/bin/cargo" "+1.69.0" "build" "--frozen" "--message-format=json", kill_on_drop: false }`
[INFO] [stdout] 4d62a031b155a946928c106adcaa2f9f8b3372a43c8e65e3dd1db62aa28c769c
[INFO] running `Command { std: "docker" "start" "-a" "4d62a031b155a946928c106adcaa2f9f8b3372a43c8e65e3dd1db62aa28c769c", kill_on_drop: false }`
[INFO] [stderr]    Compiling autocfg v0.1.7
[INFO] [stderr]    Compiling rand_core v0.4.2
[INFO] [stderr]    Compiling ptr v0.2.3
[INFO] [stderr]    Compiling void v1.0.2
[INFO] [stderr]    Compiling libc v0.2.98
[INFO] [stderr]    Compiling hash-table v0.2.5
[INFO] [stderr]    Compiling siphasher v0.2.3
[INFO] [stderr]    Compiling containers v0.9.12
[INFO] [stderr]    Compiling either v1.6.1
[INFO] [stderr]    Compiling heap v0.1.0
[INFO] [stderr]    Compiling rel v0.2.0
[INFO] [stderr]    Compiling abort v0.1.3
[INFO] [stderr]    Compiling i-o v0.4.7
[INFO] [stderr]    Compiling idem v0.4.0
[INFO] [stderr]    Compiling libc-interface v0.1.2
[INFO] [stderr]    Compiling utf v0.1.6
[INFO] [stderr]    Compiling memchr v2.4.0
[INFO] [stderr]    Compiling unreachable v1.0.0
[INFO] [stderr]    Compiling fallible v0.1.3
[INFO] [stderr]    Compiling idem v0.1.1
[INFO] [stderr]    Compiling flags v0.1.5
[INFO] [stderr]    Compiling system-call v0.1.3
[INFO] [stderr]    Compiling rand_core v0.3.1
[INFO] [stderr]    Compiling rand_jitter v0.1.4
[INFO] [stderr]    Compiling null-terminated v0.3.15
[INFO] [stderr]    Compiling chn v0.1.1
[INFO] [stderr]    Compiling util v0.1.2
[INFO] [stdout] error: cannot find macro `llvm_asm` in this scope
[INFO] [stdout]   --> /opt/rustwide/cargo-home/registry/src/github.com-1ecc6299db9ec823/system-call-0.1.3/src/platform/linux-x86_64/mod.rs:94:5
[INFO] [stdout]    |
[INFO] [stdout] 94 |     llvm_asm!("syscall"
[INFO] [stdout]    |     ^^^^^^^^
[INFO] [stdout] 
[INFO] [stdout] 
[INFO] [stdout] error: cannot find macro `llvm_asm` in this scope
[INFO] [stdout]   --> /opt/rustwide/cargo-home/registry/src/github.com-1ecc6299db9ec823/system-call-0.1.3/src/platform/linux-x86_64/mod.rs:77:5
[INFO] [stdout]    |
[INFO] [stdout] 77 |     llvm_asm!("syscall"
[INFO] [stdout]    |     ^^^^^^^^
[INFO] [stdout] 
[INFO] [stdout] 
[INFO] [stdout] error: cannot find macro `llvm_asm` in this scope
[INFO] [stdout]   --> /opt/rustwide/cargo-home/registry/src/github.com-1ecc6299db9ec823/system-call-0.1.3/src/platform/linux-x86_64/mod.rs:61:5
[INFO] [stdout]    |
[INFO] [stdout] 61 |     llvm_asm!("syscall"
[INFO] [stdout]    |     ^^^^^^^^
[INFO] [stdout] 
[INFO] [stdout] 
[INFO] [stdout] error: cannot find macro `llvm_asm` in this scope
[INFO] [stdout]   --> /opt/rustwide/cargo-home/registry/src/github.com-1ecc6299db9ec823/system-call-0.1.3/src/platform/linux-x86_64/mod.rs:46:5
[INFO] [stdout]    |
[INFO] [stdout] 46 |     llvm_asm!("syscall"
[INFO] [stdout]    |     ^^^^^^^^
[INFO] [stdout] 
[INFO] [stdout] 
[INFO] [stdout] error: cannot find macro `llvm_asm` in this scope
[INFO] [stdout]   --> /opt/rustwide/cargo-home/registry/src/github.com-1ecc6299db9ec823/system-call-0.1.3/src/platform/linux-x86_64/mod.rs:36:5
[INFO] [stdout]    |
[INFO] [stdout] 36 |     llvm_asm!("syscall"
[INFO] [stdout]    |     ^^^^^^^^
[INFO] [stdout] 
[INFO] [stdout] 
[INFO] [stdout] error: cannot find macro `llvm_asm` in this scope
[INFO] [stdout]   --> /opt/rustwide/cargo-home/registry/src/github.com-1ecc6299db9ec823/system-call-0.1.3/src/platform/linux-x86_64/mod.rs:26:5
[INFO] [stdout]    |
[INFO] [stdout] 26 |     llvm_asm!("syscall"
[INFO] [stdout]    |     ^^^^^^^^
[INFO] [stdout] 
[INFO] [stdout] 
[INFO] [stdout] error: cannot find macro `llvm_asm` in this scope
[INFO] [stdout]   --> /opt/rustwide/cargo-home/registry/src/github.com-1ecc6299db9ec823/system-call-0.1.3/src/platform/linux-x86_64/mod.rs:16:5
[INFO] [stdout]    |
[INFO] [stdout] 16 |     llvm_asm!("syscall"
[INFO] [stdout]    |     ^^^^^^^^
[INFO] [stdout] 
[INFO] [stdout] 
[INFO] [stdout] error[E0554]: `#![feature]` may not be used on the stable release channel
[INFO] [stdout]   --> /opt/rustwide/cargo-home/registry/src/github.com-1ecc6299db9ec823/system-call-0.1.3/src/lib.rs:15:12
[INFO] [stdout]    |
[INFO] [stdout] 15 | #![feature(llvm_asm)]
[INFO] [stdout]    |            ^^^^^^^^
[INFO] [stdout] 
[INFO] [stdout] 
[INFO] [stdout] error[E0635]: unknown feature `llvm_asm`
[INFO] [stdout]   --> /opt/rustwide/cargo-home/registry/src/github.com-1ecc6299db9ec823/system-call-0.1.3/src/lib.rs:15:12
[INFO] [stdout]    |
[INFO] [stdout] 15 | #![feature(llvm_asm)]
[INFO] [stdout]    |            ^^^^^^^^
[INFO] [stdout] 
[INFO] [stdout] 
[INFO] [stdout] error: aborting due to 9 previous errors
[INFO] [stdout] 
[INFO] [stdout] 
[INFO] [stdout] Some errors have detailed explanations: E0554, E0635.
[INFO] [stdout] 
[INFO] [stdout] For more information about an error, try `rustc --explain E0554`.
[INFO] [stdout] 
[INFO] [stderr] error: could not compile `system-call` due to 10 previous errors
[INFO] [stderr] warning: build failed, waiting for other jobs to finish...
[INFO] [stdout] error[E0554]: `#![feature]` may not be used on the stable release channel
[INFO] [stdout]   --> /opt/rustwide/cargo-home/registry/src/github.com-1ecc6299db9ec823/null-terminated-0.3.15/src/lib.rs:25:1
[INFO] [stdout]    |
[INFO] [stdout] 25 | #![feature(const_raw_ptr_deref)]
[INFO] [stdout]    | ^^^^^^^^^^^^^^^^^^^^^^^^^^^^^^^^ help: remove the attribute
[INFO] [stdout]    |
[INFO] [stdout]    = help: the feature `const_raw_ptr_deref` has been stable since `1.58.0` and no longer requires an attribute to enable
[INFO] [stdout] 
[INFO] [stdout] 
[INFO] [stdout] error[E0554]: `#![feature]` may not be used on the stable release channel
[INFO] [stdout]   --> /opt/rustwide/cargo-home/registry/src/github.com-1ecc6299db9ec823/null-terminated-0.3.15/src/lib.rs:26:1
[INFO] [stdout]    |
[INFO] [stdout] 26 | #![feature(extern_types)]
[INFO] [stdout]    | ^^^^^^^^^^^^^^^^^^^^^^^^^
[INFO] [stdout] 
[INFO] [stdout] 
[INFO] [stdout] error: aborting due to 2 previous errors
[INFO] [stdout] 
[INFO] [stdout] 
[INFO] [stdout] For more information about this error, try `rustc --explain E0554`.
[INFO] [stdout] 
[INFO] [stderr] error: could not compile `null-terminated` due to 3 previous errors
[INFO] [stdout] error[E0554]: `#![feature]` may not be used on the stable release channel
[INFO] [stdout]  --> /opt/rustwide/cargo-home/registry/src/github.com-1ecc6299db9ec823/hash-table-0.2.5/src/lib.rs:3:1
[INFO] [stdout]   |
[INFO] [stdout] 3 | #![feature(maybe_uninit_ref)]
[INFO] [stdout]   | ^^^^^^^^^^^^^^^^^^^^^^^^^^^^^
[INFO] [stdout] 
[INFO] [stdout] 
[INFO] [stdout] error[E0554]: `#![feature]` may not be used on the stable release channel
[INFO] [stdout]  --> /opt/rustwide/cargo-home/registry/src/github.com-1ecc6299db9ec823/hash-table-0.2.5/src/lib.rs:4:1
[INFO] [stdout]   |
[INFO] [stdout] 4 | #![feature(non_ascii_idents)]
[INFO] [stdout]   | ^^^^^^^^^^^^^^^^^^^^^^^^^^^^^ help: remove the attribute
[INFO] [stdout]   |
[INFO] [stdout]   = help: the feature `non_ascii_idents` has been stable since `1.53.0` and no longer requires an attribute to enable
[INFO] [stdout] 
[INFO] [stdout] 
[INFO] [stdout] error[E0554]: `#![feature]` may not be used on the stable release channel
[INFO] [stdout]  --> /opt/rustwide/cargo-home/registry/src/github.com-1ecc6299db9ec823/hash-table-0.2.5/src/lib.rs:3:12
[INFO] [stdout]   |
[INFO] [stdout] 3 | #![feature(maybe_uninit_ref)]
[INFO] [stdout]   |            ^^^^^^^^^^^^^^^^
[INFO] [stdout] 
[INFO] [stdout] 
[INFO] [stdout] error: aborting due to 3 previous errors
[INFO] [stdout] 
[INFO] [stdout] 
[INFO] [stdout] For more information about this error, try `rustc --explain E0554`.
[INFO] [stdout] 
[INFO] [stderr] error: could not compile `hash-table` due to 4 previous errors
[INFO] running `Command { std: "docker" "inspect" "4d62a031b155a946928c106adcaa2f9f8b3372a43c8e65e3dd1db62aa28c769c", kill_on_drop: false }`
[INFO] running `Command { std: "docker" "rm" "-f" "4d62a031b155a946928c106adcaa2f9f8b3372a43c8e65e3dd1db62aa28c769c", kill_on_drop: false }`
[INFO] [stdout] 4d62a031b155a946928c106adcaa2f9f8b3372a43c8e65e3dd1db62aa28c769c
