[INFO] fetching crate crypto-botters 0.5.1...
[INFO] testing crypto-botters-0.5.1 against beta-2023-04-20 for beta-1.70-1
[INFO] extracting crate crypto-botters 0.5.1 into /workspace/builds/worker-2-tc2/source
[INFO] validating manifest of crates.io crate crypto-botters 0.5.1 on toolchain beta-2023-04-20
[INFO] running `Command { std: CARGO_HOME="/workspace/cargo-home" RUSTUP_HOME="/workspace/rustup-home" "/workspace/cargo-home/bin/cargo" "+beta-2023-04-20" "metadata" "--manifest-path" "Cargo.toml" "--no-deps", kill_on_drop: false }`
[INFO] started tweaking crates.io crate crypto-botters 0.5.1
[INFO] removed 0 missing examples
[INFO] finished tweaking crates.io crate crypto-botters 0.5.1
[INFO] tweaked toml for crates.io crate crypto-botters 0.5.1 written to /workspace/builds/worker-2-tc2/source/Cargo.toml
[INFO] crate crates.io crate crypto-botters 0.5.1 already has a lockfile, it will not be regenerated
[INFO] running `Command { std: CARGO_HOME="/workspace/cargo-home" RUSTUP_HOME="/workspace/rustup-home" "/workspace/cargo-home/bin/cargo" "+beta-2023-04-20" "fetch" "--manifest-path" "Cargo.toml", kill_on_drop: false }`
[INFO] [stderr]     Updating crates.io index
[INFO] [stderr]  Downloading crates ...
[INFO] [stderr]   Downloaded openssl-sys v0.9.81
[INFO] [stderr]   Downloaded futures-macro v0.3.27
[INFO] [stderr]   Downloaded futures-channel v0.3.27
[INFO] [stderr]   Downloaded futures-util v0.3.27
[INFO] [stderr]   Downloaded serde v1.0.157
[INFO] [stderr]   Downloaded borsh-derive-internal v0.10.2
[INFO] [stderr]   Downloaded borsh-schema-derive-internal v0.10.2
[INFO] [stderr]   Downloaded is-terminal v0.4.5
[INFO] [stderr]   Downloaded futures-core v0.3.27
[INFO] [stderr]   Downloaded proc-macro2 v1.0.52
[INFO] [stderr]   Downloaded unicode-bidi v0.3.12
[INFO] [stderr]   Downloaded serde_json v1.0.94
[INFO] [stderr]   Downloaded rustix v0.36.10
[INFO] [stderr]   Downloaded futures-sink v0.3.27
[INFO] [stderr]   Downloaded openssl-src v111.25.1+1.1.1t
[INFO] [stderr]   Downloaded futures-task v0.3.27
[INFO] [stderr]   Downloaded tempfile v3.4.0
[INFO] [stderr]   Downloaded generic-api-client v0.2.1
[INFO] [stderr]   Downloaded serde_derive v1.0.157
[INFO] [stderr]   Downloaded rkyv v0.7.40
[INFO] [stderr]   Downloaded borsh-derive v0.10.2
[INFO] [stderr]   Downloaded borsh v0.10.2
[INFO] [stderr]   Downloaded rkyv_derive v0.7.40
[INFO] [stderr]   Downloaded rust_decimal v1.29.0
[INFO] [stderr]   Downloaded syn v2.0.2
[INFO] [stderr]   Downloaded io-lifetimes v1.0.8
[INFO] [stderr]   Downloaded openssl v0.10.46
[INFO] running `Command { std: "docker" "create" "-v" "/var/lib/crater-agent-workspace/builds/worker-2-tc2/target:/opt/rustwide/target:rw,Z" "-v" "/var/lib/crater-agent-workspace/builds/worker-2-tc2/source:/opt/rustwide/workdir:ro,Z" "-v" "/var/lib/crater-agent-workspace/cargo-home:/opt/rustwide/cargo-home:ro,Z" "-v" "/var/lib/crater-agent-workspace/rustup-home:/opt/rustwide/rustup-home:ro,Z" "-e" "SOURCE_DIR=/opt/rustwide/workdir" "-e" "CARGO_TARGET_DIR=/opt/rustwide/target" "-e" "CARGO_HOME=/opt/rustwide/cargo-home" "-e" "RUSTUP_HOME=/opt/rustwide/rustup-home" "-w" "/opt/rustwide/workdir" "-m" "1610612736" "--user" "0:0" "--network" "none" "ghcr.io/rust-lang/crates-build-env/linux@sha256:5ff2268d62e97bff2cde7d5815dd6ed5b47097566f13b8d0ca110b04b60e07ed" "/opt/rustwide/cargo-home/bin/cargo" "+beta-2023-04-20" "metadata" "--no-deps" "--format-version=1", kill_on_drop: false }`
[INFO] [stdout] 88e2953cda6f439382333fdebc71e725af681a4c428e0534b1f9d6afffdbf1bf
[INFO] running `Command { std: "docker" "start" "-a" "88e2953cda6f439382333fdebc71e725af681a4c428e0534b1f9d6afffdbf1bf", kill_on_drop: false }`
[INFO] running `Command { std: "docker" "inspect" "88e2953cda6f439382333fdebc71e725af681a4c428e0534b1f9d6afffdbf1bf", kill_on_drop: false }`
[INFO] running `Command { std: "docker" "rm" "-f" "88e2953cda6f439382333fdebc71e725af681a4c428e0534b1f9d6afffdbf1bf", kill_on_drop: false }`
[INFO] [stdout] 88e2953cda6f439382333fdebc71e725af681a4c428e0534b1f9d6afffdbf1bf
[INFO] running `Command { std: "docker" "create" "-v" "/var/lib/crater-agent-workspace/builds/worker-2-tc2/target:/opt/rustwide/target:rw,Z" "-v" "/var/lib/crater-agent-workspace/builds/worker-2-tc2/source:/opt/rustwide/workdir:ro,Z" "-v" "/var/lib/crater-agent-workspace/cargo-home:/opt/rustwide/cargo-home:ro,Z" "-v" "/var/lib/crater-agent-workspace/rustup-home:/opt/rustwide/rustup-home:ro,Z" "-e" "SOURCE_DIR=/opt/rustwide/workdir" "-e" "CARGO_TARGET_DIR=/opt/rustwide/target" "-e" "CARGO_INCREMENTAL=0" "-e" "RUST_BACKTRACE=full" "-e" "RUSTFLAGS=--cap-lints=warn" "-e" "RUSTDOCFLAGS=--cap-lints=warn" "-e" "CARGO_HOME=/opt/rustwide/cargo-home" "-e" "RUSTUP_HOME=/opt/rustwide/rustup-home" "-w" "/opt/rustwide/workdir" "-m" "1610612736" "--user" "0:0" "--network" "none" "ghcr.io/rust-lang/crates-build-env/linux@sha256:5ff2268d62e97bff2cde7d5815dd6ed5b47097566f13b8d0ca110b04b60e07ed" "/opt/rustwide/cargo-home/bin/cargo" "+beta-2023-04-20" "build" "--frozen" "--message-format=json", kill_on_drop: false }`
[INFO] [stdout] 1c88b8db38261f8fa031287540b80128f6b4613f53a74d5a46009128e1ca9fa3
[INFO] running `Command { std: "docker" "start" "-a" "1c88b8db38261f8fa031287540b80128f6b4613f53a74d5a46009128e1ca9fa3", kill_on_drop: false }`
[INFO] [stderr]    Compiling proc-macro2 v1.0.52
[INFO] [stderr]    Compiling libc v0.2.140
[INFO] [stderr]    Compiling syn v1.0.109
[INFO] [stderr]    Compiling log v0.4.17
[INFO] [stderr]    Compiling once_cell v1.17.1
[INFO] [stderr]    Compiling pkg-config v0.3.26
[INFO] [stderr]    Compiling cc v1.0.79
[INFO] [stderr]    Compiling pin-project-lite v0.2.9
[INFO] [stderr]    Compiling bytes v1.4.0
[INFO] [stderr]    Compiling generic-array v0.14.6
[INFO] [stderr]    Compiling itoa v1.0.6
[INFO] [stderr]    Compiling futures-core v0.3.27
[INFO] [stderr]    Compiling memchr v2.5.0
[INFO] [stderr]    Compiling tokio v1.26.0
[INFO] [stderr]    Compiling slab v0.4.8
[INFO] [stderr]    Compiling quote v1.0.26
[INFO] [stderr]    Compiling mio v0.8.6
[INFO] [stderr]    Compiling socket2 v0.4.9
[INFO] [stderr]    Compiling futures-task v0.3.27
[INFO] [stderr]    Compiling openssl-sys v0.9.81
[INFO] [stderr]    Compiling syn v2.0.2
[INFO] [stderr]    Compiling openssl v0.10.46
[INFO] [stderr]    Compiling http v0.2.9
[INFO] [stderr]    Compiling httparse v1.8.0
[INFO] [stderr]    Compiling tinyvec_macros v0.1.1
[INFO] [stderr]    Compiling futures-sink v0.3.27
[INFO] [stderr]    Compiling futures-util v0.3.27
[INFO] [stderr]    Compiling native-tls v0.2.11
[INFO] [stderr]    Compiling tinyvec v1.6.0
[INFO] [stderr]    Compiling crypto-common v0.1.6
[INFO] [stderr]    Compiling block-buffer v0.10.4
[INFO] [stderr]    Compiling tracing-core v0.1.30
[INFO] [stderr]    Compiling indexmap v1.9.2
[INFO] [stderr]    Compiling serde_derive v1.0.157
[INFO] [stderr]    Compiling percent-encoding v2.2.0
[INFO] [stderr]    Compiling subtle v2.4.1
[INFO] [stderr]    Compiling tracing v0.1.37
[INFO] [stderr]    Compiling digest v0.10.6
[INFO] [stderr]    Compiling unicode-normalization v0.1.22
[INFO] [stderr]    Compiling form_urlencoded v1.1.0
[INFO] [stderr]    Compiling getrandom v0.2.8
[INFO] [stderr]    Compiling hashbrown v0.12.3
[INFO] [stderr]    Compiling unicode-bidi v0.3.12
[INFO] [stderr]    Compiling futures-channel v0.3.27
[INFO] [stderr]    Compiling serde v1.0.157
[INFO] [stderr]    Compiling rand_core v0.6.4
[INFO] [stderr]    Compiling idna v0.3.0
[INFO] [stderr]    Compiling thiserror v1.0.40
[INFO] [stderr]    Compiling cpufeatures v0.2.5
[INFO] [stderr]    Compiling try-lock v0.2.4
[INFO] [stderr]    Compiling rand_chacha v0.3.1
[INFO] [stderr]    Compiling want v0.3.0
[INFO] [stderr]    Compiling url v2.3.1
[INFO] [stderr]    Compiling http-body v0.4.5
[INFO] [stderr]    Compiling tower-service v0.3.2
[INFO] [stderr]    Compiling ryu v1.0.13
[INFO] [stderr]    Compiling httpdate v1.0.2
[INFO] [stderr]    Compiling parking_lot_core v0.9.7
[INFO] [stderr]    Compiling rand v0.8.5
[INFO] [stderr]    Compiling thiserror-impl v1.0.40
[INFO] [stderr]    Compiling sha1 v0.10.5
[INFO] [stderr]    Compiling base64 v0.13.1
[INFO] [stderr]    Compiling utf-8 v0.7.6
[INFO] [stderr]    Compiling encoding_rs v0.8.32
[INFO] [stderr]    Compiling base64 v0.21.0
[INFO] [stderr]    Compiling serde_json v1.0.94
[INFO] [stderr]    Compiling mime v0.3.16
[INFO] [stderr]    Compiling ipnet v2.7.1
[INFO] [stderr]    Compiling parking_lot v0.12.1
[INFO] [stderr]    Compiling sha2 v0.10.6
[INFO] [stderr]    Compiling hmac v0.12.1
[INFO] [stderr]    Compiling hex v0.4.3
[INFO] [stderr]    Compiling tokio-macros v1.8.2
[INFO] [stderr]    Compiling openssl-macros v0.1.0
[INFO] [stderr]    Compiling futures-macro v0.3.27
[INFO] [stderr]    Compiling tokio-util v0.7.7
[INFO] [stderr]    Compiling tokio-native-tls v0.3.1
[INFO] [stderr]    Compiling h2 v0.3.16
[INFO] [stderr]    Compiling tungstenite v0.18.0
[INFO] [stderr]    Compiling tokio-tungstenite v0.18.0
[INFO] [stderr]    Compiling serde_urlencoded v0.7.1
[INFO] [stderr]    Compiling hyper v0.14.25
[INFO] [stderr]    Compiling hyper-tls v0.5.0
[INFO] [stderr]    Compiling reqwest v0.11.14
[INFO] [stderr]    Compiling generic-api-client v0.2.1
[INFO] [stderr]    Compiling crypto-botters v0.5.1 (/opt/rustwide/workdir)
[INFO] [stderr]     Finished dev [unoptimized + debuginfo] target(s) in 1m 29s
[INFO] running `Command { std: "docker" "inspect" "1c88b8db38261f8fa031287540b80128f6b4613f53a74d5a46009128e1ca9fa3", kill_on_drop: false }`
[INFO] running `Command { std: "docker" "rm" "-f" "1c88b8db38261f8fa031287540b80128f6b4613f53a74d5a46009128e1ca9fa3", kill_on_drop: false }`
[INFO] [stdout] 1c88b8db38261f8fa031287540b80128f6b4613f53a74d5a46009128e1ca9fa3
[INFO] running `Command { std: "docker" "create" "-v" "/var/lib/crater-agent-workspace/builds/worker-2-tc2/target:/opt/rustwide/target:rw,Z" "-v" "/var/lib/crater-agent-workspace/builds/worker-2-tc2/source:/opt/rustwide/workdir:ro,Z" "-v" "/var/lib/crater-agent-workspace/cargo-home:/opt/rustwide/cargo-home:ro,Z" "-v" "/var/lib/crater-agent-workspace/rustup-home:/opt/rustwide/rustup-home:ro,Z" "-e" "SOURCE_DIR=/opt/rustwide/workdir" "-e" "CARGO_TARGET_DIR=/opt/rustwide/target" "-e" "CARGO_INCREMENTAL=0" "-e" "RUST_BACKTRACE=full" "-e" "RUSTFLAGS=--cap-lints=warn" "-e" "RUSTDOCFLAGS=--cap-lints=warn" "-e" "CARGO_HOME=/opt/rustwide/cargo-home" "-e" "RUSTUP_HOME=/opt/rustwide/rustup-home" "-w" "/opt/rustwide/workdir" "-m" "1610612736" "--user" "0:0" "--network" "none" "ghcr.io/rust-lang/crates-build-env/linux@sha256:5ff2268d62e97bff2cde7d5815dd6ed5b47097566f13b8d0ca110b04b60e07ed" "/opt/rustwide/cargo-home/bin/cargo" "+beta-2023-04-20" "test" "--frozen" "--no-run" "--message-format=json", kill_on_drop: false }`
[INFO] [stdout] cfeccf3c65e3c66a623dd4f98ace56c5890e658fb4382d36ac10f5c589ca2d54
[INFO] running `Command { std: "docker" "start" "-a" "cfeccf3c65e3c66a623dd4f98ace56c5890e658fb4382d36ac10f5c589ca2d54", kill_on_drop: false }`
[INFO] [stderr]    Compiling libc v0.2.140
[INFO] [stderr]    Compiling log v0.4.17
[INFO] [stderr]    Compiling tokio v1.26.0
[INFO] [stderr]    Compiling io-lifetimes v1.0.8
[INFO] [stderr]    Compiling rustix v0.36.10
[INFO] [stderr]    Compiling num-traits v0.2.15
[INFO] [stderr]    Compiling aho-corasick v0.7.20
[INFO] [stderr]    Compiling regex-syntax v0.6.28
[INFO] [stderr]    Compiling rust_decimal v1.29.0
[INFO] [stderr]    Compiling want v0.3.0
[INFO] [stderr]    Compiling arrayvec v0.7.2
[INFO] [stderr]    Compiling humantime v2.1.0
[INFO] [stderr]    Compiling regex v1.7.1
[INFO] [stderr]    Compiling socket2 v0.4.9
[INFO] [stderr]    Compiling num_cpus v1.15.0
[INFO] [stderr]    Compiling mio v0.8.6
[INFO] [stderr]    Compiling openssl-sys v0.9.81
[INFO] [stderr]    Compiling getrandom v0.2.8
[INFO] [stderr]    Compiling rand_core v0.6.4
[INFO] [stderr]    Compiling parking_lot_core v0.9.7
[INFO] [stderr]    Compiling rand_chacha v0.3.1
[INFO] [stderr]    Compiling parking_lot v0.12.1
[INFO] [stderr]    Compiling rand v0.8.5
[INFO] [stderr]    Compiling openssl v0.10.46
[INFO] [stderr]    Compiling is-terminal v0.4.5
[INFO] [stderr]    Compiling env_logger v0.10.0
[INFO] [stderr]    Compiling native-tls v0.2.11
[INFO] [stderr]    Compiling tokio-util v0.7.7
[INFO] [stderr]    Compiling tokio-native-tls v0.3.1
[INFO] [stderr]    Compiling tungstenite v0.18.0
[INFO] [stderr]    Compiling h2 v0.3.16
[INFO] [stderr]    Compiling tokio-tungstenite v0.18.0
[INFO] [stderr]    Compiling hyper v0.14.25
[INFO] [stderr]    Compiling hyper-tls v0.5.0
[INFO] [stderr]    Compiling reqwest v0.11.14
[INFO] [stderr]    Compiling generic-api-client v0.2.1
[INFO] [stderr]    Compiling crypto-botters v0.5.1 (/opt/rustwide/workdir)
[INFO] [stdout] error[E0432]: unresolved import `crypto_botters::bybit`
[INFO] [stdout]  --> examples/bybit/v3/bybit_contract_v3.rs:4:30
[INFO] [stdout]   |
[INFO] [stdout] 4 | use crypto_botters::{Client, bybit::{BybitOption, BybitHttpAuth}};
[INFO] [stdout]   |                              ^^^^^ could not find `bybit` in `crypto_botters`
[INFO] [stdout] 
[INFO] [stdout] 
[INFO] [stdout] error[E0432]: unresolved import `crypto_botters::binance`
[INFO] [stdout]  --> examples/binance/binance_spawn.rs:5:5
[INFO] [stdout]   |
[INFO] [stdout] 5 |     binance::{BinanceOption, BinanceRequestResult},
[INFO] [stdout]   |     ^^^^^^^ could not find `binance` in `crypto_botters`
[INFO] [stdout] 
[INFO] [stdout] 
[INFO] [stdout] error[E0432]: unresolved import `crypto_botters::bybit`
[INFO] [stdout]  --> examples/bybit/v3/bybit_account_asset_v3.rs:3:30
[INFO] [stdout]   |
[INFO] [stdout] 3 | use crypto_botters::{Client, bybit::{BybitOption, BybitHttpAuth}};
[INFO] [stdout]   |                              ^^^^^ could not find `bybit` in `crypto_botters`
[INFO] [stdout] 
[INFO] [stdout] 
[INFO] [stdout] error[E0432]: unresolved import `crypto_botters::bybit`
[INFO] [stdout]  --> examples/bybit/v3/bybit_usdc_contract_v3_websocket_public.rs:3:30
[INFO] [stdout]   |
[INFO] [stdout] 3 | use crypto_botters::{Client, bybit::{BybitOption, BybitWebSocketUrl}};
[INFO] [stdout]   |                              ^^^^^ could not find `bybit` in `crypto_botters`
[INFO] [stdout] 
[INFO] [stdout] 
[INFO] [stdout] error[E0432]: unresolved import `crypto_botters::binance`
[INFO] [stdout]  --> examples/binance/binance_http_public.rs:7:5
[INFO] [stdout]   |
[INFO] [stdout] 7 |     binance::{BinanceHttpUrl, BinanceOption},
[INFO] [stdout]   |     ^^^^^^^ could not find `binance` in `crypto_botters`
[INFO] [stdout] 
[INFO] [stdout] 
[INFO] [stdout] error[E0432]: unresolved import `crypto_botters::binance`
[INFO] [stdout]  --> examples/binance/binance_websocket_public.rs:3:22
[INFO] [stdout]   |
[INFO] [stdout] 3 | use crypto_botters::{binance::{BinanceOption, BinanceWebSocketUrl}, Client};
[INFO] [stdout]   |                      ^^^^^^^ could not find `binance` in `crypto_botters`
[INFO] [stdout] 
[INFO] [stdout] 
[INFO] [stdout] error[E0277]: the trait bound `crypto_botters::Client: GetOptions<_>` is not satisfied
[INFO] [stdout]   --> examples/bybit/v3/bybit_contract_v3.rs:14:34
[INFO] [stdout]    |
[INFO] [stdout] 14 |     client.update_default_option(BybitOption::Key(key));
[INFO] [stdout]    |            --------------------- ^^^^^^^^^^^^^^^^^^^^^ the trait `GetOptions<_>` is not implemented for `crypto_botters::Client`
[INFO] [stdout]    |            |
[INFO] [stdout]    |            required by a bound introduced by this call
[INFO] [stdout]    |
[INFO] [stdout] note: required by a bound in `crypto_botters::Client::update_default_option`
[INFO] [stdout]   --> /opt/rustwide/workdir/src/lib.rs:50:15
[INFO] [stdout]    |
[INFO] [stdout] 50 |         Self: GetOptions<O::Options>,
[INFO] [stdout]    |               ^^^^^^^^^^^^^^^^^^^^^^ required by this bound in `Client::update_default_option`
[INFO] [stdout] 
[INFO] [stdout] 
[INFO] [stdout] error[E0277]: the trait bound `crypto_botters::Client: GetOptions<_>` is not satisfied
[INFO] [stdout]   --> examples/bybit/v3/bybit_contract_v3.rs:15:34
[INFO] [stdout]    |
[INFO] [stdout] 15 |     client.update_default_option(BybitOption::Secret(secret));
[INFO] [stdout]    |            --------------------- ^^^^^^^^^^^^^^^^^^^^^^^^^^^ the trait `GetOptions<_>` is not implemented for `crypto_botters::Client`
[INFO] [stdout]    |            |
[INFO] [stdout]    |            required by a bound introduced by this call
[INFO] [stdout]    |
[INFO] [stdout] note: required by a bound in `crypto_botters::Client::update_default_option`
[INFO] [stdout]   --> /opt/rustwide/workdir/src/lib.rs:50:15
[INFO] [stdout]    |
[INFO] [stdout] 50 |         Self: GetOptions<O::Options>,
[INFO] [stdout]    |               ^^^^^^^^^^^^^^^^^^^^^^ required by this bound in `Client::update_default_option`
[INFO] [stdout] 
[INFO] [stdout] 
[INFO] [stdout] error[E0432]: unresolved import `crypto_botters::bybit`
[INFO] [stdout]  --> examples/bybit/previous_version/bybit_inverse_perpetual_v2.rs:3:30
[INFO] [stdout]   |
[INFO] [stdout] 3 | use crypto_botters::{Client, bybit::{BybitOption, BybitHttpAuth}};
[INFO] [stdout]   |                              ^^^^^ could not find `bybit` in `crypto_botters`
[INFO] [stdout] 
[INFO] [stdout] 
[INFO] [stdout] error[E0277]: the trait bound `crypto_botters::Client: GetOptions<_>` is not satisfied
[INFO] [stdout]   --> examples/bybit/v3/bybit_contract_v3.rs:16:34
[INFO] [stdout]    |
[INFO] [stdout] 16 |     client.update_default_option(BybitOption::RecvWindow(6000));
[INFO] [stdout]    |            --------------------- ^^^^^^^^^^^^^^^^^^^^^^^^^^^^^ the trait `GetOptions<_>` is not implemented for `crypto_botters::Client`
[INFO] [stdout]    |            |
[INFO] [stdout]    |            required by a bound introduced by this call
[INFO] [stdout]    |
[INFO] [stdout] note: required by a bound in `crypto_botters::Client::update_default_option`
[INFO] [stdout]   --> /opt/rustwide/workdir/src/lib.rs:50:15
[INFO] [stdout]    |
[INFO] [stdout] 50 |         Self: GetOptions<O::Options>,
[INFO] [stdout]    |               ^^^^^^^^^^^^^^^^^^^^^^ required by this bound in `Client::update_default_option`
[INFO] [stdout] 
[INFO] [stdout] 
[INFO] [stdout] error[E0277]: the trait bound `crypto_botters::Client: GetOptions<_>` is not satisfied
[INFO] [stdout]    --> examples/bybit/v3/bybit_contract_v3.rs:18:48
[INFO] [stdout]     |
[INFO] [stdout] 18  |     let cancel_all: serde_json::Value = client.post(
[INFO] [stdout]     |                                                ^^^^ the trait `GetOptions<_>` is not implemented for `crypto_botters::Client`
[INFO] [stdout]     |
[INFO] [stdout] note: required by a bound in `crypto_botters::Client::post`
[INFO] [stdout]    --> /opt/rustwide/workdir/src/lib.rs:111:15
[INFO] [stdout]     |
[INFO] [stdout] 111 |         Self: GetOptions<O::Options>,
[INFO] [stdout]     |               ^^^^^^^^^^^^^^^^^^^^^^ required by this bound in `Client::post`
[INFO] [stdout] 
[INFO] [stdout] 
[INFO] [stdout] error[E0277]: the trait bound `crypto_botters::Client: GetOptions<_>` is not satisfied
[INFO] [stdout]    --> examples/binance/binance_websocket_public.rs:12:29
[INFO] [stdout]     |
[INFO] [stdout] 12  |     let connection = client.websocket(
[INFO] [stdout]     |                             ^^^^^^^^^ the trait `GetOptions<_>` is not implemented for `crypto_botters::Client`
[INFO] [stdout]     |
[INFO] [stdout] note: required by a bound in `crypto_botters::Client::websocket`
[INFO] [stdout]    --> /opt/rustwide/workdir/src/lib.rs:180:15
[INFO] [stdout]     |
[INFO] [stdout] 180 |         Self: GetOptions<O::Options>,
[INFO] [stdout]     |               ^^^^^^^^^^^^^^^^^^^^^^ required by this bound in `Client::websocket`
[INFO] [stdout] 
[INFO] [stdout] 
[INFO] [stdout] error[E0432]: unresolved import `crypto_botters::bybit`
[INFO] [stdout]  --> examples/bybit/previous_version/bybit_spot_v1.rs:3:30
[INFO] [stdout]   |
[INFO] [stdout] 3 | use crypto_botters::{Client, bybit::{BybitOption, BybitHttpAuth}};
[INFO] [stdout]   |                              ^^^^^ could not find `bybit` in `crypto_botters`
[INFO] [stdout] 
[INFO] [stdout] 
[INFO] [stdout] error[E0277]: the trait bound `crypto_botters::Client: GetOptions<_>` is not satisfied
[INFO] [stdout]   --> examples/bybit/v3/bybit_account_asset_v3.rs:13:34
[INFO] [stdout]    |
[INFO] [stdout] 13 |     client.update_default_option(BybitOption::Key(key));
[INFO] [stdout]    |            --------------------- ^^^^^^^^^^^^^^^^^^^^^ the trait `GetOptions<_>` is not implemented for `crypto_botters::Client`
[INFO] [stdout]    |            |
[INFO] [stdout]    |            required by a bound introduced by this call
[INFO] [stdout]    |
[INFO] [stdout] note: required by a bound in `crypto_botters::Client::update_default_option`
[INFO] [stdout]   --> /opt/rustwide/workdir/src/lib.rs:50:15
[INFO] [stdout]    |
[INFO] [stdout] 50 |         Self: GetOptions<O::Options>,
[INFO] [stdout]    |               ^^^^^^^^^^^^^^^^^^^^^^ required by this bound in `Client::update_default_option`
[INFO] [stdout] 
[INFO] [stdout] 
[INFO] [stdout] error: aborting due to 5 previous errors
[INFO] [stdout] 
[INFO] [stdout] 
[INFO] [stdout] Some errors have detailed explanations: E0277, E0432.
[INFO] [stdout] 
[INFO] [stdout] error[E0277]: the trait bound `crypto_botters::Client: GetOptions<_>` is not satisfied
[INFO] [stdout]   --> examples/bybit/v3/bybit_account_asset_v3.rs:14:34
[INFO] [stdout]    |
[INFO] [stdout] 14 |     client.update_default_option(BybitOption::Secret(secret));
[INFO] [stdout]    |            --------------------- ^^^^^^^^^^^^^^^^^^^^^^^^^^^ the trait `GetOptions<_>` is not implemented for `crypto_botters::Client`
[INFO] [stdout]    |            |
[INFO] [stdout]    |            required by a bound introduced by this call
[INFO] [stdout]    |
[INFO] [stdout] note: required by a bound in `crypto_botters::Client::update_default_option`
[INFO] [stdout]   --> /opt/rustwide/workdir/src/lib.rs:50:15
[INFO] [stdout]    |
[INFO] [stdout] 50 |         Self: GetOptions<O::Options>,
[INFO] [stdout]    |               ^^^^^^^^^^^^^^^^^^^^^^ required by this bound in `Client::update_default_option`
[INFO] [stdout] 
[INFO] [stdout] 
[INFO] [stdout] For more information about an error, try `rustc --explain E0277`.
[INFO] [stdout] 
[INFO] [stderr] error: could not compile `crypto-botters` (example "bybit_contract_v3") due to 6 previous errors
[INFO] [stdout] error: aborting due to 2 previous errors
[INFO] [stdout] 
[INFO] [stdout] 
[INFO] [stderr] warning: build failed, waiting for other jobs to finish...
[INFO] [stdout] error[E0277]: the trait bound `crypto_botters::Client: GetOptions<_>` is not satisfied
[INFO] [stdout]   --> examples/binance/binance_spawn.rs:20:21
[INFO] [stdout]    |
[INFO] [stdout] 20 |         self.client.get(
[INFO] [stdout]    |                     ^^^ the trait `GetOptions<_>` is not implemented for `crypto_botters::Client`
[INFO] [stdout]    |
[INFO] [stdout] note: required by a bound in `crypto_botters::Client::get`
[INFO] [stdout]   --> /opt/rustwide/workdir/src/lib.rs:87:15
[INFO] [stdout]    |
[INFO] [stdout] 87 |         Self: GetOptions<O::Options>,
[INFO] [stdout]    |               ^^^^^^^^^^^^^^^^^^^^^^ required by this bound in `Client::get`
[INFO] [stdout] 
[INFO] [stdout] 
[INFO] [stdout] error[E0277]: the trait bound `crypto_botters::Client: GetOptions<_>` is not satisfied
[INFO] [stdout]    --> examples/bybit/v3/bybit_usdc_contract_v3_websocket_public.rs:12:29
[INFO] [stdout]     |
[INFO] [stdout] 12  |     let connection = client.websocket(
[INFO] [stdout]     |                             ^^^^^^^^^ the trait `GetOptions<_>` is not implemented for `crypto_botters::Client`
[INFO] [stdout]     |
[INFO] [stdout] note: required by a bound in `crypto_botters::Client::websocket`
[INFO] [stdout]    --> /opt/rustwide/workdir/src/lib.rs:180:15
[INFO] [stdout]     |
[INFO] [stdout] 180 |         Self: GetOptions<O::Options>,
[INFO] [stdout]     |               ^^^^^^^^^^^^^^^^^^^^^^ required by this bound in `Client::websocket`
[INFO] [stdout] 
[INFO] [stdout] 
[INFO] [stdout] Some errors have detailed explanations: E0277, E0432.
[INFO] [stdout] 
[INFO] [stdout] For more information about an error, try `rustc --explain E0277`.
[INFO] [stdout] 
[INFO] [stdout] error[E0277]: the trait bound `crypto_botters::Client: GetOptions<_>` is not satisfied
[INFO] [stdout]   --> examples/bybit/v3/bybit_account_asset_v3.rs:17:48
[INFO] [stdout]    |
[INFO] [stdout] 17 |     let asset_info: serde_json::Value = client.get_no_query(
[INFO] [stdout]    |                                                ^^^^^^^^^^^^ the trait `GetOptions<_>` is not implemented for `crypto_botters::Client`
[INFO] [stdout]    |
[INFO] [stdout] note: required by a bound in `crypto_botters::Client::get_no_query`
[INFO] [stdout]   --> /opt/rustwide/workdir/src/lib.rs:99:15
[INFO] [stdout]    |
[INFO] [stdout] 99 |         Self: GetOptions<O::Options>,
[INFO] [stdout]    |               ^^^^^^^^^^^^^^^^^^^^^^ required by this bound in `Client::get_no_query`
[INFO] [stdout] 
[INFO] [stdout] 
[INFO] [stderr] error: could not compile `crypto-botters` (example "binance_websocket_public") due to 3 previous errors
[INFO] [stdout] error: aborting due to 4 previous errors
[INFO] [stdout] 
[INFO] [stdout] 
[INFO] [stdout] error[E0277]: the trait bound `crypto_botters::Client: GetOptions<_>` is not satisfied
[INFO] [stdout]   --> examples/bybit/previous_version/bybit_inverse_perpetual_v2.rs:13:34
[INFO] [stdout]    |
[INFO] [stdout] 13 |     client.update_default_option(BybitOption::Key(key));
[INFO] [stdout]    |            --------------------- ^^^^^^^^^^^^^^^^^^^^^ the trait `GetOptions<_>` is not implemented for `crypto_botters::Client`
[INFO] [stdout]    |            |
[INFO] [stdout]    |            required by a bound introduced by this call
[INFO] [stdout]    |
[INFO] [stdout] note: required by a bound in `crypto_botters::Client::update_default_option`
[INFO] [stdout]   --> /opt/rustwide/workdir/src/lib.rs:50:15
[INFO] [stdout]    |
[INFO] [stdout] 50 |         Self: GetOptions<O::Options>,
[INFO] [stdout]    |               ^^^^^^^^^^^^^^^^^^^^^^ required by this bound in `Client::update_default_option`
[INFO] [stdout] 
[INFO] [stdout] 
[INFO] [stdout] Some errors have detailed explanations: E0277, E0432.
[INFO] [stdout] 
[INFO] [stdout] For more information about an error, try `rustc --explain E0277`.
[INFO] [stdout] 
[INFO] [stdout] error[E0277]: the trait bound `crypto_botters::Client: GetOptions<_>` is not satisfied
[INFO] [stdout]   --> examples/bybit/previous_version/bybit_inverse_perpetual_v2.rs:14:34
[INFO] [stdout]    |
[INFO] [stdout] 14 |     client.update_default_option(BybitOption::Secret(secret));
[INFO] [stdout]    |            --------------------- ^^^^^^^^^^^^^^^^^^^^^^^^^^^ the trait `GetOptions<_>` is not implemented for `crypto_botters::Client`
[INFO] [stdout]    |            |
[INFO] [stdout]    |            required by a bound introduced by this call
[INFO] [stdout]    |
[INFO] [stdout] note: required by a bound in `crypto_botters::Client::update_default_option`
[INFO] [stdout]   --> /opt/rustwide/workdir/src/lib.rs:50:15
[INFO] [stdout]    |
[INFO] [stdout] 50 |         Self: GetOptions<O::Options>,
[INFO] [stdout]    |               ^^^^^^^^^^^^^^^^^^^^^^ required by this bound in `Client::update_default_option`
[INFO] [stdout] 
[INFO] [stdout] 
[INFO] [stdout] error: aborting due to 2 previous errors
[INFO] [stdout] 
[INFO] [stdout] 
[INFO] [stdout] Some errors have detailed explanations: E0277, E0432.
[INFO] [stdout] 
[INFO] [stdout] For more information about an error, try `rustc --explain E0277`.
[INFO] [stdout] 
[INFO] [stdout] error: aborting due to 2 previous errors
[INFO] [stdout] 
[INFO] [stdout] 
[INFO] [stdout] error[E0277]: the trait bound `crypto_botters::Client: GetOptions<_>` is not satisfied
[INFO] [stdout]   --> examples/binance/binance_http_public.rs:16:34
[INFO] [stdout]    |
[INFO] [stdout] 16 |     client.update_default_option(BinanceOption::HttpUrl(BinanceHttpUrl::Spot));
[INFO] [stdout]    |            --------------------- ^^^^^^^^^^^^^^^^^^^^^^^^^^^^^^^^^^^^^^^^^^^^ the trait `GetOptions<_>` is not implemented for `crypto_botters::Client`
[INFO] [stdout]    |            |
[INFO] [stdout]    |            required by a bound introduced by this call
[INFO] [stdout]    |
[INFO] [stdout] note: required by a bound in `crypto_botters::Client::update_default_option`
[INFO] [stdout]   --> /opt/rustwide/workdir/src/lib.rs:50:15
[INFO] [stdout]    |
[INFO] [stdout] 50 |         Self: GetOptions<O::Options>,
[INFO] [stdout]    |               ^^^^^^^^^^^^^^^^^^^^^^ required by this bound in `Client::update_default_option`
[INFO] [stdout] 
[INFO] [stdout] 
[INFO] [stdout] error[E0277]: the trait bound `crypto_botters::Client: GetOptions<_>` is not satisfied
[INFO] [stdout]   --> examples/binance/binance_http_public.rs:32:33
[INFO] [stdout]    |
[INFO] [stdout] 32 |     let ticker: Ticker = client.get(
[INFO] [stdout]    |                                 ^^^ the trait `GetOptions<_>` is not implemented for `crypto_botters::Client`
[INFO] [stdout]    |
[INFO] [stdout] note: required by a bound in `crypto_botters::Client::get`
[INFO] [stdout]   --> /opt/rustwide/workdir/src/lib.rs:87:15
[INFO] [stdout]    |
[INFO] [stdout] 87 |         Self: GetOptions<O::Options>,
[INFO] [stdout]    |               ^^^^^^^^^^^^^^^^^^^^^^ required by this bound in `Client::get`
[INFO] [stdout] 
[INFO] [stdout] 
[INFO] [stdout] Some errors have detailed explanations: E0277, E0432.
[INFO] [stdout] 
[INFO] [stdout] For more information about an error, try `rustc --explain E0277`.
[INFO] [stdout] 
[INFO] [stderr] error: could not compile `crypto-botters` (example "bybit_account_asset_v3") due to 5 previous errors
[INFO] [stderr] error: could not compile `crypto-botters` (example "bybit_usdc_contract_v3_websocket_public") due to 3 previous errors
[INFO] [stdout] error[E0277]: the trait bound `crypto_botters::Client: GetOptions<_>` is not satisfied
[INFO] [stdout]   --> examples/bybit/previous_version/bybit_inverse_perpetual_v2.rs:15:34
[INFO] [stdout]    |
[INFO] [stdout] 15 |     client.update_default_option(BybitOption::RecvWindow(6000));
[INFO] [stdout]    |            --------------------- ^^^^^^^^^^^^^^^^^^^^^^^^^^^^^ the trait `GetOptions<_>` is not implemented for `crypto_botters::Client`
[INFO] [stdout]    |            |
[INFO] [stdout]    |            required by a bound introduced by this call
[INFO] [stdout]    |
[INFO] [stdout] note: required by a bound in `crypto_botters::Client::update_default_option`
[INFO] [stdout]   --> /opt/rustwide/workdir/src/lib.rs:50:15
[INFO] [stdout]    |
[INFO] [stdout] 50 |         Self: GetOptions<O::Options>,
[INFO] [stdout]    |               ^^^^^^^^^^^^^^^^^^^^^^ required by this bound in `Client::update_default_option`
[INFO] [stdout] 
[INFO] [stdout] 
[INFO] [stderr] error: could not compile `crypto-botters` (example "binance_spawn") due to 3 previous errors
[INFO] [stdout] error[E0277]: the trait bound `crypto_botters::Client: GetOptions<_>` is not satisfied
[INFO] [stdout]   --> examples/bybit/previous_version/bybit_inverse_perpetual_v2.rs:17:51
[INFO] [stdout]    |
[INFO] [stdout] 17 |     let open_interest: serde_json::Value = client.get(
[INFO] [stdout]    |                                                   ^^^ the trait `GetOptions<_>` is not implemented for `crypto_botters::Client`
[INFO] [stdout]    |
[INFO] [stdout] note: required by a bound in `crypto_botters::Client::get`
[INFO] [stdout]   --> /opt/rustwide/workdir/src/lib.rs:87:15
[INFO] [stdout]    |
[INFO] [stdout] 87 |         Self: GetOptions<O::Options>,
[INFO] [stdout]    |               ^^^^^^^^^^^^^^^^^^^^^^ required by this bound in `Client::get`
[INFO] [stdout] 
[INFO] [stdout] 
[INFO] [stdout] error[E0277]: the trait bound `crypto_botters::Client: GetOptions<_>` is not satisfied
[INFO] [stdout]   --> examples/binance/binance_http_public.rs:40:47
[INFO] [stdout]    |
[INFO] [stdout] 40 |     let orderbook: serde_json::Value = client.get(
[INFO] [stdout]    |                                               ^^^ the trait `GetOptions<_>` is not implemented for `crypto_botters::Client`
[INFO] [stdout]    |
[INFO] [stdout] note: required by a bound in `crypto_botters::Client::get`
[INFO] [stdout]   --> /opt/rustwide/workdir/src/lib.rs:87:15
[INFO] [stdout]    |
[INFO] [stdout] 87 |         Self: GetOptions<O::Options>,
[INFO] [stdout]    |               ^^^^^^^^^^^^^^^^^^^^^^ required by this bound in `Client::get`
[INFO] [stdout] 
[INFO] [stdout] 
[INFO] [stdout] error[E0277]: the trait bound `crypto_botters::Client: GetOptions<_>` is not satisfied
[INFO] [stdout]   --> examples/bybit/previous_version/bybit_inverse_perpetual_v2.rs:24:47
[INFO] [stdout]    |
[INFO] [stdout] 24 |     let positions: serde_json::Value = client.get(
[INFO] [stdout]    |                                               ^^^ the trait `GetOptions<_>` is not implemented for `crypto_botters::Client`
[INFO] [stdout]    |
[INFO] [stdout] note: required by a bound in `crypto_botters::Client::get`
[INFO] [stdout]   --> /opt/rustwide/workdir/src/lib.rs:87:15
[INFO] [stdout]    |
[INFO] [stdout] 87 |         Self: GetOptions<O::Options>,
[INFO] [stdout]    |               ^^^^^^^^^^^^^^^^^^^^^^ required by this bound in `Client::get`
[INFO] [stdout] 
[INFO] [stdout] 
[INFO] [stdout] error[E0277]: the trait bound `crypto_botters::Client: GetOptions<_>` is not satisfied
[INFO] [stdout]   --> examples/bybit/previous_version/bybit_spot_v1.rs:13:34
[INFO] [stdout]    |
[INFO] [stdout] 13 |     client.update_default_option(BybitOption::Key(key));
[INFO] [stdout]    |            --------------------- ^^^^^^^^^^^^^^^^^^^^^ the trait `GetOptions<_>` is not implemented for `crypto_botters::Client`
[INFO] [stdout]    |            |
[INFO] [stdout]    |            required by a bound introduced by this call
[INFO] [stdout]    |
[INFO] [stdout] note: required by a bound in `crypto_botters::Client::update_default_option`
[INFO] [stdout]   --> /opt/rustwide/workdir/src/lib.rs:50:15
[INFO] [stdout]    |
[INFO] [stdout] 50 |         Self: GetOptions<O::Options>,
[INFO] [stdout]    |               ^^^^^^^^^^^^^^^^^^^^^^ required by this bound in `Client::update_default_option`
[INFO] [stdout] 
[INFO] [stdout] 
[INFO] [stdout] error[E0277]: the trait bound `crypto_botters::Client: GetOptions<_>` is not satisfied
[INFO] [stdout]   --> examples/bybit/previous_version/bybit_spot_v1.rs:14:34
[INFO] [stdout]    |
[INFO] [stdout] 14 |     client.update_default_option(BybitOption::Secret(secret));
[INFO] [stdout]    |            --------------------- ^^^^^^^^^^^^^^^^^^^^^^^^^^^ the trait `GetOptions<_>` is not implemented for `crypto_botters::Client`
[INFO] [stdout]    |            |
[INFO] [stdout]    |            required by a bound introduced by this call
[INFO] [stdout]    |
[INFO] [stdout] note: required by a bound in `crypto_botters::Client::update_default_option`
[INFO] [stdout]   --> /opt/rustwide/workdir/src/lib.rs:50:15
[INFO] [stdout]    |
[INFO] [stdout] 50 |         Self: GetOptions<O::Options>,
[INFO] [stdout]    |               ^^^^^^^^^^^^^^^^^^^^^^ required by this bound in `Client::update_default_option`
[INFO] [stdout] 
[INFO] [stdout] 
[INFO] [stdout] error[E0277]: the trait bound `crypto_botters::Client: GetOptions<_>` is not satisfied
[INFO] [stdout]    --> examples/bybit/previous_version/bybit_spot_v1.rs:17:50
[INFO] [stdout]     |
[INFO] [stdout] 17  |     let batch_cancel: serde_json::Value = client.delete(
[INFO] [stdout]     |                                                  ^^^^^^ the trait `GetOptions<_>` is not implemented for `crypto_botters::Client`
[INFO] [stdout]     |
[INFO] [stdout] note: required by a bound in `crypto_botters::Client::delete`
[INFO] [stdout]    --> /opt/rustwide/workdir/src/lib.rs:158:15
[INFO] [stdout]     |
[INFO] [stdout] 158 |         Self: GetOptions<O::Options>,
[INFO] [stdout]     |               ^^^^^^^^^^^^^^^^^^^^^^ required by this bound in `Client::delete`
[INFO] [stdout] 
[INFO] [stdout] 
[INFO] [stdout] error[E0277]: the trait bound `crypto_botters::Client: GetOptions<_>` is not satisfied
[INFO] [stdout]   --> examples/bybit/previous_version/bybit_spot_v1.rs:25:49
[INFO] [stdout]    |
[INFO] [stdout] 25 |     let open_orders: serde_json::Value = client.get_no_query(
[INFO] [stdout]    |                                                 ^^^^^^^^^^^^ the trait `GetOptions<_>` is not implemented for `crypto_botters::Client`
[INFO] [stdout]    |
[INFO] [stdout] note: required by a bound in `crypto_botters::Client::get_no_query`
[INFO] [stdout]   --> /opt/rustwide/workdir/src/lib.rs:99:15
[INFO] [stdout]    |
[INFO] [stdout] 99 |         Self: GetOptions<O::Options>,
[INFO] [stdout]    |               ^^^^^^^^^^^^^^^^^^^^^^ required by this bound in `Client::get_no_query`
[INFO] [stdout] 
[INFO] [stdout] 
[INFO] [stdout] error: aborting due to 6 previous errors
[INFO] [stdout] 
[INFO] [stdout] 
[INFO] [stdout] Some errors have detailed explanations: E0277, E0432.
[INFO] [stdout] 
[INFO] [stdout] For more information about an error, try `rustc --explain E0277`.
[INFO] [stdout] 
[INFO] [stdout] error[E0277]: the trait bound `crypto_botters::Client: GetOptions<_>` is not satisfied
[INFO] [stdout]   --> examples/bybit/previous_version/bybit_spot_v1.rs:32:48
[INFO] [stdout]    |
[INFO] [stdout] 32 |     let last_price: serde_json::Value = client.get(
[INFO] [stdout]    |                                                ^^^ the trait `GetOptions<_>` is not implemented for `crypto_botters::Client`
[INFO] [stdout]    |
[INFO] [stdout] note: required by a bound in `crypto_botters::Client::get`
[INFO] [stdout]   --> /opt/rustwide/workdir/src/lib.rs:87:15
[INFO] [stdout]    |
[INFO] [stdout] 87 |         Self: GetOptions<O::Options>,
[INFO] [stdout]    |               ^^^^^^^^^^^^^^^^^^^^^^ required by this bound in `Client::get`
[INFO] [stdout] 
[INFO] [stdout] 
[INFO] [stderr] error: could not compile `crypto-botters` (example "bybit_inverse_perpetual_v2") due to 7 previous errors
[INFO] [stdout] error: aborting due to 6 previous errors
[INFO] [stdout] 
[INFO] [stdout] 
[INFO] [stdout] Some errors have detailed explanations: E0277, E0432.
[INFO] [stdout] 
[INFO] [stdout] For more information about an error, try `rustc --explain E0277`.
[INFO] [stdout] 
[INFO] [stdout] error: aborting due to 4 previous errors
[INFO] [stdout] 
[INFO] [stdout] 
[INFO] [stdout] Some errors have detailed explanations: E0277, E0432.
[INFO] [stdout] 
[INFO] [stdout] For more information about an error, try `rustc --explain E0277`.
[INFO] [stdout] 
[INFO] [stderr] error: could not compile `crypto-botters` (example "binance_http_public") due to 5 previous errors
[INFO] [stderr] error: could not compile `crypto-botters` (example "bybit_spot_v1") due to 7 previous errors
[INFO] running `Command { std: "docker" "inspect" "cfeccf3c65e3c66a623dd4f98ace56c5890e658fb4382d36ac10f5c589ca2d54", kill_on_drop: false }`
[INFO] running `Command { std: "docker" "rm" "-f" "cfeccf3c65e3c66a623dd4f98ace56c5890e658fb4382d36ac10f5c589ca2d54", kill_on_drop: false }`
[INFO] [stdout] cfeccf3c65e3c66a623dd4f98ace56c5890e658fb4382d36ac10f5c589ca2d54
