[INFO] fetching crate crossbus 0.0.6-a...
[INFO] testing crossbus-0.0.6-a against beta-2023-04-20 for beta-1.70-1
[INFO] extracting crate crossbus 0.0.6-a into /workspace/builds/worker-2-tc2/source
[INFO] validating manifest of crates.io crate crossbus 0.0.6-a on toolchain beta-2023-04-20
[INFO] running `Command { std: CARGO_HOME="/workspace/cargo-home" RUSTUP_HOME="/workspace/rustup-home" "/workspace/cargo-home/bin/cargo" "+beta-2023-04-20" "metadata" "--manifest-path" "Cargo.toml" "--no-deps", kill_on_drop: false }`
[INFO] started tweaking crates.io crate crossbus 0.0.6-a
[INFO] removed 0 missing examples
[INFO] finished tweaking crates.io crate crossbus 0.0.6-a
[INFO] tweaked toml for crates.io crate crossbus 0.0.6-a written to /workspace/builds/worker-2-tc2/source/Cargo.toml
[INFO] crate crates.io crate crossbus 0.0.6-a already has a lockfile, it will not be regenerated
[INFO] running `Command { std: CARGO_HOME="/workspace/cargo-home" RUSTUP_HOME="/workspace/rustup-home" "/workspace/cargo-home/bin/cargo" "+beta-2023-04-20" "fetch" "--manifest-path" "Cargo.toml", kill_on_drop: false }`
[INFO] [stderr]     Blocking waiting for file lock on package cache
[INFO] [stderr]     Updating crates.io index
[INFO] [stderr]     Blocking waiting for file lock on package cache
[INFO] [stderr]  Downloading crates ...
[INFO] [stderr]   Downloaded wasm-bindgen-test-macro v0.3.34
[INFO] [stderr]   Downloaded crossbus-derive v0.0.2-a
[INFO] [stderr]   Downloaded simple_logger v4.0.0
[INFO] [stderr]   Downloaded wasm-bindgen-test v0.3.34
[INFO] [stderr]   Downloaded wasm-logger v0.2.0
[INFO] running `Command { std: "docker" "create" "-v" "/var/lib/crater-agent-workspace/builds/worker-2-tc2/target:/opt/rustwide/target:rw,Z" "-v" "/var/lib/crater-agent-workspace/builds/worker-2-tc2/source:/opt/rustwide/workdir:ro,Z" "-v" "/var/lib/crater-agent-workspace/cargo-home:/opt/rustwide/cargo-home:ro,Z" "-v" "/var/lib/crater-agent-workspace/rustup-home:/opt/rustwide/rustup-home:ro,Z" "-e" "SOURCE_DIR=/opt/rustwide/workdir" "-e" "CARGO_TARGET_DIR=/opt/rustwide/target" "-e" "CARGO_HOME=/opt/rustwide/cargo-home" "-e" "RUSTUP_HOME=/opt/rustwide/rustup-home" "-w" "/opt/rustwide/workdir" "-m" "1610612736" "--user" "0:0" "--network" "none" "ghcr.io/rust-lang/crates-build-env/linux@sha256:5ff2268d62e97bff2cde7d5815dd6ed5b47097566f13b8d0ca110b04b60e07ed" "/opt/rustwide/cargo-home/bin/cargo" "+beta-2023-04-20" "metadata" "--no-deps" "--format-version=1", kill_on_drop: false }`
[INFO] [stdout] 79e77eb7e14dba2739cc72c149d4e6a78ef97834370dae49808b131037dfc503
[INFO] running `Command { std: "docker" "start" "-a" "79e77eb7e14dba2739cc72c149d4e6a78ef97834370dae49808b131037dfc503", kill_on_drop: false }`
[INFO] running `Command { std: "docker" "inspect" "79e77eb7e14dba2739cc72c149d4e6a78ef97834370dae49808b131037dfc503", kill_on_drop: false }`
[INFO] running `Command { std: "docker" "rm" "-f" "79e77eb7e14dba2739cc72c149d4e6a78ef97834370dae49808b131037dfc503", kill_on_drop: false }`
[INFO] [stdout] 79e77eb7e14dba2739cc72c149d4e6a78ef97834370dae49808b131037dfc503
[INFO] running `Command { std: "docker" "create" "-v" "/var/lib/crater-agent-workspace/builds/worker-2-tc2/target:/opt/rustwide/target:rw,Z" "-v" "/var/lib/crater-agent-workspace/builds/worker-2-tc2/source:/opt/rustwide/workdir:ro,Z" "-v" "/var/lib/crater-agent-workspace/cargo-home:/opt/rustwide/cargo-home:ro,Z" "-v" "/var/lib/crater-agent-workspace/rustup-home:/opt/rustwide/rustup-home:ro,Z" "-e" "SOURCE_DIR=/opt/rustwide/workdir" "-e" "CARGO_TARGET_DIR=/opt/rustwide/target" "-e" "CARGO_INCREMENTAL=0" "-e" "RUST_BACKTRACE=full" "-e" "RUSTFLAGS=--cap-lints=warn" "-e" "RUSTDOCFLAGS=--cap-lints=warn" "-e" "CARGO_HOME=/opt/rustwide/cargo-home" "-e" "RUSTUP_HOME=/opt/rustwide/rustup-home" "-w" "/opt/rustwide/workdir" "-m" "1610612736" "--user" "0:0" "--network" "none" "ghcr.io/rust-lang/crates-build-env/linux@sha256:5ff2268d62e97bff2cde7d5815dd6ed5b47097566f13b8d0ca110b04b60e07ed" "/opt/rustwide/cargo-home/bin/cargo" "+beta-2023-04-20" "build" "--frozen" "--message-format=json", kill_on_drop: false }`
[INFO] [stdout] ac73bd7b7812f35c95f022021e2dfbf11885c69c3d3633d5c017b68ebf1f5703
[INFO] running `Command { std: "docker" "start" "-a" "ac73bd7b7812f35c95f022021e2dfbf11885c69c3d3633d5c017b68ebf1f5703", kill_on_drop: false }`
[INFO] [stderr]    Compiling futures-core v0.3.26
[INFO] [stderr]    Compiling pin-project-lite v0.2.9
[INFO] [stderr]    Compiling crossbus v0.0.6-a (/opt/rustwide/workdir)
[INFO] [stderr]     Finished dev [unoptimized + debuginfo] target(s) in 1.33s
[INFO] running `Command { std: "docker" "inspect" "ac73bd7b7812f35c95f022021e2dfbf11885c69c3d3633d5c017b68ebf1f5703", kill_on_drop: false }`
[INFO] running `Command { std: "docker" "rm" "-f" "ac73bd7b7812f35c95f022021e2dfbf11885c69c3d3633d5c017b68ebf1f5703", kill_on_drop: false }`
[INFO] [stdout] ac73bd7b7812f35c95f022021e2dfbf11885c69c3d3633d5c017b68ebf1f5703
[INFO] running `Command { std: "docker" "create" "-v" "/var/lib/crater-agent-workspace/builds/worker-2-tc2/target:/opt/rustwide/target:rw,Z" "-v" "/var/lib/crater-agent-workspace/builds/worker-2-tc2/source:/opt/rustwide/workdir:ro,Z" "-v" "/var/lib/crater-agent-workspace/cargo-home:/opt/rustwide/cargo-home:ro,Z" "-v" "/var/lib/crater-agent-workspace/rustup-home:/opt/rustwide/rustup-home:ro,Z" "-e" "SOURCE_DIR=/opt/rustwide/workdir" "-e" "CARGO_TARGET_DIR=/opt/rustwide/target" "-e" "CARGO_INCREMENTAL=0" "-e" "RUST_BACKTRACE=full" "-e" "RUSTFLAGS=--cap-lints=warn" "-e" "RUSTDOCFLAGS=--cap-lints=warn" "-e" "CARGO_HOME=/opt/rustwide/cargo-home" "-e" "RUSTUP_HOME=/opt/rustwide/rustup-home" "-w" "/opt/rustwide/workdir" "-m" "1610612736" "--user" "0:0" "--network" "none" "ghcr.io/rust-lang/crates-build-env/linux@sha256:5ff2268d62e97bff2cde7d5815dd6ed5b47097566f13b8d0ca110b04b60e07ed" "/opt/rustwide/cargo-home/bin/cargo" "+beta-2023-04-20" "test" "--frozen" "--no-run" "--message-format=json", kill_on_drop: false }`
[INFO] [stdout] 9211374bde62a76231e5b65065f0e4d4397e74581677079899da4ab8bfaf8784
[INFO] running `Command { std: "docker" "start" "-a" "9211374bde62a76231e5b65065f0e4d4397e74581677079899da4ab8bfaf8784", kill_on_drop: false }`
[INFO] [stderr]    Compiling libc v0.2.139
[INFO] [stderr]    Compiling autocfg v1.1.0
[INFO] [stderr]    Compiling proc-macro2 v1.0.50
[INFO] [stderr]    Compiling unicode-ident v1.0.6
[INFO] [stderr]    Compiling quote v1.0.23
[INFO] [stderr]    Compiling syn v1.0.107
[INFO] [stderr]    Compiling futures-core v0.3.26
[INFO] [stderr]    Compiling memchr v2.5.0
[INFO] [stderr]    Compiling log v0.4.17
[INFO] [stderr]    Compiling futures-task v0.3.26
[INFO] [stderr]    Compiling futures-channel v0.3.26
[INFO] [stderr]    Compiling parking_lot_core v0.9.7
[INFO] [stderr]    Compiling futures-sink v0.3.26
[INFO] [stderr]    Compiling futures-util v0.3.26
[INFO] [stderr]    Compiling futures-io v0.3.26
[INFO] [stderr]    Compiling time-core v0.1.0
[INFO] [stderr]    Compiling smallvec v1.10.0
[INFO] [stderr]    Compiling time-macros v0.2.8
[INFO] [stderr]    Compiling num_threads v0.1.6
[INFO] [stderr]    Compiling itoa v1.0.6
[INFO] [stderr]    Compiling bytes v1.4.0
[INFO] [stderr]    Compiling slab v0.4.7
[INFO] [stderr]    Compiling lock_api v0.4.9
[INFO] [stderr]    Compiling tokio v1.26.0
[INFO] [stderr]    Compiling crossbus v0.0.6-a (/opt/rustwide/workdir)
[INFO] [stderr]    Compiling atty v0.2.14
[INFO] [stderr]    Compiling num_cpus v1.15.0
[INFO] [stderr]    Compiling signal-hook-registry v1.4.0
[INFO] [stderr]    Compiling socket2 v0.4.7
[INFO] [stderr]    Compiling colored v2.0.0
[INFO] [stderr]    Compiling mio v0.8.6
[INFO] [stderr]    Compiling parking_lot v0.12.1
[INFO] [stderr]    Compiling time v0.3.20
[INFO] [stderr]    Compiling simple_logger v4.0.0
[INFO] [stderr]    Compiling futures-macro v0.3.26
[INFO] [stderr]    Compiling tokio-macros v1.8.2
[INFO] [stderr]    Compiling futures-executor v0.3.26
[INFO] [stderr]    Compiling futures v0.3.26
[INFO] [stdout] error[E0433]: failed to resolve: use of undeclared crate or module `log`
[INFO] [stdout]   --> tests/test_routine.rs:22:9
[INFO] [stdout]    |
[INFO] [stdout] 22 |         log::debug!("current sum: {}", self.sum);
[INFO] [stdout]    |         ^^^ use of undeclared crate or module `log`
[INFO] [stdout] 
[INFO] [stdout] 
[INFO] [stdout] warning: unused import: `alloc::sync::Arc`
[INFO] [stdout]    --> src/register.rs:365:9
[INFO] [stdout]     |
[INFO] [stdout] 365 |     use alloc::sync::Arc;
[INFO] [stdout]     |         ^^^^^^^^^^^^^^^^
[INFO] [stdout]     |
[INFO] [stdout]     = note: `#[warn(unused_imports)]` on by default
[INFO] [stdout] 
[INFO] [stdout] 
[INFO] [stdout] warning: unused imports: `cell::UnsafeCell`, `mem::transmute`
[INFO] [stdout]    --> src/register.rs:366:16
[INFO] [stdout]     |
[INFO] [stdout] 366 |     use core::{cell::UnsafeCell, mem::transmute};
[INFO] [stdout]     |                ^^^^^^^^^^^^^^^^  ^^^^^^^^^^^^^^
[INFO] [stdout] 
[INFO] [stdout] 
[INFO] [stdout] error[E0432]: unresolved import `crossbus::Message`
[INFO] [stdout]   --> tests/test_stream.rs:36:5
[INFO] [stdout]    |
[INFO] [stdout] 36 |     Message,
[INFO] [stdout]    |     ^^^^^^^
[INFO] [stdout]    |     |
[INFO] [stdout]    |     no `Message` in the root
[INFO] [stdout]    |     help: a similar name exists in the module: `message`
[INFO] [stdout]    |
[INFO] [stdout]    = help: consider importing one of these items instead:
[INFO] [stdout]            crossbus::delayer::Indicator::Message
[INFO] [stdout]            crossbus::message::Message
[INFO] [stdout] 
[INFO] [stdout] 
[INFO] [stdout] error[E0433]: failed to resolve: use of undeclared crate or module `log`
[INFO] [stdout]   --> tests/common/mod.rs:18:9
[INFO] [stdout]    |
[INFO] [stdout] 18 |         log::info!("init logger");
[INFO] [stdout]    |         ^^^ use of undeclared crate or module `log`
[INFO] [stdout] 
[INFO] [stdout] 
[INFO] [stdout] error[E0433]: failed to resolve: use of undeclared crate or module `log`
[INFO] [stdout]   --> tests/common/mod.rs:38:9
[INFO] [stdout]    |
[INFO] [stdout] 38 |         log::info!("init logger");
[INFO] [stdout]    |         ^^^ use of undeclared crate or module `log`
[INFO] [stdout] 
[INFO] [stdout] 
[INFO] [stdout] error[E0433]: failed to resolve: use of undeclared crate or module `log`
[INFO] [stdout]   --> tests/test_stream.rs:93:13
[INFO] [stdout]    |
[INFO] [stdout] 93 |             log::debug!("empty anchor, St left: {:?}", self.items);
[INFO] [stdout]    |             ^^^ use of undeclared crate or module `log`
[INFO] [stdout] 
[INFO] [stdout] 
[INFO] [stdout] error[E0433]: failed to resolve: use of undeclared crate or module `log`
[INFO] [stdout]    --> tests/test_stream.rs:104:17
[INFO] [stdout]     |
[INFO] [stdout] 104 |                 log::info!("set deadline: {:?}", self.deadline);
[INFO] [stdout]     |                 ^^^ use of undeclared crate or module `log`
[INFO] [stdout] 
[INFO] [stdout] 
[INFO] [stdout] error[E0433]: failed to resolve: use of undeclared crate or module `log`
[INFO] [stdout]    --> tests/test_stream.rs:113:17
[INFO] [stdout]     |
[INFO] [stdout] 113 |                 log::info!("reset deadline");
[INFO] [stdout]     |                 ^^^ use of undeclared crate or module `log`
[INFO] [stdout] 
[INFO] [stdout] 
[INFO] [stdout] error[E0433]: failed to resolve: use of undeclared crate or module `log`
[INFO] [stdout]    --> tests/test_stream.rs:114:17
[INFO] [stdout]     |
[INFO] [stdout] 114 |                 log::debug!("timeout done, st left: {:?}", self.items);
[INFO] [stdout]     |                 ^^^ use of undeclared crate or module `log`
[INFO] [stdout] 
[INFO] [stdout] 
[INFO] [stdout] error[E0433]: failed to resolve: use of undeclared crate or module `log`
[INFO] [stdout]    --> tests/test_stream.rs:122:13
[INFO] [stdout]     |
[INFO] [stdout] 122 |             log::debug!("stream now, st left: {:?}", self.items);
[INFO] [stdout]     |             ^^^ use of undeclared crate or module `log`
[INFO] [stdout] 
[INFO] [stdout] 
[INFO] [stdout] error[E0433]: failed to resolve: use of undeclared crate or module `log`
[INFO] [stdout]    --> tests/test_stream.rs:177:9
[INFO] [stdout]     |
[INFO] [stdout] 177 |         log::error!("message should not be here, and handled by Stream::action");
[INFO] [stdout]     |         ^^^ use of undeclared crate or module `log`
[INFO] [stdout] 
[INFO] [stdout] 
[INFO] [stdout] error[E0433]: failed to resolve: use of undeclared crate or module `log`
[INFO] [stdout]    --> tests/test_stream.rs:236:17
[INFO] [stdout]     |
[INFO] [stdout] 236 |                 log::warn!("St resumed at index 5");
[INFO] [stdout]     |                 ^^^ use of undeclared crate or module `log`
[INFO] [stdout] 
[INFO] [stdout] 
[INFO] [stdout] error[E0433]: failed to resolve: use of undeclared crate or module `log`
[INFO] [stdout]    --> tests/test_stream.rs:240:17
[INFO] [stdout]     |
[INFO] [stdout] 240 |                 log::warn!("St paused at index 5");
[INFO] [stdout]     |                 ^^^ use of undeclared crate or module `log`
[INFO] [stdout] 
[INFO] [stdout] 
[INFO] [stdout] error[E0433]: failed to resolve: use of undeclared crate or module `log`
[INFO] [stdout]    --> tests/test_stream.rs:251:9
[INFO] [stdout]     |
[INFO] [stdout] 251 |         log::info!("current sum: {}", self.sum);
[INFO] [stdout]     |         ^^^ use of undeclared crate or module `log`
[INFO] [stdout] 
[INFO] [stdout] 
[INFO] [stdout] error[E0433]: failed to resolve: use of undeclared crate or module `log`
[INFO] [stdout]    --> tests/test_stream.rs:255:9
[INFO] [stdout]     |
[INFO] [stdout] 255 |         log::info!("stream finished, whole sum: {}", self.sum);
[INFO] [stdout]     |         ^^^ use of undeclared crate or module `log`
[INFO] [stdout] 
[INFO] [stdout] 
[INFO] [stdout] error: cannot determine resolution for the derive macro `Message`
[INFO] [stdout]   --> tests/test_stream.rs:63:17
[INFO] [stdout]    |
[INFO] [stdout] 63 | #[derive(Debug, Message)]
[INFO] [stdout]    |                 ^^^^^^^
[INFO] [stdout]    |
[INFO] [stdout]    = note: import resolution is stuck, try simplifying macro imports
[INFO] [stdout] 
[INFO] [stdout] 
[INFO] [stdout] error: cannot determine resolution for the derive macro `Message`
[INFO] [stdout]   --> tests/test_stream.rs:66:17
[INFO] [stdout]    |
[INFO] [stdout] 66 | #[derive(Debug, Message)]
[INFO] [stdout]    |                 ^^^^^^^
[INFO] [stdout]    |
[INFO] [stdout]    = note: import resolution is stuck, try simplifying macro imports
[INFO] [stdout] 
[INFO] [stdout] 
[INFO] [stdout] error[E0433]: failed to resolve: use of undeclared crate or module `log`
[INFO] [stdout]   --> tests/common/mod.rs:17:40
[INFO] [stdout]    |
[INFO] [stdout] 17 |         simple_logger::init_with_level(log::Level::Debug).unwrap();
[INFO] [stdout]    |                                        ^^^ use of undeclared crate or module `log`
[INFO] [stdout] 
[INFO] [stdout] 
[INFO] [stdout] error[E0433]: failed to resolve: use of undeclared crate or module `log`
[INFO] [stdout]   --> tests/common/mod.rs:30:47
[INFO] [stdout]    |
[INFO] [stdout] 30 | pub fn init_module_level(module: &str, level: log::Level) {
[INFO] [stdout]    |                                               ^^^ use of undeclared crate or module `log`
[INFO] [stdout] 
[INFO] [stdout] 
[INFO] [stdout] error[E0433]: failed to resolve: use of undeclared crate or module `log`
[INFO] [stdout]   --> tests/common/mod.rs:34:25
[INFO] [stdout]    |
[INFO] [stdout] 34 |             .with_level(log::LevelFilter::Off)
[INFO] [stdout]    |                         ^^^ use of undeclared crate or module `log`
[INFO] [stdout] 
[INFO] [stdout] 
[INFO] [stdout] error: aborting due to previous error
[INFO] [stdout] 
[INFO] [stdout] 
[INFO] [stdout] For more information about this error, try `rustc --explain E0433`.
[INFO] [stdout] 
[INFO] [stderr] error: could not compile `crossbus` (test "test_routine") due to 2 previous errors
[INFO] [stderr] warning: build failed, waiting for other jobs to finish...
[INFO] [stderr] error: could not compile `crossbus` (test "test_stream") due to 19 previous errors
[INFO] [stdout] error: aborting due to 18 previous errors
[INFO] [stdout] 
[INFO] [stdout] 
[INFO] [stdout] Some errors have detailed explanations: E0432, E0433.
[INFO] [stdout] 
[INFO] [stdout] For more information about an error, try `rustc --explain E0432`.
[INFO] [stdout] 
[INFO] [stdout] warning: unused variable: `ctx`
[INFO] [stdout]    --> src/register.rs:378:19
[INFO] [stdout]     |
[INFO] [stdout] 378 |         fn create(ctx: &mut Context<Self>) -> Self {
[INFO] [stdout]     |                   ^^^ help: if this is intentional, prefix it with an underscore: `_ctx`
[INFO] [stdout]     |
[INFO] [stdout]     = note: `#[warn(unused_variables)]` on by default
[INFO] [stdout] 
[INFO] [stdout] 
[INFO] [stdout] warning: unused variable: `msg`
[INFO] [stdout]    --> src/register.rs:382:30
[INFO] [stdout]     |
[INFO] [stdout] 382 |         fn action(&mut self, msg: Self::Message, ctx: &mut Context<Self>) {}
[INFO] [stdout]     |                              ^^^ help: if this is intentional, prefix it with an underscore: `_msg`
[INFO] [stdout] 
[INFO] [stdout] 
[INFO] [stdout] warning: unused variable: `ctx`
[INFO] [stdout]    --> src/register.rs:382:50
[INFO] [stdout]     |
[INFO] [stdout] 382 |         fn action(&mut self, msg: Self::Message, ctx: &mut Context<Self>) {}
[INFO] [stdout]     |                                                  ^^^ help: if this is intentional, prefix it with an underscore: `_ctx`
[INFO] [stdout] 
[INFO] [stdout] 
[INFO] [stdout] warning: variable does not need to be mutable
[INFO] [stdout]    --> src/register.rs:386:9
[INFO] [stdout]     |
[INFO] [stdout] 386 |     let mut reg = ActorRegister::new(se);
[INFO] [stdout]     |         ----^^^
[INFO] [stdout]     |         |
[INFO] [stdout]     |         help: remove this `mut`
[INFO] [stdout]     |
[INFO] [stdout]     = note: `#[warn(unused_mut)]` on by default
[INFO] [stdout] 
[INFO] [stdout] 
[INFO] [stdout] warning: 6 warnings emitted
[INFO] [stdout] 
[INFO] [stdout] 
[INFO] running `Command { std: "docker" "inspect" "9211374bde62a76231e5b65065f0e4d4397e74581677079899da4ab8bfaf8784", kill_on_drop: false }`
[INFO] running `Command { std: "docker" "rm" "-f" "9211374bde62a76231e5b65065f0e4d4397e74581677079899da4ab8bfaf8784", kill_on_drop: false }`
[INFO] [stdout] 9211374bde62a76231e5b65065f0e4d4397e74581677079899da4ab8bfaf8784
