[INFO] fetching crate crochet 0.2.0...
[INFO] testing crochet-0.2.0 against beta-2023-04-20 for beta-1.70-1
[INFO] extracting crate crochet 0.2.0 into /workspace/builds/worker-6-tc2/source
[INFO] validating manifest of crates.io crate crochet 0.2.0 on toolchain beta-2023-04-20
[INFO] running `Command { std: CARGO_HOME="/workspace/cargo-home" RUSTUP_HOME="/workspace/rustup-home" "/workspace/cargo-home/bin/cargo" "+beta-2023-04-20" "metadata" "--manifest-path" "Cargo.toml" "--no-deps", kill_on_drop: false }`
[INFO] started tweaking crates.io crate crochet 0.2.0
[INFO] removed 0 missing examples
[INFO] finished tweaking crates.io crate crochet 0.2.0
[INFO] tweaked toml for crates.io crate crochet 0.2.0 written to /workspace/builds/worker-6-tc2/source/Cargo.toml
[INFO] crate crates.io crate crochet 0.2.0 already has a lockfile, it will not be regenerated
[INFO] running `Command { std: CARGO_HOME="/workspace/cargo-home" RUSTUP_HOME="/workspace/rustup-home" "/workspace/cargo-home/bin/cargo" "+beta-2023-04-20" "fetch" "--manifest-path" "Cargo.toml", kill_on_drop: false }`
[INFO] [stderr]     Updating crates.io index
[INFO] [stderr]     Blocking waiting for file lock on package cache
[INFO] [stderr]  Downloading crates ...
[INFO] [stderr]   Downloaded once_cell v1.13.1
[INFO] [stderr]   Downloaded mmap-fixed-fixed v0.1.1
[INFO] [stderr]   Downloaded region v3.0.0
[INFO] [stderr]   Downloaded convert_case v0.5.0
[INFO] [stderr]   Downloaded crochet_macro v0.2.0
[INFO] [stderr]   Downloaded slice-pool v0.4.1
[INFO] [stderr]   Downloaded libudis86-sys v0.2.1
[INFO] [stderr]   Downloaded dlopen2 v0.4.1
[INFO] [stderr]   Downloaded detour2 v0.9.0
[INFO] [stderr]   Downloaded dlopen2_derive v0.2.0
[INFO] running `Command { std: "docker" "create" "-v" "/var/lib/crater-agent-workspace/builds/worker-6-tc2/target:/opt/rustwide/target:rw,Z" "-v" "/var/lib/crater-agent-workspace/builds/worker-6-tc2/source:/opt/rustwide/workdir:ro,Z" "-v" "/var/lib/crater-agent-workspace/cargo-home:/opt/rustwide/cargo-home:ro,Z" "-v" "/var/lib/crater-agent-workspace/rustup-home:/opt/rustwide/rustup-home:ro,Z" "-e" "SOURCE_DIR=/opt/rustwide/workdir" "-e" "CARGO_TARGET_DIR=/opt/rustwide/target" "-e" "CARGO_HOME=/opt/rustwide/cargo-home" "-e" "RUSTUP_HOME=/opt/rustwide/rustup-home" "-w" "/opt/rustwide/workdir" "-m" "1610612736" "--user" "0:0" "--network" "none" "ghcr.io/rust-lang/crates-build-env/linux@sha256:5ff2268d62e97bff2cde7d5815dd6ed5b47097566f13b8d0ca110b04b60e07ed" "/opt/rustwide/cargo-home/bin/cargo" "+beta-2023-04-20" "metadata" "--no-deps" "--format-version=1", kill_on_drop: false }`
[INFO] [stdout] 6d724658349c82fe99223f2c41192e1919abf577ed70f47d5aee9cab1e419366
[INFO] running `Command { std: "docker" "start" "-a" "6d724658349c82fe99223f2c41192e1919abf577ed70f47d5aee9cab1e419366", kill_on_drop: false }`
[INFO] running `Command { std: "docker" "inspect" "6d724658349c82fe99223f2c41192e1919abf577ed70f47d5aee9cab1e419366", kill_on_drop: false }`
[INFO] running `Command { std: "docker" "rm" "-f" "6d724658349c82fe99223f2c41192e1919abf577ed70f47d5aee9cab1e419366", kill_on_drop: false }`
[INFO] [stdout] 6d724658349c82fe99223f2c41192e1919abf577ed70f47d5aee9cab1e419366
[INFO] running `Command { std: "docker" "create" "-v" "/var/lib/crater-agent-workspace/builds/worker-6-tc2/target:/opt/rustwide/target:rw,Z" "-v" "/var/lib/crater-agent-workspace/builds/worker-6-tc2/source:/opt/rustwide/workdir:ro,Z" "-v" "/var/lib/crater-agent-workspace/cargo-home:/opt/rustwide/cargo-home:ro,Z" "-v" "/var/lib/crater-agent-workspace/rustup-home:/opt/rustwide/rustup-home:ro,Z" "-e" "SOURCE_DIR=/opt/rustwide/workdir" "-e" "CARGO_TARGET_DIR=/opt/rustwide/target" "-e" "CARGO_INCREMENTAL=0" "-e" "RUST_BACKTRACE=full" "-e" "RUSTFLAGS=--cap-lints=warn" "-e" "RUSTDOCFLAGS=--cap-lints=warn" "-e" "CARGO_HOME=/opt/rustwide/cargo-home" "-e" "RUSTUP_HOME=/opt/rustwide/rustup-home" "-w" "/opt/rustwide/workdir" "-m" "1610612736" "--user" "0:0" "--network" "none" "ghcr.io/rust-lang/crates-build-env/linux@sha256:5ff2268d62e97bff2cde7d5815dd6ed5b47097566f13b8d0ca110b04b60e07ed" "/opt/rustwide/cargo-home/bin/cargo" "+beta-2023-04-20" "build" "--frozen" "--message-format=json", kill_on_drop: false }`
[INFO] [stdout] 4382e1307897e60da0e772b476d4bac924f3c8803e138271cf535474710e5631
[INFO] running `Command { std: "docker" "start" "-a" "4382e1307897e60da0e772b476d4bac924f3c8803e138271cf535474710e5631", kill_on_drop: false }`
[INFO] [stderr]    Compiling libc v0.2.132
[INFO] [stderr]    Compiling proc-macro2 v1.0.43
[INFO] [stderr]    Compiling unicode-ident v1.0.3
[INFO] [stderr]    Compiling quote v1.0.21
[INFO] [stderr]    Compiling syn v1.0.99
[INFO] [stderr]    Compiling cc v1.0.73
[INFO] [stderr]    Compiling generic-array v0.14.6
[INFO] [stderr]    Compiling once_cell v1.13.1
[INFO] [stderr]    Compiling convert_case v0.5.0
[INFO] [stderr]    Compiling slice-pool v0.4.1
[INFO] [stderr]    Compiling libudis86-sys v0.2.1
[INFO] [stderr]    Compiling mmap-fixed-fixed v0.1.1
[INFO] [stderr]    Compiling region v3.0.0
[INFO] [stderr]    Compiling detour2 v0.9.0
[INFO] [stderr]    Compiling dlopen2_derive v0.2.0
[INFO] [stderr]    Compiling dlopen2 v0.4.1
[INFO] [stderr]    Compiling crochet_macro v0.2.0
[INFO] [stderr]    Compiling crochet v0.2.0 (/opt/rustwide/workdir)
[INFO] [stderr]     Finished dev [unoptimized + debuginfo] target(s) in 5.28s
[INFO] running `Command { std: "docker" "inspect" "4382e1307897e60da0e772b476d4bac924f3c8803e138271cf535474710e5631", kill_on_drop: false }`
[INFO] running `Command { std: "docker" "rm" "-f" "4382e1307897e60da0e772b476d4bac924f3c8803e138271cf535474710e5631", kill_on_drop: false }`
[INFO] [stdout] 4382e1307897e60da0e772b476d4bac924f3c8803e138271cf535474710e5631
[INFO] running `Command { std: "docker" "create" "-v" "/var/lib/crater-agent-workspace/builds/worker-6-tc2/target:/opt/rustwide/target:rw,Z" "-v" "/var/lib/crater-agent-workspace/builds/worker-6-tc2/source:/opt/rustwide/workdir:ro,Z" "-v" "/var/lib/crater-agent-workspace/cargo-home:/opt/rustwide/cargo-home:ro,Z" "-v" "/var/lib/crater-agent-workspace/rustup-home:/opt/rustwide/rustup-home:ro,Z" "-e" "SOURCE_DIR=/opt/rustwide/workdir" "-e" "CARGO_TARGET_DIR=/opt/rustwide/target" "-e" "CARGO_INCREMENTAL=0" "-e" "RUST_BACKTRACE=full" "-e" "RUSTFLAGS=--cap-lints=warn" "-e" "RUSTDOCFLAGS=--cap-lints=warn" "-e" "CARGO_HOME=/opt/rustwide/cargo-home" "-e" "RUSTUP_HOME=/opt/rustwide/rustup-home" "-w" "/opt/rustwide/workdir" "-m" "1610612736" "--user" "0:0" "--network" "none" "ghcr.io/rust-lang/crates-build-env/linux@sha256:5ff2268d62e97bff2cde7d5815dd6ed5b47097566f13b8d0ca110b04b60e07ed" "/opt/rustwide/cargo-home/bin/cargo" "+beta-2023-04-20" "test" "--frozen" "--no-run" "--message-format=json", kill_on_drop: false }`
[INFO] [stdout] b9fb40342c37889614fef25db3e479559b4ef7e6e192f1aa02fded91e1927480
[INFO] running `Command { std: "docker" "start" "-a" "b9fb40342c37889614fef25db3e479559b4ef7e6e192f1aa02fded91e1927480", kill_on_drop: false }`
[INFO] [stderr]    Compiling crochet v0.2.0 (/opt/rustwide/workdir)
[INFO] [stdout] error[E0433]: failed to resolve: use of undeclared crate or module `winapi`
[INFO] [stdout]  --> examples/messageboxw.rs:1:5
[INFO] [stdout]   |
[INFO] [stdout] 1 | use winapi::ctypes::c_int;
[INFO] [stdout]   |     ^^^^^^ use of undeclared crate or module `winapi`
[INFO] [stdout] 
[INFO] [stdout] 
[INFO] [stdout] error[E0433]: failed to resolve: use of undeclared crate or module `winapi`
[INFO] [stdout]  --> examples/messageboxw.rs:2:5
[INFO] [stdout]   |
[INFO] [stdout] 2 | use winapi::shared::minwindef::{BOOL, DWORD, HINSTANCE, LPVOID, TRUE, UINT};
[INFO] [stdout]   |     ^^^^^^ use of undeclared crate or module `winapi`
[INFO] [stdout] 
[INFO] [stdout] 
[INFO] [stdout] error[E0433]: failed to resolve: use of undeclared crate or module `winapi`
[INFO] [stdout]  --> examples/messageboxw.rs:3:5
[INFO] [stdout]   |
[INFO] [stdout] 3 | use winapi::shared::windef::HWND;
[INFO] [stdout]   |     ^^^^^^ use of undeclared crate or module `winapi`
[INFO] [stdout] 
[INFO] [stdout] 
[INFO] [stdout] error[E0433]: failed to resolve: use of undeclared crate or module `winapi`
[INFO] [stdout]  --> examples/messageboxw.rs:4:5
[INFO] [stdout]   |
[INFO] [stdout] 4 | use winapi::um::winnt::{DLL_PROCESS_ATTACH, DLL_PROCESS_DETACH, LPCWSTR};
[INFO] [stdout]   |     ^^^^^^ use of undeclared crate or module `winapi`
[INFO] [stdout] 
[INFO] [stdout] 
[INFO] [stdout] error: aborting due to 4 previous errors
[INFO] [stdout] 
[INFO] [stdout] 
[INFO] [stdout] For more information about this error, try `rustc --explain E0433`.
[INFO] [stdout] 
[INFO] [stderr] error: could not compile `crochet` (example "messageboxw") due to 5 previous errors
[INFO] [stderr] warning: build failed, waiting for other jobs to finish...
[INFO] running `Command { std: "docker" "inspect" "b9fb40342c37889614fef25db3e479559b4ef7e6e192f1aa02fded91e1927480", kill_on_drop: false }`
[INFO] running `Command { std: "docker" "rm" "-f" "b9fb40342c37889614fef25db3e479559b4ef7e6e192f1aa02fded91e1927480", kill_on_drop: false }`
[INFO] [stdout] b9fb40342c37889614fef25db3e479559b4ef7e6e192f1aa02fded91e1927480
