[INFO] fetching crate coreboot-table 0.1.6...
[INFO] testing coreboot-table-0.1.6 against beta-2023-04-20 for beta-1.70-1
[INFO] extracting crate coreboot-table 0.1.6 into /workspace/builds/worker-5-tc2/source
[INFO] validating manifest of crates.io crate coreboot-table 0.1.6 on toolchain beta-2023-04-20
[INFO] running `Command { std: CARGO_HOME="/workspace/cargo-home" RUSTUP_HOME="/workspace/rustup-home" "/workspace/cargo-home/bin/cargo" "+beta-2023-04-20" "metadata" "--manifest-path" "Cargo.toml" "--no-deps", kill_on_drop: false }`
[INFO] started tweaking crates.io crate coreboot-table 0.1.6
[INFO] finished tweaking crates.io crate coreboot-table 0.1.6
[INFO] tweaked toml for crates.io crate coreboot-table 0.1.6 written to /workspace/builds/worker-5-tc2/source/Cargo.toml
[INFO] running `Command { std: CARGO_HOME="/workspace/cargo-home" RUSTUP_HOME="/workspace/rustup-home" __CARGO_TEST_CHANNEL_OVERRIDE_DO_NOT_USE_THIS="nightly" "/workspace/cargo-home/bin/cargo" "+beta-2023-04-20" "generate-lockfile" "--manifest-path" "Cargo.toml" "-Zno-index-update", kill_on_drop: false }`
[INFO] running `Command { std: CARGO_HOME="/workspace/cargo-home" RUSTUP_HOME="/workspace/rustup-home" "/workspace/cargo-home/bin/cargo" "+beta-2023-04-20" "fetch" "--manifest-path" "Cargo.toml", kill_on_drop: false }`
[INFO] running `Command { std: "docker" "create" "-v" "/var/lib/crater-agent-workspace/builds/worker-5-tc2/target:/opt/rustwide/target:rw,Z" "-v" "/var/lib/crater-agent-workspace/builds/worker-5-tc2/source:/opt/rustwide/workdir:ro,Z" "-v" "/var/lib/crater-agent-workspace/cargo-home:/opt/rustwide/cargo-home:ro,Z" "-v" "/var/lib/crater-agent-workspace/rustup-home:/opt/rustwide/rustup-home:ro,Z" "-e" "SOURCE_DIR=/opt/rustwide/workdir" "-e" "CARGO_TARGET_DIR=/opt/rustwide/target" "-e" "CARGO_HOME=/opt/rustwide/cargo-home" "-e" "RUSTUP_HOME=/opt/rustwide/rustup-home" "-w" "/opt/rustwide/workdir" "-m" "1610612736" "--user" "0:0" "--network" "none" "ghcr.io/rust-lang/crates-build-env/linux@sha256:5ff2268d62e97bff2cde7d5815dd6ed5b47097566f13b8d0ca110b04b60e07ed" "/opt/rustwide/cargo-home/bin/cargo" "+beta-2023-04-20" "metadata" "--no-deps" "--format-version=1", kill_on_drop: false }`
[INFO] [stdout] 950229d11102b4189894d08174f7aa261f49141d7d194d2617e6f8d118b39d4b
[INFO] running `Command { std: "docker" "start" "-a" "950229d11102b4189894d08174f7aa261f49141d7d194d2617e6f8d118b39d4b", kill_on_drop: false }`
[INFO] running `Command { std: "docker" "inspect" "950229d11102b4189894d08174f7aa261f49141d7d194d2617e6f8d118b39d4b", kill_on_drop: false }`
[INFO] running `Command { std: "docker" "rm" "-f" "950229d11102b4189894d08174f7aa261f49141d7d194d2617e6f8d118b39d4b", kill_on_drop: false }`
[INFO] [stdout] 950229d11102b4189894d08174f7aa261f49141d7d194d2617e6f8d118b39d4b
[INFO] running `Command { std: "docker" "create" "-v" "/var/lib/crater-agent-workspace/builds/worker-5-tc2/target:/opt/rustwide/target:rw,Z" "-v" "/var/lib/crater-agent-workspace/builds/worker-5-tc2/source:/opt/rustwide/workdir:ro,Z" "-v" "/var/lib/crater-agent-workspace/cargo-home:/opt/rustwide/cargo-home:ro,Z" "-v" "/var/lib/crater-agent-workspace/rustup-home:/opt/rustwide/rustup-home:ro,Z" "-e" "SOURCE_DIR=/opt/rustwide/workdir" "-e" "CARGO_TARGET_DIR=/opt/rustwide/target" "-e" "CARGO_INCREMENTAL=0" "-e" "RUST_BACKTRACE=full" "-e" "RUSTFLAGS=--cap-lints=warn" "-e" "RUSTDOCFLAGS=--cap-lints=warn" "-e" "CARGO_HOME=/opt/rustwide/cargo-home" "-e" "RUSTUP_HOME=/opt/rustwide/rustup-home" "-w" "/opt/rustwide/workdir" "-m" "1610612736" "--user" "0:0" "--network" "none" "ghcr.io/rust-lang/crates-build-env/linux@sha256:5ff2268d62e97bff2cde7d5815dd6ed5b47097566f13b8d0ca110b04b60e07ed" "/opt/rustwide/cargo-home/bin/cargo" "+beta-2023-04-20" "build" "--frozen" "--message-format=json", kill_on_drop: false }`
[INFO] [stdout] 0a949bb21ed71155d35a3130189fc54024f9f3bfbad0cfa6e33ac787c87c2916
[INFO] running `Command { std: "docker" "start" "-a" "0a949bb21ed71155d35a3130189fc54024f9f3bfbad0cfa6e33ac787c87c2916", kill_on_drop: false }`
[INFO] [stderr]    Compiling coreboot-table v0.1.6 (/opt/rustwide/workdir)
[INFO] [stdout] error[E0507]: cannot move out of `self.record` which is behind a shared reference
[INFO] [stdout]   --> src/cmos.rs:22:5
[INFO] [stdout]    |
[INFO] [stdout] 19 | #[derive(Debug)]
[INFO] [stdout]    |          ----- in this derive macro expansion
[INFO] [stdout] ...
[INFO] [stdout] 22 |     pub record: Record,
[INFO] [stdout]    |     ^^^^^^^^^^^^^^^^^^ move occurs because `self.record` has type `Record`, which does not implement the `Copy` trait
[INFO] [stdout]    |
[INFO] [stdout]    = note: this error originates in the derive macro `Debug` (in Nightly builds, run with -Z macro-backtrace for more info)
[INFO] [stdout] 
[INFO] [stdout] 
[INFO] [stdout] error[E0507]: cannot move out of `self.record` which is behind a shared reference
[INFO] [stdout]   --> src/cmos.rs:44:5
[INFO] [stdout]    |
[INFO] [stdout] 41 | #[derive(Debug)]
[INFO] [stdout]    |          ----- in this derive macro expansion
[INFO] [stdout] ...
[INFO] [stdout] 44 |     pub record: Record,
[INFO] [stdout]    |     ^^^^^^^^^^^^^^^^^^ move occurs because `self.record` has type `Record`, which does not implement the `Copy` trait
[INFO] [stdout]    |
[INFO] [stdout]    = note: this error originates in the derive macro `Debug` (in Nightly builds, run with -Z macro-backtrace for more info)
[INFO] [stdout] 
[INFO] [stdout] 
[INFO] [stdout] error[E0507]: cannot move out of `self.record` which is behind a shared reference
[INFO] [stdout]   --> src/cmos.rs:71:5
[INFO] [stdout]    |
[INFO] [stdout] 68 | #[derive(Debug)]
[INFO] [stdout]    |          ----- in this derive macro expansion
[INFO] [stdout] ...
[INFO] [stdout] 71 |     pub record: Record,
[INFO] [stdout]    |     ^^^^^^^^^^^^^^^^^^ move occurs because `self.record` has type `Record`, which does not implement the `Copy` trait
[INFO] [stdout]    |
[INFO] [stdout]    = note: this error originates in the derive macro `Debug` (in Nightly builds, run with -Z macro-backtrace for more info)
[INFO] [stdout] 
[INFO] [stdout] 
[INFO] [stdout] error[E0507]: cannot move out of `self.record` which is behind a shared reference
[INFO] [stdout]  --> src/forward.rs:6:5
[INFO] [stdout]   |
[INFO] [stdout] 3 | #[derive(Debug)]
[INFO] [stdout]   |          ----- in this derive macro expansion
[INFO] [stdout] ...
[INFO] [stdout] 6 |     pub record: Record,
[INFO] [stdout]   |     ^^^^^^^^^^^^^^^^^^ move occurs because `self.record` has type `Record`, which does not implement the `Copy` trait
[INFO] [stdout]   |
[INFO] [stdout]   = note: this error originates in the derive macro `Debug` (in Nightly builds, run with -Z macro-backtrace for more info)
[INFO] [stdout] 
[INFO] [stdout] 
[INFO] [stdout] error[E0507]: cannot move out of `self.record` which is behind a shared reference
[INFO] [stdout]  --> src/framebuffer.rs:6:5
[INFO] [stdout]   |
[INFO] [stdout] 3 | #[derive(Clone, Debug)]
[INFO] [stdout]   |          ----- in this derive macro expansion
[INFO] [stdout] ...
[INFO] [stdout] 6 |     pub record: Record,
[INFO] [stdout]   |     ^^^^^^^^^^^^^^^^^^ move occurs because `self.record` has type `Record`, which does not implement the `Copy` trait
[INFO] [stdout]   |
[INFO] [stdout]   = note: this error originates in the derive macro `Clone` (in Nightly builds, run with -Z macro-backtrace for more info)
[INFO] [stdout] 
[INFO] [stdout] 
[INFO] [stdout] error[E0507]: cannot move out of `self.record` which is behind a shared reference
[INFO] [stdout]  --> src/framebuffer.rs:6:5
[INFO] [stdout]   |
[INFO] [stdout] 3 | #[derive(Clone, Debug)]
[INFO] [stdout]   |                 ----- in this derive macro expansion
[INFO] [stdout] ...
[INFO] [stdout] 6 |     pub record: Record,
[INFO] [stdout]   |     ^^^^^^^^^^^^^^^^^^ move occurs because `self.record` has type `Record`, which does not implement the `Copy` trait
[INFO] [stdout]   |
[INFO] [stdout]   = note: this error originates in the derive macro `Debug` (in Nightly builds, run with -Z macro-backtrace for more info)
[INFO] [stdout] 
[INFO] [stdout] 
[INFO] [stdout] error[E0507]: cannot move out of `self.kind` which is behind a shared reference
[INFO] [stdout]   --> src/memory.rs:22:5
[INFO] [stdout]    |
[INFO] [stdout] 17 | #[derive(Debug)]
[INFO] [stdout]    |          ----- in this derive macro expansion
[INFO] [stdout] ...
[INFO] [stdout] 22 |     pub kind: MemoryRangeKind,
[INFO] [stdout]    |     ^^^^^^^^^^^^^^^^^^^^^^^^^ move occurs because `self.kind` has type `MemoryRangeKind`, which does not implement the `Copy` trait
[INFO] [stdout]    |
[INFO] [stdout]    = note: this error originates in the derive macro `Debug` (in Nightly builds, run with -Z macro-backtrace for more info)
[INFO] [stdout] 
[INFO] [stdout] 
[INFO] [stdout] error[E0507]: cannot move out of `self.record` which is behind a shared reference
[INFO] [stdout]   --> src/memory.rs:28:5
[INFO] [stdout]    |
[INFO] [stdout] 25 | #[derive(Debug)]
[INFO] [stdout]    |          ----- in this derive macro expansion
[INFO] [stdout] ...
[INFO] [stdout] 28 |     pub record: Record,
[INFO] [stdout]    |     ^^^^^^^^^^^^^^^^^^ move occurs because `self.record` has type `Record`, which does not implement the `Copy` trait
[INFO] [stdout]    |
[INFO] [stdout]    = note: this error originates in the derive macro `Debug` (in Nightly builds, run with -Z macro-backtrace for more info)
[INFO] [stdout] 
[INFO] [stdout] 
[INFO] [stdout] error[E0507]: cannot move out of `self.kind` which is behind a shared reference
[INFO] [stdout]   --> src/record.rs:56:5
[INFO] [stdout]    |
[INFO] [stdout] 53 | #[derive(Clone, Debug)]
[INFO] [stdout]    |          ----- in this derive macro expansion
[INFO] [stdout] ...
[INFO] [stdout] 56 |     pub kind: RecordKind,
[INFO] [stdout]    |     ^^^^^^^^^^^^^^^^^^^^ move occurs because `self.kind` has type `RecordKind`, which does not implement the `Copy` trait
[INFO] [stdout]    |
[INFO] [stdout]    = note: this error originates in the derive macro `Clone` (in Nightly builds, run with -Z macro-backtrace for more info)
[INFO] [stdout] 
[INFO] [stdout] 
[INFO] [stdout] error[E0507]: cannot move out of `self.kind` which is behind a shared reference
[INFO] [stdout]   --> src/record.rs:56:5
[INFO] [stdout]    |
[INFO] [stdout] 53 | #[derive(Clone, Debug)]
[INFO] [stdout]    |                 ----- in this derive macro expansion
[INFO] [stdout] ...
[INFO] [stdout] 56 |     pub kind: RecordKind,
[INFO] [stdout]    |     ^^^^^^^^^^^^^^^^^^^^ move occurs because `self.kind` has type `RecordKind`, which does not implement the `Copy` trait
[INFO] [stdout]    |
[INFO] [stdout]    = note: this error originates in the derive macro `Debug` (in Nightly builds, run with -Z macro-backtrace for more info)
[INFO] [stdout] 
[INFO] [stdout] 
[INFO] [stdout] error[E0507]: cannot move out of `self.record` which is behind a shared reference
[INFO] [stdout]  --> src/serial.rs:6:5
[INFO] [stdout]   |
[INFO] [stdout] 3 | #[derive(Clone, Debug)]
[INFO] [stdout]   |          ----- in this derive macro expansion
[INFO] [stdout] ...
[INFO] [stdout] 6 |     pub record: Record,
[INFO] [stdout]   |     ^^^^^^^^^^^^^^^^^^ move occurs because `self.record` has type `Record`, which does not implement the `Copy` trait
[INFO] [stdout]   |
[INFO] [stdout]   = note: this error originates in the derive macro `Clone` (in Nightly builds, run with -Z macro-backtrace for more info)
[INFO] [stdout] 
[INFO] [stdout] 
[INFO] [stdout] error[E0507]: cannot move out of `self.record` which is behind a shared reference
[INFO] [stdout]  --> src/serial.rs:6:5
[INFO] [stdout]   |
[INFO] [stdout] 3 | #[derive(Clone, Debug)]
[INFO] [stdout]   |                 ----- in this derive macro expansion
[INFO] [stdout] ...
[INFO] [stdout] 6 |     pub record: Record,
[INFO] [stdout]   |     ^^^^^^^^^^^^^^^^^^ move occurs because `self.record` has type `Record`, which does not implement the `Copy` trait
[INFO] [stdout]   |
[INFO] [stdout]   = note: this error originates in the derive macro `Debug` (in Nightly builds, run with -Z macro-backtrace for more info)
[INFO] [stdout] 
[INFO] [stdout] 
[INFO] [stdout] error: aborting due to 12 previous errors
[INFO] [stdout] 
[INFO] [stdout] 
[INFO] [stdout] For more information about this error, try `rustc --explain E0507`.
[INFO] [stdout] 
[INFO] [stderr] error: could not compile `coreboot-table` (lib) due to 13 previous errors
[INFO] running `Command { std: "docker" "inspect" "0a949bb21ed71155d35a3130189fc54024f9f3bfbad0cfa6e33ac787c87c2916", kill_on_drop: false }`
[INFO] running `Command { std: "docker" "rm" "-f" "0a949bb21ed71155d35a3130189fc54024f9f3bfbad0cfa6e33ac787c87c2916", kill_on_drop: false }`
[INFO] [stdout] 0a949bb21ed71155d35a3130189fc54024f9f3bfbad0cfa6e33ac787c87c2916
