[INFO] fetching crate coqui-stt 1.0.2...
[INFO] testing coqui-stt-1.0.2 against 1.69.0 for beta-1.70-1
[INFO] extracting crate coqui-stt 1.0.2 into /workspace/builds/worker-2-tc1/source
[INFO] validating manifest of crates.io crate coqui-stt 1.0.2 on toolchain 1.69.0
[INFO] running `Command { std: CARGO_HOME="/workspace/cargo-home" RUSTUP_HOME="/workspace/rustup-home" "/workspace/cargo-home/bin/cargo" "+1.69.0" "metadata" "--manifest-path" "Cargo.toml" "--no-deps", kill_on_drop: false }`
[INFO] started tweaking crates.io crate coqui-stt 1.0.2
[INFO] finished tweaking crates.io crate coqui-stt 1.0.2
[INFO] tweaked toml for crates.io crate coqui-stt 1.0.2 written to /workspace/builds/worker-2-tc1/source/Cargo.toml
[INFO] crate crates.io crate coqui-stt 1.0.2 already has a lockfile, it will not be regenerated
[INFO] running `Command { std: CARGO_HOME="/workspace/cargo-home" RUSTUP_HOME="/workspace/rustup-home" "/workspace/cargo-home/bin/cargo" "+1.69.0" "fetch" "--manifest-path" "Cargo.toml", kill_on_drop: false }`
[INFO] [stderr]  Downloading crates ...
[INFO] [stderr]   Downloaded mp4parse v0.10.1
[INFO] [stderr]   Downloaded deadpool v0.9.5
[INFO] [stderr]   Downloaded deadpool-sync v0.1.0
[INFO] [stderr]   Downloaded deadpool-runtime v0.1.2
[INFO] [stderr]   Downloaded retain_mut v0.1.9
[INFO] [stderr]   Downloaded dasp_window v0.11.1
[INFO] [stderr]   Downloaded dasp_frame v0.11.0
[INFO] [stderr]   Downloaded dasp_interpolate v0.11.0
[INFO] [stderr]   Downloaded dasp_ring_buffer v0.11.0
[INFO] [stderr]   Downloaded lewton v0.9.4
[INFO] [stderr]   Downloaded caf v0.1.0
[INFO] [stderr]   Downloaded ogg v0.7.1
[INFO] [stderr]   Downloaded dasp_signal v0.11.0
[INFO] [stderr]   Downloaded dasp_rms v0.11.0
[INFO] [stderr]   Downloaded audrey v0.3.0
[INFO] [stderr]   Downloaded bitreader v0.3.5
[INFO] [stderr]   Downloaded claxon v0.4.3
[INFO] [stderr]   Downloaded hound v3.4.0
[INFO] [stderr]   Downloaded dasp_peak v0.11.0
[INFO] [stderr]   Downloaded dasp_envelope v0.11.0
[INFO] [stderr]   Downloaded alac v0.5.0
[INFO] [stderr]   Downloaded coqui-stt-sys v1.3.0
[INFO] running `Command { std: "docker" "create" "-v" "/var/lib/crater-agent-workspace/builds/worker-2-tc1/target:/opt/rustwide/target:rw,Z" "-v" "/var/lib/crater-agent-workspace/builds/worker-2-tc1/source:/opt/rustwide/workdir:ro,Z" "-v" "/var/lib/crater-agent-workspace/cargo-home:/opt/rustwide/cargo-home:ro,Z" "-v" "/var/lib/crater-agent-workspace/rustup-home:/opt/rustwide/rustup-home:ro,Z" "-e" "SOURCE_DIR=/opt/rustwide/workdir" "-e" "CARGO_TARGET_DIR=/opt/rustwide/target" "-e" "CARGO_HOME=/opt/rustwide/cargo-home" "-e" "RUSTUP_HOME=/opt/rustwide/rustup-home" "-w" "/opt/rustwide/workdir" "-m" "1610612736" "--user" "0:0" "--network" "none" "ghcr.io/rust-lang/crates-build-env/linux@sha256:5ff2268d62e97bff2cde7d5815dd6ed5b47097566f13b8d0ca110b04b60e07ed" "/opt/rustwide/cargo-home/bin/cargo" "+1.69.0" "metadata" "--no-deps" "--format-version=1", kill_on_drop: false }`
[INFO] [stdout] a2214dd36505714a03771c883372a2924fddbf6b5df40c0abf96e8b2ac9f353c
[INFO] running `Command { std: "docker" "start" "-a" "a2214dd36505714a03771c883372a2924fddbf6b5df40c0abf96e8b2ac9f353c", kill_on_drop: false }`
[INFO] running `Command { std: "docker" "inspect" "a2214dd36505714a03771c883372a2924fddbf6b5df40c0abf96e8b2ac9f353c", kill_on_drop: false }`
[INFO] running `Command { std: "docker" "rm" "-f" "a2214dd36505714a03771c883372a2924fddbf6b5df40c0abf96e8b2ac9f353c", kill_on_drop: false }`
[INFO] [stdout] a2214dd36505714a03771c883372a2924fddbf6b5df40c0abf96e8b2ac9f353c
[INFO] running `Command { std: "docker" "create" "-v" "/var/lib/crater-agent-workspace/builds/worker-2-tc1/target:/opt/rustwide/target:rw,Z" "-v" "/var/lib/crater-agent-workspace/builds/worker-2-tc1/source:/opt/rustwide/workdir:ro,Z" "-v" "/var/lib/crater-agent-workspace/cargo-home:/opt/rustwide/cargo-home:ro,Z" "-v" "/var/lib/crater-agent-workspace/rustup-home:/opt/rustwide/rustup-home:ro,Z" "-e" "SOURCE_DIR=/opt/rustwide/workdir" "-e" "CARGO_TARGET_DIR=/opt/rustwide/target" "-e" "CARGO_INCREMENTAL=0" "-e" "RUST_BACKTRACE=full" "-e" "RUSTFLAGS=--cap-lints=warn" "-e" "RUSTDOCFLAGS=--cap-lints=warn" "-e" "CARGO_HOME=/opt/rustwide/cargo-home" "-e" "RUSTUP_HOME=/opt/rustwide/rustup-home" "-w" "/opt/rustwide/workdir" "-m" "1610612736" "--user" "0:0" "--network" "none" "ghcr.io/rust-lang/crates-build-env/linux@sha256:5ff2268d62e97bff2cde7d5815dd6ed5b47097566f13b8d0ca110b04b60e07ed" "/opt/rustwide/cargo-home/bin/cargo" "+1.69.0" "build" "--frozen" "--message-format=json", kill_on_drop: false }`
[INFO] [stdout] 0be647a686c304c95985a5fdeee3f37b7bfb68cfc3051fcf6f5d1522ed2ea75b
[INFO] running `Command { std: "docker" "start" "-a" "0be647a686c304c95985a5fdeee3f37b7bfb68cfc3051fcf6f5d1522ed2ea75b", kill_on_drop: false }`
[INFO] [stderr]    Compiling coqui-stt-sys v1.3.0
[INFO] [stderr]    Compiling coqui-stt v1.0.2 (/opt/rustwide/workdir)
[INFO] [stderr]     Finished dev [unoptimized + debuginfo] target(s) in 0.37s
[INFO] running `Command { std: "docker" "inspect" "0be647a686c304c95985a5fdeee3f37b7bfb68cfc3051fcf6f5d1522ed2ea75b", kill_on_drop: false }`
[INFO] running `Command { std: "docker" "rm" "-f" "0be647a686c304c95985a5fdeee3f37b7bfb68cfc3051fcf6f5d1522ed2ea75b", kill_on_drop: false }`
[INFO] [stdout] 0be647a686c304c95985a5fdeee3f37b7bfb68cfc3051fcf6f5d1522ed2ea75b
[INFO] running `Command { std: "docker" "create" "-v" "/var/lib/crater-agent-workspace/builds/worker-2-tc1/target:/opt/rustwide/target:rw,Z" "-v" "/var/lib/crater-agent-workspace/builds/worker-2-tc1/source:/opt/rustwide/workdir:ro,Z" "-v" "/var/lib/crater-agent-workspace/cargo-home:/opt/rustwide/cargo-home:ro,Z" "-v" "/var/lib/crater-agent-workspace/rustup-home:/opt/rustwide/rustup-home:ro,Z" "-e" "SOURCE_DIR=/opt/rustwide/workdir" "-e" "CARGO_TARGET_DIR=/opt/rustwide/target" "-e" "CARGO_INCREMENTAL=0" "-e" "RUST_BACKTRACE=full" "-e" "RUSTFLAGS=--cap-lints=warn" "-e" "RUSTDOCFLAGS=--cap-lints=warn" "-e" "CARGO_HOME=/opt/rustwide/cargo-home" "-e" "RUSTUP_HOME=/opt/rustwide/rustup-home" "-w" "/opt/rustwide/workdir" "-m" "1610612736" "--user" "0:0" "--network" "none" "ghcr.io/rust-lang/crates-build-env/linux@sha256:5ff2268d62e97bff2cde7d5815dd6ed5b47097566f13b8d0ca110b04b60e07ed" "/opt/rustwide/cargo-home/bin/cargo" "+1.69.0" "test" "--frozen" "--no-run" "--message-format=json", kill_on_drop: false }`
[INFO] [stdout] d90c4a4a7bffc4596c9e9f445417bd2da39f569d503eeb0e1d912b1b97f1ec4c
[INFO] running `Command { std: "docker" "start" "-a" "d90c4a4a7bffc4596c9e9f445417bd2da39f569d503eeb0e1d912b1b97f1ec4c", kill_on_drop: false }`
[INFO] [stderr]     Blocking waiting for file lock on package cache
[INFO] [stderr]    Compiling dasp_sample v0.11.0
[INFO] [stderr]    Compiling byteorder v1.4.3
[INFO] [stderr]    Compiling autocfg v1.0.1
[INFO] [stderr]    Compiling log v0.4.14
[INFO] [stderr]    Compiling dasp_ring_buffer v0.11.0
[INFO] [stderr]    Compiling hound v3.4.0
[INFO] [stderr]    Compiling bitreader v0.3.5
[INFO] [stderr]    Compiling claxon v0.4.3
[INFO] [stderr]    Compiling dasp_frame v0.11.0
[INFO] [stderr]    Compiling ogg v0.7.1
[INFO] [stderr]    Compiling dasp_window v0.11.1
[INFO] [stderr]    Compiling num-traits v0.2.14
[INFO] [stderr]    Compiling caf v0.1.0
[INFO] [stderr]    Compiling lewton v0.9.4
[INFO] [stderr]    Compiling dasp_rms v0.11.0
[INFO] [stderr]    Compiling dasp_peak v0.11.0
[INFO] [stderr]    Compiling dasp_interpolate v0.11.0
[INFO] [stderr]    Compiling dasp_envelope v0.11.0
[INFO] [stderr]    Compiling dasp_signal v0.11.0
[INFO] [stderr]    Compiling mp4parse v0.10.1
[INFO] [stderr]    Compiling alac v0.5.0
[INFO] [stderr]    Compiling audrey v0.3.0
[INFO] [stderr]    Compiling coqui-stt v1.0.2 (/opt/rustwide/workdir)
[INFO] [stdout] error[E0308]: mismatched types
[INFO] [stdout]   --> examples/threads.rs:54:37
[INFO] [stdout]    |
[INFO] [stdout] 54 |     let stream = Stream::from_model(Arc::clone(&model)).expect("failed to create stream");
[INFO] [stdout]    |                  ------------------ ^^^^^^^^^^^^^^^^^^
[INFO] [stdout]    |                  |                  |
[INFO] [stdout]    |                  |                  expected `&mut Model`, found `Arc<Model>`
[INFO] [stdout]    |                  |                  help: consider mutably borrowing here: `&mut Arc::clone(&model)`
[INFO] [stdout]    |                  arguments to this function are incorrect
[INFO] [stdout]    |
[INFO] [stdout]    = note: expected mutable reference `&mut Model`
[INFO] [stdout]                          found struct `Arc<Model>`
[INFO] [stdout] note: associated function defined here
[INFO] [stdout]   --> /opt/rustwide/workdir/src/stream.rs:38:12
[INFO] [stdout]    |
[INFO] [stdout] 38 |     pub fn from_model(model: &'a mut Model) -> crate::Result<Stream<'a>> {
[INFO] [stdout]    |            ^^^^^^^^^^
[INFO] [stdout] 
[INFO] [stdout] 
[INFO] [stdout] error: aborting due to previous error
[INFO] [stdout] 
[INFO] [stdout] 
[INFO] [stdout] For more information about this error, try `rustc --explain E0308`.
[INFO] [stdout] 
[INFO] [stderr] error: could not compile `coqui-stt` due to 2 previous errors
[INFO] [stderr] warning: build failed, waiting for other jobs to finish...
[INFO] [stdout] error: linking with `cc` failed: exit status: 1
[INFO] [stdout]   |
[INFO] [stdout]   = note: LC_ALL="C" PATH="/opt/rustwide/rustup-home/toolchains/1.69.0-x86_64-unknown-linux-gnu/lib/rustlib/x86_64-unknown-linux-gnu/bin:/opt/rustwide/cargo-home/bin:/usr/local/sbin:/usr/local/bin:/usr/sbin:/usr/bin:/sbin:/bin" VSLANG="1033" "cc" "-m64" "/tmp/rustcHx89Ar/symbols.o" "/opt/rustwide/target/debug/deps/coqui_stt-4577a291d0912221.coqui_stt.11bb3fee-cgu.0.rcgu.o" "/opt/rustwide/target/debug/deps/coqui_stt-4577a291d0912221.coqui_stt.11bb3fee-cgu.1.rcgu.o" "/opt/rustwide/target/debug/deps/coqui_stt-4577a291d0912221.coqui_stt.11bb3fee-cgu.2.rcgu.o" "/opt/rustwide/target/debug/deps/coqui_stt-4577a291d0912221.coqui_stt.11bb3fee-cgu.3.rcgu.o" "/opt/rustwide/target/debug/deps/coqui_stt-4577a291d0912221.coqui_stt.11bb3fee-cgu.4.rcgu.o" "/opt/rustwide/target/debug/deps/coqui_stt-4577a291d0912221.2wyiicic8lqlmiws.rcgu.o" "-Wl,--as-needed" "-L" "/opt/rustwide/target/debug/deps" "-L" "/opt/rustwide/rustup-home/toolchains/1.69.0-x86_64-unknown-linux-gnu/lib/rustlib/x86_64-unknown-linux-gnu/lib" "-Wl,-Bstatic" "/opt/rustwide/target/debug/deps/libcoqui_stt_sys-639b13eeba2ef868.rlib" "/opt/rustwide/rustup-home/toolchains/1.69.0-x86_64-unknown-linux-gnu/lib/rustlib/x86_64-unknown-linux-gnu/lib/libtest-7791a6353d4a7929.rlib" "/opt/rustwide/rustup-home/toolchains/1.69.0-x86_64-unknown-linux-gnu/lib/rustlib/x86_64-unknown-linux-gnu/lib/libgetopts-7b17724e9ce90a72.rlib" "/opt/rustwide/rustup-home/toolchains/1.69.0-x86_64-unknown-linux-gnu/lib/rustlib/x86_64-unknown-linux-gnu/lib/libunicode_width-596f8ce9d30a755e.rlib" "/opt/rustwide/rustup-home/toolchains/1.69.0-x86_64-unknown-linux-gnu/lib/rustlib/x86_64-unknown-linux-gnu/lib/librustc_std_workspace_std-da04f86254de594f.rlib" "/opt/rustwide/rustup-home/toolchains/1.69.0-x86_64-unknown-linux-gnu/lib/rustlib/x86_64-unknown-linux-gnu/lib/libstd-89bc084783fdc439.rlib" "/opt/rustwide/rustup-home/toolchains/1.69.0-x86_64-unknown-linux-gnu/lib/rustlib/x86_64-unknown-linux-gnu/lib/libpanic_unwind-8bee4b287d4367c1.rlib" "/opt/rustwide/rustup-home/toolchains/1.69.0-x86_64-unknown-linux-gnu/lib/rustlib/x86_64-unknown-linux-gnu/lib/libobject-d61707aed80694c0.rlib" "/opt/rustwide/rustup-home/toolchains/1.69.0-x86_64-unknown-linux-gnu/lib/rustlib/x86_64-unknown-linux-gnu/lib/libmemchr-d85366256f22345b.rlib" "/opt/rustwide/rustup-home/toolchains/1.69.0-x86_64-unknown-linux-gnu/lib/rustlib/x86_64-unknown-linux-gnu/lib/libaddr2line-96069b86b8a8cae9.rlib" "/opt/rustwide/rustup-home/toolchains/1.69.0-x86_64-unknown-linux-gnu/lib/rustlib/x86_64-unknown-linux-gnu/lib/libgimli-d19d53abf68dfa6c.rlib" "/opt/rustwide/rustup-home/toolchains/1.69.0-x86_64-unknown-linux-gnu/lib/rustlib/x86_64-unknown-linux-gnu/lib/librustc_demangle-787cbccd19d64ac6.rlib" "/opt/rustwide/rustup-home/toolchains/1.69.0-x86_64-unknown-linux-gnu/lib/rustlib/x86_64-unknown-linux-gnu/lib/libstd_detect-b3837a36b830e0d0.rlib" "/opt/rustwide/rustup-home/toolchains/1.69.0-x86_64-unknown-linux-gnu/lib/rustlib/x86_64-unknown-linux-gnu/lib/libhashbrown-e3deb0e7e3f04966.rlib" "/opt/rustwide/rustup-home/toolchains/1.69.0-x86_64-unknown-linux-gnu/lib/rustlib/x86_64-unknown-linux-gnu/lib/libminiz_oxide-dabbb79c9815def4.rlib" "/opt/rustwide/rustup-home/toolchains/1.69.0-x86_64-unknown-linux-gnu/lib/rustlib/x86_64-unknown-linux-gnu/lib/libadler-305b01f34c9409f2.rlib" "/opt/rustwide/rustup-home/toolchains/1.69.0-x86_64-unknown-linux-gnu/lib/rustlib/x86_64-unknown-linux-gnu/lib/librustc_std_workspace_alloc-f833521df6074e73.rlib" "/opt/rustwide/rustup-home/toolchains/1.69.0-x86_64-unknown-linux-gnu/lib/rustlib/x86_64-unknown-linux-gnu/lib/libunwind-9ac333113350d171.rlib" "/opt/rustwide/rustup-home/toolchains/1.69.0-x86_64-unknown-linux-gnu/lib/rustlib/x86_64-unknown-linux-gnu/lib/libcfg_if-1c126114322d0eee.rlib" "/opt/rustwide/rustup-home/toolchains/1.69.0-x86_64-unknown-linux-gnu/lib/rustlib/x86_64-unknown-linux-gnu/lib/liblibc-bad9164fdeeecf92.rlib" "/opt/rustwide/rustup-home/toolchains/1.69.0-x86_64-unknown-linux-gnu/lib/rustlib/x86_64-unknown-linux-gnu/lib/liballoc-f9374b1e480fa681.rlib" "/opt/rustwide/rustup-home/toolchains/1.69.0-x86_64-unknown-linux-gnu/lib/rustlib/x86_64-unknown-linux-gnu/lib/librustc_std_workspace_core-207f06e41d9603af.rlib" "/opt/rustwide/rustup-home/toolchains/1.69.0-x86_64-unknown-linux-gnu/lib/rustlib/x86_64-unknown-linux-gnu/lib/libcore-7e2768e66e984e85.rlib" "/opt/rustwide/rustup-home/toolchains/1.69.0-x86_64-unknown-linux-gnu/lib/rustlib/x86_64-unknown-linux-gnu/lib/libcompiler_builtins-957b4aff41f8cd46.rlib" "-Wl,-Bdynamic" "-lstt" "-lgcc_s" "-lutil" "-lrt" "-lpthread" "-lm" "-ldl" "-lc" "-Wl,--eh-frame-hdr" "-Wl,-z,noexecstack" "-L" "/opt/rustwide/rustup-home/toolchains/1.69.0-x86_64-unknown-linux-gnu/lib/rustlib/x86_64-unknown-linux-gnu/lib" "-o" "/opt/rustwide/target/debug/deps/coqui_stt-4577a291d0912221" "-Wl,--gc-sections" "-pie" "-Wl,-z,relro,-z,now" "-nodefaultlibs"
[INFO] [stdout]   = note: /usr/bin/ld: cannot find -lstt: No such file or directory
[INFO] [stdout]           collect2: error: ld returned 1 exit status
[INFO] [stdout]           
[INFO] [stdout] 
[INFO] [stdout] 
[INFO] [stderr] error: could not compile `coqui-stt` due to 2 previous errors
[INFO] [stdout] error: aborting due to previous error
[INFO] [stdout] 
[INFO] [stdout] 
[INFO] [stdout] error: linking with `cc` failed: exit status: 1
[INFO] [stdout]   |
[INFO] [stdout]   = note: LC_ALL="C" PATH="/opt/rustwide/rustup-home/toolchains/1.69.0-x86_64-unknown-linux-gnu/lib/rustlib/x86_64-unknown-linux-gnu/bin:/opt/rustwide/cargo-home/bin:/usr/local/sbin:/usr/local/bin:/usr/sbin:/usr/bin:/sbin:/bin" VSLANG="1033" "cc" "-m64" "/tmp/rustcEPgxsZ/symbols.o" "/opt/rustwide/target/debug/examples/basic_usage-d97850a9f3727cc8.basic_usage.d46caa26-cgu.0.rcgu.o" "/opt/rustwide/target/debug/examples/basic_usage-d97850a9f3727cc8.basic_usage.d46caa26-cgu.1.rcgu.o" "/opt/rustwide/target/debug/examples/basic_usage-d97850a9f3727cc8.basic_usage.d46caa26-cgu.10.rcgu.o" "/opt/rustwide/target/debug/examples/basic_usage-d97850a9f3727cc8.basic_usage.d46caa26-cgu.11.rcgu.o" "/opt/rustwide/target/debug/examples/basic_usage-d97850a9f3727cc8.basic_usage.d46caa26-cgu.12.rcgu.o" "/opt/rustwide/target/debug/examples/basic_usage-d97850a9f3727cc8.basic_usage.d46caa26-cgu.13.rcgu.o" "/opt/rustwide/target/debug/examples/basic_usage-d97850a9f3727cc8.basic_usage.d46caa26-cgu.14.rcgu.o" "/opt/rustwide/target/debug/examples/basic_usage-d97850a9f3727cc8.basic_usage.d46caa26-cgu.15.rcgu.o" "/opt/rustwide/target/debug/examples/basic_usage-d97850a9f3727cc8.basic_usage.d46caa26-cgu.2.rcgu.o" "/opt/rustwide/target/debug/examples/basic_usage-d97850a9f3727cc8.basic_usage.d46caa26-cgu.3.rcgu.o" "/opt/rustwide/target/debug/examples/basic_usage-d97850a9f3727cc8.basic_usage.d46caa26-cgu.4.rcgu.o" "/opt/rustwide/target/debug/examples/basic_usage-d97850a9f3727cc8.basic_usage.d46caa26-cgu.5.rcgu.o" "/opt/rustwide/target/debug/examples/basic_usage-d97850a9f3727cc8.basic_usage.d46caa26-cgu.6.rcgu.o" "/opt/rustwide/target/debug/examples/basic_usage-d97850a9f3727cc8.basic_usage.d46caa26-cgu.7.rcgu.o" "/opt/rustwide/target/debug/examples/basic_usage-d97850a9f3727cc8.basic_usage.d46caa26-cgu.8.rcgu.o" "/opt/rustwide/target/debug/examples/basic_usage-d97850a9f3727cc8.basic_usage.d46caa26-cgu.9.rcgu.o" "/opt/rustwide/target/debug/examples/basic_usage-d97850a9f3727cc8.34pd8s71oz18jvz7.rcgu.o" "-Wl,--as-needed" "-L" "/opt/rustwide/target/debug/deps" "-L" "/opt/rustwide/rustup-home/toolchains/1.69.0-x86_64-unknown-linux-gnu/lib/rustlib/x86_64-unknown-linux-gnu/lib" "-Wl,-Bstatic" "/opt/rustwide/target/debug/deps/libdasp_signal-ac36e0cd6b1f28b0.rlib" "/opt/rustwide/target/debug/deps/libdasp_ring_buffer-5914e40b598ae804.rlib" "/opt/rustwide/target/debug/deps/libdasp_interpolate-277b93b6e091f0d9.rlib" "/opt/rustwide/target/debug/deps/libcoqui_stt-69cabfb43c31b683.rlib" "/opt/rustwide/target/debug/deps/libcoqui_stt_sys-639b13eeba2ef868.rlib" "/opt/rustwide/target/debug/deps/libaudrey-6902fccdc956797d.rlib" "/opt/rustwide/target/debug/deps/liblewton-e857e3d73e0fff33.rlib" "/opt/rustwide/target/debug/deps/libogg-ae8c277eb7d410a7.rlib" "/opt/rustwide/target/debug/deps/libsmallvec-d14ca26e785bb84b.rlib" "/opt/rustwide/target/debug/deps/libmaybe_uninit-7358fb81ee8e07ae.rlib" "/opt/rustwide/target/debug/deps/libhound-8c54442a60c25b9f.rlib" "/opt/rustwide/target/debug/deps/libclaxon-36136354e7d5d2e9.rlib" "/opt/rustwide/target/debug/deps/libcaf-4eb237e002965024.rlib" "/opt/rustwide/target/debug/deps/libalac-48146bfbcca6f6ac.rlib" "/opt/rustwide/target/debug/deps/libmp4parse-e0c1aa55df238881.rlib" "/opt/rustwide/target/debug/deps/libnum_traits-ff870d52b3ba384a.rlib" "/opt/rustwide/target/debug/deps/libbitreader-57ffd88beb6de418.rlib" "/opt/rustwide/target/debug/deps/libbyteorder-50c19e9bd62c942c.rlib" "/opt/rustwide/target/debug/deps/liblog-9c8a33f34652efee.rlib" "/opt/rustwide/target/debug/deps/libcfg_if-e5e118dd7d121aaa.rlib" "/opt/rustwide/target/debug/deps/libdasp_frame-a76e5a10be11316b.rlib" "/opt/rustwide/target/debug/deps/libdasp_sample-c086e265ce791c2f.rlib" "/opt/rustwide/rustup-home/toolchains/1.69.0-x86_64-unknown-linux-gnu/lib/rustlib/x86_64-unknown-linux-gnu/lib/libstd-89bc084783fdc439.rlib" "/opt/rustwide/rustup-home/toolchains/1.69.0-x86_64-unknown-linux-gnu/lib/rustlib/x86_64-unknown-linux-gnu/lib/libpanic_unwind-8bee4b287d4367c1.rlib" "/opt/rustwide/rustup-home/toolchains/1.69.0-x86_64-unknown-linux-gnu/lib/rustlib/x86_64-unknown-linux-gnu/lib/libobject-d61707aed80694c0.rlib" "/opt/rustwide/rustup-home/toolchains/1.69.0-x86_64-unknown-linux-gnu/lib/rustlib/x86_64-unknown-linux-gnu/lib/libmemchr-d85366256f22345b.rlib" "/opt/rustwide/rustup-home/toolchains/1.69.0-x86_64-unknown-linux-gnu/lib/rustlib/x86_64-unknown-linux-gnu/lib/libaddr2line-96069b86b8a8cae9.rlib" "/opt/rustwide/rustup-home/toolchains/1.69.0-x86_64-unknown-linux-gnu/lib/rustlib/x86_64-unknown-linux-gnu/lib/libgimli-d19d53abf68dfa6c.rlib" "/opt/rustwide/rustup-home/toolchains/1.69.0-x86_64-unknown-linux-gnu/lib/rustlib/x86_64-unknown-linux-gnu/lib/librustc_demangle-787cbccd19d64ac6.rlib" "/opt/rustwide/rustup-home/toolchains/1.69.0-x86_64-unknown-linux-gnu/lib/rustlib/x86_64-unknown-linux-gnu/lib/libstd_detect-b3837a36b830e0d0.rlib" "/opt/rustwide/rustup-home/toolchains/1.69.0-x86_64-unknown-linux-gnu/lib/rustlib/x86_64-unknown-linux-gnu/lib/libhashbrown-e3deb0e7e3f04966.rlib" "/opt/rustwide/rustup-home/toolchains/1.69.0-x86_64-unknown-linux-gnu/lib/rustlib/x86_64-unknown-linux-gnu/lib/libminiz_oxide-dabbb79c9815def4.rlib" "/opt/rustwide/rustup-home/toolchains/1.69.0-x86_64-unknown-linux-gnu/lib/rustlib/x86_64-unknown-linux-gnu/lib/libadler-305b01f34c9409f2.rlib" "/opt/rustwide/rustup-home/toolchains/1.69.0-x86_64-unknown-linux-gnu/lib/rustlib/x86_64-unknown-linux-gnu/lib/librustc_std_workspace_alloc-f833521df6074e73.rlib" "/opt/rustwide/rustup-home/toolchains/1.69.0-x86_64-unknown-linux-gnu/lib/rustlib/x86_64-unknown-linux-gnu/lib/libunwind-9ac333113350d171.rlib" "/opt/rustwide/rustup-home/toolchains/1.69.0-x86_64-unknown-linux-gnu/lib/rustlib/x86_64-unknown-linux-gnu/lib/libcfg_if-1c126114322d0eee.rlib" "/opt/rustwide/rustup-home/toolchains/1.69.0-x86_64-unknown-linux-gnu/lib/rustlib/x86_64-unknown-linux-gnu/lib/liblibc-bad9164fdeeecf92.rlib" "/opt/rustwide/rustup-home/toolchains/1.69.0-x86_64-unknown-linux-gnu/lib/rustlib/x86_64-unknown-linux-gnu/lib/liballoc-f9374b1e480fa681.rlib" "/opt/rustwide/rustup-home/toolchains/1.69.0-x86_64-unknown-linux-gnu/lib/rustlib/x86_64-unknown-linux-gnu/lib/librustc_std_workspace_core-207f06e41d9603af.rlib" "/opt/rustwide/rustup-home/toolchains/1.69.0-x86_64-unknown-linux-gnu/lib/rustlib/x86_64-unknown-linux-gnu/lib/libcore-7e2768e66e984e85.rlib" "/opt/rustwide/rustup-home/toolchains/1.69.0-x86_64-unknown-linux-gnu/lib/rustlib/x86_64-unknown-linux-gnu/lib/libcompiler_builtins-957b4aff41f8cd46.rlib" "-Wl,-Bdynamic" "-lstt" "-lgcc_s" "-lutil" "-lrt" "-lpthread" "-lm" "-ldl" "-lc" "-Wl,--eh-frame-hdr" "-Wl,-z,noexecstack" "-L" "/opt/rustwide/rustup-home/toolchains/1.69.0-x86_64-unknown-linux-gnu/lib/rustlib/x86_64-unknown-linux-gnu/lib" "-o" "/opt/rustwide/target/debug/examples/basic_usage-d97850a9f3727cc8" "-Wl,--gc-sections" "-pie" "-Wl,-z,relro,-z,now" "-nodefaultlibs"
[INFO] [stdout]   = note: /usr/bin/ld: cannot find -lstt: No such file or directory
[INFO] [stdout]           collect2: error: ld returned 1 exit status
[INFO] [stdout]           
[INFO] [stdout] 
[INFO] [stdout] 
[INFO] [stdout] error: aborting due to previous error
[INFO] [stdout] 
[INFO] [stdout] 
[INFO] [stderr] error: could not compile `coqui-stt` due to 2 previous errors
[INFO] running `Command { std: "docker" "inspect" "d90c4a4a7bffc4596c9e9f445417bd2da39f569d503eeb0e1d912b1b97f1ec4c", kill_on_drop: false }`
[INFO] running `Command { std: "docker" "rm" "-f" "d90c4a4a7bffc4596c9e9f445417bd2da39f569d503eeb0e1d912b1b97f1ec4c", kill_on_drop: false }`
[INFO] [stdout] d90c4a4a7bffc4596c9e9f445417bd2da39f569d503eeb0e1d912b1b97f1ec4c
