[INFO] fetching crate copernica-common 0.1.0...
[INFO] testing copernica-common-0.1.0 against beta-2023-04-20 for beta-1.70-1
[INFO] extracting crate copernica-common 0.1.0 into /workspace/builds/worker-7-tc2/source
[INFO] validating manifest of crates.io crate copernica-common 0.1.0 on toolchain beta-2023-04-20
[INFO] running `Command { std: CARGO_HOME="/workspace/cargo-home" RUSTUP_HOME="/workspace/rustup-home" "/workspace/cargo-home/bin/cargo" "+beta-2023-04-20" "metadata" "--manifest-path" "Cargo.toml" "--no-deps", kill_on_drop: false }`
[INFO] started tweaking crates.io crate copernica-common 0.1.0
[INFO] finished tweaking crates.io crate copernica-common 0.1.0
[INFO] tweaked toml for crates.io crate copernica-common 0.1.0 written to /workspace/builds/worker-7-tc2/source/Cargo.toml
[INFO] running `Command { std: CARGO_HOME="/workspace/cargo-home" RUSTUP_HOME="/workspace/rustup-home" __CARGO_TEST_CHANNEL_OVERRIDE_DO_NOT_USE_THIS="nightly" "/workspace/cargo-home/bin/cargo" "+beta-2023-04-20" "generate-lockfile" "--manifest-path" "Cargo.toml" "-Zno-index-update", kill_on_drop: false }`
[INFO] running `Command { std: CARGO_HOME="/workspace/cargo-home" RUSTUP_HOME="/workspace/rustup-home" "/workspace/cargo-home/bin/cargo" "+beta-2023-04-20" "fetch" "--manifest-path" "Cargo.toml", kill_on_drop: false }`
[INFO] [stderr]  Downloading crates ...
[INFO] [stderr]   Downloaded fern v0.5.9
[INFO] running `Command { std: "docker" "create" "-v" "/var/lib/crater-agent-workspace/builds/worker-7-tc2/target:/opt/rustwide/target:rw,Z" "-v" "/var/lib/crater-agent-workspace/builds/worker-7-tc2/source:/opt/rustwide/workdir:ro,Z" "-v" "/var/lib/crater-agent-workspace/cargo-home:/opt/rustwide/cargo-home:ro,Z" "-v" "/var/lib/crater-agent-workspace/rustup-home:/opt/rustwide/rustup-home:ro,Z" "-e" "SOURCE_DIR=/opt/rustwide/workdir" "-e" "CARGO_TARGET_DIR=/opt/rustwide/target" "-e" "CARGO_HOME=/opt/rustwide/cargo-home" "-e" "RUSTUP_HOME=/opt/rustwide/rustup-home" "-w" "/opt/rustwide/workdir" "-m" "1610612736" "--user" "0:0" "--network" "none" "ghcr.io/rust-lang/crates-build-env/linux@sha256:5ff2268d62e97bff2cde7d5815dd6ed5b47097566f13b8d0ca110b04b60e07ed" "/opt/rustwide/cargo-home/bin/cargo" "+beta-2023-04-20" "metadata" "--no-deps" "--format-version=1", kill_on_drop: false }`
[INFO] [stdout] 9601f735ded8fe8bb8ad5a4d86e828d6e1c0a2602fe4aae68df6af00610997ac
[INFO] running `Command { std: "docker" "start" "-a" "9601f735ded8fe8bb8ad5a4d86e828d6e1c0a2602fe4aae68df6af00610997ac", kill_on_drop: false }`
[INFO] running `Command { std: "docker" "inspect" "9601f735ded8fe8bb8ad5a4d86e828d6e1c0a2602fe4aae68df6af00610997ac", kill_on_drop: false }`
[INFO] running `Command { std: "docker" "rm" "-f" "9601f735ded8fe8bb8ad5a4d86e828d6e1c0a2602fe4aae68df6af00610997ac", kill_on_drop: false }`
[INFO] [stdout] 9601f735ded8fe8bb8ad5a4d86e828d6e1c0a2602fe4aae68df6af00610997ac
[INFO] running `Command { std: "docker" "create" "-v" "/var/lib/crater-agent-workspace/builds/worker-7-tc2/target:/opt/rustwide/target:rw,Z" "-v" "/var/lib/crater-agent-workspace/builds/worker-7-tc2/source:/opt/rustwide/workdir:ro,Z" "-v" "/var/lib/crater-agent-workspace/cargo-home:/opt/rustwide/cargo-home:ro,Z" "-v" "/var/lib/crater-agent-workspace/rustup-home:/opt/rustwide/rustup-home:ro,Z" "-e" "SOURCE_DIR=/opt/rustwide/workdir" "-e" "CARGO_TARGET_DIR=/opt/rustwide/target" "-e" "CARGO_INCREMENTAL=0" "-e" "RUST_BACKTRACE=full" "-e" "RUSTFLAGS=--cap-lints=warn" "-e" "RUSTDOCFLAGS=--cap-lints=warn" "-e" "CARGO_HOME=/opt/rustwide/cargo-home" "-e" "RUSTUP_HOME=/opt/rustwide/rustup-home" "-w" "/opt/rustwide/workdir" "-m" "1610612736" "--user" "0:0" "--network" "none" "ghcr.io/rust-lang/crates-build-env/linux@sha256:5ff2268d62e97bff2cde7d5815dd6ed5b47097566f13b8d0ca110b04b60e07ed" "/opt/rustwide/cargo-home/bin/cargo" "+beta-2023-04-20" "build" "--frozen" "--message-format=json", kill_on_drop: false }`
[INFO] [stdout] 7d3f5573e50e51fb1530c1fc55cd7fb976a8b81f216e8a0563336c2786a20464
[INFO] running `Command { std: "docker" "start" "-a" "7d3f5573e50e51fb1530c1fc55cd7fb976a8b81f216e8a0563336c2786a20464", kill_on_drop: false }`
[INFO] [stderr]    Compiling num-traits v0.2.15
[INFO] [stderr]    Compiling num-integer v0.1.45
[INFO] [stderr]    Compiling log v0.4.17
[INFO] [stderr]    Compiling crossbeam-utils v0.8.15
[INFO] [stderr]    Compiling iana-time-zone v0.1.56
[INFO] [stderr]    Compiling time v0.1.45
[INFO] [stderr]    Compiling crossbeam-channel v0.5.8
[INFO] [stderr]    Compiling chrono v0.4.24
[INFO] [stderr]    Compiling fern v0.5.9
[INFO] [stderr]    Compiling copernica-common v0.1.0 (/opt/rustwide/workdir)
[INFO] [stderr]     Finished dev [unoptimized + debuginfo] target(s) in 7.33s
[INFO] running `Command { std: "docker" "inspect" "7d3f5573e50e51fb1530c1fc55cd7fb976a8b81f216e8a0563336c2786a20464", kill_on_drop: false }`
[INFO] running `Command { std: "docker" "rm" "-f" "7d3f5573e50e51fb1530c1fc55cd7fb976a8b81f216e8a0563336c2786a20464", kill_on_drop: false }`
[INFO] [stdout] 7d3f5573e50e51fb1530c1fc55cd7fb976a8b81f216e8a0563336c2786a20464
[INFO] running `Command { std: "docker" "create" "-v" "/var/lib/crater-agent-workspace/builds/worker-7-tc2/target:/opt/rustwide/target:rw,Z" "-v" "/var/lib/crater-agent-workspace/builds/worker-7-tc2/source:/opt/rustwide/workdir:ro,Z" "-v" "/var/lib/crater-agent-workspace/cargo-home:/opt/rustwide/cargo-home:ro,Z" "-v" "/var/lib/crater-agent-workspace/rustup-home:/opt/rustwide/rustup-home:ro,Z" "-e" "SOURCE_DIR=/opt/rustwide/workdir" "-e" "CARGO_TARGET_DIR=/opt/rustwide/target" "-e" "CARGO_INCREMENTAL=0" "-e" "RUST_BACKTRACE=full" "-e" "RUSTFLAGS=--cap-lints=warn" "-e" "RUSTDOCFLAGS=--cap-lints=warn" "-e" "CARGO_HOME=/opt/rustwide/cargo-home" "-e" "RUSTUP_HOME=/opt/rustwide/rustup-home" "-w" "/opt/rustwide/workdir" "-m" "1610612736" "--user" "0:0" "--network" "none" "ghcr.io/rust-lang/crates-build-env/linux@sha256:5ff2268d62e97bff2cde7d5815dd6ed5b47097566f13b8d0ca110b04b60e07ed" "/opt/rustwide/cargo-home/bin/cargo" "+beta-2023-04-20" "test" "--frozen" "--no-run" "--message-format=json", kill_on_drop: false }`
[INFO] [stdout] ffdba40fbab477ad50003b1b2033c8abee640635ff72e366acce6c52b581017c
[INFO] running `Command { std: "docker" "start" "-a" "ffdba40fbab477ad50003b1b2033c8abee640635ff72e366acce6c52b581017c", kill_on_drop: false }`
[INFO] [stderr]    Compiling copernica-common v0.1.0 (/opt/rustwide/workdir)
[INFO] [stdout] error[E0412]: cannot find type `BFI` in this scope
[INFO] [stdout]   --> src/serialization.rs:46:21
[INFO] [stdout]    |
[INFO] [stdout] 46 |         let actual: BFI = [0u16; BLOOM_FILTER_INDEX_ELEMENT_LENGTH];
[INFO] [stdout]    |                     ^^^ not found in this scope
[INFO] [stdout] 
[INFO] [stdout] 
[INFO] [stdout] error[E0425]: cannot find value `BLOOM_FILTER_INDEX_ELEMENT_LENGTH` in this scope
[INFO] [stdout]   --> src/serialization.rs:46:34
[INFO] [stdout]    |
[INFO] [stdout] 46 |         let actual: BFI = [0u16; BLOOM_FILTER_INDEX_ELEMENT_LENGTH];
[INFO] [stdout]    |                                  ^^^^^^^^^^^^^^^^^^^^^^^^^^^^^^^^^ not found in this scope
[INFO] [stdout]    |
[INFO] [stdout] help: consider importing this constant
[INFO] [stdout]    |
[INFO] [stdout] 26 +     use constants::BLOOM_FILTER_INDEX_ELEMENT_LENGTH;
[INFO] [stdout]    |
[INFO] [stdout] 
[INFO] [stdout] 
[INFO] [stdout] error[E0412]: cannot find type `BFI` in this scope
[INFO] [stdout]   --> src/serialization.rs:47:23
[INFO] [stdout]    |
[INFO] [stdout] 47 |         let expected: BFI = u8_to_bfi(bfi_to_u8(actual));
[INFO] [stdout]    |                       ^^^ not found in this scope
[INFO] [stdout] 
[INFO] [stdout] 
[INFO] [stdout] error[E0412]: cannot find type `BFI` in this scope
[INFO] [stdout]   --> src/serialization.rs:51:21
[INFO] [stdout]    |
[INFO] [stdout] 51 |         let actual: BFI = [0, 1, 2, 3];
[INFO] [stdout]    |                     ^^^ not found in this scope
[INFO] [stdout] 
[INFO] [stdout] 
[INFO] [stdout] error[E0412]: cannot find type `BFI` in this scope
[INFO] [stdout]   --> src/serialization.rs:52:23
[INFO] [stdout]    |
[INFO] [stdout] 52 |         let expected: BFI = u8_to_bfi(bfi_to_u8(actual));
[INFO] [stdout]    |                       ^^^ not found in this scope
[INFO] [stdout] 
[INFO] [stdout] 
[INFO] [stdout] error[E0412]: cannot find type `BFI` in this scope
[INFO] [stdout]   --> src/serialization.rs:56:21
[INFO] [stdout]    |
[INFO] [stdout] 56 |         let actual: BFI = [u16::MAX, u16::MAX, u16::MAX, u16::MAX];
[INFO] [stdout]    |                     ^^^ not found in this scope
[INFO] [stdout] 
[INFO] [stdout] 
[INFO] [stdout] error[E0412]: cannot find type `BFI` in this scope
[INFO] [stdout]   --> src/serialization.rs:57:23
[INFO] [stdout]    |
[INFO] [stdout] 57 |         let expected: BFI = u8_to_bfi(bfi_to_u8(actual));
[INFO] [stdout]    |                       ^^^ not found in this scope
[INFO] [stdout] 
[INFO] [stdout] 
[INFO] [stdout] error[E0425]: cannot find function `bfi_to_u8` in this scope
[INFO] [stdout]   --> src/serialization.rs:47:39
[INFO] [stdout]    |
[INFO] [stdout] 1  | pub fn u16_to_u8(i: u16) -> [u8; 2] {
[INFO] [stdout]    | ----------------------------------- similarly named function `u16_to_u8` defined here
[INFO] [stdout] ...
[INFO] [stdout] 47 |         let expected: BFI = u8_to_bfi(bfi_to_u8(actual));
[INFO] [stdout]    |                                       ^^^^^^^^^ help: a function with a similar name exists: `u16_to_u8`
[INFO] [stdout] 
[INFO] [stdout] 
[INFO] [stdout] error[E0425]: cannot find function `u8_to_bfi` in this scope
[INFO] [stdout]   --> src/serialization.rs:47:29
[INFO] [stdout]    |
[INFO] [stdout] 4  | pub fn u8_to_u16(i: [u8; 2]) -> u16 {
[INFO] [stdout]    | ----------------------------------- similarly named function `u8_to_u16` defined here
[INFO] [stdout] ...
[INFO] [stdout] 47 |         let expected: BFI = u8_to_bfi(bfi_to_u8(actual));
[INFO] [stdout]    |                             ^^^^^^^^^ help: a function with a similar name exists: `u8_to_u16`
[INFO] [stdout] 
[INFO] [stdout] 
[INFO] [stdout] error[E0425]: cannot find function `bfi_to_u8` in this scope
[INFO] [stdout]   --> src/serialization.rs:52:39
[INFO] [stdout]    |
[INFO] [stdout] 1  | pub fn u16_to_u8(i: u16) -> [u8; 2] {
[INFO] [stdout]    | ----------------------------------- similarly named function `u16_to_u8` defined here
[INFO] [stdout] ...
[INFO] [stdout] 52 |         let expected: BFI = u8_to_bfi(bfi_to_u8(actual));
[INFO] [stdout]    |                                       ^^^^^^^^^ help: a function with a similar name exists: `u16_to_u8`
[INFO] [stdout] 
[INFO] [stdout] 
[INFO] [stdout] error[E0425]: cannot find function `u8_to_bfi` in this scope
[INFO] [stdout]   --> src/serialization.rs:52:29
[INFO] [stdout]    |
[INFO] [stdout] 4  | pub fn u8_to_u16(i: [u8; 2]) -> u16 {
[INFO] [stdout]    | ----------------------------------- similarly named function `u8_to_u16` defined here
[INFO] [stdout] ...
[INFO] [stdout] 52 |         let expected: BFI = u8_to_bfi(bfi_to_u8(actual));
[INFO] [stdout]    |                             ^^^^^^^^^ help: a function with a similar name exists: `u8_to_u16`
[INFO] [stdout] 
[INFO] [stdout] 
[INFO] [stdout] error[E0425]: cannot find function `bfi_to_u8` in this scope
[INFO] [stdout]   --> src/serialization.rs:57:39
[INFO] [stdout]    |
[INFO] [stdout] 1  | pub fn u16_to_u8(i: u16) -> [u8; 2] {
[INFO] [stdout]    | ----------------------------------- similarly named function `u16_to_u8` defined here
[INFO] [stdout] ...
[INFO] [stdout] 57 |         let expected: BFI = u8_to_bfi(bfi_to_u8(actual));
[INFO] [stdout]    |                                       ^^^^^^^^^ help: a function with a similar name exists: `u16_to_u8`
[INFO] [stdout] 
[INFO] [stdout] 
[INFO] [stdout] error[E0425]: cannot find function `u8_to_bfi` in this scope
[INFO] [stdout]   --> src/serialization.rs:57:29
[INFO] [stdout]    |
[INFO] [stdout] 4  | pub fn u8_to_u16(i: [u8; 2]) -> u16 {
[INFO] [stdout]    | ----------------------------------- similarly named function `u8_to_u16` defined here
[INFO] [stdout] ...
[INFO] [stdout] 57 |         let expected: BFI = u8_to_bfi(bfi_to_u8(actual));
[INFO] [stdout]    |                             ^^^^^^^^^ help: a function with a similar name exists: `u8_to_u16`
[INFO] [stdout] 
[INFO] [stdout] 
[INFO] [stdout] error: aborting due to 13 previous errors
[INFO] [stdout] 
[INFO] [stdout] 
[INFO] [stdout] Some errors have detailed explanations: E0412, E0425.
[INFO] [stdout] 
[INFO] [stdout] For more information about an error, try `rustc --explain E0412`.
[INFO] [stdout] 
[INFO] [stderr] error: could not compile `copernica-common` (lib test) due to 14 previous errors
[INFO] running `Command { std: "docker" "inspect" "ffdba40fbab477ad50003b1b2033c8abee640635ff72e366acce6c52b581017c", kill_on_drop: false }`
[INFO] running `Command { std: "docker" "rm" "-f" "ffdba40fbab477ad50003b1b2033c8abee640635ff72e366acce6c52b581017c", kill_on_drop: false }`
[INFO] [stdout] ffdba40fbab477ad50003b1b2033c8abee640635ff72e366acce6c52b581017c
