[INFO] fetching crate convolve2d 0.1.0...
[INFO] testing convolve2d-0.1.0 against 1.69.0 for beta-1.70-1
[INFO] extracting crate convolve2d 0.1.0 into /workspace/builds/worker-0-tc1/source
[INFO] validating manifest of crates.io crate convolve2d 0.1.0 on toolchain 1.69.0
[INFO] running `Command { std: CARGO_HOME="/workspace/cargo-home" RUSTUP_HOME="/workspace/rustup-home" "/workspace/cargo-home/bin/cargo" "+1.69.0" "metadata" "--manifest-path" "Cargo.toml" "--no-deps", kill_on_drop: false }`
[INFO] started tweaking crates.io crate convolve2d 0.1.0
[INFO] finished tweaking crates.io crate convolve2d 0.1.0
[INFO] tweaked toml for crates.io crate convolve2d 0.1.0 written to /workspace/builds/worker-0-tc1/source/Cargo.toml
[INFO] crate crates.io crate convolve2d 0.1.0 already has a lockfile, it will not be regenerated
[INFO] running `Command { std: CARGO_HOME="/workspace/cargo-home" RUSTUP_HOME="/workspace/rustup-home" "/workspace/cargo-home/bin/cargo" "+1.69.0" "fetch" "--manifest-path" "Cargo.toml", kill_on_drop: false }`
[INFO] [stderr]  Downloading crates ...
[INFO] [stderr]   Downloaded bytemuck v1.7.2
[INFO] [stderr]   Downloaded test-case v1.2.1
[INFO] [stderr]   Downloaded syn v1.0.82
[INFO] running `Command { std: "docker" "create" "-v" "/var/lib/crater-agent-workspace/builds/worker-0-tc1/target:/opt/rustwide/target:rw,Z" "-v" "/var/lib/crater-agent-workspace/builds/worker-0-tc1/source:/opt/rustwide/workdir:ro,Z" "-v" "/var/lib/crater-agent-workspace/cargo-home:/opt/rustwide/cargo-home:ro,Z" "-v" "/var/lib/crater-agent-workspace/rustup-home:/opt/rustwide/rustup-home:ro,Z" "-e" "SOURCE_DIR=/opt/rustwide/workdir" "-e" "CARGO_TARGET_DIR=/opt/rustwide/target" "-e" "CARGO_HOME=/opt/rustwide/cargo-home" "-e" "RUSTUP_HOME=/opt/rustwide/rustup-home" "-w" "/opt/rustwide/workdir" "-m" "1610612736" "--user" "0:0" "--network" "none" "ghcr.io/rust-lang/crates-build-env/linux@sha256:5ff2268d62e97bff2cde7d5815dd6ed5b47097566f13b8d0ca110b04b60e07ed" "/opt/rustwide/cargo-home/bin/cargo" "+1.69.0" "metadata" "--no-deps" "--format-version=1", kill_on_drop: false }`
[INFO] [stdout] 410a8eb9d733b0d7464c1cd561ff1df5d154b566d4d8a7704966bb5d74c993b3
[INFO] running `Command { std: "docker" "start" "-a" "410a8eb9d733b0d7464c1cd561ff1df5d154b566d4d8a7704966bb5d74c993b3", kill_on_drop: false }`
[INFO] running `Command { std: "docker" "inspect" "410a8eb9d733b0d7464c1cd561ff1df5d154b566d4d8a7704966bb5d74c993b3", kill_on_drop: false }`
[INFO] running `Command { std: "docker" "rm" "-f" "410a8eb9d733b0d7464c1cd561ff1df5d154b566d4d8a7704966bb5d74c993b3", kill_on_drop: false }`
[INFO] [stdout] 410a8eb9d733b0d7464c1cd561ff1df5d154b566d4d8a7704966bb5d74c993b3
[INFO] running `Command { std: "docker" "create" "-v" "/var/lib/crater-agent-workspace/builds/worker-0-tc1/target:/opt/rustwide/target:rw,Z" "-v" "/var/lib/crater-agent-workspace/builds/worker-0-tc1/source:/opt/rustwide/workdir:ro,Z" "-v" "/var/lib/crater-agent-workspace/cargo-home:/opt/rustwide/cargo-home:ro,Z" "-v" "/var/lib/crater-agent-workspace/rustup-home:/opt/rustwide/rustup-home:ro,Z" "-e" "SOURCE_DIR=/opt/rustwide/workdir" "-e" "CARGO_TARGET_DIR=/opt/rustwide/target" "-e" "CARGO_INCREMENTAL=0" "-e" "RUST_BACKTRACE=full" "-e" "RUSTFLAGS=--cap-lints=warn" "-e" "RUSTDOCFLAGS=--cap-lints=warn" "-e" "CARGO_HOME=/opt/rustwide/cargo-home" "-e" "RUSTUP_HOME=/opt/rustwide/rustup-home" "-w" "/opt/rustwide/workdir" "-m" "1610612736" "--user" "0:0" "--network" "none" "ghcr.io/rust-lang/crates-build-env/linux@sha256:5ff2268d62e97bff2cde7d5815dd6ed5b47097566f13b8d0ca110b04b60e07ed" "/opt/rustwide/cargo-home/bin/cargo" "+1.69.0" "build" "--frozen" "--message-format=json", kill_on_drop: false }`
[INFO] [stdout] 9cc59f559cd53f7c0b7bcc970f60d71555bdb92af802644b5e93c42d9fafd356
[INFO] running `Command { std: "docker" "start" "-a" "9cc59f559cd53f7c0b7bcc970f60d71555bdb92af802644b5e93c42d9fafd356", kill_on_drop: false }`
[INFO] [stderr]    Compiling autocfg v1.0.1
[INFO] [stderr]    Compiling crossbeam-utils v0.8.5
[INFO] [stderr]    Compiling crossbeam-epoch v0.9.5
[INFO] [stderr]    Compiling libc v0.2.108
[INFO] [stderr]    Compiling rayon-core v1.9.1
[INFO] [stderr]    Compiling either v1.6.1
[INFO] [stderr]    Compiling memoffset v0.6.4
[INFO] [stderr]    Compiling rayon v1.5.1
[INFO] [stderr]    Compiling crossbeam-channel v0.5.1
[INFO] [stderr]    Compiling num_cpus v1.13.0
[INFO] [stderr]    Compiling crossbeam-deque v0.8.1
[INFO] [stderr]    Compiling convolve2d v0.1.0 (/opt/rustwide/workdir)
[INFO] [stderr]     Finished dev [unoptimized + debuginfo] target(s) in 6.15s
[INFO] running `Command { std: "docker" "inspect" "9cc59f559cd53f7c0b7bcc970f60d71555bdb92af802644b5e93c42d9fafd356", kill_on_drop: false }`
[INFO] running `Command { std: "docker" "rm" "-f" "9cc59f559cd53f7c0b7bcc970f60d71555bdb92af802644b5e93c42d9fafd356", kill_on_drop: false }`
[INFO] [stdout] 9cc59f559cd53f7c0b7bcc970f60d71555bdb92af802644b5e93c42d9fafd356
[INFO] running `Command { std: "docker" "create" "-v" "/var/lib/crater-agent-workspace/builds/worker-0-tc1/target:/opt/rustwide/target:rw,Z" "-v" "/var/lib/crater-agent-workspace/builds/worker-0-tc1/source:/opt/rustwide/workdir:ro,Z" "-v" "/var/lib/crater-agent-workspace/cargo-home:/opt/rustwide/cargo-home:ro,Z" "-v" "/var/lib/crater-agent-workspace/rustup-home:/opt/rustwide/rustup-home:ro,Z" "-e" "SOURCE_DIR=/opt/rustwide/workdir" "-e" "CARGO_TARGET_DIR=/opt/rustwide/target" "-e" "CARGO_INCREMENTAL=0" "-e" "RUST_BACKTRACE=full" "-e" "RUSTFLAGS=--cap-lints=warn" "-e" "RUSTDOCFLAGS=--cap-lints=warn" "-e" "CARGO_HOME=/opt/rustwide/cargo-home" "-e" "RUSTUP_HOME=/opt/rustwide/rustup-home" "-w" "/opt/rustwide/workdir" "-m" "1610612736" "--user" "0:0" "--network" "none" "ghcr.io/rust-lang/crates-build-env/linux@sha256:5ff2268d62e97bff2cde7d5815dd6ed5b47097566f13b8d0ca110b04b60e07ed" "/opt/rustwide/cargo-home/bin/cargo" "+1.69.0" "test" "--frozen" "--no-run" "--message-format=json", kill_on_drop: false }`
[INFO] [stdout] 2cdd9c9efc632fe589a4d56df4d95f110c5625f62345a13a016288fc1d1242f7
[INFO] running `Command { std: "docker" "start" "-a" "2cdd9c9efc632fe589a4d56df4d95f110c5625f62345a13a016288fc1d1242f7", kill_on_drop: false }`
[INFO] [stderr]    Compiling version_check v0.9.3
[INFO] [stderr]    Compiling proc-macro2 v1.0.32
[INFO] [stderr]    Compiling unicode-xid v0.2.2
[INFO] [stderr]    Compiling syn v1.0.82
[INFO] [stderr]    Compiling unicode-segmentation v1.8.0
[INFO] [stderr]    Compiling atty v0.2.14
[INFO] [stderr]    Compiling strsim v0.8.0
[INFO] [stderr]    Compiling textwrap v0.11.0
[INFO] [stderr]    Compiling vec_map v0.8.2
[INFO] [stderr]    Compiling clap v2.34.0
[INFO] [stderr]    Compiling proc-macro-error-attr v1.0.4
[INFO] [stderr]    Compiling proc-macro-error v1.0.4
[INFO] [stderr]    Compiling test-case v1.2.1
[INFO] [stderr]    Compiling heck v0.3.3
[INFO] [stderr]    Compiling quote v1.0.10
[INFO] [stderr]    Compiling structopt-derive v0.4.18
[INFO] [stderr]    Compiling structopt v0.3.25
[INFO] [stderr]    Compiling convolve2d v0.1.0 (/opt/rustwide/workdir)
[INFO] [stdout] error[E0433]: failed to resolve: use of undeclared crate or module `image`
[INFO] [stdout]  --> examples/blur.rs:5:5
[INFO] [stdout]   |
[INFO] [stdout] 5 | use image::{io::Reader as ImageReader, RgbImage};
[INFO] [stdout]   |     ^^^^^ use of undeclared crate or module `image`
[INFO] [stdout] 
[INFO] [stdout] 
[INFO] [stdout] error[E0432]: unresolved import `image`
[INFO] [stdout]  --> examples/blur.rs:5:5
[INFO] [stdout]   |
[INFO] [stdout] 5 | use image::{io::Reader as ImageReader, RgbImage};
[INFO] [stdout]   |     ^^^^^ use of undeclared crate or module `image`
[INFO] [stdout] 
[INFO] [stdout] 
[INFO] [stdout] error[E0433]: failed to resolve: use of undeclared crate or module `image`
[INFO] [stdout]  --> examples/edge_detection.rs:4:5
[INFO] [stdout]   |
[INFO] [stdout] 4 | use image::{io::Reader as ImageReader, GrayImage};
[INFO] [stdout]   |     ^^^^^ use of undeclared crate or module `image`
[INFO] [stdout] 
[INFO] [stdout] 
[INFO] [stdout] error[E0432]: unresolved import `image`
[INFO] [stdout]  --> examples/edge_detection.rs:4:5
[INFO] [stdout]   |
[INFO] [stdout] 4 | use image::{io::Reader as ImageReader, GrayImage};
[INFO] [stdout]   |     ^^^^^ use of undeclared crate or module `image`
[INFO] [stdout] 
[INFO] [stdout] 
[INFO] [stdout] error: aborting due to 2 previous errors
[INFO] [stdout] 
[INFO] [stdout] 
[INFO] [stdout] Some errors have detailed explanations: E0432, E0433.
[INFO] [stdout] 
[INFO] [stdout] For more information about an error, try `rustc --explain E0432`.
[INFO] [stdout] 
[INFO] [stderr] error: could not compile `convolve2d` due to 3 previous errors
[INFO] [stderr] warning: build failed, waiting for other jobs to finish...
[INFO] [stdout] error: aborting due to 2 previous errors
[INFO] [stdout] 
[INFO] [stdout] 
[INFO] [stdout] Some errors have detailed explanations: E0432, E0433.
[INFO] [stdout] 
[INFO] [stdout] For more information about an error, try `rustc --explain E0432`.
[INFO] [stdout] 
[INFO] [stderr] error: could not compile `convolve2d` due to 3 previous errors
[INFO] running `Command { std: "docker" "inspect" "2cdd9c9efc632fe589a4d56df4d95f110c5625f62345a13a016288fc1d1242f7", kill_on_drop: false }`
[INFO] running `Command { std: "docker" "rm" "-f" "2cdd9c9efc632fe589a4d56df4d95f110c5625f62345a13a016288fc1d1242f7", kill_on_drop: false }`
[INFO] [stdout] 2cdd9c9efc632fe589a4d56df4d95f110c5625f62345a13a016288fc1d1242f7
