[INFO] fetching crate constat 0.1.5...
[INFO] testing constat-0.1.5 against beta-2023-04-20 for beta-1.70-1
[INFO] extracting crate constat 0.1.5 into /workspace/builds/worker-6-tc2/source
[INFO] validating manifest of crates.io crate constat 0.1.5 on toolchain beta-2023-04-20
[INFO] running `Command { std: CARGO_HOME="/workspace/cargo-home" RUSTUP_HOME="/workspace/rustup-home" "/workspace/cargo-home/bin/cargo" "+beta-2023-04-20" "metadata" "--manifest-path" "Cargo.toml" "--no-deps", kill_on_drop: false }`
[INFO] started tweaking crates.io crate constat 0.1.5
[INFO] finished tweaking crates.io crate constat 0.1.5
[INFO] tweaked toml for crates.io crate constat 0.1.5 written to /workspace/builds/worker-6-tc2/source/Cargo.toml
[INFO] crate crates.io crate constat 0.1.5 already has a lockfile, it will not be regenerated
[INFO] running `Command { std: CARGO_HOME="/workspace/cargo-home" RUSTUP_HOME="/workspace/rustup-home" "/workspace/cargo-home/bin/cargo" "+beta-2023-04-20" "fetch" "--manifest-path" "Cargo.toml", kill_on_drop: false }`
[INFO] [stderr]     Updating crates.io index
[INFO] [stderr]  Downloading crates ...
[INFO] [stderr]   Downloaded pathfinder_geometry v0.5.1
[INFO] [stderr]   Downloaded cmake v0.1.44
[INFO] [stderr]   Downloaded memoffset v0.5.4
[INFO] [stderr]   Downloaded pathfinder_simd v0.5.0
[INFO] [stderr]   Downloaded jobserver v0.1.21
[INFO] [stderr]   Downloaded proc-macro2 v1.0.13
[INFO] [stderr]   Downloaded freetype v0.4.1
[INFO] [stderr]   Downloaded terminal_size v0.1.12
[INFO] [stderr]   Downloaded wasm-bindgen-backend v0.2.62
[INFO] [stderr]   Downloaded cpuprofiler v0.0.4
[INFO] [stderr]   Downloaded deflate v0.8.4
[INFO] [stderr]   Downloaded console v0.11.3
[INFO] [stderr]   Downloaded open v1.4.0
[INFO] [stderr]   Downloaded wasm-bindgen-macro v0.2.62
[INFO] [stderr]   Downloaded termios v0.3.2
[INFO] [stderr]   Downloaded core-graphics v0.19.0
[INFO] [stderr]   Downloaded servo-fontconfig v0.4.0
[INFO] [stderr]   Downloaded openssl-sys v0.9.56
[INFO] [stderr]   Downloaded rust-argon2 v0.7.0
[INFO] [stderr]   Downloaded core-text v15.0.0
[INFO] [stderr]   Downloaded error-chain v0.12.2
[INFO] [stderr]   Downloaded addr2line v0.12.1
[INFO] [stderr]   Downloaded js-sys v0.3.39
[INFO] [stderr]   Downloaded backtrace v0.3.48
[INFO] [stderr]   Downloaded bumpalo v3.3.0
[INFO] [stderr]   Downloaded git2 v0.10.2
[INFO] [stderr]   Downloaded wasm-bindgen v0.2.62
[INFO] [stderr]   Downloaded quote v1.0.6
[INFO] [stderr]   Downloaded blake2b_simd v0.5.10
[INFO] [stderr]   Downloaded object v0.19.0
[INFO] [stderr]   Downloaded jpeg-decoder v0.1.19
[INFO] [stderr]   Downloaded image v0.23.4
[INFO] [stderr]   Downloaded rusttype v0.8.3
[INFO] [stderr]   Downloaded crossbeam-deque v0.7.3
[INFO] [stderr]   Downloaded redox_users v0.3.4
[INFO] [stderr]   Downloaded cc v1.0.53
[INFO] [stderr]   Downloaded font-kit v0.6.0
[INFO] [stderr]   Downloaded libssh2-sys v0.2.17
[INFO] [stderr]   Downloaded libc v0.2.70
[INFO] [stderr]   Downloaded ppv-lite86 v0.2.8
[INFO] [stderr]   Downloaded wasm-bindgen-shared v0.2.62
[INFO] [stderr]   Downloaded indicatif v0.12.0
[INFO] [stderr]   Downloaded float-ord v0.2.0
[INFO] [stderr]   Downloaded syn v1.0.22
[INFO] [stderr]   Downloaded wasm-bindgen-macro-support v0.2.62
[INFO] [stderr]   Downloaded hermit-abi v0.1.13
[INFO] [stderr]   Downloaded libz-sys v1.0.25
[INFO] [stderr]   Downloaded web-sys v0.3.39
[INFO] [stderr]   Downloaded dirs-sys v0.3.4
[INFO] [stderr]   Downloaded gimli v0.21.0
[INFO] [stderr]   Downloaded png v0.16.3
[INFO] [stderr]   Downloaded dwrote v0.10.0
[INFO] [stderr]   Downloaded servo-fontconfig-sys v4.0.9
[INFO] [stderr]   Downloaded libgit2-sys v0.9.2
[INFO] [stderr]   Downloaded servo-freetype-sys v4.0.5
[INFO] [stderr]   Downloaded plotters v0.2.14
[INFO] running `Command { std: "docker" "create" "-v" "/var/lib/crater-agent-workspace/builds/worker-6-tc2/target:/opt/rustwide/target:rw,Z" "-v" "/var/lib/crater-agent-workspace/builds/worker-6-tc2/source:/opt/rustwide/workdir:ro,Z" "-v" "/var/lib/crater-agent-workspace/cargo-home:/opt/rustwide/cargo-home:ro,Z" "-v" "/var/lib/crater-agent-workspace/rustup-home:/opt/rustwide/rustup-home:ro,Z" "-e" "SOURCE_DIR=/opt/rustwide/workdir" "-e" "CARGO_TARGET_DIR=/opt/rustwide/target" "-e" "CARGO_HOME=/opt/rustwide/cargo-home" "-e" "RUSTUP_HOME=/opt/rustwide/rustup-home" "-w" "/opt/rustwide/workdir" "-m" "1610612736" "--user" "0:0" "--network" "none" "ghcr.io/rust-lang/crates-build-env/linux@sha256:5ff2268d62e97bff2cde7d5815dd6ed5b47097566f13b8d0ca110b04b60e07ed" "/opt/rustwide/cargo-home/bin/cargo" "+beta-2023-04-20" "metadata" "--no-deps" "--format-version=1", kill_on_drop: false }`
[INFO] [stdout] 40e208d0938f247c6545026e57a4b3152670f42a8e6572099f586c5991146576
[INFO] running `Command { std: "docker" "start" "-a" "40e208d0938f247c6545026e57a4b3152670f42a8e6572099f586c5991146576", kill_on_drop: false }`
[INFO] running `Command { std: "docker" "inspect" "40e208d0938f247c6545026e57a4b3152670f42a8e6572099f586c5991146576", kill_on_drop: false }`
[INFO] running `Command { std: "docker" "rm" "-f" "40e208d0938f247c6545026e57a4b3152670f42a8e6572099f586c5991146576", kill_on_drop: false }`
[INFO] [stdout] 40e208d0938f247c6545026e57a4b3152670f42a8e6572099f586c5991146576
[INFO] running `Command { std: "docker" "create" "-v" "/var/lib/crater-agent-workspace/builds/worker-6-tc2/target:/opt/rustwide/target:rw,Z" "-v" "/var/lib/crater-agent-workspace/builds/worker-6-tc2/source:/opt/rustwide/workdir:ro,Z" "-v" "/var/lib/crater-agent-workspace/cargo-home:/opt/rustwide/cargo-home:ro,Z" "-v" "/var/lib/crater-agent-workspace/rustup-home:/opt/rustwide/rustup-home:ro,Z" "-e" "SOURCE_DIR=/opt/rustwide/workdir" "-e" "CARGO_TARGET_DIR=/opt/rustwide/target" "-e" "CARGO_INCREMENTAL=0" "-e" "RUST_BACKTRACE=full" "-e" "RUSTFLAGS=--cap-lints=warn" "-e" "RUSTDOCFLAGS=--cap-lints=warn" "-e" "CARGO_HOME=/opt/rustwide/cargo-home" "-e" "RUSTUP_HOME=/opt/rustwide/rustup-home" "-w" "/opt/rustwide/workdir" "-m" "1610612736" "--user" "0:0" "--network" "none" "ghcr.io/rust-lang/crates-build-env/linux@sha256:5ff2268d62e97bff2cde7d5815dd6ed5b47097566f13b8d0ca110b04b60e07ed" "/opt/rustwide/cargo-home/bin/cargo" "+beta-2023-04-20" "build" "--frozen" "--message-format=json", kill_on_drop: false }`
[INFO] [stdout] c03bcb36807c280e6c6a50fe9331264de4a81690313f15cf982d2fb48568562c
[INFO] running `Command { std: "docker" "start" "-a" "c03bcb36807c280e6c6a50fe9331264de4a81690313f15cf982d2fb48568562c", kill_on_drop: false }`
[INFO] [stderr]    Compiling libc v0.2.70
[INFO] [stderr]    Compiling autocfg v1.0.0
[INFO] [stderr]    Compiling pkg-config v0.3.17
[INFO] [stderr]    Compiling getrandom v0.1.14
[INFO] [stderr]    Compiling maybe-uninit v2.0.0
[INFO] [stderr]    Compiling log v0.4.8
[INFO] [stderr]    Compiling adler32 v1.0.4
[INFO] [stderr]    Compiling crc32fast v1.2.0
[INFO] [stderr]    Compiling version_check v0.9.1
[INFO] [stderr]    Compiling gimli v0.21.0
[INFO] [stderr]    Compiling smallvec v1.4.0
[INFO] [stderr]    Compiling unicode-width v0.1.7
[INFO] [stderr]    Compiling matches v0.1.8
[INFO] [stderr]    Compiling pathfinder_simd v0.5.0
[INFO] [stderr]    Compiling object v0.19.0
[INFO] [stderr]    Compiling rustc-demangle v0.1.16
[INFO] [stderr]    Compiling deflate v0.8.4
[INFO] [stderr]    Compiling inflate v0.4.5
[INFO] [stderr]    Compiling unicode-bidi v0.3.4
[INFO] [stderr]    Compiling unicode-normalization v0.1.12
[INFO] [stderr]    Compiling regex-syntax v0.6.17
[INFO] [stderr]    Compiling num-traits v0.2.11
[INFO] [stderr]    Compiling num-integer v0.1.42
[INFO] [stderr]    Compiling crossbeam-utils v0.7.2
[INFO] [stderr]    Compiling memoffset v0.5.4
[INFO] [stderr]    Compiling servo-fontconfig-sys v4.0.9
[INFO] [stderr]    Compiling crossbeam-epoch v0.8.2
[INFO] [stderr]    Compiling num-iter v0.1.40
[INFO] [stderr]    Compiling num-rational v0.2.4
[INFO] [stderr]    Compiling jobserver v0.1.21
[INFO] [stderr]    Compiling dirs-sys v0.3.4
[INFO] [stderr]    Compiling error-chain v0.12.2
[INFO] [stderr]    Compiling ppv-lite86 v0.2.8
[INFO] [stderr]    Compiling rayon-core v1.7.0
[INFO] [stderr]    Compiling rand_core v0.5.1
[INFO] [stderr]    Compiling dirs v2.0.2
[INFO] [stderr]    Compiling cc v1.0.53
[INFO] [stderr]    Compiling png v0.16.3
[INFO] [stderr]    Compiling pathfinder_geometry v0.5.1
[INFO] [stderr]    Compiling termios v0.3.2
[INFO] [stderr]    Compiling terminal_size v0.1.12
[INFO] [stderr]    Compiling rand_chacha v0.2.2
[INFO] [stderr]    Compiling time v0.1.43
[INFO] [stderr]    Compiling num_cpus v1.13.0
[INFO] [stderr]    Compiling regex v1.3.7
[INFO] [stderr]    Compiling idna v0.2.0
[INFO] [stderr]    Compiling cpuprofiler v0.0.4
[INFO] [stderr]    Compiling jpeg-decoder v0.1.19
[INFO] [stderr]    Compiling cmake v0.1.44
[INFO] [stderr]    Compiling approx v0.3.2
[INFO] [stderr]    Compiling addr2line v0.12.1
[INFO] [stderr]    Compiling crossbeam-deque v0.7.3
[INFO] [stderr]    Compiling ordered-float v1.0.2
[INFO] [stderr]    Compiling crossbeam-queue v0.2.1
[INFO] [stderr]    Compiling stb_truetype v0.3.1
[INFO] [stderr]    Compiling backtrace v0.3.48
[INFO] [stderr]    Compiling percent-encoding v2.1.0
[INFO] [stderr]    Compiling bytemuck v1.2.0
[INFO] [stderr]    Compiling float-ord v0.2.0
[INFO] [stderr]    Compiling console v0.11.3
[INFO] [stderr]    Compiling url v2.1.1
[INFO] [stderr]    Compiling chrono v0.4.11
[INFO] [stderr]    Compiling image v0.23.4
[INFO] [stderr]    Compiling servo-freetype-sys v4.0.5
[INFO] [stderr]    Compiling openssl-sys v0.9.56
[INFO] [stderr]    Compiling expat-sys v2.1.6
[INFO] [stderr]    Compiling libz-sys v1.0.25
[INFO] [stderr]    Compiling libssh2-sys v0.2.17
[INFO] [stderr]    Compiling libgit2-sys v0.9.2
[INFO] [stderr]    Compiling freetype v0.4.1
[INFO] [stderr]    Compiling rusttype v0.8.3
[INFO] [stderr]    Compiling servo-fontconfig v0.4.0
[INFO] [stderr]    Compiling rand v0.7.3
[INFO] [stderr]    Compiling font-kit v0.6.0
[INFO] [stderr] The following warnings were emitted during compilation:
[INFO] [stderr] 
[INFO] [stderr] warning: build/expando.c:4:24: error: pasting "RUST_VERSION_OPENSSL_" and "(" does not give a valid preprocessing token
[INFO] [stderr] warning:     4 | #define VERSION2(n, v) RUST_VERSION_##n##_##v
[INFO] [stderr] warning:       |                        ^~~~~~~~~~~~~
[INFO] [stderr] warning: build/expando.c:5:23: note: in expansion of macro 'VERSION2'
[INFO] [stderr] warning:     5 | #define VERSION(n, v) VERSION2(n, v)
[INFO] [stderr] warning:       |                       ^~~~~~~~
[INFO] [stderr] warning: build/expando.c:10:1: note: in expansion of macro 'VERSION'
[INFO] [stderr] warning:    10 | VERSION(OPENSSL, OPENSSL_VERSION_NUMBER)
[INFO] [stderr] warning:       | ^~~~~~~
[INFO] [stderr] 
[INFO] [stderr] error: failed to run custom build command for `openssl-sys v0.9.56`
[INFO] [stderr] note: To improve backtraces for build dependencies, set the CARGO_PROFILE_DEV_BUILD_OVERRIDE_DEBUG=true environment variable to enable debug information generation.
[INFO] [stderr] 
[INFO] [stderr] Caused by:
[INFO] [stderr]   process didn't exit successfully: `/opt/rustwide/target/debug/build/openssl-sys-1f2fb7191db104fb/build-script-main` (exit status: 101)
[INFO] [stderr]   --- stdout
[INFO] [stderr]   cargo:rustc-cfg=const_fn
[INFO] [stderr]   cargo:rerun-if-env-changed=X86_64_UNKNOWN_LINUX_GNU_OPENSSL_LIB_DIR
[INFO] [stderr]   X86_64_UNKNOWN_LINUX_GNU_OPENSSL_LIB_DIR unset
[INFO] [stderr]   cargo:rerun-if-env-changed=OPENSSL_LIB_DIR
[INFO] [stderr]   OPENSSL_LIB_DIR unset
[INFO] [stderr]   cargo:rerun-if-env-changed=X86_64_UNKNOWN_LINUX_GNU_OPENSSL_INCLUDE_DIR
[INFO] [stderr]   X86_64_UNKNOWN_LINUX_GNU_OPENSSL_INCLUDE_DIR unset
[INFO] [stderr]   cargo:rerun-if-env-changed=OPENSSL_INCLUDE_DIR
[INFO] [stderr]   OPENSSL_INCLUDE_DIR unset
[INFO] [stderr]   cargo:rerun-if-env-changed=X86_64_UNKNOWN_LINUX_GNU_OPENSSL_DIR
[INFO] [stderr]   X86_64_UNKNOWN_LINUX_GNU_OPENSSL_DIR unset
[INFO] [stderr]   cargo:rerun-if-env-changed=OPENSSL_DIR
[INFO] [stderr]   OPENSSL_DIR unset
[INFO] [stderr]   cargo:rustc-link-lib=ssl
[INFO] [stderr]   cargo:rustc-link-lib=crypto
[INFO] [stderr]   OPT_LEVEL = Some("0")
[INFO] [stderr]   TARGET = Some("x86_64-unknown-linux-gnu")
[INFO] [stderr]   HOST = Some("x86_64-unknown-linux-gnu")
[INFO] [stderr]   CC_x86_64-unknown-linux-gnu = None
[INFO] [stderr]   CC_x86_64_unknown_linux_gnu = None
[INFO] [stderr]   HOST_CC = None
[INFO] [stderr]   CC = None
[INFO] [stderr]   CFLAGS_x86_64-unknown-linux-gnu = None
[INFO] [stderr]   CFLAGS_x86_64_unknown_linux_gnu = None
[INFO] [stderr]   HOST_CFLAGS = None
[INFO] [stderr]   CFLAGS = None
[INFO] [stderr]   CRATE_CC_NO_DEFAULTS = None
[INFO] [stderr]   DEBUG = Some("true")
[INFO] [stderr]   CARGO_CFG_TARGET_FEATURE = Some("fxsr,sse,sse2")
[INFO] [stderr]   running: "cc" "-O0" "-ffunction-sections" "-fdata-sections" "-fPIC" "-g" "-fno-omit-frame-pointer" "-m64" "-I" "/usr/include" "-Wall" "-Wextra" "-E" "build/expando.c"
[INFO] [stderr]   cargo:warning=build/expando.c:4:24: error: pasting "RUST_VERSION_OPENSSL_" and "(" does not give a valid preprocessing token
[INFO] [stderr]   cargo:warning=    4 | #define VERSION2(n, v) RUST_VERSION_##n##_##v
[INFO] [stderr]   cargo:warning=      |                        ^~~~~~~~~~~~~
[INFO] [stderr]   cargo:warning=build/expando.c:5:23: note: in expansion of macro 'VERSION2'
[INFO] [stderr]   cargo:warning=    5 | #define VERSION(n, v) VERSION2(n, v)
[INFO] [stderr]   cargo:warning=      |                       ^~~~~~~~
[INFO] [stderr]   cargo:warning=build/expando.c:10:1: note: in expansion of macro 'VERSION'
[INFO] [stderr]   cargo:warning=   10 | VERSION(OPENSSL, OPENSSL_VERSION_NUMBER)
[INFO] [stderr]   cargo:warning=      | ^~~~~~~
[INFO] [stderr]   exit status: 1
[INFO] [stderr] 
[INFO] [stderr]   --- stderr
[INFO] [stderr]   thread 'main' panicked at '
[INFO] [stderr]   Header expansion error:
[INFO] [stderr]   Error { kind: ToolExecError, message: "Command \"cc\" \"-O0\" \"-ffunction-sections\" \"-fdata-sections\" \"-fPIC\" \"-g\" \"-fno-omit-frame-pointer\" \"-m64\" \"-I\" \"/usr/include\" \"-Wall\" \"-Wextra\" \"-E\" \"build/expando.c\" with args \"cc\" did not execute successfully (status code exit status: 1)." }
[INFO] [stderr] 
[INFO] [stderr]   Failed to find OpenSSL development headers.
[INFO] [stderr] 
[INFO] [stderr]   You can try fixing this setting the `OPENSSL_DIR` environment variable
[INFO] [stderr]   pointing to your OpenSSL installation or installing OpenSSL headers package
[INFO] [stderr]   specific to your distribution:
[INFO] [stderr] 
[INFO] [stderr]       # On Ubuntu
[INFO] [stderr]       sudo apt-get install libssl-dev
[INFO] [stderr]       # On Arch Linux
[INFO] [stderr]       sudo pacman -S openssl
[INFO] [stderr]       # On Fedora
[INFO] [stderr]       sudo dnf install openssl-devel
[INFO] [stderr] 
[INFO] [stderr]   See rust-openssl README for more information:
[INFO] [stderr] 
[INFO] [stderr]       https://github.com/sfackler/rust-openssl#linux
[INFO] [stderr]   ', /opt/rustwide/cargo-home/registry/src/index.crates.io-6f17d22bba15001f/openssl-sys-0.9.56/build/main.rs:138:13
[INFO] [stderr]   stack backtrace:
[INFO] [stderr]      0:     0x55f2289e8b1a - std::backtrace_rs::backtrace::libunwind::trace::h2f05d0192276a8f6
[INFO] [stderr]                                  at /rustc/1b7dd2252b99671ce5d1cb9664c5f8636329436d/library/std/src/../../backtrace/src/backtrace/libunwind.rs:93:5
[INFO] [stderr]      1:     0x55f2289e8b1a - std::backtrace_rs::backtrace::trace_unsynchronized::hedc23dff7a1af150
[INFO] [stderr]                                  at /rustc/1b7dd2252b99671ce5d1cb9664c5f8636329436d/library/std/src/../../backtrace/src/backtrace/mod.rs:66:5
[INFO] [stderr]      2:     0x55f2289e8b1a - std::sys_common::backtrace::_print_fmt::h17541ef7592f3ce2
[INFO] [stderr]                                  at /rustc/1b7dd2252b99671ce5d1cb9664c5f8636329436d/library/std/src/sys_common/backtrace.rs:65:5
[INFO] [stderr]      3:     0x55f2289e8b1a - <std::sys_common::backtrace::_print::DisplayBacktrace as core::fmt::Display>::fmt::h20f75df5ab0c0792
[INFO] [stderr]                                  at /rustc/1b7dd2252b99671ce5d1cb9664c5f8636329436d/library/std/src/sys_common/backtrace.rs:44:22
[INFO] [stderr]      4:     0x55f228a092af - core::fmt::write::h78109e6f466b3af6
[INFO] [stderr]                                  at /rustc/1b7dd2252b99671ce5d1cb9664c5f8636329436d/library/core/src/fmt/mod.rs:1254:17
[INFO] [stderr]      5:     0x55f2289e5d35 - std::io::Write::write_fmt::hc59e1b02dd273c8a
[INFO] [stderr]                                  at /rustc/1b7dd2252b99671ce5d1cb9664c5f8636329436d/library/std/src/io/mod.rs:1698:15
[INFO] [stderr]      6:     0x55f2289e88e5 - std::sys_common::backtrace::_print::h8dac57a9f8fbf9a5
[INFO] [stderr]                                  at /rustc/1b7dd2252b99671ce5d1cb9664c5f8636329436d/library/std/src/sys_common/backtrace.rs:47:5
[INFO] [stderr]      7:     0x55f2289e88e5 - std::sys_common::backtrace::print::hf9ecbf41d1aa712f
[INFO] [stderr]                                  at /rustc/1b7dd2252b99671ce5d1cb9664c5f8636329436d/library/std/src/sys_common/backtrace.rs:34:9
[INFO] [stderr]      8:     0x55f2289ea1ae - std::panicking::default_hook::{{closure}}::h04c07acfc84ca028
[INFO] [stderr]                                  at /rustc/1b7dd2252b99671ce5d1cb9664c5f8636329436d/library/std/src/panicking.rs:269:22
[INFO] [stderr]      9:     0x55f2289e9f55 - std::panicking::default_hook::h01f6bb23e1eceb2c
[INFO] [stderr]                                  at /rustc/1b7dd2252b99671ce5d1cb9664c5f8636329436d/library/std/src/panicking.rs:288:9
[INFO] [stderr]     10:     0x55f2289ea70e - std::panicking::rust_panic_with_hook::h2bb3722bbaf2f6df
[INFO] [stderr]                                  at /rustc/1b7dd2252b99671ce5d1cb9664c5f8636329436d/library/std/src/panicking.rs:691:13
[INFO] [stderr]     11:     0x55f2289ea609 - std::panicking::begin_panic_handler::{{closure}}::h91bc7f36a4be011b
[INFO] [stderr]                                  at /rustc/1b7dd2252b99671ce5d1cb9664c5f8636329436d/library/std/src/panicking.rs:582:13
[INFO] [stderr]     12:     0x55f2289e8f86 - std::sys_common::backtrace::__rust_end_short_backtrace::h8b3d3717114f9e59
[INFO] [stderr]                                  at /rustc/1b7dd2252b99671ce5d1cb9664c5f8636329436d/library/std/src/sys_common/backtrace.rs:150:18
[INFO] [stderr]     13:     0x55f2289ea362 - rust_begin_unwind
[INFO] [stderr]                                  at /rustc/1b7dd2252b99671ce5d1cb9664c5f8636329436d/library/std/src/panicking.rs:578:5
[INFO] [stderr]     14:     0x55f2289587f3 - core::panicking::panic_fmt::hfd368e3fbdabea26
[INFO] [stderr]                                  at /rustc/1b7dd2252b99671ce5d1cb9664c5f8636329436d/library/core/src/panicking.rs:67:14
[INFO] [stderr]     15:     0x55f22895ba28 - build_script_main::validate_headers::h915dc1054443f5b0
[INFO] [stderr]     16:     0x55f228964e86 - build_script_main::find_normal::try_pkg_config::h8e0b140f220a7dd0
[INFO] [stderr]     17:     0x55f228963bb6 - build_script_main::find_normal::find_openssl_dir::hc5effd2275d9c853
[INFO] [stderr]     18:     0x55f228963a02 - build_script_main::find_normal::get_openssl::{{closure}}::h9015356923de7e5c
[INFO] [stderr]     19:     0x55f228962f8a - core::option::Option<T>::unwrap_or_else::h8dce2b0f40a3375e
[INFO] [stderr]     20:     0x55f228963700 - build_script_main::find_normal::get_openssl::h8778d34181845789
[INFO] [stderr]     21:     0x55f22895a74d - build_script_main::find_openssl::h5f470212db5fa2fb
[INFO] [stderr]     22:     0x55f22895a825 - build_script_main::main::h25f480a481ddb106
[INFO] [stderr]     23:     0x55f22895db93 - core::ops::function::FnOnce::call_once::hc46ac2fe52933805
[INFO] [stderr]     24:     0x55f2289654c6 - std::sys_common::backtrace::__rust_begin_short_backtrace::h67fa7a75f9ea87fe
[INFO] [stderr]     25:     0x55f228961a49 - std::rt::lang_start::{{closure}}::h25868d02930169e8
[INFO] [stderr]     26:     0x55f2289e298e - core::ops::function::impls::<impl core::ops::function::FnOnce<A> for &F>::call_once::h2eb19b8ce4148df4
[INFO] [stderr]                                  at /rustc/1b7dd2252b99671ce5d1cb9664c5f8636329436d/library/core/src/ops/function.rs:287:13
[INFO] [stderr]     27:     0x55f2289e298e - std::panicking::try::do_call::h2e900feff5d504c5
[INFO] [stderr]                                  at /rustc/1b7dd2252b99671ce5d1cb9664c5f8636329436d/library/std/src/panicking.rs:485:40
[INFO] [stderr]     28:     0x55f2289e298e - std::panicking::try::h8854836cb85aa9f2
[INFO] [stderr]                                  at /rustc/1b7dd2252b99671ce5d1cb9664c5f8636329436d/library/std/src/panicking.rs:449:19
[INFO] [stderr]     29:     0x55f2289e298e - std::panic::catch_unwind::h706025dd4c48f64b
[INFO] [stderr]                                  at /rustc/1b7dd2252b99671ce5d1cb9664c5f8636329436d/library/std/src/panic.rs:140:14
[INFO] [stderr]     30:     0x55f2289e298e - std::rt::lang_start_internal::{{closure}}::h7be5b97f4a07a91a
[INFO] [stderr]                                  at /rustc/1b7dd2252b99671ce5d1cb9664c5f8636329436d/library/std/src/rt.rs:148:48
[INFO] [stderr]     31:     0x55f2289e298e - std::panicking::try::do_call::h59847e9d0a176965
[INFO] [stderr]                                  at /rustc/1b7dd2252b99671ce5d1cb9664c5f8636329436d/library/std/src/panicking.rs:485:40
[INFO] [stderr]     32:     0x55f2289e298e - std::panicking::try::h399a918ba8522823
[INFO] [stderr]                                  at /rustc/1b7dd2252b99671ce5d1cb9664c5f8636329436d/library/std/src/panicking.rs:449:19
[INFO] [stderr]     33:     0x55f2289e298e - std::panic::catch_unwind::hca7ca6c55b2a2e26
[INFO] [stderr]                                  at /rustc/1b7dd2252b99671ce5d1cb9664c5f8636329436d/library/std/src/panic.rs:140:14
[INFO] [stderr]     34:     0x55f2289e298e - std::rt::lang_start_internal::h2c807a81560459eb
[INFO] [stderr]                                  at /rustc/1b7dd2252b99671ce5d1cb9664c5f8636329436d/library/std/src/rt.rs:148:20
[INFO] [stderr]     35:     0x55f228961a27 - std::rt::lang_start::h9904e7ef7458172b
[INFO] [stderr]     36:     0x55f22895d815 - main
[INFO] [stderr]     37:     0x7fd76f8f9d90 - <unknown>
[INFO] [stderr]     38:     0x7fd76f8f9e40 - __libc_start_main
[INFO] [stderr]     39:     0x55f228958e65 - _start
[INFO] [stderr]     40:                0x0 - <unknown>
[INFO] [stderr] warning: build failed, waiting for other jobs to finish...
[INFO] running `Command { std: "docker" "inspect" "c03bcb36807c280e6c6a50fe9331264de4a81690313f15cf982d2fb48568562c", kill_on_drop: false }`
[INFO] running `Command { std: "docker" "rm" "-f" "c03bcb36807c280e6c6a50fe9331264de4a81690313f15cf982d2fb48568562c", kill_on_drop: false }`
[INFO] [stdout] c03bcb36807c280e6c6a50fe9331264de4a81690313f15cf982d2fb48568562c
