[INFO] fetching crate const-trig 0.0.2...
[INFO] testing const-trig-0.0.2 against 1.69.0 for beta-1.70-1
[INFO] extracting crate const-trig 0.0.2 into /workspace/builds/worker-6-tc1/source
[INFO] validating manifest of crates.io crate const-trig 0.0.2 on toolchain 1.69.0
[INFO] running `Command { std: CARGO_HOME="/workspace/cargo-home" RUSTUP_HOME="/workspace/rustup-home" "/workspace/cargo-home/bin/cargo" "+1.69.0" "metadata" "--manifest-path" "Cargo.toml" "--no-deps", kill_on_drop: false }`
[INFO] started tweaking crates.io crate const-trig 0.0.2
[INFO] finished tweaking crates.io crate const-trig 0.0.2
[INFO] tweaked toml for crates.io crate const-trig 0.0.2 written to /workspace/builds/worker-6-tc1/source/Cargo.toml
[INFO] running `Command { std: CARGO_HOME="/workspace/cargo-home" RUSTUP_HOME="/workspace/rustup-home" __CARGO_TEST_CHANNEL_OVERRIDE_DO_NOT_USE_THIS="nightly" "/workspace/cargo-home/bin/cargo" "+1.69.0" "generate-lockfile" "--manifest-path" "Cargo.toml" "-Zno-index-update", kill_on_drop: false }`
[INFO] running `Command { std: CARGO_HOME="/workspace/cargo-home" RUSTUP_HOME="/workspace/rustup-home" "/workspace/cargo-home/bin/cargo" "+1.69.0" "fetch" "--manifest-path" "Cargo.toml", kill_on_drop: false }`
[INFO] running `Command { std: "docker" "create" "-v" "/var/lib/crater-agent-workspace/builds/worker-6-tc1/target:/opt/rustwide/target:rw,Z" "-v" "/var/lib/crater-agent-workspace/builds/worker-6-tc1/source:/opt/rustwide/workdir:ro,Z" "-v" "/var/lib/crater-agent-workspace/cargo-home:/opt/rustwide/cargo-home:ro,Z" "-v" "/var/lib/crater-agent-workspace/rustup-home:/opt/rustwide/rustup-home:ro,Z" "-e" "SOURCE_DIR=/opt/rustwide/workdir" "-e" "CARGO_TARGET_DIR=/opt/rustwide/target" "-e" "CARGO_HOME=/opt/rustwide/cargo-home" "-e" "RUSTUP_HOME=/opt/rustwide/rustup-home" "-w" "/opt/rustwide/workdir" "-m" "1610612736" "--user" "0:0" "--network" "none" "ghcr.io/rust-lang/crates-build-env/linux@sha256:5ff2268d62e97bff2cde7d5815dd6ed5b47097566f13b8d0ca110b04b60e07ed" "/opt/rustwide/cargo-home/bin/cargo" "+1.69.0" "metadata" "--no-deps" "--format-version=1", kill_on_drop: false }`
[INFO] [stdout] bf4bdcf826c8abfaef0da91d7f2dc8a67191879e3c6fdd98dac37f3ae5b11ed8
[INFO] running `Command { std: "docker" "start" "-a" "bf4bdcf826c8abfaef0da91d7f2dc8a67191879e3c6fdd98dac37f3ae5b11ed8", kill_on_drop: false }`
[INFO] running `Command { std: "docker" "inspect" "bf4bdcf826c8abfaef0da91d7f2dc8a67191879e3c6fdd98dac37f3ae5b11ed8", kill_on_drop: false }`
[INFO] running `Command { std: "docker" "rm" "-f" "bf4bdcf826c8abfaef0da91d7f2dc8a67191879e3c6fdd98dac37f3ae5b11ed8", kill_on_drop: false }`
[INFO] [stdout] bf4bdcf826c8abfaef0da91d7f2dc8a67191879e3c6fdd98dac37f3ae5b11ed8
[INFO] running `Command { std: "docker" "create" "-v" "/var/lib/crater-agent-workspace/builds/worker-6-tc1/target:/opt/rustwide/target:rw,Z" "-v" "/var/lib/crater-agent-workspace/builds/worker-6-tc1/source:/opt/rustwide/workdir:ro,Z" "-v" "/var/lib/crater-agent-workspace/cargo-home:/opt/rustwide/cargo-home:ro,Z" "-v" "/var/lib/crater-agent-workspace/rustup-home:/opt/rustwide/rustup-home:ro,Z" "-e" "SOURCE_DIR=/opt/rustwide/workdir" "-e" "CARGO_TARGET_DIR=/opt/rustwide/target" "-e" "CARGO_INCREMENTAL=0" "-e" "RUST_BACKTRACE=full" "-e" "RUSTFLAGS=--cap-lints=warn" "-e" "RUSTDOCFLAGS=--cap-lints=warn" "-e" "CARGO_HOME=/opt/rustwide/cargo-home" "-e" "RUSTUP_HOME=/opt/rustwide/rustup-home" "-w" "/opt/rustwide/workdir" "-m" "1610612736" "--user" "0:0" "--network" "none" "ghcr.io/rust-lang/crates-build-env/linux@sha256:5ff2268d62e97bff2cde7d5815dd6ed5b47097566f13b8d0ca110b04b60e07ed" "/opt/rustwide/cargo-home/bin/cargo" "+1.69.0" "build" "--frozen" "--message-format=json", kill_on_drop: false }`
[INFO] [stdout] 7043a8379837e46fdf84687cf97887f5b538a97c7f8f76181e8a339aab3262f2
[INFO] running `Command { std: "docker" "start" "-a" "7043a8379837e46fdf84687cf97887f5b538a97c7f8f76181e8a339aab3262f2", kill_on_drop: false }`
[INFO] [stderr]    Compiling const-trig v0.0.2 (/opt/rustwide/workdir)
[INFO] [stdout] error[E0554]: `#![feature]` may not be used on the stable release channel
[INFO] [stdout]   --> src/lib.rs:62:1
[INFO] [stdout]    |
[INFO] [stdout] 62 | #![feature(const_trait_impl)]
[INFO] [stdout]    | ^^^^^^^^^^^^^^^^^^^^^^^^^^^^^
[INFO] [stdout] 
[INFO] [stdout] 
[INFO] [stdout] error[E0554]: `#![feature]` may not be used on the stable release channel
[INFO] [stdout]   --> src/lib.rs:63:1
[INFO] [stdout]    |
[INFO] [stdout] 63 | #![feature(const_mut_refs)]
[INFO] [stdout]    | ^^^^^^^^^^^^^^^^^^^^^^^^^^^
[INFO] [stdout] 
[INFO] [stdout] 
[INFO] [stdout] error[E0554]: `#![feature]` may not be used on the stable release channel
[INFO] [stdout]   --> src/lib.rs:64:1
[INFO] [stdout]    |
[INFO] [stdout] 64 | #![feature(auto_traits)]
[INFO] [stdout]    | ^^^^^^^^^^^^^^^^^^^^^^^^
[INFO] [stdout] 
[INFO] [stdout] 
[INFO] [stdout] error[E0554]: `#![feature]` may not be used on the stable release channel
[INFO] [stdout]   --> src/lib.rs:65:1
[INFO] [stdout]    |
[INFO] [stdout] 65 | #![feature(negative_impls)]
[INFO] [stdout]    | ^^^^^^^^^^^^^^^^^^^^^^^^^^^
[INFO] [stdout] 
[INFO] [stdout] 
[INFO] [stdout] error: const `impl` for trait `ToDegrees` which is not marked with `#[const_trait]`
[INFO] [stdout]   --> src/rads_degs.rs:46:40
[INFO] [stdout]    |
[INFO] [stdout] 40 |         pub trait $trait {
[INFO] [stdout]    |         - help: mark `ToDegrees` as const: `#[const_trait]`
[INFO] [stdout] ...
[INFO] [stdout] 46 |         impl <T: Copy + $is_not> const $trait for T {
[INFO] [stdout]    |                                        ^
[INFO] [stdout] ...
[INFO] [stdout] 56 | declare!(@base Degrees degrees ToDegrees IsNotDegrees);
[INFO] [stdout]    | ------------------------------------------------------ in this macro invocation
[INFO] [stdout]    |
[INFO] [stdout]    = note: marking a trait with `#[const_trait]` ensures all default method bodies are `const`
[INFO] [stdout]    = note: adding a non-const method body in the future would be a breaking change
[INFO] [stdout]    = note: this error originates in the macro `declare` (in Nightly builds, run with -Z macro-backtrace for more info)
[INFO] [stdout] 
[INFO] [stdout] 
[INFO] [stdout] error: const `impl` for trait `ToRadians` which is not marked with `#[const_trait]`
[INFO] [stdout]   --> src/rads_degs.rs:46:40
[INFO] [stdout]    |
[INFO] [stdout] 40 |         pub trait $trait {
[INFO] [stdout]    |         - help: mark `ToRadians` as const: `#[const_trait]`
[INFO] [stdout] ...
[INFO] [stdout] 46 |         impl <T: Copy + $is_not> const $trait for T {
[INFO] [stdout]    |                                        ^
[INFO] [stdout] ...
[INFO] [stdout] 57 | declare!(@base Radians radians ToRadians IsNotRadians);
[INFO] [stdout]    | ------------------------------------------------------ in this macro invocation
[INFO] [stdout]    |
[INFO] [stdout]    = note: marking a trait with `#[const_trait]` ensures all default method bodies are `const`
[INFO] [stdout]    = note: adding a non-const method body in the future would be a breaking change
[INFO] [stdout]    = note: this error originates in the macro `declare` (in Nightly builds, run with -Z macro-backtrace for more info)
[INFO] [stdout] 
[INFO] [stdout] 
[INFO] [stdout] error: const `impl` for trait `ToRadians` which is not marked with `#[const_trait]`
[INFO] [stdout]   --> src/rads_degs.rs:10:76
[INFO] [stdout]    |
[INFO] [stdout] 10 |         impl <T: Copy + ~const From <f32> + ~const Mul <Output = T>> const $trait for $big <T> {
[INFO] [stdout]    |                                                                            ^
[INFO] [stdout] ...
[INFO] [stdout] 40 |         pub trait $trait {
[INFO] [stdout]    |         - help: mark `ToRadians` as const: `#[const_trait]`
[INFO] [stdout] ...
[INFO] [stdout] 58 | declare!(@cross ToRadians radians IsNotDegrees Degrees Radians PI / 180.0);
[INFO] [stdout]    | -------------------------------------------------------------------------- in this macro invocation
[INFO] [stdout]    |
[INFO] [stdout]    = note: marking a trait with `#[const_trait]` ensures all default method bodies are `const`
[INFO] [stdout]    = note: adding a non-const method body in the future would be a breaking change
[INFO] [stdout]    = note: this error originates in the macro `declare` (in Nightly builds, run with -Z macro-backtrace for more info)
[INFO] [stdout] 
[INFO] [stdout] 
[INFO] [stdout] error: const `impl` for trait `ToDegrees` which is not marked with `#[const_trait]`
[INFO] [stdout]   --> src/rads_degs.rs:10:76
[INFO] [stdout]    |
[INFO] [stdout] 10 |         impl <T: Copy + ~const From <f32> + ~const Mul <Output = T>> const $trait for $big <T> {
[INFO] [stdout]    |                                                                            ^
[INFO] [stdout] ...
[INFO] [stdout] 40 |         pub trait $trait {
[INFO] [stdout]    |         - help: mark `ToDegrees` as const: `#[const_trait]`
[INFO] [stdout] ...
[INFO] [stdout] 59 | declare!(@cross ToDegrees degrees IsNotRadians Radians Degrees 180.0 / PI);
[INFO] [stdout]    | -------------------------------------------------------------------------- in this macro invocation
[INFO] [stdout]    |
[INFO] [stdout]    = note: marking a trait with `#[const_trait]` ensures all default method bodies are `const`
[INFO] [stdout]    = note: adding a non-const method body in the future would be a breaking change
[INFO] [stdout]    = note: this error originates in the macro `declare` (in Nightly builds, run with -Z macro-backtrace for more info)
[INFO] [stdout] 
[INFO] [stdout] 
[INFO] [stdout] error: aborting due to 8 previous errors
[INFO] [stdout] 
[INFO] [stdout] 
[INFO] [stdout] For more information about this error, try `rustc --explain E0554`.
[INFO] [stdout] 
[INFO] [stderr] error: could not compile `const-trig` due to 9 previous errors
[INFO] running `Command { std: "docker" "inspect" "7043a8379837e46fdf84687cf97887f5b538a97c7f8f76181e8a339aab3262f2", kill_on_drop: false }`
[INFO] running `Command { std: "docker" "rm" "-f" "7043a8379837e46fdf84687cf97887f5b538a97c7f8f76181e8a339aab3262f2", kill_on_drop: false }`
[INFO] [stdout] 7043a8379837e46fdf84687cf97887f5b538a97c7f8f76181e8a339aab3262f2
