[INFO] fetching crate console-subscriber 0.1.8...
[INFO] testing console-subscriber-0.1.8 against 1.69.0 for beta-1.70-1
[INFO] extracting crate console-subscriber 0.1.8 into /workspace/builds/worker-0-tc1/source
[INFO] validating manifest of crates.io crate console-subscriber 0.1.8 on toolchain 1.69.0
[INFO] running `Command { std: CARGO_HOME="/workspace/cargo-home" RUSTUP_HOME="/workspace/rustup-home" "/workspace/cargo-home/bin/cargo" "+1.69.0" "metadata" "--manifest-path" "Cargo.toml" "--no-deps", kill_on_drop: false }`
[INFO] started tweaking crates.io crate console-subscriber 0.1.8
[INFO] finished tweaking crates.io crate console-subscriber 0.1.8
[INFO] tweaked toml for crates.io crate console-subscriber 0.1.8 written to /workspace/builds/worker-0-tc1/source/Cargo.toml
[INFO] crate crates.io crate console-subscriber 0.1.8 already has a lockfile, it will not be regenerated
[INFO] running `Command { std: CARGO_HOME="/workspace/cargo-home" RUSTUP_HOME="/workspace/rustup-home" "/workspace/cargo-home/bin/cargo" "+1.69.0" "fetch" "--manifest-path" "Cargo.toml", kill_on_drop: false }`
[INFO] [stderr]  Downloading crates ...
[INFO] [stderr]   Downloaded futures-macro v0.3.24
[INFO] [stderr]   Downloaded prost-derive v0.11.0
[INFO] [stderr]   Downloaded once_cell v1.14.0
[INFO] [stderr]   Downloaded futures-io v0.3.24
[INFO] [stderr]   Downloaded futures-sink v0.3.24
[INFO] [stderr]   Downloaded anyhow v1.0.64
[INFO] [stderr]   Downloaded axum-core v0.2.7
[INFO] [stderr]   Downloaded matchit v0.5.0
[INFO] [stderr]   Downloaded prost v0.11.0
[INFO] [stderr]   Downloaded futures-core v0.3.24
[INFO] [stderr]   Downloaded futures-task v0.3.24
[INFO] [stderr]   Downloaded futures-executor v0.3.24
[INFO] [stderr]   Downloaded futures-channel v0.3.24
[INFO] [stderr]   Downloaded prost-types v0.11.1
[INFO] [stderr]   Downloaded tracing-attributes v0.1.22
[INFO] [stderr]   Downloaded futures v0.3.24
[INFO] [stderr]   Downloaded tonic v0.8.0
[INFO] [stderr]   Downloaded axum v0.5.15
[INFO] [stderr]   Downloaded tower-http v0.3.4
[INFO] [stderr]   Downloaded tracing-core v0.1.29
[INFO] [stderr]   Downloaded console-api v0.4.0
[INFO] [stderr]   Downloaded tracing v0.1.36
[INFO] [stderr]   Downloaded futures-util v0.3.24
[INFO] [stderr]   Downloaded hdrhistogram v7.5.1
[INFO] [stderr]   Downloaded tracing-subscriber v0.3.15
[INFO] running `Command { std: "docker" "create" "-v" "/var/lib/crater-agent-workspace/builds/worker-0-tc1/target:/opt/rustwide/target:rw,Z" "-v" "/var/lib/crater-agent-workspace/builds/worker-0-tc1/source:/opt/rustwide/workdir:ro,Z" "-v" "/var/lib/crater-agent-workspace/cargo-home:/opt/rustwide/cargo-home:ro,Z" "-v" "/var/lib/crater-agent-workspace/rustup-home:/opt/rustwide/rustup-home:ro,Z" "-e" "SOURCE_DIR=/opt/rustwide/workdir" "-e" "CARGO_TARGET_DIR=/opt/rustwide/target" "-e" "CARGO_HOME=/opt/rustwide/cargo-home" "-e" "RUSTUP_HOME=/opt/rustwide/rustup-home" "-w" "/opt/rustwide/workdir" "-m" "1610612736" "--user" "0:0" "--network" "none" "ghcr.io/rust-lang/crates-build-env/linux@sha256:5ff2268d62e97bff2cde7d5815dd6ed5b47097566f13b8d0ca110b04b60e07ed" "/opt/rustwide/cargo-home/bin/cargo" "+1.69.0" "metadata" "--no-deps" "--format-version=1", kill_on_drop: false }`
[INFO] [stdout] 44c0ec371842d2fba7ef0167a8cf7d87485c42b7102d2deac4f71b72580f84e0
[INFO] running `Command { std: "docker" "start" "-a" "44c0ec371842d2fba7ef0167a8cf7d87485c42b7102d2deac4f71b72580f84e0", kill_on_drop: false }`
[INFO] running `Command { std: "docker" "inspect" "44c0ec371842d2fba7ef0167a8cf7d87485c42b7102d2deac4f71b72580f84e0", kill_on_drop: false }`
[INFO] running `Command { std: "docker" "rm" "-f" "44c0ec371842d2fba7ef0167a8cf7d87485c42b7102d2deac4f71b72580f84e0", kill_on_drop: false }`
[INFO] [stdout] 44c0ec371842d2fba7ef0167a8cf7d87485c42b7102d2deac4f71b72580f84e0
[INFO] running `Command { std: "docker" "create" "-v" "/var/lib/crater-agent-workspace/builds/worker-0-tc1/target:/opt/rustwide/target:rw,Z" "-v" "/var/lib/crater-agent-workspace/builds/worker-0-tc1/source:/opt/rustwide/workdir:ro,Z" "-v" "/var/lib/crater-agent-workspace/cargo-home:/opt/rustwide/cargo-home:ro,Z" "-v" "/var/lib/crater-agent-workspace/rustup-home:/opt/rustwide/rustup-home:ro,Z" "-e" "SOURCE_DIR=/opt/rustwide/workdir" "-e" "CARGO_TARGET_DIR=/opt/rustwide/target" "-e" "CARGO_INCREMENTAL=0" "-e" "RUST_BACKTRACE=full" "-e" "RUSTFLAGS=--cap-lints=warn" "-e" "RUSTDOCFLAGS=--cap-lints=warn" "-e" "CARGO_HOME=/opt/rustwide/cargo-home" "-e" "RUSTUP_HOME=/opt/rustwide/rustup-home" "-w" "/opt/rustwide/workdir" "-m" "1610612736" "--user" "0:0" "--network" "none" "ghcr.io/rust-lang/crates-build-env/linux@sha256:5ff2268d62e97bff2cde7d5815dd6ed5b47097566f13b8d0ca110b04b60e07ed" "/opt/rustwide/cargo-home/bin/cargo" "+1.69.0" "build" "--frozen" "--message-format=json", kill_on_drop: false }`
[INFO] [stdout] a37c33098ef3fab5132dcb11b6a25484943259c8b4b1a13ef6bd5ace11ffd591
[INFO] running `Command { std: "docker" "start" "-a" "a37c33098ef3fab5132dcb11b6a25484943259c8b4b1a13ef6bd5ace11ffd591", kill_on_drop: false }`
[INFO] [stderr]    Compiling proc-macro2 v1.0.43
[INFO] [stderr]    Compiling unicode-ident v1.0.3
[INFO] [stderr]    Compiling quote v1.0.21
[INFO] [stderr]    Compiling syn v1.0.99
[INFO] [stderr]    Compiling libc v0.2.132
[INFO] [stderr]    Compiling once_cell v1.14.0
[INFO] [stderr]    Compiling bytes v1.2.1
[INFO] [stderr]    Compiling futures-core v0.3.24
[INFO] [stderr]    Compiling tokio v1.21.0
[INFO] [stderr]    Compiling futures-sink v0.3.24
[INFO] [stderr]    Compiling futures-task v0.3.24
[INFO] [stderr]    Compiling tracing-core v0.1.29
[INFO] [stderr]    Compiling futures-util v0.3.24
[INFO] [stderr]    Compiling itoa v1.0.3
[INFO] [stderr]    Compiling indexmap v1.9.1
[INFO] [stderr]    Compiling slab v0.4.7
[INFO] [stderr]    Compiling mio v0.8.4
[INFO] [stderr]    Compiling socket2 v0.4.7
[INFO] [stderr]    Compiling http v0.2.8
[INFO] [stderr]    Compiling getrandom v0.2.7
[INFO] [stderr]    Compiling futures-channel v0.3.24
[INFO] [stderr]    Compiling anyhow v1.0.64
[INFO] [stderr]    Compiling serde_derive v1.0.144
[INFO] [stderr]    Compiling rand_core v0.6.3
[INFO] [stderr]    Compiling ppv-lite86 v0.2.16
[INFO] [stderr]    Compiling either v1.8.0
[INFO] [stderr]    Compiling serde v1.0.144
[INFO] [stderr]    Compiling http-body v0.4.5
[INFO] [stderr]    Compiling async-trait v0.1.57
[INFO] [stderr]    Compiling rand_chacha v0.3.1
[INFO] [stderr]    Compiling try-lock v0.2.3
[INFO] [stderr]    Compiling want v0.3.0
[INFO] [stderr]    Compiling itertools v0.10.3
[INFO] [stderr]    Compiling rand v0.8.5
[INFO] [stderr]    Compiling tower-layer v0.3.1
[INFO] [stderr]    Compiling http-range-header v0.3.0
[INFO] [stderr]    Compiling regex-syntax v0.6.27
[INFO] [stderr]    Compiling num-traits v0.2.15
[INFO] [stderr]    Compiling percent-encoding v2.1.0
[INFO] [stderr]    Compiling crossbeam-utils v0.8.11
[INFO] [stderr]    Compiling matchit v0.5.0
[INFO] [stderr]    Compiling base64 v0.13.0
[INFO] [stderr]    Compiling sync_wrapper v0.1.1
[INFO] [stderr]    Compiling miniz_oxide v0.5.4
[INFO] [stderr]    Compiling serde_json v1.0.85
[INFO] [stderr]    Compiling nom v7.1.1
[INFO] [stderr]    Compiling sharded-slab v0.1.4
[INFO] [stderr]    Compiling flate2 v1.0.24
[INFO] [stderr]    Compiling thread_local v1.1.4
[INFO] [stderr]    Compiling futures-io v0.3.24
[INFO] [stderr]    Compiling ryu v1.0.11
[INFO] [stderr]    Compiling regex-automata v0.1.10
[INFO] [stderr]    Compiling regex v1.6.0
[INFO] [stderr]    Compiling futures v0.3.24
[INFO] [stderr]    Compiling crossbeam-channel v0.5.6
[INFO] [stderr]    Compiling humantime v2.1.0
[INFO] [stderr]    Compiling matchers v0.1.0
[INFO] [stderr]    Compiling hdrhistogram v7.5.1
[INFO] [stderr]    Compiling tokio-macros v1.8.0
[INFO] [stderr]    Compiling tracing-attributes v0.1.22
[INFO] [stderr]    Compiling pin-project-internal v1.0.12
[INFO] [stderr]    Compiling prost-derive v0.11.0
[INFO] [stderr]    Compiling async-stream-impl v0.3.3
[INFO] [stderr]    Compiling async-stream v0.3.3
[INFO] [stderr]    Compiling axum-core v0.2.7
[INFO] [stderr]    Compiling pin-project v1.0.12
[INFO] [stderr]    Compiling tracing v0.1.36
[INFO] [stderr]    Compiling prost v0.11.0
[INFO] [stderr]    Compiling tracing-futures v0.2.5
[INFO] [stderr]    Compiling tracing-subscriber v0.3.15
[INFO] [stderr]    Compiling prost-types v0.11.1
[INFO] [stderr]    Compiling tokio-util v0.7.3
[INFO] [stderr]    Compiling tokio-io-timeout v1.2.0
[INFO] [stderr]    Compiling tokio-stream v0.1.9
[INFO] [stderr]    Compiling h2 v0.3.14
[INFO] [stderr]    Compiling tower v0.4.13
[INFO] [stderr]    Compiling tower-http v0.3.4
[INFO] [stderr]    Compiling hyper v0.14.20
[INFO] [stderr]    Compiling axum v0.5.15
[INFO] [stderr]    Compiling hyper-timeout v0.4.1
[INFO] [stderr]    Compiling tonic v0.8.0
[INFO] [stderr]    Compiling console-api v0.4.0
[INFO] [stderr]    Compiling console-subscriber v0.1.8 (/opt/rustwide/workdir)
[INFO] [stderr]     Finished dev [unoptimized + debuginfo] target(s) in 1m 17s
[INFO] running `Command { std: "docker" "inspect" "a37c33098ef3fab5132dcb11b6a25484943259c8b4b1a13ef6bd5ace11ffd591", kill_on_drop: false }`
[INFO] running `Command { std: "docker" "rm" "-f" "a37c33098ef3fab5132dcb11b6a25484943259c8b4b1a13ef6bd5ace11ffd591", kill_on_drop: false }`
[INFO] [stdout] a37c33098ef3fab5132dcb11b6a25484943259c8b4b1a13ef6bd5ace11ffd591
[INFO] running `Command { std: "docker" "create" "-v" "/var/lib/crater-agent-workspace/builds/worker-0-tc1/target:/opt/rustwide/target:rw,Z" "-v" "/var/lib/crater-agent-workspace/builds/worker-0-tc1/source:/opt/rustwide/workdir:ro,Z" "-v" "/var/lib/crater-agent-workspace/cargo-home:/opt/rustwide/cargo-home:ro,Z" "-v" "/var/lib/crater-agent-workspace/rustup-home:/opt/rustwide/rustup-home:ro,Z" "-e" "SOURCE_DIR=/opt/rustwide/workdir" "-e" "CARGO_TARGET_DIR=/opt/rustwide/target" "-e" "CARGO_INCREMENTAL=0" "-e" "RUST_BACKTRACE=full" "-e" "RUSTFLAGS=--cap-lints=warn" "-e" "RUSTDOCFLAGS=--cap-lints=warn" "-e" "CARGO_HOME=/opt/rustwide/cargo-home" "-e" "RUSTUP_HOME=/opt/rustwide/rustup-home" "-w" "/opt/rustwide/workdir" "-m" "1610612736" "--user" "0:0" "--network" "none" "ghcr.io/rust-lang/crates-build-env/linux@sha256:5ff2268d62e97bff2cde7d5815dd6ed5b47097566f13b8d0ca110b04b60e07ed" "/opt/rustwide/cargo-home/bin/cargo" "+1.69.0" "test" "--frozen" "--no-run" "--message-format=json", kill_on_drop: false }`
[INFO] [stdout] 9c7581cbe2649ec2b978bbad1e03d952e280059d87da4a794f3a08b25dcbca6b
[INFO] running `Command { std: "docker" "start" "-a" "9c7581cbe2649ec2b978bbad1e03d952e280059d87da4a794f3a08b25dcbca6b", kill_on_drop: false }`
[INFO] [stderr]    Compiling lock_api v0.4.8
[INFO] [stderr]    Compiling parking_lot_core v0.9.3
[INFO] [stderr]    Compiling futures-task v0.3.24
[INFO] [stderr]    Compiling smallvec v1.9.0
[INFO] [stderr]    Compiling tokio v1.21.0
[INFO] [stderr]    Compiling futures-util v0.3.24
[INFO] [stderr]    Compiling futures-macro v0.3.24
[INFO] [stderr]    Compiling signal-hook-registry v1.4.0
[INFO] [stderr]    Compiling num_cpus v1.13.1
[INFO] [stderr]    Compiling futures-io v0.3.24
[INFO] [stderr]    Compiling parking_lot v0.12.1
[INFO] [stderr]    Compiling axum-core v0.2.7
[INFO] [stderr]    Compiling futures-executor v0.3.24
[INFO] [stderr]    Compiling futures v0.3.24
[INFO] [stderr]    Compiling tokio-util v0.7.3
[INFO] [stderr]    Compiling tokio-io-timeout v1.2.0
[INFO] [stderr]    Compiling tokio-stream v0.1.9
[INFO] [stderr]    Compiling h2 v0.3.14
[INFO] [stderr]    Compiling tower v0.4.13
[INFO] [stderr]    Compiling tower-http v0.3.4
[INFO] [stderr]    Compiling hyper v0.14.20
[INFO] [stderr]    Compiling axum v0.5.15
[INFO] [stderr]    Compiling hyper-timeout v0.4.1
[INFO] [stderr]    Compiling tonic v0.8.0
[INFO] [stderr]    Compiling console-api v0.4.0
[INFO] [stderr]    Compiling console-subscriber v0.1.8 (/opt/rustwide/workdir)
[INFO] [stdout] error[E0433]: failed to resolve: could not find `Builder` in `task`
[INFO] [stdout]  --> examples/semaphore.rs:8:11
[INFO] [stdout]   |
[INFO] [stdout] 8 |     task::Builder::default()
[INFO] [stdout]   |           ^^^^^^^ could not find `Builder` in `task`
[INFO] [stdout]   |
[INFO] [stdout] help: consider importing one of these items
[INFO] [stdout]   |
[INFO] [stdout] 1 | use console_subscriber::Builder;
[INFO] [stdout]   |
[INFO] [stdout] 1 | use std::thread::Builder;
[INFO] [stdout]   |
[INFO] [stdout] 1 | use tokio::runtime::Builder;
[INFO] [stdout]   |
[INFO] [stdout] 1 | use tonic::codegen::http::request::Builder;
[INFO] [stdout]   |
[INFO] [stdout]     and 3 other candidates
[INFO] [stdout] help: if you import `Builder`, refer to it directly
[INFO] [stdout]   |
[INFO] [stdout] 8 -     task::Builder::default()
[INFO] [stdout] 8 +     Builder::default()
[INFO] [stdout]   |
[INFO] [stdout] 
[INFO] [stdout] 
[INFO] [stdout] error[E0433]: failed to resolve: could not find `Builder` in `task`
[INFO] [stdout]   --> examples/semaphore.rs:19:34
[INFO] [stdout]    |
[INFO] [stdout] 19 |                     tokio::task::Builder::default()
[INFO] [stdout]    |                                  ^^^^^^^ could not find `Builder` in `task`
[INFO] [stdout]    |
[INFO] [stdout] help: consider importing one of these items
[INFO] [stdout]    |
[INFO] [stdout] 1  | use console_subscriber::Builder;
[INFO] [stdout]    |
[INFO] [stdout] 1  | use std::thread::Builder;
[INFO] [stdout]    |
[INFO] [stdout] 1  | use tokio::runtime::Builder;
[INFO] [stdout]    |
[INFO] [stdout] 1  | use tonic::codegen::http::request::Builder;
[INFO] [stdout]    |
[INFO] [stdout]      and 3 other candidates
[INFO] [stdout] help: if you import `Builder`, refer to it directly
[INFO] [stdout]    |
[INFO] [stdout] 19 -                     tokio::task::Builder::default()
[INFO] [stdout] 19 +                     Builder::default()
[INFO] [stdout]    |
[INFO] [stdout] 
[INFO] [stdout] 
[INFO] [stdout] error[E0433]: failed to resolve: could not find `Builder` in `task`
[INFO] [stdout]   --> examples/semaphore.rs:28:34
[INFO] [stdout]    |
[INFO] [stdout] 28 |                     tokio::task::Builder::default()
[INFO] [stdout]    |                                  ^^^^^^^ could not find `Builder` in `task`
[INFO] [stdout]    |
[INFO] [stdout] help: consider importing one of these items
[INFO] [stdout]    |
[INFO] [stdout] 1  | use console_subscriber::Builder;
[INFO] [stdout]    |
[INFO] [stdout] 1  | use std::thread::Builder;
[INFO] [stdout]    |
[INFO] [stdout] 1  | use tokio::runtime::Builder;
[INFO] [stdout]    |
[INFO] [stdout] 1  | use tonic::codegen::http::request::Builder;
[INFO] [stdout]    |
[INFO] [stdout]      and 3 other candidates
[INFO] [stdout] help: if you import `Builder`, refer to it directly
[INFO] [stdout]    |
[INFO] [stdout] 28 -                     tokio::task::Builder::default()
[INFO] [stdout] 28 +                     Builder::default()
[INFO] [stdout]    |
[INFO] [stdout] 
[INFO] [stdout] 
[INFO] [stdout] error[E0433]: failed to resolve: could not find `Builder` in `task`
[INFO] [stdout]  --> examples/rwlock.rs:8:11
[INFO] [stdout]   |
[INFO] [stdout] 8 |     task::Builder::default()
[INFO] [stdout]   |           ^^^^^^^ could not find `Builder` in `task`
[INFO] [stdout]   |
[INFO] [stdout] help: consider importing one of these items
[INFO] [stdout]   |
[INFO] [stdout] 1 | use console_subscriber::Builder;
[INFO] [stdout]   |
[INFO] [stdout] 1 | use std::thread::Builder;
[INFO] [stdout]   |
[INFO] [stdout] 1 | use tokio::runtime::Builder;
[INFO] [stdout]   |
[INFO] [stdout] 1 | use tonic::codegen::http::request::Builder;
[INFO] [stdout]   |
[INFO] [stdout]     and 3 other candidates
[INFO] [stdout] help: if you import `Builder`, refer to it directly
[INFO] [stdout]   |
[INFO] [stdout] 8 -     task::Builder::default()
[INFO] [stdout] 8 +     Builder::default()
[INFO] [stdout]   |
[INFO] [stdout] 
[INFO] [stdout] 
[INFO] [stdout] error[E0433]: failed to resolve: could not find `Builder` in `task`
[INFO] [stdout]   --> examples/rwlock.rs:15:30
[INFO] [stdout]    |
[INFO] [stdout] 15 |                 tokio::task::Builder::default()
[INFO] [stdout]    |                              ^^^^^^^ could not find `Builder` in `task`
[INFO] [stdout]    |
[INFO] [stdout] help: consider importing one of these items
[INFO] [stdout]    |
[INFO] [stdout] 1  | use console_subscriber::Builder;
[INFO] [stdout]    |
[INFO] [stdout] 1  | use std::thread::Builder;
[INFO] [stdout]    |
[INFO] [stdout] 1  | use tokio::runtime::Builder;
[INFO] [stdout]    |
[INFO] [stdout] 1  | use tonic::codegen::http::request::Builder;
[INFO] [stdout]    |
[INFO] [stdout]      and 3 other candidates
[INFO] [stdout] help: if you import `Builder`, refer to it directly
[INFO] [stdout]    |
[INFO] [stdout] 15 -                 tokio::task::Builder::default()
[INFO] [stdout] 15 +                 Builder::default()
[INFO] [stdout]    |
[INFO] [stdout] 
[INFO] [stdout] 
[INFO] [stdout] error[E0433]: failed to resolve: could not find `Builder` in `task`
[INFO] [stdout]  --> examples/barrier.rs:9:11
[INFO] [stdout]   |
[INFO] [stdout] 9 |     task::Builder::default()
[INFO] [stdout]   |           ^^^^^^^ could not find `Builder` in `task`
[INFO] [stdout]   |
[INFO] [stdout] help: consider importing one of these items
[INFO] [stdout]   |
[INFO] [stdout] 1 | use console_subscriber::Builder;
[INFO] [stdout]   |
[INFO] [stdout] 1 | use std::thread::Builder;
[INFO] [stdout]   |
[INFO] [stdout] 1 | use tokio::runtime::Builder;
[INFO] [stdout]   |
[INFO] [stdout] 1 | use tonic::codegen::http::request::Builder;
[INFO] [stdout]   |
[INFO] [stdout]     and 3 other candidates
[INFO] [stdout] help: if you import `Builder`, refer to it directly
[INFO] [stdout]   |
[INFO] [stdout] 9 -     task::Builder::default()
[INFO] [stdout] 9 +     Builder::default()
[INFO] [stdout]   |
[INFO] [stdout] 
[INFO] [stdout] 
[INFO] [stdout] error[E0433]: failed to resolve: could not find `Builder` in `task`
[INFO] [stdout]   --> examples/barrier.rs:18:27
[INFO] [stdout]    |
[INFO] [stdout] 18 |                     task::Builder::default()
[INFO] [stdout]    |                           ^^^^^^^ could not find `Builder` in `task`
[INFO] [stdout]    |
[INFO] [stdout] help: consider importing one of these items
[INFO] [stdout]    |
[INFO] [stdout] 1  | use console_subscriber::Builder;
[INFO] [stdout]    |
[INFO] [stdout] 1  | use std::thread::Builder;
[INFO] [stdout]    |
[INFO] [stdout] 1  | use tokio::runtime::Builder;
[INFO] [stdout]    |
[INFO] [stdout] 1  | use tonic::codegen::http::request::Builder;
[INFO] [stdout]    |
[INFO] [stdout]      and 3 other candidates
[INFO] [stdout] help: if you import `Builder`, refer to it directly
[INFO] [stdout]    |
[INFO] [stdout] 18 -                     task::Builder::default()
[INFO] [stdout] 18 +                     Builder::default()
[INFO] [stdout]    |
[INFO] [stdout] 
[INFO] [stdout] 
[INFO] [stdout] error[E0433]: failed to resolve: could not find `Builder` in `task`
[INFO] [stdout]  --> examples/mutex.rs:8:11
[INFO] [stdout]   |
[INFO] [stdout] 8 |     task::Builder::default()
[INFO] [stdout]   |           ^^^^^^^ could not find `Builder` in `task`
[INFO] [stdout]   |
[INFO] [stdout] help: consider importing one of these items
[INFO] [stdout]   |
[INFO] [stdout] 1 | use console_subscriber::Builder;
[INFO] [stdout]   |
[INFO] [stdout] 1 | use std::thread::Builder;
[INFO] [stdout]   |
[INFO] [stdout] 1 | use tokio::runtime::Builder;
[INFO] [stdout]   |
[INFO] [stdout] 1 | use tonic::codegen::http::request::Builder;
[INFO] [stdout]   |
[INFO] [stdout]     and 3 other candidates
[INFO] [stdout] help: if you import `Builder`, refer to it directly
[INFO] [stdout]   |
[INFO] [stdout] 8 -     task::Builder::default()
[INFO] [stdout] 8 +     Builder::default()
[INFO] [stdout]   |
[INFO] [stdout] 
[INFO] [stdout] 
[INFO] [stdout] error[E0433]: failed to resolve: could not find `Builder` in `task`
[INFO] [stdout]   --> examples/mutex.rs:15:30
[INFO] [stdout]    |
[INFO] [stdout] 15 |                 tokio::task::Builder::default()
[INFO] [stdout]    |                              ^^^^^^^ could not find `Builder` in `task`
[INFO] [stdout]    |
[INFO] [stdout] help: consider importing one of these items
[INFO] [stdout]    |
[INFO] [stdout] 1  | use console_subscriber::Builder;
[INFO] [stdout]    |
[INFO] [stdout] 1  | use std::thread::Builder;
[INFO] [stdout]    |
[INFO] [stdout] 1  | use tokio::runtime::Builder;
[INFO] [stdout]    |
[INFO] [stdout] 1  | use tonic::codegen::http::request::Builder;
[INFO] [stdout]    |
[INFO] [stdout]      and 3 other candidates
[INFO] [stdout] help: if you import `Builder`, refer to it directly
[INFO] [stdout]    |
[INFO] [stdout] 15 -                 tokio::task::Builder::default()
[INFO] [stdout] 15 +                 Builder::default()
[INFO] [stdout]    |
[INFO] [stdout] 
[INFO] [stdout] 
[INFO] [stdout] error: aborting due to 3 previous errors
[INFO] [stdout] 
[INFO] [stdout] 
[INFO] [stdout] For more information about this error, try `rustc --explain E0433`.
[INFO] [stdout] 
[INFO] [stderr] error: could not compile `console-subscriber` due to 4 previous errors
[INFO] [stderr] warning: build failed, waiting for other jobs to finish...
[INFO] [stdout] error: aborting due to 2 previous errors
[INFO] [stdout] 
[INFO] [stdout] 
[INFO] [stdout] For more information about this error, try `rustc --explain E0433`.
[INFO] [stdout] 
[INFO] [stderr] error: could not compile `console-subscriber` due to 3 previous errors
[INFO] [stdout] error[E0433]: failed to resolve: could not find `Builder` in `task`
[INFO] [stdout]   --> examples/app.rs:24:30
[INFO] [stdout]    |
[INFO] [stdout] 24 |                 tokio::task::Builder::new()
[INFO] [stdout]    |                              ^^^^^^^ could not find `Builder` in `task`
[INFO] [stdout]    |
[INFO] [stdout] help: consider importing one of these items
[INFO] [stdout]    |
[INFO] [stdout] 1  | use console_subscriber::Builder;
[INFO] [stdout]    |
[INFO] [stdout] 1  | use std::thread::Builder;
[INFO] [stdout]    |
[INFO] [stdout] 1  | use tokio::runtime::Builder;
[INFO] [stdout]    |
[INFO] [stdout] 1  | use tonic::codegen::http::request::Builder;
[INFO] [stdout]    |
[INFO] [stdout]      and 3 other candidates
[INFO] [stdout] help: if you import `Builder`, refer to it directly
[INFO] [stdout]    |
[INFO] [stdout] 24 -                 tokio::task::Builder::new()
[INFO] [stdout] 24 +                 Builder::new()
[INFO] [stdout]    |
[INFO] [stdout] 
[INFO] [stdout] 
[INFO] [stdout] error[E0433]: failed to resolve: could not find `Builder` in `task`
[INFO] [stdout]   --> examples/app.rs:30:30
[INFO] [stdout]    |
[INFO] [stdout] 30 |                 tokio::task::Builder::new()
[INFO] [stdout]    |                              ^^^^^^^ could not find `Builder` in `task`
[INFO] [stdout]    |
[INFO] [stdout] help: consider importing one of these items
[INFO] [stdout]    |
[INFO] [stdout] 1  | use console_subscriber::Builder;
[INFO] [stdout]    |
[INFO] [stdout] 1  | use std::thread::Builder;
[INFO] [stdout]    |
[INFO] [stdout] 1  | use tokio::runtime::Builder;
[INFO] [stdout]    |
[INFO] [stdout] 1  | use tonic::codegen::http::request::Builder;
[INFO] [stdout]    |
[INFO] [stdout]      and 3 other candidates
[INFO] [stdout] help: if you import `Builder`, refer to it directly
[INFO] [stdout]    |
[INFO] [stdout] 30 -                 tokio::task::Builder::new()
[INFO] [stdout] 30 +                 Builder::new()
[INFO] [stdout]    |
[INFO] [stdout] 
[INFO] [stdout] 
[INFO] [stdout] error[E0433]: failed to resolve: could not find `Builder` in `task`
[INFO] [stdout]   --> examples/app.rs:36:30
[INFO] [stdout]    |
[INFO] [stdout] 36 |                 tokio::task::Builder::new()
[INFO] [stdout]    |                              ^^^^^^^ could not find `Builder` in `task`
[INFO] [stdout]    |
[INFO] [stdout] help: consider importing one of these items
[INFO] [stdout]    |
[INFO] [stdout] 1  | use console_subscriber::Builder;
[INFO] [stdout]    |
[INFO] [stdout] 1  | use std::thread::Builder;
[INFO] [stdout]    |
[INFO] [stdout] 1  | use tokio::runtime::Builder;
[INFO] [stdout]    |
[INFO] [stdout] 1  | use tonic::codegen::http::request::Builder;
[INFO] [stdout]    |
[INFO] [stdout]      and 3 other candidates
[INFO] [stdout] help: if you import `Builder`, refer to it directly
[INFO] [stdout]    |
[INFO] [stdout] 36 -                 tokio::task::Builder::new()
[INFO] [stdout] 36 +                 Builder::new()
[INFO] [stdout]    |
[INFO] [stdout] 
[INFO] [stdout] 
[INFO] [stdout] error[E0433]: failed to resolve: could not find `Builder` in `task`
[INFO] [stdout]   --> examples/app.rs:53:30
[INFO] [stdout]    |
[INFO] [stdout] 53 |     let task1 = tokio::task::Builder::new()
[INFO] [stdout]    |                              ^^^^^^^ could not find `Builder` in `task`
[INFO] [stdout]    |
[INFO] [stdout] help: consider importing one of these items
[INFO] [stdout]    |
[INFO] [stdout] 1  | use console_subscriber::Builder;
[INFO] [stdout]    |
[INFO] [stdout] 1  | use std::thread::Builder;
[INFO] [stdout]    |
[INFO] [stdout] 1  | use tokio::runtime::Builder;
[INFO] [stdout]    |
[INFO] [stdout] 1  | use tonic::codegen::http::request::Builder;
[INFO] [stdout]    |
[INFO] [stdout]      and 3 other candidates
[INFO] [stdout] help: if you import `Builder`, refer to it directly
[INFO] [stdout]    |
[INFO] [stdout] 53 -     let task1 = tokio::task::Builder::new()
[INFO] [stdout] 53 +     let task1 = Builder::new()
[INFO] [stdout]    |
[INFO] [stdout] 
[INFO] [stdout] 
[INFO] [stdout] error[E0433]: failed to resolve: could not find `Builder` in `task`
[INFO] [stdout]   --> examples/app.rs:57:30
[INFO] [stdout]    |
[INFO] [stdout] 57 |     let task2 = tokio::task::Builder::new()
[INFO] [stdout]    |                              ^^^^^^^ could not find `Builder` in `task`
[INFO] [stdout]    |
[INFO] [stdout] help: consider importing one of these items
[INFO] [stdout]    |
[INFO] [stdout] 1  | use console_subscriber::Builder;
[INFO] [stdout]    |
[INFO] [stdout] 1  | use std::thread::Builder;
[INFO] [stdout]    |
[INFO] [stdout] 1  | use tokio::runtime::Builder;
[INFO] [stdout]    |
[INFO] [stdout] 1  | use tonic::codegen::http::request::Builder;
[INFO] [stdout]    |
[INFO] [stdout]      and 3 other candidates
[INFO] [stdout] help: if you import `Builder`, refer to it directly
[INFO] [stdout]    |
[INFO] [stdout] 57 -     let task2 = tokio::task::Builder::new()
[INFO] [stdout] 57 +     let task2 = Builder::new()
[INFO] [stdout]    |
[INFO] [stdout] 
[INFO] [stdout] 
[INFO] [stdout] error[E0433]: failed to resolve: could not find `Builder` in `task`
[INFO] [stdout]   --> examples/app.rs:76:26
[INFO] [stdout]    |
[INFO] [stdout] 76 |             tokio::task::Builder::new()
[INFO] [stdout]    |                          ^^^^^^^ could not find `Builder` in `task`
[INFO] [stdout]    |
[INFO] [stdout] help: consider importing one of these items
[INFO] [stdout]    |
[INFO] [stdout] 1  | use console_subscriber::Builder;
[INFO] [stdout]    |
[INFO] [stdout] 1  | use std::thread::Builder;
[INFO] [stdout]    |
[INFO] [stdout] 1  | use tokio::runtime::Builder;
[INFO] [stdout]    |
[INFO] [stdout] 1  | use tonic::codegen::http::request::Builder;
[INFO] [stdout]    |
[INFO] [stdout]      and 3 other candidates
[INFO] [stdout] help: if you import `Builder`, refer to it directly
[INFO] [stdout]    |
[INFO] [stdout] 76 -             tokio::task::Builder::new()
[INFO] [stdout] 76 +             Builder::new()
[INFO] [stdout]    |
[INFO] [stdout] 
[INFO] [stdout] 
[INFO] [stdout] error: aborting due to 2 previous errors
[INFO] [stdout] 
[INFO] [stdout] 
[INFO] [stdout] For more information about this error, try `rustc --explain E0433`.
[INFO] [stdout] 
[INFO] [stderr] error: could not compile `console-subscriber` due to 3 previous errors
[INFO] [stdout] error: aborting due to 2 previous errors
[INFO] [stdout] 
[INFO] [stdout] 
[INFO] [stdout] For more information about this error, try `rustc --explain E0433`.
[INFO] [stdout] 
[INFO] [stderr] error: could not compile `console-subscriber` due to 3 previous errors
[INFO] [stdout] error[E0599]: no method named `as_mut` found for struct `Pin<_>` in the current scope
[INFO] [stdout]   --> examples/app.rs:62:18
[INFO] [stdout]    |
[INFO] [stdout] 62 |       let result = tokio::try_join! {
[INFO] [stdout]    |  __________________^
[INFO] [stdout] 63 | |         task1,
[INFO] [stdout] 64 | |         task2,
[INFO] [stdout] 65 | |     };
[INFO] [stdout]    | |_____^ method not found in `Pin<_>`
[INFO] [stdout]   --> /rustc/84c898d65adf2f39a5a98507f1fe0ce10a2b8dbc/library/core/src/pin.rs:722:12
[INFO] [stdout]    |
[INFO] [stdout]    = note: the method is available for `Pin<_>` here
[INFO] [stdout]    |
[INFO] [stdout]    = note: the method was found for
[INFO] [stdout]            - `Pin<P>`
[INFO] [stdout]    = note: this error originates in the macro `$crate::try_join` which comes from the expansion of the macro `tokio::try_join` (in Nightly builds, run with -Z macro-backtrace for more info)
[INFO] [stdout] 
[INFO] [stdout] 
[INFO] [stdout] error[E0599]: no method named `as_mut` found for struct `Pin<_>` in the current scope
[INFO] [stdout]   --> examples/app.rs:62:18
[INFO] [stdout]    |
[INFO] [stdout] 62 |       let result = tokio::try_join! {
[INFO] [stdout]    |  __________________^
[INFO] [stdout] 63 | |         task1,
[INFO] [stdout] 64 | |         task2,
[INFO] [stdout] 65 | |     };
[INFO] [stdout]    | |_____^ method not found in `Pin<_>`
[INFO] [stdout]   --> /rustc/84c898d65adf2f39a5a98507f1fe0ce10a2b8dbc/library/core/src/pin.rs:722:12
[INFO] [stdout]    |
[INFO] [stdout]    = note: the method is available for `Pin<_>` here
[INFO] [stdout]    |
[INFO] [stdout]    = note: the method was found for
[INFO] [stdout]            - `Pin<P>`
[INFO] [stdout]    = note: this error originates in the macro `$crate::try_join` which comes from the expansion of the macro `tokio::try_join` (in Nightly builds, run with -Z macro-backtrace for more info)
[INFO] [stdout] 
[INFO] [stdout] 
[INFO] [stdout] error[E0599]: no method named `take_output` found for struct `Pin<_>` in the current scope
[INFO] [stdout]   --> examples/app.rs:62:18
[INFO] [stdout]    |
[INFO] [stdout] 62 |       let result = tokio::try_join! {
[INFO] [stdout]    |  __________________^
[INFO] [stdout] 63 | |         task1,
[INFO] [stdout] 64 | |         task2,
[INFO] [stdout] 65 | |     };
[INFO] [stdout]    | |_____^ method not found in `Pin<_>`
[INFO] [stdout]    |
[INFO] [stdout]    = note: this error originates in the macro `$crate::try_join` which comes from the expansion of the macro `tokio::try_join` (in Nightly builds, run with -Z macro-backtrace for more info)
[INFO] [stdout] 
[INFO] [stdout] 
[INFO] [stdout] error[E0599]: no method named `take_output` found for struct `Pin<_>` in the current scope
[INFO] [stdout]   --> examples/app.rs:62:18
[INFO] [stdout]    |
[INFO] [stdout] 62 |       let result = tokio::try_join! {
[INFO] [stdout]    |  __________________^
[INFO] [stdout] 63 | |         task1,
[INFO] [stdout] 64 | |         task2,
[INFO] [stdout] 65 | |     };
[INFO] [stdout]    | |     ^
[INFO] [stdout]    | |_____|
[INFO] [stdout]    |       method not found in `Pin<_>`
[INFO] [stdout]    |
[INFO] [stdout]    = note: this error originates in the macro `$crate::try_join` which comes from the expansion of the macro `tokio::try_join` (in Nightly builds, run with -Z macro-backtrace for more info)
[INFO] [stdout] 
[INFO] [stdout] 
[INFO] [stdout] error: aborting due to 10 previous errors
[INFO] [stdout] 
[INFO] [stdout] 
[INFO] [stdout] Some errors have detailed explanations: E0433, E0599.
[INFO] [stdout] 
[INFO] [stdout] For more information about an error, try `rustc --explain E0433`.
[INFO] [stdout] 
[INFO] [stderr] error: could not compile `console-subscriber` due to 11 previous errors
[INFO] running `Command { std: "docker" "inspect" "9c7581cbe2649ec2b978bbad1e03d952e280059d87da4a794f3a08b25dcbca6b", kill_on_drop: false }`
[INFO] running `Command { std: "docker" "rm" "-f" "9c7581cbe2649ec2b978bbad1e03d952e280059d87da4a794f3a08b25dcbca6b", kill_on_drop: false }`
[INFO] [stdout] 9c7581cbe2649ec2b978bbad1e03d952e280059d87da4a794f3a08b25dcbca6b
