[INFO] fetching crate conpty 0.5.1...
[INFO] testing conpty-0.5.1 against beta-2023-04-20 for beta-1.70-1
[INFO] extracting crate conpty 0.5.1 into /workspace/builds/worker-6-tc2/source
[INFO] validating manifest of crates.io crate conpty 0.5.1 on toolchain beta-2023-04-20
[INFO] running `Command { std: CARGO_HOME="/workspace/cargo-home" RUSTUP_HOME="/workspace/rustup-home" "/workspace/cargo-home/bin/cargo" "+beta-2023-04-20" "metadata" "--manifest-path" "Cargo.toml" "--no-deps", kill_on_drop: false }`
[INFO] started tweaking crates.io crate conpty 0.5.1
[INFO] finished tweaking crates.io crate conpty 0.5.1
[INFO] tweaked toml for crates.io crate conpty 0.5.1 written to /workspace/builds/worker-6-tc2/source/Cargo.toml
[INFO] crate crates.io crate conpty 0.5.1 already has a lockfile, it will not be regenerated
[INFO] running `Command { std: CARGO_HOME="/workspace/cargo-home" RUSTUP_HOME="/workspace/rustup-home" "/workspace/cargo-home/bin/cargo" "+beta-2023-04-20" "fetch" "--manifest-path" "Cargo.toml", kill_on_drop: false }`
[INFO] [stderr]     Blocking waiting for file lock on package cache
[INFO] running `Command { std: "docker" "create" "-v" "/var/lib/crater-agent-workspace/builds/worker-6-tc2/target:/opt/rustwide/target:rw,Z" "-v" "/var/lib/crater-agent-workspace/builds/worker-6-tc2/source:/opt/rustwide/workdir:ro,Z" "-v" "/var/lib/crater-agent-workspace/cargo-home:/opt/rustwide/cargo-home:ro,Z" "-v" "/var/lib/crater-agent-workspace/rustup-home:/opt/rustwide/rustup-home:ro,Z" "-e" "SOURCE_DIR=/opt/rustwide/workdir" "-e" "CARGO_TARGET_DIR=/opt/rustwide/target" "-e" "CARGO_HOME=/opt/rustwide/cargo-home" "-e" "RUSTUP_HOME=/opt/rustwide/rustup-home" "-w" "/opt/rustwide/workdir" "-m" "1610612736" "--user" "0:0" "--network" "none" "ghcr.io/rust-lang/crates-build-env/linux@sha256:5ff2268d62e97bff2cde7d5815dd6ed5b47097566f13b8d0ca110b04b60e07ed" "/opt/rustwide/cargo-home/bin/cargo" "+beta-2023-04-20" "metadata" "--no-deps" "--format-version=1", kill_on_drop: false }`
[INFO] [stdout] c1f486035856d285da6e311176ff09cdc2daaec7e9b665a7707456aa0826acd3
[INFO] running `Command { std: "docker" "start" "-a" "c1f486035856d285da6e311176ff09cdc2daaec7e9b665a7707456aa0826acd3", kill_on_drop: false }`
[INFO] running `Command { std: "docker" "inspect" "c1f486035856d285da6e311176ff09cdc2daaec7e9b665a7707456aa0826acd3", kill_on_drop: false }`
[INFO] running `Command { std: "docker" "rm" "-f" "c1f486035856d285da6e311176ff09cdc2daaec7e9b665a7707456aa0826acd3", kill_on_drop: false }`
[INFO] [stdout] c1f486035856d285da6e311176ff09cdc2daaec7e9b665a7707456aa0826acd3
[INFO] running `Command { std: "docker" "create" "-v" "/var/lib/crater-agent-workspace/builds/worker-6-tc2/target:/opt/rustwide/target:rw,Z" "-v" "/var/lib/crater-agent-workspace/builds/worker-6-tc2/source:/opt/rustwide/workdir:ro,Z" "-v" "/var/lib/crater-agent-workspace/cargo-home:/opt/rustwide/cargo-home:ro,Z" "-v" "/var/lib/crater-agent-workspace/rustup-home:/opt/rustwide/rustup-home:ro,Z" "-e" "SOURCE_DIR=/opt/rustwide/workdir" "-e" "CARGO_TARGET_DIR=/opt/rustwide/target" "-e" "CARGO_INCREMENTAL=0" "-e" "RUST_BACKTRACE=full" "-e" "RUSTFLAGS=--cap-lints=warn" "-e" "RUSTDOCFLAGS=--cap-lints=warn" "-e" "CARGO_HOME=/opt/rustwide/cargo-home" "-e" "RUSTUP_HOME=/opt/rustwide/rustup-home" "-w" "/opt/rustwide/workdir" "-m" "1610612736" "--user" "0:0" "--network" "none" "ghcr.io/rust-lang/crates-build-env/linux@sha256:5ff2268d62e97bff2cde7d5815dd6ed5b47097566f13b8d0ca110b04b60e07ed" "/opt/rustwide/cargo-home/bin/cargo" "+beta-2023-04-20" "build" "--frozen" "--message-format=json", kill_on_drop: false }`
[INFO] [stdout] caea277203bc56e55185039f2312be4c10b0cd7ccc734d3c0cfd67f7957384aa
[INFO] running `Command { std: "docker" "start" "-a" "caea277203bc56e55185039f2312be4c10b0cd7ccc734d3c0cfd67f7957384aa", kill_on_drop: false }`
[INFO] [stderr]    Compiling windows-targets v0.42.1
[INFO] [stderr]    Compiling windows v0.44.0
[INFO] [stderr]    Compiling conpty v0.5.1 (/opt/rustwide/workdir)
[INFO] [stdout] error[E0433]: failed to resolve: could not find `windows` in `os`
[INFO] [stdout]   --> src/io/reader.rs:69:22
[INFO] [stdout]    |
[INFO] [stdout] 69 |         use std::os::windows::io::FromRawHandle;
[INFO] [stdout]    |                      ^^^^^^^ could not find `windows` in `os`
[INFO] [stdout] 
[INFO] [stdout] 
[INFO] [stdout] error[E0433]: failed to resolve: could not find `windows` in `os`
[INFO] [stdout]   --> src/io/writer.rs:56:22
[INFO] [stdout]    |
[INFO] [stdout] 56 |         use std::os::windows::io::FromRawHandle;
[INFO] [stdout]    |                      ^^^^^^^ could not find `windows` in `os`
[INFO] [stdout] 
[INFO] [stdout] 
[INFO] [stdout] error[E0433]: failed to resolve: could not find `windows` in `os`
[INFO] [stdout]  --> src/process.rs:7:9
[INFO] [stdout]   |
[INFO] [stdout] 7 |     os::windows::prelude::OsStrExt,
[INFO] [stdout]   |         ^^^^^^^ could not find `windows` in `os`
[INFO] [stdout] 
[INFO] [stdout] 
[INFO] [stdout] error[E0599]: no function or associated item named `from_raw_handle` found for struct `File` in the current scope
[INFO] [stdout]   --> src/io/reader.rs:70:33
[INFO] [stdout]    |
[INFO] [stdout] 70 |         unsafe { std::fs::File::from_raw_handle(pipe.handle.0 as _) }
[INFO] [stdout]    |                                 ^^^^^^^^^^^^^^^ function or associated item not found in `File`
[INFO] [stdout] 
[INFO] [stdout] 
[INFO] [stdout] error[E0599]: no function or associated item named `from_raw_handle` found for struct `File` in the current scope
[INFO] [stdout]   --> src/io/writer.rs:57:33
[INFO] [stdout]    |
[INFO] [stdout] 57 |         unsafe { std::fs::File::from_raw_handle(pipe.handle.0 as _) }
[INFO] [stdout]    |                                 ^^^^^^^^^^^^^^^ function or associated item not found in `File`
[INFO] [stdout] 
[INFO] [stdout] 
[INFO] [stdout] error[E0599]: no method named `encode_wide` found for reference `&OsStr` in the current scope
[INFO] [stdout]    --> src/process.rs:347:22
[INFO] [stdout]     |
[INFO] [stdout] 347 |         b.extend(key.encode_wide());
[INFO] [stdout]     |                      ^^^^^^^^^^^ method not found in `&OsStr`
[INFO] [stdout] 
[INFO] [stdout] 
[INFO] [stdout] error[E0599]: no method named `encode_wide` found for reference `&OsStr` in the current scope
[INFO] [stdout]    --> src/process.rs:349:24
[INFO] [stdout]     |
[INFO] [stdout] 349 |         b.extend(value.encode_wide());
[INFO] [stdout]     |                        ^^^^^^^^^^^ method not found in `&OsStr`
[INFO] [stdout] 
[INFO] [stdout] 
[INFO] [stdout] error[E0599]: no method named `encode_wide` found for reference `&OsStr` in the current scope
[INFO] [stdout]    --> src/process.rs:366:31
[INFO] [stdout]     |
[INFO] [stdout] 366 |     let mut bytes: Vec<_> = s.encode_wide().collect();
[INFO] [stdout]     |                               ^^^^^^^^^^^ method not found in `&OsStr`
[INFO] [stdout] 
[INFO] [stdout] 
[INFO] [stdout] error: aborting due to 8 previous errors
[INFO] [stdout] 
[INFO] [stdout] 
[INFO] [stdout] Some errors have detailed explanations: E0433, E0599.
[INFO] [stdout] 
[INFO] [stdout] For more information about an error, try `rustc --explain E0433`.
[INFO] [stdout] 
[INFO] [stderr] error: could not compile `conpty` (lib) due to 9 previous errors
[INFO] [stderr] warning: build failed, waiting for other jobs to finish...
[INFO] running `Command { std: "docker" "inspect" "caea277203bc56e55185039f2312be4c10b0cd7ccc734d3c0cfd67f7957384aa", kill_on_drop: false }`
[INFO] running `Command { std: "docker" "rm" "-f" "caea277203bc56e55185039f2312be4c10b0cd7ccc734d3c0cfd67f7957384aa", kill_on_drop: false }`
[INFO] [stdout] caea277203bc56e55185039f2312be4c10b0cd7ccc734d3c0cfd67f7957384aa
