[INFO] fetching crate config-maint 0.11.0...
[INFO] testing config-maint-0.11.0 against 1.69.0 for beta-1.70-1
[INFO] extracting crate config-maint 0.11.0 into /workspace/builds/worker-5-tc1/source
[INFO] validating manifest of crates.io crate config-maint 0.11.0 on toolchain 1.69.0
[INFO] running `Command { std: CARGO_HOME="/workspace/cargo-home" RUSTUP_HOME="/workspace/rustup-home" "/workspace/cargo-home/bin/cargo" "+1.69.0" "metadata" "--manifest-path" "Cargo.toml" "--no-deps", kill_on_drop: false }`
[INFO] started tweaking crates.io crate config-maint 0.11.0
[INFO] finished tweaking crates.io crate config-maint 0.11.0
[INFO] tweaked toml for crates.io crate config-maint 0.11.0 written to /workspace/builds/worker-5-tc1/source/Cargo.toml
[INFO] running `Command { std: CARGO_HOME="/workspace/cargo-home" RUSTUP_HOME="/workspace/rustup-home" __CARGO_TEST_CHANNEL_OVERRIDE_DO_NOT_USE_THIS="nightly" "/workspace/cargo-home/bin/cargo" "+1.69.0" "generate-lockfile" "--manifest-path" "Cargo.toml" "-Zno-index-update", kill_on_drop: false }`
[INFO] running `Command { std: CARGO_HOME="/workspace/cargo-home" RUSTUP_HOME="/workspace/rustup-home" "/workspace/cargo-home/bin/cargo" "+1.69.0" "fetch" "--manifest-path" "Cargo.toml", kill_on_drop: false }`
[INFO] [stderr]  Downloading crates ...
[INFO] [stderr]   Downloaded float-cmp v0.6.0
[INFO] running `Command { std: "docker" "create" "-v" "/var/lib/crater-agent-workspace/builds/worker-5-tc1/target:/opt/rustwide/target:rw,Z" "-v" "/var/lib/crater-agent-workspace/builds/worker-5-tc1/source:/opt/rustwide/workdir:ro,Z" "-v" "/var/lib/crater-agent-workspace/cargo-home:/opt/rustwide/cargo-home:ro,Z" "-v" "/var/lib/crater-agent-workspace/rustup-home:/opt/rustwide/rustup-home:ro,Z" "-e" "SOURCE_DIR=/opt/rustwide/workdir" "-e" "CARGO_TARGET_DIR=/opt/rustwide/target" "-e" "CARGO_HOME=/opt/rustwide/cargo-home" "-e" "RUSTUP_HOME=/opt/rustwide/rustup-home" "-w" "/opt/rustwide/workdir" "-m" "1610612736" "--user" "0:0" "--network" "none" "ghcr.io/rust-lang/crates-build-env/linux@sha256:5ff2268d62e97bff2cde7d5815dd6ed5b47097566f13b8d0ca110b04b60e07ed" "/opt/rustwide/cargo-home/bin/cargo" "+1.69.0" "metadata" "--no-deps" "--format-version=1", kill_on_drop: false }`
[INFO] [stdout] 262a53a65a53852796a0cee3dc9b2bda37a7aebceaca813877b91d1cdf2dba8f
[INFO] running `Command { std: "docker" "start" "-a" "262a53a65a53852796a0cee3dc9b2bda37a7aebceaca813877b91d1cdf2dba8f", kill_on_drop: false }`
[INFO] running `Command { std: "docker" "inspect" "262a53a65a53852796a0cee3dc9b2bda37a7aebceaca813877b91d1cdf2dba8f", kill_on_drop: false }`
[INFO] running `Command { std: "docker" "rm" "-f" "262a53a65a53852796a0cee3dc9b2bda37a7aebceaca813877b91d1cdf2dba8f", kill_on_drop: false }`
[INFO] [stdout] 262a53a65a53852796a0cee3dc9b2bda37a7aebceaca813877b91d1cdf2dba8f
[INFO] running `Command { std: "docker" "create" "-v" "/var/lib/crater-agent-workspace/builds/worker-5-tc1/target:/opt/rustwide/target:rw,Z" "-v" "/var/lib/crater-agent-workspace/builds/worker-5-tc1/source:/opt/rustwide/workdir:ro,Z" "-v" "/var/lib/crater-agent-workspace/cargo-home:/opt/rustwide/cargo-home:ro,Z" "-v" "/var/lib/crater-agent-workspace/rustup-home:/opt/rustwide/rustup-home:ro,Z" "-e" "SOURCE_DIR=/opt/rustwide/workdir" "-e" "CARGO_TARGET_DIR=/opt/rustwide/target" "-e" "CARGO_INCREMENTAL=0" "-e" "RUST_BACKTRACE=full" "-e" "RUSTFLAGS=--cap-lints=warn" "-e" "RUSTDOCFLAGS=--cap-lints=warn" "-e" "CARGO_HOME=/opt/rustwide/cargo-home" "-e" "RUSTUP_HOME=/opt/rustwide/rustup-home" "-w" "/opt/rustwide/workdir" "-m" "1610612736" "--user" "0:0" "--network" "none" "ghcr.io/rust-lang/crates-build-env/linux@sha256:5ff2268d62e97bff2cde7d5815dd6ed5b47097566f13b8d0ca110b04b60e07ed" "/opt/rustwide/cargo-home/bin/cargo" "+1.69.0" "build" "--frozen" "--message-format=json", kill_on_drop: false }`
[INFO] [stdout] ef5e3ce24598aa9119727031de344b258040635bb5ee50cd25ba51a7458b7715
[INFO] running `Command { std: "docker" "start" "-a" "ef5e3ce24598aa9119727031de344b258040635bb5ee50cd25ba51a7458b7715", kill_on_drop: false }`
[INFO] [stderr]    Compiling memchr v2.5.0
[INFO] [stderr]    Compiling lexical-core v0.7.6
[INFO] [stderr]    Compiling version_check v0.9.4
[INFO] [stderr]    Compiling regex-syntax v0.7.1
[INFO] [stderr]    Compiling static_assertions v1.1.0
[INFO] [stderr]    Compiling arrayvec v0.5.2
[INFO] [stderr]    Compiling serde_json v1.0.96
[INFO] [stderr]    Compiling serde v0.8.23
[INFO] [stderr]    Compiling linked-hash-map v0.5.6
[INFO] [stderr]    Compiling num-traits v0.2.15
[INFO] [stderr]    Compiling rust-ini v0.13.0
[INFO] [stderr]    Compiling toml v0.5.11
[INFO] [stderr]    Compiling yaml-rust v0.4.5
[INFO] [stderr]    Compiling nom v5.1.3
[INFO] [stderr]    Compiling aho-corasick v1.0.1
[INFO] [stderr]    Compiling num-traits v0.1.43
[INFO] [stderr]    Compiling regex v1.8.1
[INFO] [stderr]    Compiling serde-hjson v0.9.1
[INFO] [stderr]    Compiling config-maint v0.11.0 (/opt/rustwide/workdir)
[INFO] [stderr]     Finished dev [unoptimized + debuginfo] target(s) in 7.53s
[INFO] running `Command { std: "docker" "inspect" "ef5e3ce24598aa9119727031de344b258040635bb5ee50cd25ba51a7458b7715", kill_on_drop: false }`
[INFO] running `Command { std: "docker" "rm" "-f" "ef5e3ce24598aa9119727031de344b258040635bb5ee50cd25ba51a7458b7715", kill_on_drop: false }`
[INFO] [stdout] ef5e3ce24598aa9119727031de344b258040635bb5ee50cd25ba51a7458b7715
[INFO] running `Command { std: "docker" "create" "-v" "/var/lib/crater-agent-workspace/builds/worker-5-tc1/target:/opt/rustwide/target:rw,Z" "-v" "/var/lib/crater-agent-workspace/builds/worker-5-tc1/source:/opt/rustwide/workdir:ro,Z" "-v" "/var/lib/crater-agent-workspace/cargo-home:/opt/rustwide/cargo-home:ro,Z" "-v" "/var/lib/crater-agent-workspace/rustup-home:/opt/rustwide/rustup-home:ro,Z" "-e" "SOURCE_DIR=/opt/rustwide/workdir" "-e" "CARGO_TARGET_DIR=/opt/rustwide/target" "-e" "CARGO_INCREMENTAL=0" "-e" "RUST_BACKTRACE=full" "-e" "RUSTFLAGS=--cap-lints=warn" "-e" "RUSTDOCFLAGS=--cap-lints=warn" "-e" "CARGO_HOME=/opt/rustwide/cargo-home" "-e" "RUSTUP_HOME=/opt/rustwide/rustup-home" "-w" "/opt/rustwide/workdir" "-m" "1610612736" "--user" "0:0" "--network" "none" "ghcr.io/rust-lang/crates-build-env/linux@sha256:5ff2268d62e97bff2cde7d5815dd6ed5b47097566f13b8d0ca110b04b60e07ed" "/opt/rustwide/cargo-home/bin/cargo" "+1.69.0" "test" "--frozen" "--no-run" "--message-format=json", kill_on_drop: false }`
[INFO] [stdout] dd75c911c4cc44a93c5e1f084934418b9fbc1dc67c018d9b4f8e6da5ff34e606
[INFO] running `Command { std: "docker" "start" "-a" "dd75c911c4cc44a93c5e1f084934418b9fbc1dc67c018d9b4f8e6da5ff34e606", kill_on_drop: false }`
[INFO] [stderr]    Compiling proc-macro2 v1.0.56
[INFO] [stderr]    Compiling num-integer v0.1.45
[INFO] [stderr]    Compiling serde_derive v1.0.160
[INFO] [stderr]    Compiling iana-time-zone v0.1.56
[INFO] [stderr]    Compiling time v0.1.45
[INFO] [stderr]    Compiling float-cmp v0.6.0
[INFO] [stderr]    Compiling chrono v0.4.24
[INFO] [stderr]    Compiling quote v1.0.26
[INFO] [stderr]    Compiling syn v2.0.15
[INFO] [stderr]    Compiling config-maint v0.11.0 (/opt/rustwide/workdir)
[INFO] [stdout] warning: use of deprecated method `chrono::TimeZone::ymd`: use `with_ymd_and_hms()` instead
[INFO] [stdout]   --> tests/datetime.rs:96:26
[INFO] [stdout]    |
[INFO] [stdout] 96 |     assert_eq!(date, Utc.ymd(2017, 5, 10).and_hms(2, 14, 53));
[INFO] [stdout]    |                          ^^^
[INFO] [stdout]    |
[INFO] [stdout]    = note: `#[warn(deprecated)]` on by default
[INFO] [stdout] 
[INFO] [stdout] 
[INFO] [stdout] warning: use of deprecated method `chrono::Date::<Tz>::and_hms`: Use and_hms_opt() instead
[INFO] [stdout]   --> tests/datetime.rs:96:43
[INFO] [stdout]    |
[INFO] [stdout] 96 |     assert_eq!(date, Utc.ymd(2017, 5, 10).and_hms(2, 14, 53));
[INFO] [stdout]    |                                           ^^^^^^^
[INFO] [stdout] 
[INFO] [stdout] 
[INFO] [stdout] warning: use of deprecated method `chrono::TimeZone::ymd`: use `with_ymd_and_hms()` instead
[INFO] [stdout]    --> tests/datetime.rs:101:26
[INFO] [stdout]     |
[INFO] [stdout] 101 |     assert_eq!(date, Utc.ymd(2017, 5, 11).and_hms(14, 55, 15));
[INFO] [stdout]     |                          ^^^
[INFO] [stdout] 
[INFO] [stdout] 
[INFO] [stdout] warning: use of deprecated method `chrono::Date::<Tz>::and_hms`: Use and_hms_opt() instead
[INFO] [stdout]    --> tests/datetime.rs:101:43
[INFO] [stdout]     |
[INFO] [stdout] 101 |     assert_eq!(date, Utc.ymd(2017, 5, 11).and_hms(14, 55, 15));
[INFO] [stdout]     |                                           ^^^^^^^
[INFO] [stdout] 
[INFO] [stdout] 
[INFO] [stdout] warning: use of deprecated method `chrono::TimeZone::ymd`: use `with_ymd_and_hms()` instead
[INFO] [stdout]    --> tests/datetime.rs:106:26
[INFO] [stdout]     |
[INFO] [stdout] 106 |     assert_eq!(date, Utc.ymd(2017, 6, 12).and_hms(10, 58, 30));
[INFO] [stdout]     |                          ^^^
[INFO] [stdout] 
[INFO] [stdout] 
[INFO] [stdout] warning: use of deprecated method `chrono::Date::<Tz>::and_hms`: Use and_hms_opt() instead
[INFO] [stdout]    --> tests/datetime.rs:106:43
[INFO] [stdout]     |
[INFO] [stdout] 106 |     assert_eq!(date, Utc.ymd(2017, 6, 12).and_hms(10, 58, 30));
[INFO] [stdout]     |                                           ^^^^^^^
[INFO] [stdout] 
[INFO] [stdout] 
[INFO] [stdout] warning: use of deprecated method `chrono::TimeZone::ymd`: use `with_ymd_and_hms()` instead
[INFO] [stdout]    --> tests/datetime.rs:111:26
[INFO] [stdout]     |
[INFO] [stdout] 111 |     assert_eq!(date, Utc.ymd(2017, 5, 10).and_hms(2, 14, 53));
[INFO] [stdout]     |                          ^^^
[INFO] [stdout] 
[INFO] [stdout] 
[INFO] [stdout] warning: use of deprecated method `chrono::Date::<Tz>::and_hms`: Use and_hms_opt() instead
[INFO] [stdout]    --> tests/datetime.rs:111:43
[INFO] [stdout]     |
[INFO] [stdout] 111 |     assert_eq!(date, Utc.ymd(2017, 5, 10).and_hms(2, 14, 53));
[INFO] [stdout]     |                                           ^^^^^^^
[INFO] [stdout] 
[INFO] [stdout] 
[INFO] [stdout] warning: use of deprecated method `chrono::TimeZone::ymd`: use `with_ymd_and_hms()` instead
[INFO] [stdout]    --> tests/datetime.rs:116:26
[INFO] [stdout]     |
[INFO] [stdout] 116 |     assert_eq!(date, Utc.ymd(2017, 5, 10).and_hms(2, 14, 53));
[INFO] [stdout]     |                          ^^^
[INFO] [stdout] 
[INFO] [stdout] 
[INFO] [stdout] warning: use of deprecated method `chrono::Date::<Tz>::and_hms`: Use and_hms_opt() instead
[INFO] [stdout]    --> tests/datetime.rs:116:43
[INFO] [stdout]     |
[INFO] [stdout] 116 |     assert_eq!(date, Utc.ymd(2017, 5, 10).and_hms(2, 14, 53));
[INFO] [stdout]     |                                           ^^^^^^^
[INFO] [stdout] 
[INFO] [stdout] 
[INFO] [stdout] warning: field `test` is never read
[INFO] [stdout]    --> tests/errors.rs:111:9
[INFO] [stdout]     |
[INFO] [stdout] 110 |     struct Inner {
[INFO] [stdout]     |            ----- field in this struct
[INFO] [stdout] 111 |         test: i32,
[INFO] [stdout]     |         ^^^^
[INFO] [stdout]     |
[INFO] [stdout]     = note: `Inner` has a derived impl for the trait `Debug`, but this is intentionally ignored during dead code analysis
[INFO] [stdout]     = note: `#[warn(dead_code)]` on by default
[INFO] [stdout] 
[INFO] [stdout] 
[INFO] [stdout] warning: field `inner` is never read
[INFO] [stdout]    --> tests/errors.rs:116:9
[INFO] [stdout]     |
[INFO] [stdout] 115 |     struct Outer {
[INFO] [stdout]     |            ----- field in this struct
[INFO] [stdout] 116 |         inner: Inner,
[INFO] [stdout]     |         ^^^^^
[INFO] [stdout]     |
[INFO] [stdout]     = note: `Outer` has a derived impl for the trait `Debug`, but this is intentionally ignored during dead code analysis
[INFO] [stdout] 
[INFO] [stdout] 
[INFO] [stderr] error: could not compile `config-maint`
[INFO] [stderr] 
[INFO] [stderr] Caused by:
[INFO] [stderr]   process didn't exit successfully: `rustc --crate-name config_maint src/lib.rs --error-format=json --json=diagnostic-rendered-ansi,artifacts,future-incompat --emit=dep-info,link -C embed-bitcode=no -C debuginfo=2 --test --cfg 'feature="default"' --cfg 'feature="hjson"' --cfg 'feature="ini"' --cfg 'feature="json"' --cfg 'feature="rust-ini"' --cfg 'feature="serde-hjson"' --cfg 'feature="serde_json"' --cfg 'feature="toml"' --cfg 'feature="yaml"' --cfg 'feature="yaml-rust"' -C metadata=48b5bb6a5d5d5058 -C extra-filename=-48b5bb6a5d5d5058 --out-dir /opt/rustwide/target/debug/deps -L dependency=/opt/rustwide/target/debug/deps --extern chrono=/opt/rustwide/target/debug/deps/libchrono-b59de9d7c93c7ddc.rlib --extern float_cmp=/opt/rustwide/target/debug/deps/libfloat_cmp-027242453ebed416.rlib --extern lazy_static=/opt/rustwide/target/debug/deps/liblazy_static-a15e1ed0a3c31761.rlib --extern nom=/opt/rustwide/target/debug/deps/libnom-4c54c679e19ffd59.rlib --extern ini=/opt/rustwide/target/debug/deps/libini-164272f1171013d2.rlib --extern serde=/opt/rustwide/target/debug/deps/libserde-ecff9e9bb5abe319.rlib --extern serde_hjson=/opt/rustwide/target/debug/deps/libserde_hjson-038105a654e17d18.rlib --extern serde_derive=/opt/rustwide/target/debug/deps/libserde_derive-3894bb8b5e3defe2.so --extern serde_json=/opt/rustwide/target/debug/deps/libserde_json-be965df7f049c2a4.rlib --extern toml=/opt/rustwide/target/debug/deps/libtoml-5db5f1d1be14cc05.rlib --extern yaml_rust=/opt/rustwide/target/debug/deps/libyaml_rust-4647b266a566e0e1.rlib --cap-lints=warn` (signal: 9, SIGKILL: kill)
[INFO] [stderr] warning: build failed, waiting for other jobs to finish...
[INFO] [stderr] error: could not compile `config-maint`
[INFO] [stderr] 
[INFO] [stderr] Caused by:
[INFO] [stderr]   process didn't exit successfully: `rustc --crate-name get tests/get.rs --error-format=json --json=diagnostic-rendered-ansi,artifacts,future-incompat --emit=dep-info,link -C embed-bitcode=no -C debuginfo=2 --test --cfg 'feature="default"' --cfg 'feature="hjson"' --cfg 'feature="ini"' --cfg 'feature="json"' --cfg 'feature="rust-ini"' --cfg 'feature="serde-hjson"' --cfg 'feature="serde_json"' --cfg 'feature="toml"' --cfg 'feature="yaml"' --cfg 'feature="yaml-rust"' -C metadata=465a3d3660fd912f -C extra-filename=-465a3d3660fd912f --out-dir /opt/rustwide/target/debug/deps -L dependency=/opt/rustwide/target/debug/deps --extern chrono=/opt/rustwide/target/debug/deps/libchrono-b59de9d7c93c7ddc.rlib --extern config_maint=/opt/rustwide/target/debug/deps/libconfig_maint-9ae336553bd6dc02.rlib --extern float_cmp=/opt/rustwide/target/debug/deps/libfloat_cmp-027242453ebed416.rlib --extern lazy_static=/opt/rustwide/target/debug/deps/liblazy_static-a15e1ed0a3c31761.rlib --extern nom=/opt/rustwide/target/debug/deps/libnom-4c54c679e19ffd59.rlib --extern ini=/opt/rustwide/target/debug/deps/libini-164272f1171013d2.rlib --extern serde=/opt/rustwide/target/debug/deps/libserde-ecff9e9bb5abe319.rlib --extern serde_hjson=/opt/rustwide/target/debug/deps/libserde_hjson-038105a654e17d18.rlib --extern serde_derive=/opt/rustwide/target/debug/deps/libserde_derive-3894bb8b5e3defe2.so --extern serde_json=/opt/rustwide/target/debug/deps/libserde_json-be965df7f049c2a4.rlib --extern toml=/opt/rustwide/target/debug/deps/libtoml-5db5f1d1be14cc05.rlib --extern yaml_rust=/opt/rustwide/target/debug/deps/libyaml_rust-4647b266a566e0e1.rlib --cap-lints=warn` (signal: 9, SIGKILL: kill)
[INFO] [stdout] error: linking with `cc` failed: exit status: 1
[INFO] [stdout]   |
[INFO] [stdout]   = note: LC_ALL="C" PATH="/opt/rustwide/rustup-home/toolchains/1.69.0-x86_64-unknown-linux-gnu/lib/rustlib/x86_64-unknown-linux-gnu/bin:/opt/rustwide/cargo-home/bin:/usr/local/sbin:/usr/local/bin:/usr/sbin:/usr/bin:/sbin:/bin" VSLANG="1033" "cc" "-m64" "/tmp/rustcyrhUcO/symbols.o" "/opt/rustwide/target/debug/deps/empty-3b923c7c7000ea09.empty.0663a8c7-cgu.0.rcgu.o" "/opt/rustwide/target/debug/deps/empty-3b923c7c7000ea09.empty.0663a8c7-cgu.1.rcgu.o" "/opt/rustwide/target/debug/deps/empty-3b923c7c7000ea09.empty.0663a8c7-cgu.10.rcgu.o" "/opt/rustwide/target/debug/deps/empty-3b923c7c7000ea09.empty.0663a8c7-cgu.11.rcgu.o" "/opt/rustwide/target/debug/deps/empty-3b923c7c7000ea09.empty.0663a8c7-cgu.12.rcgu.o" "/opt/rustwide/target/debug/deps/empty-3b923c7c7000ea09.empty.0663a8c7-cgu.13.rcgu.o" "/opt/rustwide/target/debug/deps/empty-3b923c7c7000ea09.empty.0663a8c7-cgu.14.rcgu.o" "/opt/rustwide/target/debug/deps/empty-3b923c7c7000ea09.empty.0663a8c7-cgu.15.rcgu.o" "/opt/rustwide/target/debug/deps/empty-3b923c7c7000ea09.empty.0663a8c7-cgu.2.rcgu.o" "/opt/rustwide/target/debug/deps/empty-3b923c7c7000ea09.empty.0663a8c7-cgu.3.rcgu.o" "/opt/rustwide/target/debug/deps/empty-3b923c7c7000ea09.empty.0663a8c7-cgu.4.rcgu.o" "/opt/rustwide/target/debug/deps/empty-3b923c7c7000ea09.empty.0663a8c7-cgu.5.rcgu.o" "/opt/rustwide/target/debug/deps/empty-3b923c7c7000ea09.empty.0663a8c7-cgu.6.rcgu.o" "/opt/rustwide/target/debug/deps/empty-3b923c7c7000ea09.empty.0663a8c7-cgu.7.rcgu.o" "/opt/rustwide/target/debug/deps/empty-3b923c7c7000ea09.empty.0663a8c7-cgu.8.rcgu.o" "/opt/rustwide/target/debug/deps/empty-3b923c7c7000ea09.empty.0663a8c7-cgu.9.rcgu.o" "/opt/rustwide/target/debug/deps/empty-3b923c7c7000ea09.3ik4bj6v2xyptu92.rcgu.o" "-Wl,--as-needed" "-L" "/opt/rustwide/target/debug/deps" "-L" "/opt/rustwide/rustup-home/toolchains/1.69.0-x86_64-unknown-linux-gnu/lib/rustlib/x86_64-unknown-linux-gnu/lib" "-Wl,-Bstatic" "/opt/rustwide/rustup-home/toolchains/1.69.0-x86_64-unknown-linux-gnu/lib/rustlib/x86_64-unknown-linux-gnu/lib/libtest-7791a6353d4a7929.rlib" "/opt/rustwide/rustup-home/toolchains/1.69.0-x86_64-unknown-linux-gnu/lib/rustlib/x86_64-unknown-linux-gnu/lib/libgetopts-7b17724e9ce90a72.rlib" "/opt/rustwide/rustup-home/toolchains/1.69.0-x86_64-unknown-linux-gnu/lib/rustlib/x86_64-unknown-linux-gnu/lib/libunicode_width-596f8ce9d30a755e.rlib" "/opt/rustwide/rustup-home/toolchains/1.69.0-x86_64-unknown-linux-gnu/lib/rustlib/x86_64-unknown-linux-gnu/lib/librustc_std_workspace_std-da04f86254de594f.rlib" "/opt/rustwide/target/debug/deps/libconfig_maint-9ae336553bd6dc02.rlib" "/opt/rustwide/target/debug/deps/libini-164272f1171013d2.rlib" "/opt/rustwide/target/debug/deps/libserde_hjson-038105a654e17d18.rlib" "/opt/rustwide/target/debug/deps/libserde-2775c6863c57fc4d.rlib" "/opt/rustwide/target/debug/deps/libregex-29a80ea3523697de.rlib" "/opt/rustwide/target/debug/deps/libaho_corasick-4a4928e0522c8a74.rlib" "/opt/rustwide/target/debug/deps/libregex_syntax-6ee924d67e38f866.rlib" "/opt/rustwide/target/debug/deps/libnum_traits-0c89eaff9d5c6321.rlib" "/opt/rustwide/target/debug/deps/libnum_traits-3b93294800e9dc5d.rlib" "/opt/rustwide/target/debug/deps/libyaml_rust-4647b266a566e0e1.rlib" "/opt/rustwide/target/debug/deps/liblinked_hash_map-e9a9a8ee8702e8e0.rlib" "/opt/rustwide/target/debug/deps/libserde_json-be965df7f049c2a4.rlib" "/opt/rustwide/target/debug/deps/libitoa-12e0c769e046c1b6.rlib" "/opt/rustwide/target/debug/deps/libtoml-5db5f1d1be14cc05.rlib" "/opt/rustwide/target/debug/deps/liblazy_static-a15e1ed0a3c31761.rlib" "/opt/rustwide/target/debug/deps/libnom-4c54c679e19ffd59.rlib" "/opt/rustwide/target/debug/deps/liblexical_core-294c78ec8edd0054.rlib" "/opt/rustwide/target/debug/deps/libbitflags-82cc2d155c6eb112.rlib" "/opt/rustwide/target/debug/deps/libryu-87a43729435ac998.rlib" "/opt/rustwide/target/debug/deps/libstatic_assertions-9a9c2cb46fa7a0a6.rlib" "/opt/rustwide/target/debug/deps/libarrayvec-026b3659407be0be.rlib" "/opt/rustwide/target/debug/deps/libcfg_if-e5e118dd7d121aaa.rlib" "/opt/rustwide/target/debug/deps/libmemchr-399e4d4e829e4e4b.rlib" "/opt/rustwide/target/debug/deps/libserde-ecff9e9bb5abe319.rlib" "/opt/rustwide/rustup-home/toolchains/1.69.0-x86_64-unknown-linux-gnu/lib/rustlib/x86_64-unknown-linux-gnu/lib/libstd-89bc084783fdc439.rlib" "/opt/rustwide/rustup-home/toolchains/1.69.0-x86_64-unknown-linux-gnu/lib/rustlib/x86_64-unknown-linux-gnu/lib/libpanic_unwind-8bee4b287d4367c1.rlib" "/opt/rustwide/rustup-home/toolchains/1.69.0-x86_64-unknown-linux-gnu/lib/rustlib/x86_64-unknown-linux-gnu/lib/libobject-d61707aed80694c0.rlib" "/opt/rustwide/rustup-home/toolchains/1.69.0-x86_64-unknown-linux-gnu/lib/rustlib/x86_64-unknown-linux-gnu/lib/libmemchr-d85366256f22345b.rlib" "/opt/rustwide/rustup-home/toolchains/1.69.0-x86_64-unknown-linux-gnu/lib/rustlib/x86_64-unknown-linux-gnu/lib/libaddr2line-96069b86b8a8cae9.rlib" "/opt/rustwide/rustup-home/toolchains/1.69.0-x86_64-unknown-linux-gnu/lib/rustlib/x86_64-unknown-linux-gnu/lib/libgimli-d19d53abf68dfa6c.rlib" "/opt/rustwide/rustup-home/toolchains/1.69.0-x86_64-unknown-linux-gnu/lib/rustlib/x86_64-unknown-linux-gnu/lib/librustc_demangle-787cbccd19d64ac6.rlib" "/opt/rustwide/rustup-home/toolchains/1.69.0-x86_64-unknown-linux-gnu/lib/rustlib/x86_64-unknown-linux-gnu/lib/libstd_detect-b3837a36b830e0d0.rlib" "/opt/rustwide/rustup-home/toolchains/1.69.0-x86_64-unknown-linux-gnu/lib/rustlib/x86_64-unknown-linux-gnu/lib/libhashbrown-e3deb0e7e3f04966.rlib" "/opt/rustwide/rustup-home/toolchains/1.69.0-x86_64-unknown-linux-gnu/lib/rustlib/x86_64-unknown-linux-gnu/lib/libminiz_oxide-dabbb79c9815def4.rlib" "/opt/rustwide/rustup-home/toolchains/1.69.0-x86_64-unknown-linux-gnu/lib/rustlib/x86_64-unknown-linux-gnu/lib/libadler-305b01f34c9409f2.rlib" "/opt/rustwide/rustup-home/toolchains/1.69.0-x86_64-unknown-linux-gnu/lib/rustlib/x86_64-unknown-linux-gnu/lib/librustc_std_workspace_alloc-f833521df6074e73.rlib" "/opt/rustwide/rustup-home/toolchains/1.69.0-x86_64-unknown-linux-gnu/lib/rustlib/x86_64-unknown-linux-gnu/lib/libunwind-9ac333113350d171.rlib" "/opt/rustwide/rustup-home/toolchains/1.69.0-x86_64-unknown-linux-gnu/lib/rustlib/x86_64-unknown-linux-gnu/lib/libcfg_if-1c126114322d0eee.rlib" "/opt/rustwide/rustup-home/toolchains/1.69.0-x86_64-unknown-linux-gnu/lib/rustlib/x86_64-unknown-linux-gnu/lib/liblibc-bad9164fdeeecf92.rlib" "/opt/rustwide/rustup-home/toolchains/1.69.0-x86_64-unknown-linux-gnu/lib/rustlib/x86_64-unknown-linux-gnu/lib/liballoc-f9374b1e480fa681.rlib" "/opt/rustwide/rustup-home/toolchains/1.69.0-x86_64-unknown-linux-gnu/lib/rustlib/x86_64-unknown-linux-gnu/lib/librustc_std_workspace_core-207f06e41d9603af.rlib" "/opt/rustwide/rustup-home/toolchains/1.69.0-x86_64-unknown-linux-gnu/lib/rustlib/x86_64-unknown-linux-gnu/lib/libcore-7e2768e66e984e85.rlib" "/opt/rustwide/rustup-home/toolchains/1.69.0-x86_64-unknown-linux-gnu/lib/rustlib/x86_64-unknown-linux-gnu/lib/libcompiler_builtins-957b4aff41f8cd46.rlib" "-Wl,-Bdynamic" "-lgcc_s" "-lutil" "-lrt" "-lpthread" "-lm" "-ldl" "-lc" "-Wl,--eh-frame-hdr" "-Wl,-z,noexecstack" "-L" "/opt/rustwide/rustup-home/toolchains/1.69.0-x86_64-unknown-linux-gnu/lib/rustlib/x86_64-unknown-linux-gnu/lib" "-o" "/opt/rustwide/target/debug/deps/empty-3b923c7c7000ea09" "-Wl,--gc-sections" "-pie" "-Wl,-z,relro,-z,now" "-nodefaultlibs"
[INFO] [stdout]   = note: collect2: fatal error: ld terminated with signal 9 [Killed]
[INFO] [stdout]           compilation terminated.
[INFO] [stdout]           
[INFO] [stdout] 
[INFO] [stdout] 
[INFO] [stdout] error: aborting due to previous error
[INFO] [stdout] 
[INFO] [stdout] 
[INFO] [stderr] error: could not compile `config-maint` due to 2 previous errors
[INFO] [stdout] error: linking with `cc` failed: exit status: 1
[INFO] [stdout]   |
[INFO] [stdout]   = note: LC_ALL="C" PATH="/opt/rustwide/rustup-home/toolchains/1.69.0-x86_64-unknown-linux-gnu/lib/rustlib/x86_64-unknown-linux-gnu/bin:/opt/rustwide/cargo-home/bin:/usr/local/sbin:/usr/local/bin:/usr/sbin:/usr/bin:/sbin:/bin" VSLANG="1033" "cc" "-m64" "/tmp/rustc3dGYd7/symbols.o" "/opt/rustwide/target/debug/deps/env-185a19c7a7f0a060.env.8687f8f4-cgu.0.rcgu.o" "/opt/rustwide/target/debug/deps/env-185a19c7a7f0a060.env.8687f8f4-cgu.1.rcgu.o" "/opt/rustwide/target/debug/deps/env-185a19c7a7f0a060.env.8687f8f4-cgu.10.rcgu.o" "/opt/rustwide/target/debug/deps/env-185a19c7a7f0a060.env.8687f8f4-cgu.11.rcgu.o" "/opt/rustwide/target/debug/deps/env-185a19c7a7f0a060.env.8687f8f4-cgu.12.rcgu.o" "/opt/rustwide/target/debug/deps/env-185a19c7a7f0a060.env.8687f8f4-cgu.13.rcgu.o" "/opt/rustwide/target/debug/deps/env-185a19c7a7f0a060.env.8687f8f4-cgu.2.rcgu.o" "/opt/rustwide/target/debug/deps/env-185a19c7a7f0a060.env.8687f8f4-cgu.3.rcgu.o" "/opt/rustwide/target/debug/deps/env-185a19c7a7f0a060.env.8687f8f4-cgu.4.rcgu.o" "/opt/rustwide/target/debug/deps/env-185a19c7a7f0a060.env.8687f8f4-cgu.5.rcgu.o" "/opt/rustwide/target/debug/deps/env-185a19c7a7f0a060.env.8687f8f4-cgu.6.rcgu.o" "/opt/rustwide/target/debug/deps/env-185a19c7a7f0a060.env.8687f8f4-cgu.7.rcgu.o" "/opt/rustwide/target/debug/deps/env-185a19c7a7f0a060.env.8687f8f4-cgu.8.rcgu.o" "/opt/rustwide/target/debug/deps/env-185a19c7a7f0a060.env.8687f8f4-cgu.9.rcgu.o" "/opt/rustwide/target/debug/deps/env-185a19c7a7f0a060.1iu4k3lbkb5icq80.rcgu.o" "-Wl,--as-needed" "-L" "/opt/rustwide/target/debug/deps" "-L" "/opt/rustwide/rustup-home/toolchains/1.69.0-x86_64-unknown-linux-gnu/lib/rustlib/x86_64-unknown-linux-gnu/lib" "-Wl,-Bstatic" "/opt/rustwide/rustup-home/toolchains/1.69.0-x86_64-unknown-linux-gnu/lib/rustlib/x86_64-unknown-linux-gnu/lib/libtest-7791a6353d4a7929.rlib" "/opt/rustwide/rustup-home/toolchains/1.69.0-x86_64-unknown-linux-gnu/lib/rustlib/x86_64-unknown-linux-gnu/lib/libgetopts-7b17724e9ce90a72.rlib" "/opt/rustwide/rustup-home/toolchains/1.69.0-x86_64-unknown-linux-gnu/lib/rustlib/x86_64-unknown-linux-gnu/lib/libunicode_width-596f8ce9d30a755e.rlib" "/opt/rustwide/rustup-home/toolchains/1.69.0-x86_64-unknown-linux-gnu/lib/rustlib/x86_64-unknown-linux-gnu/lib/librustc_std_workspace_std-da04f86254de594f.rlib" "/opt/rustwide/target/debug/deps/libconfig_maint-9ae336553bd6dc02.rlib" "/opt/rustwide/target/debug/deps/libini-164272f1171013d2.rlib" "/opt/rustwide/target/debug/deps/libserde_hjson-038105a654e17d18.rlib" "/opt/rustwide/target/debug/deps/libserde-2775c6863c57fc4d.rlib" "/opt/rustwide/target/debug/deps/libregex-29a80ea3523697de.rlib" "/opt/rustwide/target/debug/deps/libaho_corasick-4a4928e0522c8a74.rlib" "/opt/rustwide/target/debug/deps/libregex_syntax-6ee924d67e38f866.rlib" "/opt/rustwide/target/debug/deps/libnum_traits-0c89eaff9d5c6321.rlib" "/opt/rustwide/target/debug/deps/libnum_traits-3b93294800e9dc5d.rlib" "/opt/rustwide/target/debug/deps/libyaml_rust-4647b266a566e0e1.rlib" "/opt/rustwide/target/debug/deps/liblinked_hash_map-e9a9a8ee8702e8e0.rlib" "/opt/rustwide/target/debug/deps/libserde_json-be965df7f049c2a4.rlib" "/opt/rustwide/target/debug/deps/libitoa-12e0c769e046c1b6.rlib" "/opt/rustwide/target/debug/deps/libtoml-5db5f1d1be14cc05.rlib" "/opt/rustwide/target/debug/deps/liblazy_static-a15e1ed0a3c31761.rlib" "/opt/rustwide/target/debug/deps/libnom-4c54c679e19ffd59.rlib" "/opt/rustwide/target/debug/deps/liblexical_core-294c78ec8edd0054.rlib" "/opt/rustwide/target/debug/deps/libbitflags-82cc2d155c6eb112.rlib" "/opt/rustwide/target/debug/deps/libryu-87a43729435ac998.rlib" "/opt/rustwide/target/debug/deps/libstatic_assertions-9a9c2cb46fa7a0a6.rlib" "/opt/rustwide/target/debug/deps/libarrayvec-026b3659407be0be.rlib" "/opt/rustwide/target/debug/deps/libcfg_if-e5e118dd7d121aaa.rlib" "/opt/rustwide/target/debug/deps/libmemchr-399e4d4e829e4e4b.rlib" "/opt/rustwide/target/debug/deps/libserde-ecff9e9bb5abe319.rlib" "/opt/rustwide/rustup-home/toolchains/1.69.0-x86_64-unknown-linux-gnu/lib/rustlib/x86_64-unknown-linux-gnu/lib/libstd-89bc084783fdc439.rlib" "/opt/rustwide/rustup-home/toolchains/1.69.0-x86_64-unknown-linux-gnu/lib/rustlib/x86_64-unknown-linux-gnu/lib/libpanic_unwind-8bee4b287d4367c1.rlib" "/opt/rustwide/rustup-home/toolchains/1.69.0-x86_64-unknown-linux-gnu/lib/rustlib/x86_64-unknown-linux-gnu/lib/libobject-d61707aed80694c0.rlib" "/opt/rustwide/rustup-home/toolchains/1.69.0-x86_64-unknown-linux-gnu/lib/rustlib/x86_64-unknown-linux-gnu/lib/libmemchr-d85366256f22345b.rlib" "/opt/rustwide/rustup-home/toolchains/1.69.0-x86_64-unknown-linux-gnu/lib/rustlib/x86_64-unknown-linux-gnu/lib/libaddr2line-96069b86b8a8cae9.rlib" "/opt/rustwide/rustup-home/toolchains/1.69.0-x86_64-unknown-linux-gnu/lib/rustlib/x86_64-unknown-linux-gnu/lib/libgimli-d19d53abf68dfa6c.rlib" "/opt/rustwide/rustup-home/toolchains/1.69.0-x86_64-unknown-linux-gnu/lib/rustlib/x86_64-unknown-linux-gnu/lib/librustc_demangle-787cbccd19d64ac6.rlib" "/opt/rustwide/rustup-home/toolchains/1.69.0-x86_64-unknown-linux-gnu/lib/rustlib/x86_64-unknown-linux-gnu/lib/libstd_detect-b3837a36b830e0d0.rlib" "/opt/rustwide/rustup-home/toolchains/1.69.0-x86_64-unknown-linux-gnu/lib/rustlib/x86_64-unknown-linux-gnu/lib/libhashbrown-e3deb0e7e3f04966.rlib" "/opt/rustwide/rustup-home/toolchains/1.69.0-x86_64-unknown-linux-gnu/lib/rustlib/x86_64-unknown-linux-gnu/lib/libminiz_oxide-dabbb79c9815def4.rlib" "/opt/rustwide/rustup-home/toolchains/1.69.0-x86_64-unknown-linux-gnu/lib/rustlib/x86_64-unknown-linux-gnu/lib/libadler-305b01f34c9409f2.rlib" "/opt/rustwide/rustup-home/toolchains/1.69.0-x86_64-unknown-linux-gnu/lib/rustlib/x86_64-unknown-linux-gnu/lib/librustc_std_workspace_alloc-f833521df6074e73.rlib" "/opt/rustwide/rustup-home/toolchains/1.69.0-x86_64-unknown-linux-gnu/lib/rustlib/x86_64-unknown-linux-gnu/lib/libunwind-9ac333113350d171.rlib" "/opt/rustwide/rustup-home/toolchains/1.69.0-x86_64-unknown-linux-gnu/lib/rustlib/x86_64-unknown-linux-gnu/lib/libcfg_if-1c126114322d0eee.rlib" "/opt/rustwide/rustup-home/toolchains/1.69.0-x86_64-unknown-linux-gnu/lib/rustlib/x86_64-unknown-linux-gnu/lib/liblibc-bad9164fdeeecf92.rlib" "/opt/rustwide/rustup-home/toolchains/1.69.0-x86_64-unknown-linux-gnu/lib/rustlib/x86_64-unknown-linux-gnu/lib/liballoc-f9374b1e480fa681.rlib" "/opt/rustwide/rustup-home/toolchains/1.69.0-x86_64-unknown-linux-gnu/lib/rustlib/x86_64-unknown-linux-gnu/lib/librustc_std_workspace_core-207f06e41d9603af.rlib" "/opt/rustwide/rustup-home/toolchains/1.69.0-x86_64-unknown-linux-gnu/lib/rustlib/x86_64-unknown-linux-gnu/lib/libcore-7e2768e66e984e85.rlib" "/opt/rustwide/rustup-home/toolchains/1.69.0-x86_64-unknown-linux-gnu/lib/rustlib/x86_64-unknown-linux-gnu/lib/libcompiler_builtins-957b4aff41f8cd46.rlib" "-Wl,-Bdynamic" "-lgcc_s" "-lutil" "-lrt" "-lpthread" "-lm" "-ldl" "-lc" "-Wl,--eh-frame-hdr" "-Wl,-z,noexecstack" "-L" "/opt/rustwide/rustup-home/toolchains/1.69.0-x86_64-unknown-linux-gnu/lib/rustlib/x86_64-unknown-linux-gnu/lib" "-o" "/opt/rustwide/target/debug/deps/env-185a19c7a7f0a060" "-Wl,--gc-sections" "-pie" "-Wl,-z,relro,-z,now" "-nodefaultlibs"
[INFO] [stdout]   = note: collect2: fatal error: ld terminated with signal 9 [Killed]
[INFO] [stdout]           compilation terminated.
[INFO] [stdout]           
[INFO] [stdout] 
[INFO] [stdout] 
[INFO] [stdout] error: aborting due to previous error
[INFO] [stdout] 
[INFO] [stdout] 
[INFO] [stderr] error: could not compile `config-maint` due to 2 previous errors
[INFO] [stdout] error: linking with `cc` failed: exit status: 1
[INFO] [stdout]   |
[INFO] [stdout]   = note: LC_ALL="C" PATH="/opt/rustwide/rustup-home/toolchains/1.69.0-x86_64-unknown-linux-gnu/lib/rustlib/x86_64-unknown-linux-gnu/bin:/opt/rustwide/cargo-home/bin:/usr/local/sbin:/usr/local/bin:/usr/sbin:/usr/bin:/sbin:/bin" VSLANG="1033" "cc" "-m64" "/tmp/rustcXefquK/symbols.o" "/opt/rustwide/target/debug/deps/datetime-e629a874e5259d97.datetime.ca05b4e6-cgu.0.rcgu.o" "/opt/rustwide/target/debug/deps/datetime-e629a874e5259d97.datetime.ca05b4e6-cgu.1.rcgu.o" "/opt/rustwide/target/debug/deps/datetime-e629a874e5259d97.datetime.ca05b4e6-cgu.10.rcgu.o" "/opt/rustwide/target/debug/deps/datetime-e629a874e5259d97.datetime.ca05b4e6-cgu.11.rcgu.o" "/opt/rustwide/target/debug/deps/datetime-e629a874e5259d97.datetime.ca05b4e6-cgu.12.rcgu.o" "/opt/rustwide/target/debug/deps/datetime-e629a874e5259d97.datetime.ca05b4e6-cgu.13.rcgu.o" "/opt/rustwide/target/debug/deps/datetime-e629a874e5259d97.datetime.ca05b4e6-cgu.14.rcgu.o" "/opt/rustwide/target/debug/deps/datetime-e629a874e5259d97.datetime.ca05b4e6-cgu.15.rcgu.o" "/opt/rustwide/target/debug/deps/datetime-e629a874e5259d97.datetime.ca05b4e6-cgu.2.rcgu.o" "/opt/rustwide/target/debug/deps/datetime-e629a874e5259d97.datetime.ca05b4e6-cgu.3.rcgu.o" "/opt/rustwide/target/debug/deps/datetime-e629a874e5259d97.datetime.ca05b4e6-cgu.4.rcgu.o" "/opt/rustwide/target/debug/deps/datetime-e629a874e5259d97.datetime.ca05b4e6-cgu.5.rcgu.o" "/opt/rustwide/target/debug/deps/datetime-e629a874e5259d97.datetime.ca05b4e6-cgu.6.rcgu.o" "/opt/rustwide/target/debug/deps/datetime-e629a874e5259d97.datetime.ca05b4e6-cgu.7.rcgu.o" "/opt/rustwide/target/debug/deps/datetime-e629a874e5259d97.datetime.ca05b4e6-cgu.8.rcgu.o" "/opt/rustwide/target/debug/deps/datetime-e629a874e5259d97.datetime.ca05b4e6-cgu.9.rcgu.o" "/opt/rustwide/target/debug/deps/datetime-e629a874e5259d97.3nyeeh23fhyy8imc.rcgu.o" "-Wl,--as-needed" "-L" "/opt/rustwide/target/debug/deps" "-L" "/opt/rustwide/rustup-home/toolchains/1.69.0-x86_64-unknown-linux-gnu/lib/rustlib/x86_64-unknown-linux-gnu/lib" "-Wl,-Bstatic" "/opt/rustwide/rustup-home/toolchains/1.69.0-x86_64-unknown-linux-gnu/lib/rustlib/x86_64-unknown-linux-gnu/lib/libtest-7791a6353d4a7929.rlib" "/opt/rustwide/rustup-home/toolchains/1.69.0-x86_64-unknown-linux-gnu/lib/rustlib/x86_64-unknown-linux-gnu/lib/libgetopts-7b17724e9ce90a72.rlib" "/opt/rustwide/rustup-home/toolchains/1.69.0-x86_64-unknown-linux-gnu/lib/rustlib/x86_64-unknown-linux-gnu/lib/libunicode_width-596f8ce9d30a755e.rlib" "/opt/rustwide/rustup-home/toolchains/1.69.0-x86_64-unknown-linux-gnu/lib/rustlib/x86_64-unknown-linux-gnu/lib/librustc_std_workspace_std-da04f86254de594f.rlib" "/opt/rustwide/target/debug/deps/libconfig_maint-9ae336553bd6dc02.rlib" "/opt/rustwide/target/debug/deps/libini-164272f1171013d2.rlib" "/opt/rustwide/target/debug/deps/libserde_hjson-038105a654e17d18.rlib" "/opt/rustwide/target/debug/deps/libserde-2775c6863c57fc4d.rlib" "/opt/rustwide/target/debug/deps/libregex-29a80ea3523697de.rlib" "/opt/rustwide/target/debug/deps/libaho_corasick-4a4928e0522c8a74.rlib" "/opt/rustwide/target/debug/deps/libregex_syntax-6ee924d67e38f866.rlib" "/opt/rustwide/target/debug/deps/libnum_traits-0c89eaff9d5c6321.rlib" "/opt/rustwide/target/debug/deps/libyaml_rust-4647b266a566e0e1.rlib" "/opt/rustwide/target/debug/deps/liblinked_hash_map-e9a9a8ee8702e8e0.rlib" "/opt/rustwide/target/debug/deps/libserde_json-be965df7f049c2a4.rlib" "/opt/rustwide/target/debug/deps/libitoa-12e0c769e046c1b6.rlib" "/opt/rustwide/target/debug/deps/libtoml-5db5f1d1be14cc05.rlib" "/opt/rustwide/target/debug/deps/liblazy_static-a15e1ed0a3c31761.rlib" "/opt/rustwide/target/debug/deps/libnom-4c54c679e19ffd59.rlib" "/opt/rustwide/target/debug/deps/liblexical_core-294c78ec8edd0054.rlib" "/opt/rustwide/target/debug/deps/libbitflags-82cc2d155c6eb112.rlib" "/opt/rustwide/target/debug/deps/libryu-87a43729435ac998.rlib" "/opt/rustwide/target/debug/deps/libstatic_assertions-9a9c2cb46fa7a0a6.rlib" "/opt/rustwide/target/debug/deps/libarrayvec-026b3659407be0be.rlib" "/opt/rustwide/target/debug/deps/libcfg_if-e5e118dd7d121aaa.rlib" "/opt/rustwide/target/debug/deps/libmemchr-399e4d4e829e4e4b.rlib" "/opt/rustwide/target/debug/deps/libchrono-b59de9d7c93c7ddc.rlib" "/opt/rustwide/target/debug/deps/libiana_time_zone-bf2c4c30343f4ef7.rlib" "/opt/rustwide/target/debug/deps/libnum_integer-28e3d548d8250432.rlib" "/opt/rustwide/target/debug/deps/libnum_traits-3b93294800e9dc5d.rlib" "/opt/rustwide/target/debug/deps/libserde-ecff9e9bb5abe319.rlib" "/opt/rustwide/target/debug/deps/libtime-ea810185b4b5b814.rlib" "/opt/rustwide/target/debug/deps/liblibc-b7b14a0fe316ec96.rlib" "/opt/rustwide/rustup-home/toolchains/1.69.0-x86_64-unknown-linux-gnu/lib/rustlib/x86_64-unknown-linux-gnu/lib/libstd-89bc084783fdc439.rlib" "/opt/rustwide/rustup-home/toolchains/1.69.0-x86_64-unknown-linux-gnu/lib/rustlib/x86_64-unknown-linux-gnu/lib/libpanic_unwind-8bee4b287d4367c1.rlib" "/opt/rustwide/rustup-home/toolchains/1.69.0-x86_64-unknown-linux-gnu/lib/rustlib/x86_64-unknown-linux-gnu/lib/libobject-d61707aed80694c0.rlib" "/opt/rustwide/rustup-home/toolchains/1.69.0-x86_64-unknown-linux-gnu/lib/rustlib/x86_64-unknown-linux-gnu/lib/libmemchr-d85366256f22345b.rlib" "/opt/rustwide/rustup-home/toolchains/1.69.0-x86_64-unknown-linux-gnu/lib/rustlib/x86_64-unknown-linux-gnu/lib/libaddr2line-96069b86b8a8cae9.rlib" "/opt/rustwide/rustup-home/toolchains/1.69.0-x86_64-unknown-linux-gnu/lib/rustlib/x86_64-unknown-linux-gnu/lib/libgimli-d19d53abf68dfa6c.rlib" "/opt/rustwide/rustup-home/toolchains/1.69.0-x86_64-unknown-linux-gnu/lib/rustlib/x86_64-unknown-linux-gnu/lib/librustc_demangle-787cbccd19d64ac6.rlib" "/opt/rustwide/rustup-home/toolchains/1.69.0-x86_64-unknown-linux-gnu/lib/rustlib/x86_64-unknown-linux-gnu/lib/libstd_detect-b3837a36b830e0d0.rlib" "/opt/rustwide/rustup-home/toolchains/1.69.0-x86_64-unknown-linux-gnu/lib/rustlib/x86_64-unknown-linux-gnu/lib/libhashbrown-e3deb0e7e3f04966.rlib" "/opt/rustwide/rustup-home/toolchains/1.69.0-x86_64-unknown-linux-gnu/lib/rustlib/x86_64-unknown-linux-gnu/lib/libminiz_oxide-dabbb79c9815def4.rlib" "/opt/rustwide/rustup-home/toolchains/1.69.0-x86_64-unknown-linux-gnu/lib/rustlib/x86_64-unknown-linux-gnu/lib/libadler-305b01f34c9409f2.rlib" "/opt/rustwide/rustup-home/toolchains/1.69.0-x86_64-unknown-linux-gnu/lib/rustlib/x86_64-unknown-linux-gnu/lib/librustc_std_workspace_alloc-f833521df6074e73.rlib" "/opt/rustwide/rustup-home/toolchains/1.69.0-x86_64-unknown-linux-gnu/lib/rustlib/x86_64-unknown-linux-gnu/lib/libunwind-9ac333113350d171.rlib" "/opt/rustwide/rustup-home/toolchains/1.69.0-x86_64-unknown-linux-gnu/lib/rustlib/x86_64-unknown-linux-gnu/lib/libcfg_if-1c126114322d0eee.rlib" "/opt/rustwide/rustup-home/toolchains/1.69.0-x86_64-unknown-linux-gnu/lib/rustlib/x86_64-unknown-linux-gnu/lib/liblibc-bad9164fdeeecf92.rlib" "/opt/rustwide/rustup-home/toolchains/1.69.0-x86_64-unknown-linux-gnu/lib/rustlib/x86_64-unknown-linux-gnu/lib/liballoc-f9374b1e480fa681.rlib" "/opt/rustwide/rustup-home/toolchains/1.69.0-x86_64-unknown-linux-gnu/lib/rustlib/x86_64-unknown-linux-gnu/lib/librustc_std_workspace_core-207f06e41d9603af.rlib" "/opt/rustwide/rustup-home/toolchains/1.69.0-x86_64-unknown-linux-gnu/lib/rustlib/x86_64-unknown-linux-gnu/lib/libcore-7e2768e66e984e85.rlib" "/opt/rustwide/rustup-home/toolchains/1.69.0-x86_64-unknown-linux-gnu/lib/rustlib/x86_64-unknown-linux-gnu/lib/libcompiler_builtins-957b4aff41f8cd46.rlib" "-Wl,-Bdynamic" "-lgcc_s" "-lutil" "-lrt" "-lpthread" "-lm" "-ldl" "-lc" "-Wl,--eh-frame-hdr" "-Wl,-z,noexecstack" "-L" "/opt/rustwide/rustup-home/toolchains/1.69.0-x86_64-unknown-linux-gnu/lib/rustlib/x86_64-unknown-linux-gnu/lib" "-o" "/opt/rustwide/target/debug/deps/datetime-e629a874e5259d97" "-Wl,--gc-sections" "-pie" "-Wl,-z,relro,-z,now" "-nodefaultlibs"
[INFO] [stdout]   = note: collect2: fatal error: ld terminated with signal 9 [Killed]
[INFO] [stdout]           compilation terminated.
[INFO] [stdout]           
[INFO] [stdout] 
[INFO] [stdout] 
[INFO] [stdout] error: aborting due to previous error; 10 warnings emitted
[INFO] [stdout] 
[INFO] [stdout] 
[INFO] [stderr] error: could not compile `config-maint` due to 2 previous errors; 10 warnings emitted
[INFO] [stdout] warning: 2 warnings emitted
[INFO] [stdout] 
[INFO] [stdout] 
[INFO] running `Command { std: "docker" "inspect" "dd75c911c4cc44a93c5e1f084934418b9fbc1dc67c018d9b4f8e6da5ff34e606", kill_on_drop: false }`
[INFO] running `Command { std: "docker" "rm" "-f" "dd75c911c4cc44a93c5e1f084934418b9fbc1dc67c018d9b4f8e6da5ff34e606", kill_on_drop: false }`
[INFO] [stdout] dd75c911c4cc44a93c5e1f084934418b9fbc1dc67c018d9b4f8e6da5ff34e606
