[INFO] fetching crate compile_type_eq 0.1.1...
[INFO] testing compile_type_eq-0.1.1 against 1.69.0 for beta-1.70-1
[INFO] extracting crate compile_type_eq 0.1.1 into /workspace/builds/worker-2-tc1/source
[INFO] validating manifest of crates.io crate compile_type_eq 0.1.1 on toolchain 1.69.0
[INFO] running `Command { std: CARGO_HOME="/workspace/cargo-home" RUSTUP_HOME="/workspace/rustup-home" "/workspace/cargo-home/bin/cargo" "+1.69.0" "metadata" "--manifest-path" "Cargo.toml" "--no-deps", kill_on_drop: false }`
[INFO] started tweaking crates.io crate compile_type_eq 0.1.1
[INFO] finished tweaking crates.io crate compile_type_eq 0.1.1
[INFO] tweaked toml for crates.io crate compile_type_eq 0.1.1 written to /workspace/builds/worker-2-tc1/source/Cargo.toml
[INFO] crate crates.io crate compile_type_eq 0.1.1 already has a lockfile, it will not be regenerated
[INFO] running `Command { std: CARGO_HOME="/workspace/cargo-home" RUSTUP_HOME="/workspace/rustup-home" "/workspace/cargo-home/bin/cargo" "+1.69.0" "fetch" "--manifest-path" "Cargo.toml", kill_on_drop: false }`
[INFO] running `Command { std: "docker" "create" "-v" "/var/lib/crater-agent-workspace/builds/worker-2-tc1/target:/opt/rustwide/target:rw,Z" "-v" "/var/lib/crater-agent-workspace/builds/worker-2-tc1/source:/opt/rustwide/workdir:ro,Z" "-v" "/var/lib/crater-agent-workspace/cargo-home:/opt/rustwide/cargo-home:ro,Z" "-v" "/var/lib/crater-agent-workspace/rustup-home:/opt/rustwide/rustup-home:ro,Z" "-e" "SOURCE_DIR=/opt/rustwide/workdir" "-e" "CARGO_TARGET_DIR=/opt/rustwide/target" "-e" "CARGO_HOME=/opt/rustwide/cargo-home" "-e" "RUSTUP_HOME=/opt/rustwide/rustup-home" "-w" "/opt/rustwide/workdir" "-m" "1610612736" "--user" "0:0" "--network" "none" "ghcr.io/rust-lang/crates-build-env/linux@sha256:5ff2268d62e97bff2cde7d5815dd6ed5b47097566f13b8d0ca110b04b60e07ed" "/opt/rustwide/cargo-home/bin/cargo" "+1.69.0" "metadata" "--no-deps" "--format-version=1", kill_on_drop: false }`
[INFO] [stdout] da83ba5b9d2ea24188fff6d74968c27f88e0d25a2247d93e8bf20ee31c7def66
[INFO] running `Command { std: "docker" "start" "-a" "da83ba5b9d2ea24188fff6d74968c27f88e0d25a2247d93e8bf20ee31c7def66", kill_on_drop: false }`
[INFO] running `Command { std: "docker" "inspect" "da83ba5b9d2ea24188fff6d74968c27f88e0d25a2247d93e8bf20ee31c7def66", kill_on_drop: false }`
[INFO] running `Command { std: "docker" "rm" "-f" "da83ba5b9d2ea24188fff6d74968c27f88e0d25a2247d93e8bf20ee31c7def66", kill_on_drop: false }`
[INFO] [stdout] da83ba5b9d2ea24188fff6d74968c27f88e0d25a2247d93e8bf20ee31c7def66
[INFO] running `Command { std: "docker" "create" "-v" "/var/lib/crater-agent-workspace/builds/worker-2-tc1/target:/opt/rustwide/target:rw,Z" "-v" "/var/lib/crater-agent-workspace/builds/worker-2-tc1/source:/opt/rustwide/workdir:ro,Z" "-v" "/var/lib/crater-agent-workspace/cargo-home:/opt/rustwide/cargo-home:ro,Z" "-v" "/var/lib/crater-agent-workspace/rustup-home:/opt/rustwide/rustup-home:ro,Z" "-e" "SOURCE_DIR=/opt/rustwide/workdir" "-e" "CARGO_TARGET_DIR=/opt/rustwide/target" "-e" "CARGO_INCREMENTAL=0" "-e" "RUST_BACKTRACE=full" "-e" "RUSTFLAGS=--cap-lints=warn" "-e" "RUSTDOCFLAGS=--cap-lints=warn" "-e" "CARGO_HOME=/opt/rustwide/cargo-home" "-e" "RUSTUP_HOME=/opt/rustwide/rustup-home" "-w" "/opt/rustwide/workdir" "-m" "1610612736" "--user" "0:0" "--network" "none" "ghcr.io/rust-lang/crates-build-env/linux@sha256:5ff2268d62e97bff2cde7d5815dd6ed5b47097566f13b8d0ca110b04b60e07ed" "/opt/rustwide/cargo-home/bin/cargo" "+1.69.0" "build" "--frozen" "--message-format=json", kill_on_drop: false }`
[INFO] [stdout] e055fcaa90a49db73bdf0445897c6b2322ebe5adb5463ecaa2b1396f04d63dcf
[INFO] running `Command { std: "docker" "start" "-a" "e055fcaa90a49db73bdf0445897c6b2322ebe5adb5463ecaa2b1396f04d63dcf", kill_on_drop: false }`
[INFO] [stderr]    Compiling compile_type_eq v0.1.1 (/opt/rustwide/workdir)
[INFO] [stderr]     Finished dev [unoptimized + debuginfo] target(s) in 0.07s
[INFO] running `Command { std: "docker" "inspect" "e055fcaa90a49db73bdf0445897c6b2322ebe5adb5463ecaa2b1396f04d63dcf", kill_on_drop: false }`
[INFO] running `Command { std: "docker" "rm" "-f" "e055fcaa90a49db73bdf0445897c6b2322ebe5adb5463ecaa2b1396f04d63dcf", kill_on_drop: false }`
[INFO] [stdout] e055fcaa90a49db73bdf0445897c6b2322ebe5adb5463ecaa2b1396f04d63dcf
[INFO] running `Command { std: "docker" "create" "-v" "/var/lib/crater-agent-workspace/builds/worker-2-tc1/target:/opt/rustwide/target:rw,Z" "-v" "/var/lib/crater-agent-workspace/builds/worker-2-tc1/source:/opt/rustwide/workdir:ro,Z" "-v" "/var/lib/crater-agent-workspace/cargo-home:/opt/rustwide/cargo-home:ro,Z" "-v" "/var/lib/crater-agent-workspace/rustup-home:/opt/rustwide/rustup-home:ro,Z" "-e" "SOURCE_DIR=/opt/rustwide/workdir" "-e" "CARGO_TARGET_DIR=/opt/rustwide/target" "-e" "CARGO_INCREMENTAL=0" "-e" "RUST_BACKTRACE=full" "-e" "RUSTFLAGS=--cap-lints=warn" "-e" "RUSTDOCFLAGS=--cap-lints=warn" "-e" "CARGO_HOME=/opt/rustwide/cargo-home" "-e" "RUSTUP_HOME=/opt/rustwide/rustup-home" "-w" "/opt/rustwide/workdir" "-m" "1610612736" "--user" "0:0" "--network" "none" "ghcr.io/rust-lang/crates-build-env/linux@sha256:5ff2268d62e97bff2cde7d5815dd6ed5b47097566f13b8d0ca110b04b60e07ed" "/opt/rustwide/cargo-home/bin/cargo" "+1.69.0" "test" "--frozen" "--no-run" "--message-format=json", kill_on_drop: false }`
[INFO] [stdout] e3bc846e8165e31b812a3a9562cf1fce8993393972ab0592d597ddbb6de6dbc7
[INFO] running `Command { std: "docker" "start" "-a" "e3bc846e8165e31b812a3a9562cf1fce8993393972ab0592d597ddbb6de6dbc7", kill_on_drop: false }`
[INFO] [stderr]    Compiling compile_type_eq v0.1.1 (/opt/rustwide/workdir)
[INFO] [stdout] error[E0282]: type annotations needed
[INFO] [stdout]   --> examples/check_in_fn.rs:20:5
[INFO] [stdout]    |
[INFO] [stdout] 20 |     battle(Greeks, Greeks); // error
[INFO] [stdout]    |     ^^^^^^ cannot infer type of the type parameter `BecauseWarriorsMustBeFromDifferentCountries` declared on the function `battle`
[INFO] [stdout]    |
[INFO] [stdout] help: consider specifying the generic arguments
[INFO] [stdout]    |
[INFO] [stdout] 20 |     battle::<Greeks, Greeks, BecauseWarriorsMustBeFromDifferentCountries>(Greeks, Greeks); // error
[INFO] [stdout]    |           +++++++++++++++++++++++++++++++++++++++++++++++++++++++++++++++
[INFO] [stdout] 
[INFO] [stdout] 
[INFO] [stdout] error[E0282]: type annotations needed
[INFO] [stdout]   --> examples/check_in_impl.rs:22:12
[INFO] [stdout]    |
[INFO] [stdout] 22 |     Greeks.battle(Greeks); // error
[INFO] [stdout]    |            ^^^^^^
[INFO] [stdout]    |
[INFO] [stdout] help: try using a fully qualified path to specify the expected types
[INFO] [stdout]    |
[INFO] [stdout] 22 |     <Greeks as War<Greeks, BecauseWarriorsMustBeFromDifferentCountries>>::battle(Greeks, Greeks); // error
[INFO] [stdout]    |     +++++++++++++++++++++++++++++++++++++++++++++++++++++++++++++++++++++++++++++      ~
[INFO] [stdout] 
[INFO] [stdout] 
[INFO] [stdout] error[E0283]: type annotations needed
[INFO] [stdout]   --> examples/check_in_fn.rs:20:5
[INFO] [stdout]    |
[INFO] [stdout] 20 |     battle(Greeks, Greeks); // error
[INFO] [stdout]    |     ^^^^^^ cannot infer type of the type parameter `BecauseWarriorsMustBeFromDifferentCountries` declared on the function `battle`
[INFO] [stdout]    |
[INFO] [stdout]    = note: multiple `impl`s satisfying `Greeks: CompileEq<Greeks, _>` found in the `compile_type_eq` crate:
[INFO] [stdout]            - impl<T, U> CompileEq<U, compile_type_eq::structs::TypesNotEq> for T;
[INFO] [stdout]            - impl<T> CompileEq<T, TypesEq> for T;
[INFO] [stdout] note: required by a bound in `battle`
[INFO] [stdout]   --> examples/check_in_fn.rs:11:16
[INFO] [stdout]    |
[INFO] [stdout] 7  | fn battle<Attackers, Defenders, BecauseWarriorsMustBeFromDifferentCountries>(
[INFO] [stdout]    |    ------ required by a bound in this function
[INFO] [stdout] ...
[INFO] [stdout] 11 |     Attackers: CompileEq<Defenders, BecauseWarriorsMustBeFromDifferentCountries>,
[INFO] [stdout]    |                ^^^^^^^^^^^^^^^^^^^^^^^^^^^^^^^^^^^^^^^^^^^^^^^^^^^^^^^^^^^^^^^^^ required by this bound in `battle`
[INFO] [stdout] help: consider specifying the generic arguments
[INFO] [stdout]    |
[INFO] [stdout] 20 |     battle::<Greeks, Greeks, BecauseWarriorsMustBeFromDifferentCountries>(Greeks, Greeks); // error
[INFO] [stdout]    |           +++++++++++++++++++++++++++++++++++++++++++++++++++++++++++++++
[INFO] [stdout] 
[INFO] [stdout] 
[INFO] [stdout] error[E0283]: type annotations needed
[INFO] [stdout]   --> examples/check_in_impl.rs:22:12
[INFO] [stdout]    |
[INFO] [stdout] 22 |     Greeks.battle(Greeks); // error
[INFO] [stdout]    |            ^^^^^^ ------ type must be known at this point
[INFO] [stdout]    |
[INFO] [stdout]    = note: multiple `impl`s satisfying `Greeks: CompileEq<Greeks, _>` found in the `compile_type_eq` crate:
[INFO] [stdout]            - impl<T, U> CompileEq<U, compile_type_eq::structs::TypesNotEq> for T;
[INFO] [stdout]            - impl<T> CompileEq<T, TypesEq> for T;
[INFO] [stdout] note: required for `Greeks` to implement `War<Greeks, _>`
[INFO] [stdout]   --> examples/check_in_impl.rs:10:19
[INFO] [stdout]    |
[INFO] [stdout] 10 | impl<T, U, Proof> War<U, Proof> for T
[INFO] [stdout]    |                   ^^^^^^^^^^^^^     ^
[INFO] [stdout] 11 | where
[INFO] [stdout] 12 |     T: CompileEq<U, Proof>,
[INFO] [stdout]    |        ------------------- unsatisfied trait bound introduced here
[INFO] [stdout] help: try using a fully qualified path to specify the expected types
[INFO] [stdout]    |
[INFO] [stdout] 22 |     <Greeks as War<Greeks, BecauseWarriorsMustBeFromDifferentCountries>>::battle(Greeks, Greeks); // error
[INFO] [stdout]    |     +++++++++++++++++++++++++++++++++++++++++++++++++++++++++++++++++++++++++++++      ~
[INFO] [stdout] 
[INFO] [stdout] 
[INFO] [stdout] error: aborting due to 2 previous errors
[INFO] [stdout] 
[INFO] [stdout] 
[INFO] [stdout] Some errors have detailed explanations: E0282, E0283.
[INFO] [stdout] 
[INFO] [stdout] For more information about an error, try `rustc --explain E0282`.
[INFO] [stdout] 
[INFO] [stdout] error: aborting due to 2 previous errors
[INFO] [stdout] 
[INFO] [stdout] 
[INFO] [stdout] Some errors have detailed explanations: E0282, E0283.
[INFO] [stdout] 
[INFO] [stdout] For more information about an error, try `rustc --explain E0282`.
[INFO] [stdout] 
[INFO] [stderr] error: could not compile `compile_type_eq` due to 3 previous errors
[INFO] [stderr] warning: build failed, waiting for other jobs to finish...
[INFO] [stderr] error: could not compile `compile_type_eq` due to 3 previous errors
[INFO] running `Command { std: "docker" "inspect" "e3bc846e8165e31b812a3a9562cf1fce8993393972ab0592d597ddbb6de6dbc7", kill_on_drop: false }`
[INFO] running `Command { std: "docker" "rm" "-f" "e3bc846e8165e31b812a3a9562cf1fce8993393972ab0592d597ddbb6de6dbc7", kill_on_drop: false }`
[INFO] [stdout] e3bc846e8165e31b812a3a9562cf1fce8993393972ab0592d597ddbb6de6dbc7
