[INFO] fetching crate comet-rs 0.1.1-rc3...
[INFO] testing comet-rs-0.1.1-rc3 against 1.69.0 for beta-1.70-1
[INFO] extracting crate comet-rs 0.1.1-rc3 into /workspace/builds/worker-4-tc1/source
[INFO] validating manifest of crates.io crate comet-rs 0.1.1-rc3 on toolchain 1.69.0
[INFO] running `Command { std: CARGO_HOME="/workspace/cargo-home" RUSTUP_HOME="/workspace/rustup-home" "/workspace/cargo-home/bin/cargo" "+1.69.0" "metadata" "--manifest-path" "Cargo.toml" "--no-deps", kill_on_drop: false }`
[INFO] started tweaking crates.io crate comet-rs 0.1.1-rc3
[INFO] removed 0 missing examples
[INFO] finished tweaking crates.io crate comet-rs 0.1.1-rc3
[INFO] tweaked toml for crates.io crate comet-rs 0.1.1-rc3 written to /workspace/builds/worker-4-tc1/source/Cargo.toml
[INFO] crate crates.io crate comet-rs 0.1.1-rc3 already has a lockfile, it will not be regenerated
[INFO] running `Command { std: CARGO_HOME="/workspace/cargo-home" RUSTUP_HOME="/workspace/rustup-home" "/workspace/cargo-home/bin/cargo" "+1.69.0" "fetch" "--manifest-path" "Cargo.toml", kill_on_drop: false }`
[INFO] [stderr]  Downloading crates ...
[INFO] [stderr]   Downloaded predicates v2.1.1
[INFO] [stderr]   Downloaded inventory v0.2.3
[INFO] [stderr]   Downloaded assert_cmd v2.0.4
[INFO] [stderr]   Downloaded ghost v0.1.4
[INFO] [stderr]   Downloaded predicates-tree v1.0.5
[INFO] [stderr]   Downloaded predicates-core v1.0.3
[INFO] [stderr]   Downloaded termtree v0.2.4
[INFO] [stderr]   Downloaded syn v1.0.91
[INFO] [stderr]   Downloaded libc v0.2.123
[INFO] [stderr]   Downloaded comet-rs-impl v0.1.1-rc2
[INFO] running `Command { std: "docker" "create" "-v" "/var/lib/crater-agent-workspace/builds/worker-4-tc1/target:/opt/rustwide/target:rw,Z" "-v" "/var/lib/crater-agent-workspace/builds/worker-4-tc1/source:/opt/rustwide/workdir:ro,Z" "-v" "/var/lib/crater-agent-workspace/cargo-home:/opt/rustwide/cargo-home:ro,Z" "-v" "/var/lib/crater-agent-workspace/rustup-home:/opt/rustwide/rustup-home:ro,Z" "-e" "SOURCE_DIR=/opt/rustwide/workdir" "-e" "CARGO_TARGET_DIR=/opt/rustwide/target" "-e" "CARGO_HOME=/opt/rustwide/cargo-home" "-e" "RUSTUP_HOME=/opt/rustwide/rustup-home" "-w" "/opt/rustwide/workdir" "-m" "1610612736" "--user" "0:0" "--network" "none" "ghcr.io/rust-lang/crates-build-env/linux@sha256:5ff2268d62e97bff2cde7d5815dd6ed5b47097566f13b8d0ca110b04b60e07ed" "/opt/rustwide/cargo-home/bin/cargo" "+1.69.0" "metadata" "--no-deps" "--format-version=1", kill_on_drop: false }`
[INFO] [stdout] a8bf4468f5ee27ac3725b5efe0bd69bbf0406bc671f50122761a5ef7a221b290
[INFO] running `Command { std: "docker" "start" "-a" "a8bf4468f5ee27ac3725b5efe0bd69bbf0406bc671f50122761a5ef7a221b290", kill_on_drop: false }`
[INFO] running `Command { std: "docker" "inspect" "a8bf4468f5ee27ac3725b5efe0bd69bbf0406bc671f50122761a5ef7a221b290", kill_on_drop: false }`
[INFO] running `Command { std: "docker" "rm" "-f" "a8bf4468f5ee27ac3725b5efe0bd69bbf0406bc671f50122761a5ef7a221b290", kill_on_drop: false }`
[INFO] [stdout] a8bf4468f5ee27ac3725b5efe0bd69bbf0406bc671f50122761a5ef7a221b290
[INFO] running `Command { std: "docker" "create" "-v" "/var/lib/crater-agent-workspace/builds/worker-4-tc1/target:/opt/rustwide/target:rw,Z" "-v" "/var/lib/crater-agent-workspace/builds/worker-4-tc1/source:/opt/rustwide/workdir:ro,Z" "-v" "/var/lib/crater-agent-workspace/cargo-home:/opt/rustwide/cargo-home:ro,Z" "-v" "/var/lib/crater-agent-workspace/rustup-home:/opt/rustwide/rustup-home:ro,Z" "-e" "SOURCE_DIR=/opt/rustwide/workdir" "-e" "CARGO_TARGET_DIR=/opt/rustwide/target" "-e" "CARGO_INCREMENTAL=0" "-e" "RUST_BACKTRACE=full" "-e" "RUSTFLAGS=--cap-lints=warn" "-e" "RUSTDOCFLAGS=--cap-lints=warn" "-e" "CARGO_HOME=/opt/rustwide/cargo-home" "-e" "RUSTUP_HOME=/opt/rustwide/rustup-home" "-w" "/opt/rustwide/workdir" "-m" "1610612736" "--user" "0:0" "--network" "none" "ghcr.io/rust-lang/crates-build-env/linux@sha256:5ff2268d62e97bff2cde7d5815dd6ed5b47097566f13b8d0ca110b04b60e07ed" "/opt/rustwide/cargo-home/bin/cargo" "+1.69.0" "build" "--frozen" "--message-format=json", kill_on_drop: false }`
[INFO] [stdout] a271a0dde658c121014c5d0c8c880b38cbd4ab822242c6d17f3af172f4097fb0
[INFO] running `Command { std: "docker" "start" "-a" "a271a0dde658c121014c5d0c8c880b38cbd4ab822242c6d17f3af172f4097fb0", kill_on_drop: false }`
[INFO] [stderr]    Compiling proc-macro2 v1.0.37
[INFO] [stderr]    Compiling unicode-xid v0.2.2
[INFO] [stderr]    Compiling version_check v0.9.4
[INFO] [stderr]    Compiling syn v1.0.91
[INFO] [stderr]    Compiling libc v0.2.123
[INFO] [stderr]    Compiling either v1.6.1
[INFO] [stderr]    Compiling regex-syntax v0.6.25
[INFO] [stderr]    Compiling libloading v0.7.3
[INFO] [stderr]    Compiling memchr v2.4.1
[INFO] [stderr]    Compiling num-traits v0.2.14
[INFO] [stderr]    Compiling itertools v0.10.3
[INFO] [stderr]    Compiling proc-macro-error-attr v1.0.4
[INFO] [stderr]    Compiling proc-macro-error v1.0.4
[INFO] [stderr]    Compiling aho-corasick v0.7.18
[INFO] [stderr]    Compiling quote v1.0.18
[INFO] [stderr]    Compiling getrandom v0.2.6
[INFO] [stderr]    Compiling rand_core v0.6.3
[INFO] [stderr]    Compiling rand_chacha v0.3.1
[INFO] [stderr]    Compiling rand v0.8.5
[INFO] [stderr]    Compiling regex v1.5.5
[INFO] [stderr]    Compiling ctor v0.1.22
[INFO] [stderr]    Compiling ghost v0.1.4
[INFO] [stderr]    Compiling comet-rs-impl v0.1.1-rc2
[INFO] [stderr]    Compiling inventory v0.2.3
[INFO] [stderr]    Compiling comet-rs v0.1.1-rc3 (/opt/rustwide/workdir)
[INFO] [stderr]     Finished dev [unoptimized + debuginfo] target(s) in 7.27s
[INFO] running `Command { std: "docker" "inspect" "a271a0dde658c121014c5d0c8c880b38cbd4ab822242c6d17f3af172f4097fb0", kill_on_drop: false }`
[INFO] running `Command { std: "docker" "rm" "-f" "a271a0dde658c121014c5d0c8c880b38cbd4ab822242c6d17f3af172f4097fb0", kill_on_drop: false }`
[INFO] [stdout] a271a0dde658c121014c5d0c8c880b38cbd4ab822242c6d17f3af172f4097fb0
[INFO] running `Command { std: "docker" "create" "-v" "/var/lib/crater-agent-workspace/builds/worker-4-tc1/target:/opt/rustwide/target:rw,Z" "-v" "/var/lib/crater-agent-workspace/builds/worker-4-tc1/source:/opt/rustwide/workdir:ro,Z" "-v" "/var/lib/crater-agent-workspace/cargo-home:/opt/rustwide/cargo-home:ro,Z" "-v" "/var/lib/crater-agent-workspace/rustup-home:/opt/rustwide/rustup-home:ro,Z" "-e" "SOURCE_DIR=/opt/rustwide/workdir" "-e" "CARGO_TARGET_DIR=/opt/rustwide/target" "-e" "CARGO_INCREMENTAL=0" "-e" "RUST_BACKTRACE=full" "-e" "RUSTFLAGS=--cap-lints=warn" "-e" "RUSTDOCFLAGS=--cap-lints=warn" "-e" "CARGO_HOME=/opt/rustwide/cargo-home" "-e" "RUSTUP_HOME=/opt/rustwide/rustup-home" "-w" "/opt/rustwide/workdir" "-m" "1610612736" "--user" "0:0" "--network" "none" "ghcr.io/rust-lang/crates-build-env/linux@sha256:5ff2268d62e97bff2cde7d5815dd6ed5b47097566f13b8d0ca110b04b60e07ed" "/opt/rustwide/cargo-home/bin/cargo" "+1.69.0" "test" "--frozen" "--no-run" "--message-format=json", kill_on_drop: false }`
[INFO] [stdout] 7b597a50bd668c0745be12d1c7af6b90b85facb75fa70dfedfc5ed427d1c4ce2
[INFO] running `Command { std: "docker" "start" "-a" "7b597a50bd668c0745be12d1c7af6b90b85facb75fa70dfedfc5ed427d1c4ce2", kill_on_drop: false }`
[INFO] [stderr]     Blocking waiting for file lock on package cache
[INFO] [stderr]     Blocking waiting for file lock on package cache
[INFO] [stderr]    Compiling libc v0.2.123
[INFO] [stderr]    Compiling either v1.6.1
[INFO] [stderr]    Compiling memchr v2.4.1
[INFO] [stderr]    Compiling predicates-core v1.0.3
[INFO] [stderr]    Compiling doc-comment v0.3.3
[INFO] [stderr]    Compiling termtree v0.2.4
[INFO] [stderr]    Compiling difflib v0.4.0
[INFO] [stderr]    Compiling itertools v0.10.3
[INFO] [stderr]    Compiling predicates-tree v1.0.5
[INFO] [stderr]    Compiling getrandom v0.2.6
[INFO] [stderr]    Compiling bstr v0.2.17
[INFO] [stderr]    Compiling rand_core v0.6.3
[INFO] [stderr]    Compiling wait-timeout v0.2.0
[INFO] [stderr]    Compiling rand_chacha v0.3.1
[INFO] [stderr]    Compiling rand v0.8.5
[INFO] [stderr]    Compiling predicates v2.1.1
[INFO] [stderr]    Compiling assert_cmd v2.0.4
[INFO] [stderr]    Compiling comet-rs-impl v0.1.1-rc2
[INFO] [stderr]    Compiling comet-rs v0.1.1-rc3 (/opt/rustwide/workdir)
[INFO] [stdout] error: proc macro panicked
[INFO] [stdout]   --> tests/ops/mult_spmm_dcsr_dense.rs:1:1
[INFO] [stdout]    |
[INFO] [stdout] 1  | / comet_rs::comet_fn! { sparse_dcsr_dense, {
[INFO] [stdout] 2  | |     let a = Index::new();
[INFO] [stdout] 3  | |     let b = Index::new();
[INFO] [stdout] 4  | |     let c = Index::with_value(4);
[INFO] [stdout] ...  |
[INFO] [stdout] 10 | |     C.print();
[INFO] [stdout] 11 | | }}
[INFO] [stdout]    | |__^
[INFO] [stdout]    |
[INFO] [stdout]    = help: message: Cannot find comet-opt at /opt/rustwide/workdir/../../../build/bin/comet-opt
[INFO] [stdout]             Please set the COMET_BIN_DIR envrionement variable to the directory containing the comet-opt binary
[INFO] [stdout] 
[INFO] [stdout] 
[INFO] [stdout] error: proc macro panicked
[INFO] [stdout]   --> tests/kernels/ccsd_t1_3_loops.rs:1:1
[INFO] [stdout]    |
[INFO] [stdout] 1  | / comet_rs::comet_fn! { ccsd_t1_3_loops, {
[INFO] [stdout] 2  | |     let i, c = Index::with_value(2);
[INFO] [stdout] 3  | |     let a = Index::with_value(4);
[INFO] [stdout] 4  | |
[INFO] [stdout] ...  |
[INFO] [stdout] 9  | |     i0.print();
[INFO] [stdout] 10 | | }}
[INFO] [stdout]    | |__^
[INFO] [stdout]    |
[INFO] [stdout]    = help: message: Cannot find comet-opt at /opt/rustwide/workdir/../../../build/bin/comet-opt
[INFO] [stdout]             Please set the COMET_BIN_DIR envrionement variable to the directory containing the comet-opt binary
[INFO] [stdout] 
[INFO] [stdout] 
[INFO] [stdout] error: proc macro panicked
[INFO] [stdout]   --> tests/ops/mult_dense_vector_coo.rs:1:1
[INFO] [stdout]    |
[INFO] [stdout] 1  | / comet_rs::comet_fn! { dense_vec_coo, {
[INFO] [stdout] 2  | |     let a = Index::new();
[INFO] [stdout] 3  | |     let b = Index::new();
[INFO] [stdout] 4  | |
[INFO] [stdout] ...  |
[INFO] [stdout] 9  | |     C.print();
[INFO] [stdout] 10 | | }}
[INFO] [stdout]    | |__^
[INFO] [stdout]    |
[INFO] [stdout]    = help: message: Cannot find comet-opt at /opt/rustwide/workdir/../../../build/bin/comet-opt
[INFO] [stdout]             Please set the COMET_BIN_DIR envrionement variable to the directory containing the comet-opt binary
[INFO] [stdout] 
[INFO] [stdout] 
[INFO] [stdout] error[E0425]: cannot find function `sparse_dcsr_dense` in this scope
[INFO] [stdout]   --> tests/ops/mult_spmm_dcsr_dense.rs:14:5
[INFO] [stdout]    |
[INFO] [stdout] 14 |     sparse_dcsr_dense();
[INFO] [stdout]    |     ^^^^^^^^^^^^^^^^^ not found in this scope
[INFO] [stdout] 
[INFO] [stdout] 
[INFO] [stdout] error: aborting due to 2 previous errors
[INFO] [stdout] 
[INFO] [stdout] 
[INFO] [stdout] For more information about this error, try `rustc --explain E0425`.
[INFO] [stdout] 
[INFO] [stdout] error: proc macro panicked
[INFO] [stdout]   --> tests/ops/transpose_coo_tensor.rs:1:1
[INFO] [stdout]    |
[INFO] [stdout] 1  | / comet_rs::comet_fn! { transpose_coo_tensor, {
[INFO] [stdout] 2  | |     let i = Index::new();
[INFO] [stdout] 3  | |     let j = Index::new();
[INFO] [stdout] 4  | |     let k = Index::new();
[INFO] [stdout] ...  |
[INFO] [stdout] 10 | |     B.print();
[INFO] [stdout] 11 | | }}
[INFO] [stdout]    | |__^
[INFO] [stdout]    |
[INFO] [stdout]    = help: message: Cannot find comet-opt at /opt/rustwide/workdir/../../../build/bin/comet-opt
[INFO] [stdout]             Please set the COMET_BIN_DIR envrionement variable to the directory containing the comet-opt binary
[INFO] [stdout] 
[INFO] [stdout] 
[INFO] [stdout] error: proc macro panicked
[INFO] [stdout]   --> tests/chain_ops/dtranspose_mult_dense_dense.rs:1:1
[INFO] [stdout]    |
[INFO] [stdout] 1  | / comet_rs::comet_fn! { dtranspose_mult_dense_dense, {
[INFO] [stdout] 2  | |     let i = Index::with_value(4);
[INFO] [stdout] 3  | |     let j = Index::with_value(4);
[INFO] [stdout] 4  | |     let k = Index::with_value(4);
[INFO] [stdout] ...  |
[INFO] [stdout] 16 | | MlirOption::[ConvertLinalgToLoops, ConvertScfToStd, ConvertStdToLlvm]
[INFO] [stdout] 17 | | }
[INFO] [stdout]    | |_^
[INFO] [stdout]    |
[INFO] [stdout]    = help: message: Cannot find comet-opt at /opt/rustwide/workdir/../../../build/bin/comet-opt
[INFO] [stdout]             Please set the COMET_BIN_DIR envrionement variable to the directory containing the comet-opt binary
[INFO] [stdout] 
[INFO] [stdout] 
[INFO] [stdout] error: proc macro panicked
[INFO] [stdout]  --> tests/ops/utility_print_csr.rs:1:1
[INFO] [stdout]   |
[INFO] [stdout] 1 | / comet_rs::comet_fn! { print_csr, {
[INFO] [stdout] 2 | |     let i = Index::new();
[INFO] [stdout] 3 | |     let j = Index::new();
[INFO] [stdout] 4 | |
[INFO] [stdout] ... |
[INFO] [stdout] 7 | |     A.print();
[INFO] [stdout] 8 | | }}
[INFO] [stdout]   | |__^
[INFO] [stdout]   |
[INFO] [stdout]   = help: message: Cannot find comet-opt at /opt/rustwide/workdir/../../../build/bin/comet-opt
[INFO] [stdout]            Please set the COMET_BIN_DIR envrionement variable to the directory containing the comet-opt binary
[INFO] [stdout] 
[INFO] [stdout] 
[INFO] [stdout] error: proc macro panicked
[INFO] [stdout]  --> tests/ops/sum_csr.rs:1:1
[INFO] [stdout]   |
[INFO] [stdout] 1 | / comet_rs::comet_fn! { sum_csr, {
[INFO] [stdout] 2 | |     let i = Index::new();
[INFO] [stdout] 3 | |     let j = Index::new();
[INFO] [stdout] 4 | |
[INFO] [stdout] ... |
[INFO] [stdout] 7 | |     a.print();
[INFO] [stdout] 8 | | }}
[INFO] [stdout]   | |__^
[INFO] [stdout]   |
[INFO] [stdout]   = help: message: Cannot find comet-opt at /opt/rustwide/workdir/../../../build/bin/comet-opt
[INFO] [stdout]            Please set the COMET_BIN_DIR envrionement variable to the directory containing the comet-opt binary
[INFO] [stdout] 
[INFO] [stdout] 
[INFO] [stderr] error: could not compile `comet-rs` due to 3 previous errors
[INFO] [stderr] warning: build failed, waiting for other jobs to finish...
[INFO] [stdout] error: proc macro panicked
[INFO] [stdout]   --> tests/semiring/mv_semiring_plustimes_dense_dcsr_dense.rs:1:1
[INFO] [stdout]    |
[INFO] [stdout] 1  | / comet_rs::comet_fn! { mv_semiring_plustimes_dense_dcsr_dense, {
[INFO] [stdout] 2  | |     let a = Index::new();
[INFO] [stdout] 3  | |     let b = Index::new();
[INFO] [stdout] 4  | |
[INFO] [stdout] ...  |
[INFO] [stdout] 9  | |     C.print();
[INFO] [stdout] 10 | | }}
[INFO] [stdout]    | |__^
[INFO] [stdout]    |
[INFO] [stdout]    = help: message: Cannot find comet-opt at /opt/rustwide/workdir/../../../build/bin/comet-opt
[INFO] [stdout]             Please set the COMET_BIN_DIR envrionement variable to the directory containing the comet-opt binary
[INFO] [stdout] 
[INFO] [stdout] 
[INFO] [stdout] error[E0425]: cannot find function `transpose_coo_tensor` in this scope
[INFO] [stdout]   --> tests/ops/transpose_coo_tensor.rs:14:5
[INFO] [stdout]    |
[INFO] [stdout] 14 |     transpose_coo_tensor();
[INFO] [stdout]    |     ^^^^^^^^^^^^^^^^^^^^ not found in this scope
[INFO] [stdout] 
[INFO] [stdout] 
[INFO] [stdout] error: aborting due to 2 previous errors
[INFO] [stdout] 
[INFO] [stdout] 
[INFO] [stdout] For more information about this error, try `rustc --explain E0425`.
[INFO] [stdout] 
[INFO] [stdout] error[E0425]: cannot find function `sum_csr` in this scope
[INFO] [stdout]   --> tests/ops/sum_csr.rs:11:5
[INFO] [stdout]    |
[INFO] [stdout] 11 |     sum_csr();
[INFO] [stdout]    |     ^^^^^^^ not found in this scope
[INFO] [stdout] 
[INFO] [stdout] 
[INFO] [stdout] error: aborting due to 2 previous errors
[INFO] [stdout] 
[INFO] [stdout] 
[INFO] [stdout] For more information about this error, try `rustc --explain E0425`.
[INFO] [stdout] 
[INFO] [stderr] error: could not compile `comet-rs` due to 3 previous errors
[INFO] [stdout] error[E0425]: cannot find function `ccsd_t1_3_loops` in this scope
[INFO] [stdout]   --> tests/kernels/ccsd_t1_3_loops.rs:13:5
[INFO] [stdout]    |
[INFO] [stdout] 13 |     ccsd_t1_3_loops();
[INFO] [stdout]    |     ^^^^^^^^^^^^^^^ not found in this scope
[INFO] [stdout] 
[INFO] [stdout] 
[INFO] [stderr] error: could not compile `comet-rs` due to 3 previous errors
[INFO] [stdout] error[E0425]: cannot find function `dense_vec_coo` in this scope
[INFO] [stdout]   --> tests/ops/mult_dense_vector_coo.rs:13:5
[INFO] [stdout]    |
[INFO] [stdout] 13 |     dense_vec_coo();
[INFO] [stdout]    |     ^^^^^^^^^^^^^ not found in this scope
[INFO] [stdout] 
[INFO] [stdout] 
[INFO] [stdout] error: aborting due to 2 previous errors
[INFO] [stdout] 
[INFO] [stdout] 
[INFO] [stdout] For more information about this error, try `rustc --explain E0425`.
[INFO] [stdout] 
[INFO] [stdout] error: aborting due to 2 previous errors
[INFO] [stdout] 
[INFO] [stdout] 
[INFO] [stdout] For more information about this error, try `rustc --explain E0425`.
[INFO] [stdout] 
[INFO] [stdout] error[E0425]: cannot find function `dtranspose_mult_dense_dense` in this scope
[INFO] [stdout]   --> tests/chain_ops/dtranspose_mult_dense_dense.rs:20:5
[INFO] [stdout]    |
[INFO] [stdout] 20 |     dtranspose_mult_dense_dense();
[INFO] [stdout]    |     ^^^^^^^^^^^^^^^^^^^^^^^^^^^ not found in this scope
[INFO] [stdout] 
[INFO] [stdout] 
[INFO] [stdout] error: proc macro panicked
[INFO] [stdout]   --> tests/ops/mult_dense_vector_csr.rs:1:1
[INFO] [stdout]    |
[INFO] [stdout] 1  | / comet_rs::comet_fn! { dense_vec_csr, {
[INFO] [stdout] 2  | |     let a = Index::new();
[INFO] [stdout] 3  | |     let b = Index::new();
[INFO] [stdout] 4  | |
[INFO] [stdout] ...  |
[INFO] [stdout] 9  | |     C.print();
[INFO] [stdout] 10 | | }}
[INFO] [stdout]    | |__^
[INFO] [stdout]    |
[INFO] [stdout]    = help: message: Cannot find comet-opt at /opt/rustwide/workdir/../../../build/bin/comet-opt
[INFO] [stdout]             Please set the COMET_BIN_DIR envrionement variable to the directory containing the comet-opt binary
[INFO] [stdout] 
[INFO] [stdout] 
[INFO] [stderr] error: could not compile `comet-rs` due to 3 previous errors
[INFO] [stderr] error: could not compile `comet-rs` due to 3 previous errors
[INFO] [stdout] error: aborting due to 2 previous errors
[INFO] [stdout] 
[INFO] [stdout] 
[INFO] [stdout] For more information about this error, try `rustc --explain E0425`.
[INFO] [stdout] 
[INFO] [stdout] error[E0425]: cannot find function `print_csr` in this scope
[INFO] [stdout]   --> tests/ops/utility_print_csr.rs:11:5
[INFO] [stdout]    |
[INFO] [stdout] 11 |     print_csr();
[INFO] [stdout]    |     ^^^^^^^^^ not found in this scope
[INFO] [stdout] 
[INFO] [stdout] 
[INFO] [stdout] error: aborting due to 2 previous errors
[INFO] [stdout] 
[INFO] [stdout] 
[INFO] [stdout] error: proc macro panicked
[INFO] [stdout]   --> tests/kernels/ccsd_t1_21_loops.rs:1:1
[INFO] [stdout]    |
[INFO] [stdout] 1  | / comet_rs::comet_fn! { ccsd_t1_21_loops, {
[INFO] [stdout] 2  | |     let i, c = Index::with_value(2);
[INFO] [stdout] 3  | |     let m, n, a = Index::with_value(4);
[INFO] [stdout] 4  | |
[INFO] [stdout] ...  |
[INFO] [stdout] 9  | |     i0.print();
[INFO] [stdout] 10 | | }}
[INFO] [stdout]    | |__^
[INFO] [stdout]    |
[INFO] [stdout]    = help: message: Cannot find comet-opt at /opt/rustwide/workdir/../../../build/bin/comet-opt
[INFO] [stdout]             Please set the COMET_BIN_DIR envrionement variable to the directory containing the comet-opt binary
[INFO] [stdout] 
[INFO] [stdout] 
[INFO] [stdout] For more information about this error, try `rustc --explain E0425`.
[INFO] [stdout] 
[INFO] [stderr] error: could not compile `comet-rs` due to 3 previous errors
[INFO] [stdout] error: proc macro panicked
[INFO] [stdout]   --> tests/semiring/eltwise_monoid_min_dense_dense_dense.rs:1:1
[INFO] [stdout]    |
[INFO] [stdout] 1  | / comet_rs::comet_fn! { elwise_monoid_min_dense_dense_dense, {
[INFO] [stdout] 2  | |     let a = Index::with_value(4);
[INFO] [stdout] 3  | |     let b = Index::with_value(4);
[INFO] [stdout] 4  | |
[INFO] [stdout] ...  |
[INFO] [stdout] 9  | |     C.print();
[INFO] [stdout] 10 | | }}
[INFO] [stdout]    | |__^
[INFO] [stdout]    |
[INFO] [stdout]    = help: message: Cannot find comet-opt at /opt/rustwide/workdir/../../../build/bin/comet-opt
[INFO] [stdout]             Please set the COMET_BIN_DIR envrionement variable to the directory containing the comet-opt binary
[INFO] [stdout] 
[INFO] [stdout] 
[INFO] [stderr] error: could not compile `comet-rs` due to 3 previous errors
[INFO] [stdout] error[E0425]: cannot find function `dense_vec_csr` in this scope
[INFO] [stdout]   --> tests/ops/mult_dense_vector_csr.rs:13:5
[INFO] [stdout]    |
[INFO] [stdout] 13 |     dense_vec_csr();
[INFO] [stdout]    |     ^^^^^^^^^^^^^ not found in this scope
[INFO] [stdout] 
[INFO] [stdout] 
[INFO] [stdout] error[E0425]: cannot find function `mv_semiring_plustimes_dense_dcsr_dense` in this scope
[INFO] [stdout]   --> tests/semiring/mv_semiring_plustimes_dense_dcsr_dense.rs:13:5
[INFO] [stdout]    |
[INFO] [stdout] 13 |     mv_semiring_plustimes_dense_dcsr_dense();
[INFO] [stdout]    |     ^^^^^^^^^^^^^^^^^^^^^^^^^^^^^^^^^^^^^^ not found in this scope
[INFO] [stdout] 
[INFO] [stdout] 
[INFO] [stdout] error: aborting due to 2 previous errors
[INFO] [stdout] 
[INFO] [stdout] 
[INFO] [stdout] For more information about this error, try `rustc --explain E0425`.
[INFO] [stdout] 
[INFO] [stderr] error: could not compile `comet-rs` due to 3 previous errors
[INFO] [stdout] error: aborting due to 2 previous errors
[INFO] [stdout] 
[INFO] [stdout] 
[INFO] [stdout] error[E0425]: cannot find function `ccsd_t1_21_loops` in this scope
[INFO] [stdout]   --> tests/kernels/ccsd_t1_21_loops.rs:13:5
[INFO] [stdout]    |
[INFO] [stdout] 13 |     ccsd_t1_21_loops();
[INFO] [stdout]    |     ^^^^^^^^^^^^^^^^ not found in this scope
[INFO] [stdout] 
[INFO] [stdout] 
[INFO] [stdout] For more information about this error, try `rustc --explain E0425`.
[INFO] [stdout] 
[INFO] [stdout] error: proc macro panicked
[INFO] [stdout]   --> tests/chain_ops/sp_transpose_csr_eltwise_csr_dense.rs:1:1
[INFO] [stdout]    |
[INFO] [stdout] 1  | / comet_rs::comet_fn! { sp_transpose_csr_eltwise_csr_dense, {
[INFO] [stdout] 2  | |     let i = Index::new();
[INFO] [stdout] 3  | |     let j = Index::new();
[INFO] [stdout] 4  | |
[INFO] [stdout] ...  |
[INFO] [stdout] 13 | |
[INFO] [stdout] 14 | | }}
[INFO] [stdout]    | |__^
[INFO] [stdout]    |
[INFO] [stdout]    = help: message: Cannot find comet-opt at /opt/rustwide/workdir/../../../build/bin/comet-opt
[INFO] [stdout]             Please set the COMET_BIN_DIR envrionement variable to the directory containing the comet-opt binary
[INFO] [stdout] 
[INFO] [stdout] 
[INFO] [stdout] error: aborting due to 2 previous errors
[INFO] [stdout] 
[INFO] [stdout] 
[INFO] [stdout] For more information about this error, try `rustc --explain E0425`.
[INFO] [stdout] 
[INFO] [stderr] error: could not compile `comet-rs` due to 3 previous errors
[INFO] [stdout] error: proc macro panicked
[INFO] [stdout]   --> tests/opts/opt_dense_transpose.rs:1:1
[INFO] [stdout]    |
[INFO] [stdout] 1  | / comet_rs::comet_fn! { opt_dense_transpose, {
[INFO] [stdout] 2  | |     let i = Index::with_value(2);
[INFO] [stdout] 3  | |     let j = Index::with_value(4);
[INFO] [stdout] 4  | |     let k = Index::with_value(8);
[INFO] [stdout] ...  |
[INFO] [stdout] 13 | | MlirOption::[LowerAffine, ConvertScfToStd, ConvertStdToLlvm]
[INFO] [stdout] 14 | | }
[INFO] [stdout]    | |_^
[INFO] [stdout]    |
[INFO] [stdout]    = help: message: Cannot find comet-opt at /opt/rustwide/workdir/../../../build/bin/comet-opt
[INFO] [stdout]             Please set the COMET_BIN_DIR envrionement variable to the directory containing the comet-opt binary
[INFO] [stdout] 
[INFO] [stdout] 
[INFO] [stdout] error: proc macro panicked
[INFO] [stdout]  --> tests/ops/sum_dense_tensor.rs:1:1
[INFO] [stdout]   |
[INFO] [stdout] 1 | / comet_rs::comet_fn! { sum_dense_tensor, {
[INFO] [stdout] 2 | |     let i = Index::with_value(4);
[INFO] [stdout] 3 | |     let j = Index::with_value(4);
[INFO] [stdout] 4 | |     let k = Index::with_value(4);
[INFO] [stdout] ... |
[INFO] [stdout] 8 | |     a.print();
[INFO] [stdout] 9 | | }}
[INFO] [stdout]   | |__^
[INFO] [stdout]   |
[INFO] [stdout]   = help: message: Cannot find comet-opt at /opt/rustwide/workdir/../../../build/bin/comet-opt
[INFO] [stdout]            Please set the COMET_BIN_DIR envrionement variable to the directory containing the comet-opt binary
[INFO] [stdout] 
[INFO] [stdout] 
[INFO] [stderr] error: could not compile `comet-rs` due to 3 previous errors
[INFO] [stdout] error[E0425]: cannot find function `elwise_monoid_min_dense_dense_dense` in this scope
[INFO] [stdout]   --> tests/semiring/eltwise_monoid_min_dense_dense_dense.rs:13:5
[INFO] [stdout]    |
[INFO] [stdout] 13 |     elwise_monoid_min_dense_dense_dense();
[INFO] [stdout]    |     ^^^^^^^^^^^^^^^^^^^^^^^^^^^^^^^^^^^ not found in this scope
[INFO] [stdout] 
[INFO] [stdout] 
[INFO] [stdout] error: aborting due to 2 previous errors
[INFO] [stdout] 
[INFO] [stdout] 
[INFO] [stdout] For more information about this error, try `rustc --explain E0425`.
[INFO] [stdout] 
[INFO] [stdout] error[E0425]: cannot find function `sp_transpose_csr_eltwise_csr_dense` in this scope
[INFO] [stdout]   --> tests/chain_ops/sp_transpose_csr_eltwise_csr_dense.rs:17:5
[INFO] [stdout]    |
[INFO] [stdout] 17 |     sp_transpose_csr_eltwise_csr_dense();
[INFO] [stdout]    |     ^^^^^^^^^^^^^^^^^^^^^^^^^^^^^^^^^^ not found in this scope
[INFO] [stdout] 
[INFO] [stdout] 
[INFO] [stderr] error: could not compile `comet-rs` due to 3 previous errors
[INFO] [stdout] error: aborting due to 2 previous errors
[INFO] [stdout] 
[INFO] [stdout] 
[INFO] [stdout] For more information about this error, try `rustc --explain E0425`.
[INFO] [stdout] 
[INFO] [stderr] error: could not compile `comet-rs` due to 3 previous errors
[INFO] [stdout] error[E0425]: cannot find function `sum_dense_tensor` in this scope
[INFO] [stdout]   --> tests/ops/sum_dense_tensor.rs:12:5
[INFO] [stdout]    |
[INFO] [stdout] 12 |     sum_dense_tensor();
[INFO] [stdout]    |     ^^^^^^^^^^^^^^^^ not found in this scope
[INFO] [stdout] 
[INFO] [stdout] 
[INFO] [stdout] error: aborting due to 2 previous errors
[INFO] [stdout] 
[INFO] [stdout] 
[INFO] [stdout] For more information about this error, try `rustc --explain E0425`.
[INFO] [stdout] 
[INFO] [stderr] error: could not compile `comet-rs` due to 3 previous errors
[INFO] [stdout] error: proc macro panicked
[INFO] [stdout]   --> tests/opts/ccsd_t1_21_ttgt_tiling.rs:1:1
[INFO] [stdout]    |
[INFO] [stdout] 1  | / comet_rs::comet_fn! { ccsd_t1_21_ttgt_tiling, {
[INFO] [stdout] 2  | |     let i, c = Index::with_value(2);
[INFO] [stdout] 3  | |     let m, n, a = Index::with_value(4);
[INFO] [stdout] 4  | |
[INFO] [stdout] ...  |
[INFO] [stdout] 11 | | CometOption::[MatMulTiling, TcToTtgt],
[INFO] [stdout] 12 | | MlirOption::[LowerAffine, ConvertLinalgToLoops, ConvertLinalgToStd, ConvertLinalgToLlvm, ConvertScfToStd, ConvertStdToLlvm]}
[INFO] [stdout]    | |____________________________________________________________________________________________________________________________^
[INFO] [stdout]    |
[INFO] [stdout]    = help: message: Cannot find comet-opt at /opt/rustwide/workdir/../../../build/bin/comet-opt
[INFO] [stdout]             Please set the COMET_BIN_DIR envrionement variable to the directory containing the comet-opt binary
[INFO] [stdout] 
[INFO] [stdout] 
[INFO] [stdout] error[E0425]: cannot find function `opt_dense_transpose` in this scope
[INFO] [stdout]   --> tests/opts/opt_dense_transpose.rs:17:5
[INFO] [stdout]    |
[INFO] [stdout] 17 |     opt_dense_transpose();
[INFO] [stdout]    |     ^^^^^^^^^^^^^^^^^^^ not found in this scope
[INFO] [stdout] 
[INFO] [stdout] 
[INFO] [stdout] error: aborting due to 2 previous errors
[INFO] [stdout] 
[INFO] [stdout] 
[INFO] [stdout] For more information about this error, try `rustc --explain E0425`.
[INFO] [stdout] 
[INFO] [stderr] error: could not compile `comet-rs` due to 3 previous errors
[INFO] [stdout] error[E0425]: cannot find function `ccsd_t1_21_ttgt_tiling` in this scope
[INFO] [stdout]   --> tests/opts/ccsd_t1_21_ttgt_tiling.rs:15:5
[INFO] [stdout]    |
[INFO] [stdout] 15 |     ccsd_t1_21_ttgt_tiling();
[INFO] [stdout]    |     ^^^^^^^^^^^^^^^^^^^^^^ not found in this scope
[INFO] [stdout] 
[INFO] [stdout] 
[INFO] [stdout] error: aborting due to 2 previous errors
[INFO] [stdout] 
[INFO] [stdout] 
[INFO] [stdout] For more information about this error, try `rustc --explain E0425`.
[INFO] [stdout] 
[INFO] [stderr] error: could not compile `comet-rs` due to 3 previous errors
[INFO] running `Command { std: "docker" "inspect" "7b597a50bd668c0745be12d1c7af6b90b85facb75fa70dfedfc5ed427d1c4ce2", kill_on_drop: false }`
[INFO] running `Command { std: "docker" "rm" "-f" "7b597a50bd668c0745be12d1c7af6b90b85facb75fa70dfedfc5ed427d1c4ce2", kill_on_drop: false }`
[INFO] [stdout] 7b597a50bd668c0745be12d1c7af6b90b85facb75fa70dfedfc5ed427d1c4ce2
