[INFO] fetching crate colorspace 0.1.0...
[INFO] testing colorspace-0.1.0 against 1.69.0 for beta-1.70-1
[INFO] extracting crate colorspace 0.1.0 into /workspace/builds/worker-6-tc1/source
[INFO] validating manifest of crates.io crate colorspace 0.1.0 on toolchain 1.69.0
[INFO] running `Command { std: CARGO_HOME="/workspace/cargo-home" RUSTUP_HOME="/workspace/rustup-home" "/workspace/cargo-home/bin/cargo" "+1.69.0" "metadata" "--manifest-path" "Cargo.toml" "--no-deps", kill_on_drop: false }`
[INFO] started tweaking crates.io crate colorspace 0.1.0
[INFO] finished tweaking crates.io crate colorspace 0.1.0
[INFO] tweaked toml for crates.io crate colorspace 0.1.0 written to /workspace/builds/worker-6-tc1/source/Cargo.toml
[INFO] crate crates.io crate colorspace 0.1.0 already has a lockfile, it will not be regenerated
[INFO] running `Command { std: CARGO_HOME="/workspace/cargo-home" RUSTUP_HOME="/workspace/rustup-home" "/workspace/cargo-home/bin/cargo" "+1.69.0" "fetch" "--manifest-path" "Cargo.toml", kill_on_drop: false }`
[INFO] [stderr]  Downloading crates ...
[INFO] [stderr]   Downloaded libc v0.2.58
[INFO] [stderr]   Downloaded walkdir v2.2.9
[INFO] [stderr]   Downloaded same-file v1.0.5
[INFO] [stderr]   Downloaded utf8-ranges v1.0.3
[INFO] [stderr]   Downloaded num_cpus v1.10.0
[INFO] [stderr]   Downloaded serde_derive v1.0.97
[INFO] [stderr]   Downloaded aho-corasick v0.7.4
[INFO] [stderr]   Downloaded regex v1.2.0
[INFO] [stderr]   Downloaded serde v1.0.97
[INFO] [stderr]   Downloaded regex-syntax v0.6.10
[INFO] [stderr]   Downloaded rand_chacha v0.2.0
[INFO] [stderr]   Downloaded getrandom v0.1.6
[INFO] [stderr]   Downloaded maplit v1.0.1
[INFO] [stderr]   Downloaded byteorder v1.3.1
[INFO] [stderr]   Downloaded deflate v0.8.4
[INFO] [stderr]   Downloaded png v0.16.3
[INFO] [stderr]   Downloaded spin v0.5.0
[INFO] [stderr]   Downloaded rand_core v0.5.0
[INFO] [stderr]   Downloaded ucd-util v0.1.4
[INFO] [stderr]   Downloaded paste v0.1.5
[INFO] [stderr]   Downloaded numeric_literals v0.1.0
[INFO] [stderr]   Downloaded paste-impl v0.1.5
[INFO] [stderr]   Downloaded proc-macro-hack v0.5.8
[INFO] [stderr]   Downloaded float-cmp v0.5.1
[INFO] [stderr]   Downloaded simdeez v0.6.4
[INFO] [stderr]   Downloaded syn v0.15.35
[INFO] [stderr]   Downloaded bstr v0.2.3
[INFO] running `Command { std: "docker" "create" "-v" "/var/lib/crater-agent-workspace/builds/worker-6-tc1/target:/opt/rustwide/target:rw,Z" "-v" "/var/lib/crater-agent-workspace/builds/worker-6-tc1/source:/opt/rustwide/workdir:ro,Z" "-v" "/var/lib/crater-agent-workspace/cargo-home:/opt/rustwide/cargo-home:ro,Z" "-v" "/var/lib/crater-agent-workspace/rustup-home:/opt/rustwide/rustup-home:ro,Z" "-e" "SOURCE_DIR=/opt/rustwide/workdir" "-e" "CARGO_TARGET_DIR=/opt/rustwide/target" "-e" "CARGO_HOME=/opt/rustwide/cargo-home" "-e" "RUSTUP_HOME=/opt/rustwide/rustup-home" "-w" "/opt/rustwide/workdir" "-m" "1610612736" "--user" "0:0" "--network" "none" "ghcr.io/rust-lang/crates-build-env/linux@sha256:5ff2268d62e97bff2cde7d5815dd6ed5b47097566f13b8d0ca110b04b60e07ed" "/opt/rustwide/cargo-home/bin/cargo" "+1.69.0" "metadata" "--no-deps" "--format-version=1", kill_on_drop: false }`
[INFO] [stdout] 56d6a58dc5b33c66bb24bb643b400a976d069a1d5cd2e431e06ccd4ab56bc2a6
[INFO] running `Command { std: "docker" "start" "-a" "56d6a58dc5b33c66bb24bb643b400a976d069a1d5cd2e431e06ccd4ab56bc2a6", kill_on_drop: false }`
[INFO] running `Command { std: "docker" "inspect" "56d6a58dc5b33c66bb24bb643b400a976d069a1d5cd2e431e06ccd4ab56bc2a6", kill_on_drop: false }`
[INFO] running `Command { std: "docker" "rm" "-f" "56d6a58dc5b33c66bb24bb643b400a976d069a1d5cd2e431e06ccd4ab56bc2a6", kill_on_drop: false }`
[INFO] [stdout] 56d6a58dc5b33c66bb24bb643b400a976d069a1d5cd2e431e06ccd4ab56bc2a6
[INFO] running `Command { std: "docker" "create" "-v" "/var/lib/crater-agent-workspace/builds/worker-6-tc1/target:/opt/rustwide/target:rw,Z" "-v" "/var/lib/crater-agent-workspace/builds/worker-6-tc1/source:/opt/rustwide/workdir:ro,Z" "-v" "/var/lib/crater-agent-workspace/cargo-home:/opt/rustwide/cargo-home:ro,Z" "-v" "/var/lib/crater-agent-workspace/rustup-home:/opt/rustwide/rustup-home:ro,Z" "-e" "SOURCE_DIR=/opt/rustwide/workdir" "-e" "CARGO_TARGET_DIR=/opt/rustwide/target" "-e" "CARGO_INCREMENTAL=0" "-e" "RUST_BACKTRACE=full" "-e" "RUSTFLAGS=--cap-lints=warn" "-e" "RUSTDOCFLAGS=--cap-lints=warn" "-e" "CARGO_HOME=/opt/rustwide/cargo-home" "-e" "RUSTUP_HOME=/opt/rustwide/rustup-home" "-w" "/opt/rustwide/workdir" "-m" "1610612736" "--user" "0:0" "--network" "none" "ghcr.io/rust-lang/crates-build-env/linux@sha256:5ff2268d62e97bff2cde7d5815dd6ed5b47097566f13b8d0ca110b04b60e07ed" "/opt/rustwide/cargo-home/bin/cargo" "+1.69.0" "build" "--frozen" "--message-format=json", kill_on_drop: false }`
[INFO] [stdout] fb4480af054f39c7cbcccec1bd6743779ee917d0ee205b407b9a9c9cc7dedbc1
[INFO] running `Command { std: "docker" "start" "-a" "fb4480af054f39c7cbcccec1bd6743779ee917d0ee205b407b9a9c9cc7dedbc1", kill_on_drop: false }`
[INFO] [stderr]    Compiling proc-macro2 v0.4.30
[INFO] [stderr]    Compiling libc v0.2.58
[INFO] [stderr]    Compiling spin v0.5.0
[INFO] [stderr]    Compiling unicode-xid v0.1.0
[INFO] [stderr]    Compiling syn v0.15.35
[INFO] [stderr]    Compiling autocfg v0.1.4
[INFO] [stderr]    Compiling memchr v2.2.1
[INFO] [stderr]    Compiling ucd-util v0.1.4
[INFO] [stderr]    Compiling ppv-lite86 v0.2.5
[INFO] [stderr]    Compiling utf8-ranges v1.0.3
[INFO] [stderr]    Compiling either v1.5.2
[INFO] [stderr]    Compiling maplit v1.0.1
[INFO] [stderr]    Compiling cfg-if v0.1.9
[INFO] [stderr]    Compiling lazy_static v1.3.0
[INFO] [stderr]    Compiling itertools v0.8.0
[INFO] [stderr]    Compiling regex-syntax v0.6.10
[INFO] [stderr]    Compiling thread_local v0.3.6
[INFO] [stderr]    Compiling rand_chacha v0.2.0
[INFO] [stderr]    Compiling num-traits v0.2.8
[INFO] [stderr]    Compiling c2-chacha v0.2.2
[INFO] [stderr]    Compiling quote v0.6.12
[INFO] [stderr]    Compiling getrandom v0.1.6
[INFO] [stderr]    Compiling rand_core v0.5.0
[INFO] [stderr]    Compiling aho-corasick v0.7.4
[INFO] [stderr]    Compiling rand v0.7.0
[INFO] [stderr]    Compiling float-cmp v0.5.1
[INFO] [stderr]    Compiling regex v1.2.0
[INFO] [stderr]    Compiling proc-macro-hack v0.5.8
[INFO] [stderr]    Compiling derive_more v0.15.0
[INFO] [stderr]    Compiling numeric_literals v0.1.0
[INFO] [stderr]    Compiling paste-impl v0.1.5
[INFO] [stderr]    Compiling paste v0.1.5
[INFO] [stderr]    Compiling simdeez v0.6.4
[INFO] [stdout] error[E0435]: attempt to use a non-constant value in a constant
[INFO] [stdout]    --> /opt/rustwide/cargo-home/registry/src/github.com-1ecc6299db9ec823/simdeez-0.6.4/src/avx2.rs:543:38
[INFO] [stdout]     |
[INFO] [stdout] 542 |     unsafe fn srai_epi32(a: Self::Vi32, amt_const: i32) -> Self::Vi32 {
[INFO] [stdout]     |                                         --------- this would need to be a `const`
[INFO] [stdout] 543 |         I32x8(_mm256_srai_epi32(a.0, amt_const))
[INFO] [stdout]     |                                      ^^^^^^^^^
[INFO] [stdout] 
[INFO] [stdout] 
[INFO] [stdout] error[E0435]: attempt to use a non-constant value in a constant
[INFO] [stdout]    --> /opt/rustwide/cargo-home/registry/src/github.com-1ecc6299db9ec823/simdeez-0.6.4/src/avx2.rs:566:38
[INFO] [stdout]     |
[INFO] [stdout] 565 |     unsafe fn srli_epi32(a: Self::Vi32, amt_const: i32) -> Self::Vi32 {
[INFO] [stdout]     |                                         --------- this would need to be a `const`
[INFO] [stdout] 566 |         I32x8(_mm256_srli_epi32(a.0, amt_const))
[INFO] [stdout]     |                                      ^^^^^^^^^
[INFO] [stdout] 
[INFO] [stdout] 
[INFO] [stdout] error[E0435]: attempt to use a non-constant value in a constant
[INFO] [stdout]    --> /opt/rustwide/cargo-home/registry/src/github.com-1ecc6299db9ec823/simdeez-0.6.4/src/avx2.rs:570:38
[INFO] [stdout]     |
[INFO] [stdout] 569 |     unsafe fn slli_epi32(a: Self::Vi32, amt_const: i32) -> Self::Vi32 {
[INFO] [stdout]     |                                         --------- this would need to be a `const`
[INFO] [stdout] 570 |         I32x8(_mm256_slli_epi32(a.0, amt_const))
[INFO] [stdout]     |                                      ^^^^^^^^^
[INFO] [stdout] 
[INFO] [stdout] 
[INFO] [stdout] error: aborting due to 3 previous errors
[INFO] [stdout] 
[INFO] [stdout] 
[INFO] [stdout] For more information about this error, try `rustc --explain E0435`.
[INFO] [stdout] 
[INFO] [stderr] error: could not compile `simdeez` due to 4 previous errors
[INFO] running `Command { std: "docker" "inspect" "fb4480af054f39c7cbcccec1bd6743779ee917d0ee205b407b9a9c9cc7dedbc1", kill_on_drop: false }`
[INFO] running `Command { std: "docker" "rm" "-f" "fb4480af054f39c7cbcccec1bd6743779ee917d0ee205b407b9a9c9cc7dedbc1", kill_on_drop: false }`
[INFO] [stdout] fb4480af054f39c7cbcccec1bd6743779ee917d0ee205b407b9a9c9cc7dedbc1
