[INFO] fetching crate color-eyre-attach-report 0.6.2...
[INFO] testing color-eyre-attach-report-0.6.2 against 1.69.0 for beta-1.70-1
[INFO] extracting crate color-eyre-attach-report 0.6.2 into /workspace/builds/worker-6-tc1/source
[INFO] validating manifest of crates.io crate color-eyre-attach-report 0.6.2 on toolchain 1.69.0
[INFO] running `Command { std: CARGO_HOME="/workspace/cargo-home" RUSTUP_HOME="/workspace/rustup-home" "/workspace/cargo-home/bin/cargo" "+1.69.0" "metadata" "--manifest-path" "Cargo.toml" "--no-deps", kill_on_drop: false }`
[INFO] started tweaking crates.io crate color-eyre-attach-report 0.6.2
[INFO] finished tweaking crates.io crate color-eyre-attach-report 0.6.2
[INFO] tweaked toml for crates.io crate color-eyre-attach-report 0.6.2 written to /workspace/builds/worker-6-tc1/source/Cargo.toml
[INFO] crate crates.io crate color-eyre-attach-report 0.6.2 already has a lockfile, it will not be regenerated
[INFO] running `Command { std: CARGO_HOME="/workspace/cargo-home" RUSTUP_HOME="/workspace/rustup-home" "/workspace/cargo-home/bin/cargo" "+1.69.0" "fetch" "--manifest-path" "Cargo.toml", kill_on_drop: false }`
[INFO] [stderr]  Downloading crates ...
[INFO] [stderr]   Downloaded pretty_assertions v1.3.0
[INFO] [stderr]   Downloaded ansi-parser v0.8.0
[INFO] running `Command { std: "docker" "create" "-v" "/var/lib/crater-agent-workspace/builds/worker-6-tc1/target:/opt/rustwide/target:rw,Z" "-v" "/var/lib/crater-agent-workspace/builds/worker-6-tc1/source:/opt/rustwide/workdir:ro,Z" "-v" "/var/lib/crater-agent-workspace/cargo-home:/opt/rustwide/cargo-home:ro,Z" "-v" "/var/lib/crater-agent-workspace/rustup-home:/opt/rustwide/rustup-home:ro,Z" "-e" "SOURCE_DIR=/opt/rustwide/workdir" "-e" "CARGO_TARGET_DIR=/opt/rustwide/target" "-e" "CARGO_HOME=/opt/rustwide/cargo-home" "-e" "RUSTUP_HOME=/opt/rustwide/rustup-home" "-w" "/opt/rustwide/workdir" "-m" "1610612736" "--user" "0:0" "--network" "none" "ghcr.io/rust-lang/crates-build-env/linux@sha256:97d61d7686bf65f8ecb15491ab51835e82dc9176a96a831f143a431b191fc501" "/opt/rustwide/cargo-home/bin/cargo" "+1.69.0" "metadata" "--no-deps" "--format-version=1", kill_on_drop: false }`
[INFO] [stdout] 4db6e49e1f71d419a69a6ab418f11d84d664db92324f905fa5d60b5f924c8e8e
[INFO] running `Command { std: "docker" "start" "-a" "4db6e49e1f71d419a69a6ab418f11d84d664db92324f905fa5d60b5f924c8e8e", kill_on_drop: false }`
[INFO] running `Command { std: "docker" "inspect" "4db6e49e1f71d419a69a6ab418f11d84d664db92324f905fa5d60b5f924c8e8e", kill_on_drop: false }`
[INFO] running `Command { std: "docker" "rm" "-f" "4db6e49e1f71d419a69a6ab418f11d84d664db92324f905fa5d60b5f924c8e8e", kill_on_drop: false }`
[INFO] [stdout] 4db6e49e1f71d419a69a6ab418f11d84d664db92324f905fa5d60b5f924c8e8e
[INFO] running `Command { std: "docker" "create" "-v" "/var/lib/crater-agent-workspace/builds/worker-6-tc1/target:/opt/rustwide/target:rw,Z" "-v" "/var/lib/crater-agent-workspace/builds/worker-6-tc1/source:/opt/rustwide/workdir:ro,Z" "-v" "/var/lib/crater-agent-workspace/cargo-home:/opt/rustwide/cargo-home:ro,Z" "-v" "/var/lib/crater-agent-workspace/rustup-home:/opt/rustwide/rustup-home:ro,Z" "-e" "SOURCE_DIR=/opt/rustwide/workdir" "-e" "CARGO_TARGET_DIR=/opt/rustwide/target" "-e" "CARGO_INCREMENTAL=0" "-e" "RUST_BACKTRACE=full" "-e" "RUSTFLAGS=--cap-lints=warn" "-e" "RUSTDOCFLAGS=--cap-lints=warn" "-e" "CARGO_HOME=/opt/rustwide/cargo-home" "-e" "RUSTUP_HOME=/opt/rustwide/rustup-home" "-w" "/opt/rustwide/workdir" "-m" "1610612736" "--user" "0:0" "--network" "none" "ghcr.io/rust-lang/crates-build-env/linux@sha256:97d61d7686bf65f8ecb15491ab51835e82dc9176a96a831f143a431b191fc501" "/opt/rustwide/cargo-home/bin/cargo" "+1.69.0" "build" "--frozen" "--message-format=json", kill_on_drop: false }`
[INFO] [stdout] 23fa3d1a07f802bb690cc88c676ec26c2c01cc5f86765fc53d9e5b0c9c2adb83
[INFO] running `Command { std: "docker" "start" "-a" "23fa3d1a07f802bb690cc88c676ec26c2c01cc5f86765fc53d9e5b0c9c2adb83", kill_on_drop: false }`
[INFO] [stderr]    Compiling proc-macro2 v1.0.51
[INFO] [stderr]    Compiling once_cell v1.17.1
[INFO] [stderr]    Compiling unicode-ident v1.0.6
[INFO] [stderr]    Compiling quote v1.0.23
[INFO] [stderr]    Compiling syn v1.0.109
[INFO] [stderr]    Compiling regex-syntax v0.6.28
[INFO] [stderr]    Compiling log v0.4.17
[INFO] [stderr]    Compiling lazy_static v1.4.0
[INFO] [stderr]    Compiling overload v0.1.1
[INFO] [stderr]    Compiling pin-project-lite v0.2.9
[INFO] [stderr]    Compiling memchr v2.5.0
[INFO] [stderr]    Compiling tracing-core v0.1.30
[INFO] [stderr]    Compiling thread_local v1.1.7
[INFO] [stderr]    Compiling nu-ansi-term v0.46.0
[INFO] [stderr]    Compiling sharded-slab v0.1.4
[INFO] [stderr]    Compiling libc v0.2.139
[INFO] [stderr]    Compiling smallvec v1.10.0
[INFO] [stderr]    Compiling tracing-log v0.1.3
[INFO] [stderr]    Compiling backtrace v0.3.67
[INFO] [stderr]    Compiling eyre v0.6.8
[INFO] [stderr]    Compiling object v0.30.3
[INFO] [stderr]    Compiling rustc-demangle v0.1.21
[INFO] [stderr]    Compiling indenter v0.3.3
[INFO] [stderr]    Compiling owo-colors v3.5.0
[INFO] [stderr]    Compiling regex-automata v0.1.10
[INFO] [stderr]    Compiling regex v1.7.1
[INFO] [stderr]    Compiling matchers v0.1.0
[INFO] [stderr]    Compiling tracing-attributes v0.1.23
[INFO] [stderr]    Compiling tracing v0.1.37
[INFO] [stderr]    Compiling tracing-subscriber v0.3.16
[INFO] [stderr]    Compiling tracing-error v0.2.0
[INFO] [stderr]    Compiling color-spantrace v0.2.0
[INFO] [stderr]    Compiling color-eyre-attach-report v0.6.2 (/opt/rustwide/workdir)
[INFO] [stdout] warning: lint `const_err` has been removed: converted into hard error, see issue #71800 <https://github.com/rust-lang/rust/issues/71800> for more information
[INFO] [stdout]    --> src/lib.rs:345:5
[INFO] [stdout]     |
[INFO] [stdout] 345 |     const_err,
[INFO] [stdout]     |     ^^^^^^^^^
[INFO] [stdout]     |
[INFO] [stdout]     = note: `#[warn(renamed_and_removed_lints)]` on by default
[INFO] [stdout] 
[INFO] [stdout] 
[INFO] [stdout] warning: missing documentation for a method
[INFO] [stdout]    --> src/section/mod.rs:234:5
[INFO] [stdout]     |
[INFO] [stdout] 234 |     fn report(self, report: Report) -> Self::Return;
[INFO] [stdout]     |     ^^^^^^^^^^^^^^^^^^^^^^^^^^^^^^^^^^^^^^^^^^^^^^^^
[INFO] [stdout]     |
[INFO] [stdout] note: the lint level is defined here
[INFO] [stdout]    --> src/lib.rs:340:5
[INFO] [stdout]     |
[INFO] [stdout] 340 |     missing_docs,
[INFO] [stdout]     |     ^^^^^^^^^^^^
[INFO] [stdout] 
[INFO] [stdout] 
[INFO] [stdout] warning: missing documentation for a method
[INFO] [stdout]    --> src/section/mod.rs:236:5
[INFO] [stdout]     |
[INFO] [stdout] 236 | /     fn with_report<F>(self, report: F) -> Self::Return
[INFO] [stdout] 237 | |     where
[INFO] [stdout] 238 | |         F: FnOnce() -> Report;
[INFO] [stdout]     | |______________________________^
[INFO] [stdout] 
[INFO] [stdout] 
[INFO] [stdout] warning: 3 warnings emitted
[INFO] [stdout] 
[INFO] [stdout] 
[INFO] [stderr]     Finished dev [unoptimized + debuginfo] target(s) in 40.24s
[INFO] running `Command { std: "docker" "inspect" "23fa3d1a07f802bb690cc88c676ec26c2c01cc5f86765fc53d9e5b0c9c2adb83", kill_on_drop: false }`
[INFO] running `Command { std: "docker" "rm" "-f" "23fa3d1a07f802bb690cc88c676ec26c2c01cc5f86765fc53d9e5b0c9c2adb83", kill_on_drop: false }`
[INFO] [stdout] 23fa3d1a07f802bb690cc88c676ec26c2c01cc5f86765fc53d9e5b0c9c2adb83
[INFO] running `Command { std: "docker" "create" "-v" "/var/lib/crater-agent-workspace/builds/worker-6-tc1/target:/opt/rustwide/target:rw,Z" "-v" "/var/lib/crater-agent-workspace/builds/worker-6-tc1/source:/opt/rustwide/workdir:ro,Z" "-v" "/var/lib/crater-agent-workspace/cargo-home:/opt/rustwide/cargo-home:ro,Z" "-v" "/var/lib/crater-agent-workspace/rustup-home:/opt/rustwide/rustup-home:ro,Z" "-e" "SOURCE_DIR=/opt/rustwide/workdir" "-e" "CARGO_TARGET_DIR=/opt/rustwide/target" "-e" "CARGO_INCREMENTAL=0" "-e" "RUST_BACKTRACE=full" "-e" "RUSTFLAGS=--cap-lints=warn" "-e" "RUSTDOCFLAGS=--cap-lints=warn" "-e" "CARGO_HOME=/opt/rustwide/cargo-home" "-e" "RUSTUP_HOME=/opt/rustwide/rustup-home" "-w" "/opt/rustwide/workdir" "-m" "1610612736" "--user" "0:0" "--network" "none" "ghcr.io/rust-lang/crates-build-env/linux@sha256:97d61d7686bf65f8ecb15491ab51835e82dc9176a96a831f143a431b191fc501" "/opt/rustwide/cargo-home/bin/cargo" "+1.69.0" "test" "--frozen" "--no-run" "--message-format=json", kill_on_drop: false }`
[INFO] [stdout] 8fcb03f96a8a72f142719034118a8cb6a1192c59ee3a3982247afa94c04282b7
[INFO] running `Command { std: "docker" "start" "-a" "8fcb03f96a8a72f142719034118a8cb6a1192c59ee3a3982247afa94c04282b7", kill_on_drop: false }`
[INFO] [stderr]    Compiling typenum v1.16.0
[INFO] [stderr]    Compiling version_check v0.9.4
[INFO] [stderr]    Compiling version_check v0.1.5
[INFO] [stderr]    Compiling stable_deref_trait v1.2.0
[INFO] [stderr]    Compiling heapless v0.5.6
[INFO] [stderr]    Compiling byteorder v1.4.3
[INFO] [stderr]    Compiling thiserror v1.0.38
[INFO] [stderr]    Compiling thiserror-impl v1.0.38
[INFO] [stderr]    Compiling yansi v0.5.1
[INFO] [stderr]    Compiling hash32 v0.1.1
[INFO] [stderr]    Compiling nom v4.2.3
[INFO] [stderr]    Compiling generic-array v0.14.6
[INFO] [stderr]    Compiling diff v0.1.13
[INFO] [stdout] warning: lint `const_err` has been removed: converted into hard error, see issue #71800 <https://github.com/rust-lang/rust/issues/71800> for more information
[INFO] [stdout]    --> src/lib.rs:345:5
[INFO] [stdout]     |
[INFO] [stdout] 345 |     const_err,
[INFO] [stdout]     |     ^^^^^^^^^
[INFO] [stdout]     |
[INFO] [stdout]     = note: `#[warn(renamed_and_removed_lints)]` on by default
[INFO] [stdout] 
[INFO] [stdout] 
[INFO] [stdout] warning: missing documentation for a method
[INFO] [stdout]    --> src/section/mod.rs:234:5
[INFO] [stdout]     |
[INFO] [stdout] 234 |     fn report(self, report: Report) -> Self::Return;
[INFO] [stdout]     |     ^^^^^^^^^^^^^^^^^^^^^^^^^^^^^^^^^^^^^^^^^^^^^^^^
[INFO] [stdout]     |
[INFO] [stdout] note: the lint level is defined here
[INFO] [stdout]    --> src/lib.rs:340:5
[INFO] [stdout]     |
[INFO] [stdout] 340 |     missing_docs,
[INFO] [stdout]     |     ^^^^^^^^^^^^
[INFO] [stdout] 
[INFO] [stdout] 
[INFO] [stdout] warning: missing documentation for a method
[INFO] [stdout]    --> src/section/mod.rs:236:5
[INFO] [stdout]     |
[INFO] [stdout] 236 | /     fn with_report<F>(self, report: F) -> Self::Return
[INFO] [stdout] 237 | |     where
[INFO] [stdout] 238 | |         F: FnOnce() -> Report;
[INFO] [stdout]     | |______________________________^
[INFO] [stdout] 
[INFO] [stdout] 
[INFO] [stdout] warning: 3 warnings emitted
[INFO] [stdout] 
[INFO] [stdout] 
[INFO] [stderr]    Compiling pretty_assertions v1.3.0
[INFO] [stderr]    Compiling generic-array v0.12.4
[INFO] [stderr]    Compiling generic-array v0.13.3
[INFO] [stderr]    Compiling as-slice v0.1.5
[INFO] [stderr]    Compiling ansi-parser v0.8.0
[INFO] [stderr]    Compiling color-eyre-attach-report v0.6.2 (/opt/rustwide/workdir)
[INFO] [stdout] error[E0433]: failed to resolve: use of undeclared crate or module `color_eyre`
[INFO] [stdout]  --> examples/theme_test_helper.rs:7:5
[INFO] [stdout]   |
[INFO] [stdout] 7 | use color_eyre::{eyre::Report, Section};
[INFO] [stdout]   |     ^^^^^^^^^^ use of undeclared crate or module `color_eyre`
[INFO] [stdout] 
[INFO] [stdout] 
[INFO] [stdout] error[E0432]: unresolved import `color_eyre`
[INFO] [stdout]  --> examples/theme_test_helper.rs:7:5
[INFO] [stdout]   |
[INFO] [stdout] 7 | use color_eyre::{eyre::Report, Section};
[INFO] [stdout]   |     ^^^^^^^^^^ use of undeclared crate or module `color_eyre`
[INFO] [stdout] 
[INFO] [stdout] 
[INFO] [stdout] error[E0432]: unresolved imports `color_eyre`, `eyre::eyre`
[INFO] [stdout]  --> tests/bt_disabled.rs:1:5
[INFO] [stdout]   |
[INFO] [stdout] 1 | use color_eyre::eyre;
[INFO] [stdout]   |     ^^^^^^^^^^ use of undeclared crate or module `color_eyre`
[INFO] [stdout] 2 | use eyre::eyre;
[INFO] [stdout]   |     ^^^^^^^^^^
[INFO] [stdout] 
[INFO] [stdout] 
[INFO] [stdout] error: cannot determine resolution for the macro `eyre`
[INFO] [stdout]   --> tests/bt_disabled.rs:11:18
[INFO] [stdout]    |
[INFO] [stdout] 11 |     let report = eyre!("error occured");
[INFO] [stdout]    |                  ^^^^
[INFO] [stdout]    |
[INFO] [stdout]    = note: import resolution is stuck, try simplifying macro imports
[INFO] [stdout] 
[INFO] [stdout] 
[INFO] [stdout] error[E0433]: failed to resolve: use of undeclared crate or module `color_eyre`
[INFO] [stdout]  --> examples/theme.rs:1:5
[INFO] [stdout]   |
[INFO] [stdout] 1 | use color_eyre::{config::Theme, eyre::Report, owo_colors::style, Section};
[INFO] [stdout]   |     ^^^^^^^^^^ use of undeclared crate or module `color_eyre`
[INFO] [stdout] 
[INFO] [stdout] 
[INFO] [stdout] error[E0433]: failed to resolve: use of undeclared crate or module `color_eyre`
[INFO] [stdout]   --> examples/theme_test_helper.rs:60:5
[INFO] [stdout]    |
[INFO] [stdout] 60 |     color_eyre::install().expect("Failed to install `color_eyre`");
[INFO] [stdout]    |     ^^^^^^^^^^ use of undeclared crate or module `color_eyre`
[INFO] [stdout] 
[INFO] [stdout] 
[INFO] [stdout] error: aborting due to 3 previous errors
[INFO] [stdout] 
[INFO] [stdout] 
[INFO] [stdout] error[E0432]: unresolved import `color_eyre`
[INFO] [stdout]  --> examples/theme.rs:1:5
[INFO] [stdout]   |
[INFO] [stdout] 1 | use color_eyre::{config::Theme, eyre::Report, owo_colors::style, Section};
[INFO] [stdout]   |     ^^^^^^^^^^ use of undeclared crate or module `color_eyre`
[INFO] [stdout] 
[INFO] [stdout] 
[INFO] [stdout] Some errors have detailed explanations: E0432, E0433.
[INFO] [stdout] 
[INFO] [stdout] For more information about an error, try `rustc --explain E0432`.
[INFO] [stdout] 
[INFO] [stdout] error[E0433]: failed to resolve: use of undeclared crate or module `color_eyre`
[INFO] [stdout]  --> examples/custom_section.rs:1:5
[INFO] [stdout]   |
[INFO] [stdout] 1 | use color_eyre::{
[INFO] [stdout]   |     ^^^^^^^^^^ use of undeclared crate or module `color_eyre`
[INFO] [stdout] 
[INFO] [stdout] 
[INFO] [stdout] error[E0433]: failed to resolve: use of undeclared crate or module `color_eyre`
[INFO] [stdout]  --> tests/bt_disabled.rs:6:5
[INFO] [stdout]   |
[INFO] [stdout] 6 |     color_eyre::config::HookBuilder::default()
[INFO] [stdout]   |     ^^^^^^^^^^ use of undeclared crate or module `color_eyre`
[INFO] [stdout]   |
[INFO] [stdout] help: consider importing this struct
[INFO] [stdout]   |
[INFO] [stdout] 1 | use color_eyre_attach_report::config::HookBuilder;
[INFO] [stdout]   |
[INFO] [stdout] help: if you import `HookBuilder`, refer to it directly
[INFO] [stdout]   |
[INFO] [stdout] 6 -     color_eyre::config::HookBuilder::default()
[INFO] [stdout] 6 +     HookBuilder::default()
[INFO] [stdout]   |
[INFO] [stdout] 
[INFO] [stdout] 
[INFO] [stdout] error[E0659]: `eyre` is ambiguous
[INFO] [stdout]  --> tests/bt_disabled.rs:2:5
[INFO] [stdout]   |
[INFO] [stdout] 2 | use eyre::eyre;
[INFO] [stdout]   |     ^^^^ ambiguous name
[INFO] [stdout]   |
[INFO] [stdout]   = note: ambiguous because of multiple potential import sources
[INFO] [stdout]   = note: `eyre` could refer to a crate passed with `--extern`
[INFO] [stdout]   = help: use `::eyre` to refer to this crate unambiguously
[INFO] [stdout] note: `eyre` could also refer to the unresolved item imported here
[INFO] [stdout]  --> tests/bt_disabled.rs:1:5
[INFO] [stdout]   |
[INFO] [stdout] 1 | use color_eyre::eyre;
[INFO] [stdout]   |     ^^^^^^^^^^^^^^^^
[INFO] [stdout]   = help: use `crate::eyre` to refer to this unresolved item unambiguously
[INFO] [stdout] 
[INFO] [stdout] 
[INFO] [stderr] error: could not compile `color-eyre-attach-report` due to 4 previous errors
[INFO] [stderr] warning: build failed, waiting for other jobs to finish...
[INFO] [stdout] error[E0433]: failed to resolve: use of undeclared crate or module `color_eyre`
[INFO] [stdout]   --> examples/theme.rs:57:5
[INFO] [stdout]    |
[INFO] [stdout] 57 |     color_eyre::config::HookBuilder::new()
[INFO] [stdout]    |     ^^^^^^^^^^ use of undeclared crate or module `color_eyre`
[INFO] [stdout]    |
[INFO] [stdout] help: consider importing this struct
[INFO] [stdout]    |
[INFO] [stdout] 1  | use color_eyre_attach_report::config::HookBuilder;
[INFO] [stdout]    |
[INFO] [stdout] help: if you import `HookBuilder`, refer to it directly
[INFO] [stdout]    |
[INFO] [stdout] 57 -     color_eyre::config::HookBuilder::new()
[INFO] [stdout] 57 +     HookBuilder::new()
[INFO] [stdout]    |
[INFO] [stdout] 
[INFO] [stdout] 
[INFO] [stdout] error[E0433]: failed to resolve: use of undeclared crate or module `color_eyre`
[INFO] [stdout]  --> tests/theme.rs:3:5
[INFO] [stdout]   |
[INFO] [stdout] 3 | use color_eyre::{eyre::Report, Section};
[INFO] [stdout]   |     ^^^^^^^^^^ use of undeclared crate or module `color_eyre`
[INFO] [stdout] 
[INFO] [stdout] 
[INFO] [stdout] error[E0432]: unresolved import `color_eyre`
[INFO] [stdout]  --> tests/theme.rs:3:5
[INFO] [stdout]   |
[INFO] [stdout] 3 | use color_eyre::{eyre::Report, Section};
[INFO] [stdout]   |     ^^^^^^^^^^ use of undeclared crate or module `color_eyre`
[INFO] [stdout] 
[INFO] [stdout] 
[INFO] [stdout] error: aborting due to 4 previous errors
[INFO] [stdout] 
[INFO] [stdout] 
[INFO] [stdout] Some errors have detailed explanations: E0432, E0433, E0659.
[INFO] [stdout] 
[INFO] [stdout] For more information about an error, try `rustc --explain E0432`.
[INFO] [stdout] 
[INFO] [stdout] error[E0432]: unresolved import `color_eyre`
[INFO] [stdout]  --> examples/custom_section.rs:1:5
[INFO] [stdout]   |
[INFO] [stdout] 1 | use color_eyre::{
[INFO] [stdout]   |     ^^^^^^^^^^ use of undeclared crate or module `color_eyre`
[INFO] [stdout] 
[INFO] [stdout] 
[INFO] [stdout] error: cannot determine resolution for the macro `eyre`
[INFO] [stdout]   --> examples/custom_section.rs:22:17
[INFO] [stdout]    |
[INFO] [stdout] 22 |             Err(eyre!("cmd exited with non-zero status code"))
[INFO] [stdout]    |                 ^^^^
[INFO] [stdout]    |
[INFO] [stdout]    = note: import resolution is stuck, try simplifying macro imports
[INFO] [stdout] 
[INFO] [stdout] 
[INFO] [stdout] error[E0433]: failed to resolve: use of undeclared crate or module `color_eyre`
[INFO] [stdout]  --> examples/panic_hook.rs:1:5
[INFO] [stdout]   |
[INFO] [stdout] 1 | use color_eyre::eyre::Report;
[INFO] [stdout]   |     ^^^^^^^^^^ use of undeclared crate or module `color_eyre`
[INFO] [stdout] 
[INFO] [stdout] 
[INFO] [stderr] error: could not compile `color-eyre-attach-report` due to 5 previous errors
[INFO] [stdout] error[E0432]: unresolved imports `color_eyre`, `eyre::eyre`
[INFO] [stdout]  --> tests/location_disabled.rs:4:9
[INFO] [stdout]   |
[INFO] [stdout] 4 |     use color_eyre::eyre;
[INFO] [stdout]   |         ^^^^^^^^^^ use of undeclared crate or module `color_eyre`
[INFO] [stdout] 5 |     use eyre::eyre;
[INFO] [stdout]   |         ^^^^^^^^^^
[INFO] [stdout] 
[INFO] [stdout] 
[INFO] [stdout] error: cannot determine resolution for the macro `eyre`
[INFO] [stdout]   --> tests/location_disabled.rs:12:18
[INFO] [stdout]    |
[INFO] [stdout] 12 |     let report = eyre!("error occured");
[INFO] [stdout]    |                  ^^^^
[INFO] [stdout]    |
[INFO] [stdout]    = note: import resolution is stuck, try simplifying macro imports
[INFO] [stdout] 
[INFO] [stdout] 
[INFO] [stdout] error: aborting due to 3 previous errors
[INFO] [stdout] 
[INFO] [stdout] 
[INFO] [stdout] error[E0433]: failed to resolve: use of undeclared crate or module `color_eyre`
[INFO] [stdout]  --> examples/panic_hook.rs:9:5
[INFO] [stdout]   |
[INFO] [stdout] 9 |     color_eyre::config::HookBuilder::default()
[INFO] [stdout]   |     ^^^^^^^^^^ use of undeclared crate or module `color_eyre`
[INFO] [stdout]   |
[INFO] [stdout] help: consider importing this struct
[INFO] [stdout]   |
[INFO] [stdout] 1 | use color_eyre_attach_report::config::HookBuilder;
[INFO] [stdout]   |
[INFO] [stdout] help: if you import `HookBuilder`, refer to it directly
[INFO] [stdout]   |
[INFO] [stdout] 9 -     color_eyre::config::HookBuilder::default()
[INFO] [stdout] 9 +     HookBuilder::default()
[INFO] [stdout]   |
[INFO] [stdout] 
[INFO] [stdout] 
[INFO] [stdout] error[E0433]: failed to resolve: use of undeclared crate or module `color_eyre`
[INFO] [stdout]  --> tests/location_disabled.rs:7:5
[INFO] [stdout]   |
[INFO] [stdout] 7 |     color_eyre::config::HookBuilder::default()
[INFO] [stdout]   |     ^^^^^^^^^^ use of undeclared crate or module `color_eyre`
[INFO] [stdout]   |
[INFO] [stdout] help: consider importing this struct
[INFO] [stdout]   |
[INFO] [stdout] 1 | use color_eyre_attach_report::config::HookBuilder;
[INFO] [stdout]   |
[INFO] [stdout] help: if you import `HookBuilder`, refer to it directly
[INFO] [stdout]   |
[INFO] [stdout] 7 -     color_eyre::config::HookBuilder::default()
[INFO] [stdout] 7 +     HookBuilder::default()
[INFO] [stdout]   |
[INFO] [stdout] 
[INFO] [stdout] 
[INFO] [stdout] Some errors have detailed explanations: E0432, E0433.
[INFO] [stdout] 
[INFO] [stdout] For more information about an error, try `rustc --explain E0432`.
[INFO] [stdout] 
[INFO] [stderr] error: could not compile `color-eyre-attach-report` due to 4 previous errors
[INFO] [stdout] error[E0659]: `eyre` is ambiguous
[INFO] [stdout]  --> tests/location_disabled.rs:5:9
[INFO] [stdout]   |
[INFO] [stdout] 5 |     use eyre::eyre;
[INFO] [stdout]   |         ^^^^ ambiguous name
[INFO] [stdout]   |
[INFO] [stdout]   = note: ambiguous because of multiple potential import sources
[INFO] [stdout]   = note: `eyre` could refer to a crate passed with `--extern`
[INFO] [stdout]   = help: use `::eyre` to refer to this crate unambiguously
[INFO] [stdout] note: `eyre` could also refer to the unresolved item imported here
[INFO] [stdout]  --> tests/location_disabled.rs:4:9
[INFO] [stdout]   |
[INFO] [stdout] 4 |     use color_eyre::eyre;
[INFO] [stdout]   |         ^^^^^^^^^^^^^^^^
[INFO] [stdout] 
[INFO] [stdout] 
[INFO] [stdout] error: aborting due to 4 previous errors
[INFO] [stdout] 
[INFO] [stdout] 
[INFO] [stdout] Some errors have detailed explanations: E0432, E0433, E0659.
[INFO] [stdout] 
[INFO] [stdout] For more information about an error, try `rustc --explain E0432`.
[INFO] [stdout] 
[INFO] [stderr] error: could not compile `color-eyre-attach-report` due to 5 previous errors
[INFO] [stdout] error: aborting due to 2 previous errors
[INFO] [stdout] 
[INFO] [stdout] 
[INFO] [stdout] For more information about this error, try `rustc --explain E0433`.
[INFO] [stdout] 
[INFO] [stderr] error: could not compile `color-eyre-attach-report` due to 3 previous errors
[INFO] [stdout] error[E0599]: no method named `header` found for struct `String` in the current scope
[INFO] [stdout]    --> examples/custom_section.rs:23:65
[INFO] [stdout]     |
[INFO] [stdout] 23  |                 .with_section(move || stdout.trim().to_string().header("Stdout:"))
[INFO] [stdout]     |                                                                 ^^^^^^ method not found in `String`
[INFO] [stdout]     |
[INFO] [stdout]    ::: /opt/rustwide/workdir/src/section/mod.rs:106:8
[INFO] [stdout]     |
[INFO] [stdout] 106 |     fn header<C>(self, header: C) -> IndentedSection<C, Self>
[INFO] [stdout]     |        ------ the method is available for `String` here
[INFO] [stdout]     |
[INFO] [stdout]     = help: items from traits can only be used if the trait is in scope
[INFO] [stdout] help: the following trait is implemented but not in scope; perhaps add a `use` for it:
[INFO] [stdout]     |
[INFO] [stdout] 1   | use color_eyre_attach_report::SectionExt;
[INFO] [stdout]     |
[INFO] [stdout] 
[INFO] [stdout] 
[INFO] [stdout] error[E0599]: no method named `header` found for struct `String` in the current scope
[INFO] [stdout]    --> examples/custom_section.rs:24:65
[INFO] [stdout]     |
[INFO] [stdout] 24  |                 .with_section(move || stderr.trim().to_string().header("Stderr:"))
[INFO] [stdout]     |                                                                 ^^^^^^ method not found in `String`
[INFO] [stdout]     |
[INFO] [stdout]    ::: /opt/rustwide/workdir/src/section/mod.rs:106:8
[INFO] [stdout]     |
[INFO] [stdout] 106 |     fn header<C>(self, header: C) -> IndentedSection<C, Self>
[INFO] [stdout]     |        ------ the method is available for `String` here
[INFO] [stdout]     |
[INFO] [stdout]     = help: items from traits can only be used if the trait is in scope
[INFO] [stdout] help: the following trait is implemented but not in scope; perhaps add a `use` for it:
[INFO] [stdout]     |
[INFO] [stdout] 1   | use color_eyre_attach_report::SectionExt;
[INFO] [stdout]     |
[INFO] [stdout] 
[INFO] [stdout] 
[INFO] [stdout] error[E0433]: failed to resolve: use of undeclared crate or module `color_eyre`
[INFO] [stdout]   --> examples/custom_section.rs:35:5
[INFO] [stdout]    |
[INFO] [stdout] 35 |     color_eyre::install()?;
[INFO] [stdout]    |     ^^^^^^^^^^ use of undeclared crate or module `color_eyre`
[INFO] [stdout] 
[INFO] [stdout] 
[INFO] [stdout] error[E0433]: failed to resolve: use of undeclared crate or module `color_eyre`
[INFO] [stdout]    --> tests/theme.rs:246:5
[INFO] [stdout]     |
[INFO] [stdout] 246 |     color_eyre::install().expect("Failed to install `color_eyre`");
[INFO] [stdout]     |     ^^^^^^^^^^ use of undeclared crate or module `color_eyre`
[INFO] [stdout] 
[INFO] [stdout] 
[INFO] [stdout] error: aborting due to 3 previous errors
[INFO] [stdout] 
[INFO] [stdout] 
[INFO] [stdout] Some errors have detailed explanations: E0432, E0433.
[INFO] [stdout] 
[INFO] [stdout] For more information about an error, try `rustc --explain E0432`.
[INFO] [stdout] 
[INFO] [stdout] error: aborting due to 6 previous errors
[INFO] [stdout] 
[INFO] [stdout] 
[INFO] [stderr] error: could not compile `color-eyre-attach-report` due to 4 previous errors
[INFO] [stdout] Some errors have detailed explanations: E0432, E0433, E0599.
[INFO] [stdout] 
[INFO] [stdout] For more information about an error, try `rustc --explain E0432`.
[INFO] [stdout] 
[INFO] [stderr] error: could not compile `color-eyre-attach-report` due to 7 previous errors
[INFO] running `Command { std: "docker" "inspect" "8fcb03f96a8a72f142719034118a8cb6a1192c59ee3a3982247afa94c04282b7", kill_on_drop: false }`
[INFO] running `Command { std: "docker" "rm" "-f" "8fcb03f96a8a72f142719034118a8cb6a1192c59ee3a3982247afa94c04282b7", kill_on_drop: false }`
[INFO] [stdout] 8fcb03f96a8a72f142719034118a8cb6a1192c59ee3a3982247afa94c04282b7
