[INFO] fetching crate codesigned 0.0.2...
[INFO] testing codesigned-0.0.2 against 1.69.0 for beta-1.70-1
[INFO] extracting crate codesigned 0.0.2 into /workspace/builds/worker-4-tc1/source
[INFO] validating manifest of crates.io crate codesigned 0.0.2 on toolchain 1.69.0
[INFO] running `Command { std: CARGO_HOME="/workspace/cargo-home" RUSTUP_HOME="/workspace/rustup-home" "/workspace/cargo-home/bin/cargo" "+1.69.0" "metadata" "--manifest-path" "Cargo.toml" "--no-deps", kill_on_drop: false }`
[INFO] started tweaking crates.io crate codesigned 0.0.2
[INFO] finished tweaking crates.io crate codesigned 0.0.2
[INFO] tweaked toml for crates.io crate codesigned 0.0.2 written to /workspace/builds/worker-4-tc1/source/Cargo.toml
[INFO] crate crates.io crate codesigned 0.0.2 already has a lockfile, it will not be regenerated
[INFO] running `Command { std: CARGO_HOME="/workspace/cargo-home" RUSTUP_HOME="/workspace/rustup-home" "/workspace/cargo-home/bin/cargo" "+1.69.0" "fetch" "--manifest-path" "Cargo.toml", kill_on_drop: false }`
[INFO] [stderr]  Downloading crates ...
[INFO] [stderr]   Downloaded widestring v1.0.0-beta.1
[INFO] running `Command { std: "docker" "create" "-v" "/var/lib/crater-agent-workspace/builds/worker-4-tc1/target:/opt/rustwide/target:rw,Z" "-v" "/var/lib/crater-agent-workspace/builds/worker-4-tc1/source:/opt/rustwide/workdir:ro,Z" "-v" "/var/lib/crater-agent-workspace/cargo-home:/opt/rustwide/cargo-home:ro,Z" "-v" "/var/lib/crater-agent-workspace/rustup-home:/opt/rustwide/rustup-home:ro,Z" "-e" "SOURCE_DIR=/opt/rustwide/workdir" "-e" "CARGO_TARGET_DIR=/opt/rustwide/target" "-e" "CARGO_HOME=/opt/rustwide/cargo-home" "-e" "RUSTUP_HOME=/opt/rustwide/rustup-home" "-w" "/opt/rustwide/workdir" "-m" "1610612736" "--user" "0:0" "--network" "none" "ghcr.io/rust-lang/crates-build-env/linux@sha256:5ff2268d62e97bff2cde7d5815dd6ed5b47097566f13b8d0ca110b04b60e07ed" "/opt/rustwide/cargo-home/bin/cargo" "+1.69.0" "metadata" "--no-deps" "--format-version=1", kill_on_drop: false }`
[INFO] [stdout] 2882765130f2cc47f4bce5b751e6cbf6f37f2c7afcc8194782fd8112c5de00dd
[INFO] running `Command { std: "docker" "start" "-a" "2882765130f2cc47f4bce5b751e6cbf6f37f2c7afcc8194782fd8112c5de00dd", kill_on_drop: false }`
[INFO] running `Command { std: "docker" "inspect" "2882765130f2cc47f4bce5b751e6cbf6f37f2c7afcc8194782fd8112c5de00dd", kill_on_drop: false }`
[INFO] running `Command { std: "docker" "rm" "-f" "2882765130f2cc47f4bce5b751e6cbf6f37f2c7afcc8194782fd8112c5de00dd", kill_on_drop: false }`
[INFO] [stdout] 2882765130f2cc47f4bce5b751e6cbf6f37f2c7afcc8194782fd8112c5de00dd
[INFO] running `Command { std: "docker" "create" "-v" "/var/lib/crater-agent-workspace/builds/worker-4-tc1/target:/opt/rustwide/target:rw,Z" "-v" "/var/lib/crater-agent-workspace/builds/worker-4-tc1/source:/opt/rustwide/workdir:ro,Z" "-v" "/var/lib/crater-agent-workspace/cargo-home:/opt/rustwide/cargo-home:ro,Z" "-v" "/var/lib/crater-agent-workspace/rustup-home:/opt/rustwide/rustup-home:ro,Z" "-e" "SOURCE_DIR=/opt/rustwide/workdir" "-e" "CARGO_TARGET_DIR=/opt/rustwide/target" "-e" "CARGO_INCREMENTAL=0" "-e" "RUST_BACKTRACE=full" "-e" "RUSTFLAGS=--cap-lints=warn" "-e" "RUSTDOCFLAGS=--cap-lints=warn" "-e" "CARGO_HOME=/opt/rustwide/cargo-home" "-e" "RUSTUP_HOME=/opt/rustwide/rustup-home" "-w" "/opt/rustwide/workdir" "-m" "1610612736" "--user" "0:0" "--network" "none" "ghcr.io/rust-lang/crates-build-env/linux@sha256:5ff2268d62e97bff2cde7d5815dd6ed5b47097566f13b8d0ca110b04b60e07ed" "/opt/rustwide/cargo-home/bin/cargo" "+1.69.0" "build" "--frozen" "--message-format=json", kill_on_drop: false }`
[INFO] [stdout] 43fa2a4815a0c74a2b4e6fa9280d3f85cc569a703d946791f14010d00c181884
[INFO] running `Command { std: "docker" "start" "-a" "43fa2a4815a0c74a2b4e6fa9280d3f85cc569a703d946791f14010d00c181884", kill_on_drop: false }`
[INFO] [stderr]    Compiling log v0.4.14
[INFO] [stderr]    Compiling cfg-if v1.0.0
[INFO] [stderr]    Compiling widestring v1.0.0-beta.1
[INFO] [stderr]    Compiling codesigned v0.0.2 (/opt/rustwide/workdir)
[INFO] [stdout] error[E0308]: mismatched types
[INFO] [stdout]    --> src/winapi/mod.rs:201:26
[INFO] [stdout]     |
[INFO] [stdout] 201 |         wtfi.file_path = path.as_ptr();
[INFO] [stdout]     |         --------------   ^^^^^^^^^^^^^ expected `*const u16`, found `*const u32`
[INFO] [stdout]     |         |
[INFO] [stdout]     |         expected due to the type of this binding
[INFO] [stdout]     |
[INFO] [stdout]     = note: expected raw pointer `*const u16`
[INFO] [stdout]                found raw pointer `*const u32`
[INFO] [stdout] 
[INFO] [stdout] 
[INFO] [stdout] error[E0308]: mismatched types
[INFO] [stdout]    --> src/winapi/mod.rs:263:25
[INFO] [stdout]     |
[INFO] [stdout] 263 |             CreateFileW(path.as_ptr(), GENERIC_READ, FILE_SHARE_READ, null(), OPEN_EXISTING, 0, null())
[INFO] [stdout]     |             ----------- ^^^^^^^^^^^^^ expected `*const u16`, found `*const u32`
[INFO] [stdout]     |             |
[INFO] [stdout]     |             arguments to this function are incorrect
[INFO] [stdout]     |
[INFO] [stdout]     = note: expected raw pointer `*const u16`
[INFO] [stdout]                found raw pointer `*const u32`
[INFO] [stdout] note: function defined here
[INFO] [stdout]    --> src/winapi/mod.rs:520:12
[INFO] [stdout]     |
[INFO] [stdout] 520 |     pub fn CreateFileW(
[INFO] [stdout]     |            ^^^^^^^^^^^
[INFO] [stdout] 
[INFO] [stdout] 
[INFO] [stdout] error[E0308]: mismatched types
[INFO] [stdout]    --> src/lib.rs:187:75
[INFO] [stdout]     |
[INFO] [stdout] 187 |                         let cat_path = unsafe { WideCString::from_ptr_str(&cat_info.catalog_file as *const u16) };
[INFO] [stdout]     |                                                 ------------------------- ^^^^^^^^^^^^^^^^^^^^^^^^^^^^^^^^^^^^ expected `*const u32`, found `*const u16`
[INFO] [stdout]     |                                                 |
[INFO] [stdout]     |                                                 arguments to this function are incorrect
[INFO] [stdout]     |
[INFO] [stdout]     = note: expected raw pointer `*const u32`
[INFO] [stdout]                found raw pointer `*const u16`
[INFO] [stdout] note: associated function defined here
[INFO] [stdout]    --> /opt/rustwide/cargo-home/registry/src/github.com-1ecc6299db9ec823/widestring-1.0.0-beta.1/src/ucstring.rs:806:1
[INFO] [stdout]     |
[INFO] [stdout] 806 | / ucstring_common_impl! {
[INFO] [stdout] 807 | |     /// An owned, mutable C-style 32-bit wide string for FFI that is nul-aware and nul-terminated.
[INFO] [stdout] 808 | |     ///
[INFO] [stdout] 809 | |     /// The string slice of a [`U32CString`] is [`U32CStr`].
[INFO] [stdout] ...   |
[INFO] [stdout] 966 | |     fn into_boxed_ucstr() -> {}
[INFO] [stdout] 967 | | }
[INFO] [stdout]     | |_^
[INFO] [stdout]     = note: this error originates in the macro `ucstring_common_impl` (in Nightly builds, run with -Z macro-backtrace for more info)
[INFO] [stdout] 
[INFO] [stdout] 
[INFO] [stdout] error: aborting due to 3 previous errors
[INFO] [stdout] 
[INFO] [stdout] 
[INFO] [stdout] For more information about this error, try `rustc --explain E0308`.
[INFO] [stdout] 
[INFO] [stderr] error: could not compile `codesigned` due to 4 previous errors
[INFO] [stderr] warning: build failed, waiting for other jobs to finish...
[INFO] running `Command { std: "docker" "inspect" "43fa2a4815a0c74a2b4e6fa9280d3f85cc569a703d946791f14010d00c181884", kill_on_drop: false }`
[INFO] running `Command { std: "docker" "rm" "-f" "43fa2a4815a0c74a2b4e6fa9280d3f85cc569a703d946791f14010d00c181884", kill_on_drop: false }`
[INFO] [stdout] 43fa2a4815a0c74a2b4e6fa9280d3f85cc569a703d946791f14010d00c181884
