[INFO] fetching crate codam-mdbook 0.4.25...
[INFO] testing codam-mdbook-0.4.25 against beta-2023-04-20 for beta-1.70-1
[INFO] extracting crate codam-mdbook 0.4.25 into /workspace/builds/worker-0-tc2/source
[INFO] validating manifest of crates.io crate codam-mdbook 0.4.25 on toolchain beta-2023-04-20
[INFO] running `Command { std: CARGO_HOME="/workspace/cargo-home" RUSTUP_HOME="/workspace/rustup-home" "/workspace/cargo-home/bin/cargo" "+beta-2023-04-20" "metadata" "--manifest-path" "Cargo.toml" "--no-deps", kill_on_drop: false }`
[INFO] started tweaking crates.io crate codam-mdbook 0.4.25
[INFO] removed 0 missing examples
[INFO] finished tweaking crates.io crate codam-mdbook 0.4.25
[INFO] tweaked toml for crates.io crate codam-mdbook 0.4.25 written to /workspace/builds/worker-0-tc2/source/Cargo.toml
[INFO] crate crates.io crate codam-mdbook 0.4.25 already has a lockfile, it will not be regenerated
[INFO] running `Command { std: CARGO_HOME="/workspace/cargo-home" RUSTUP_HOME="/workspace/rustup-home" "/workspace/cargo-home/bin/cargo" "+beta-2023-04-20" "fetch" "--manifest-path" "Cargo.toml", kill_on_drop: false }`
[INFO] [stderr]     Updating crates.io index
[INFO] [stderr]  Downloading crates ...
[INFO] [stderr]   Downloaded assert_cmd v2.0.7
[INFO] [stderr]   Downloaded cxxbridge-flags v1.0.83
[INFO] [stderr]   Downloaded cxx-build v1.0.83
[INFO] [stderr]   Downloaded link-cplusplus v1.0.7
[INFO] [stderr]   Downloaded scratch v1.0.2
[INFO] [stderr]   Downloaded topological-sort v0.2.2
[INFO] [stderr]   Downloaded cxxbridge-macro v1.0.83
[INFO] [stderr]   Downloaded cxx v1.0.83
[INFO] [stderr]   Downloaded gitignore v1.0.7
[INFO] [stderr]   Downloaded clap_complete v4.0.6
[INFO] [stderr]   Downloaded ammonia v3.3.0
[INFO] [stderr]   Downloaded select v0.6.0
[INFO] [stderr]   Downloaded pest v2.5.1
[INFO] [stderr]   Downloaded bstr v1.0.1
[INFO] [stderr]   Downloaded handlebars v4.3.5
[INFO] [stderr]   Downloaded clap v4.0.29
[INFO] [stderr]   Downloaded notify v5.0.0
[INFO] [stderr]   Downloaded pretty_assertions v1.3.0
[INFO] [stderr]   Downloaded pulldown-cmark v0.9.2
[INFO] [stderr]   Downloaded diff v0.1.13
[INFO] [stderr]   Downloaded elasticlunr-rs v3.0.1
[INFO] [stderr]   Downloaded pest_meta v2.5.1
[INFO] [stderr]   Downloaded pest_derive v2.5.1
[INFO] [stderr]   Downloaded predicates v2.1.4
[INFO] [stderr]   Downloaded pest_generator v2.5.1
[INFO] [stderr]   Downloaded notify-debouncer-mini v0.2.1
[INFO] [stderr]   Downloaded opener v0.5.0
[INFO] running `Command { std: "docker" "create" "-v" "/var/lib/crater-agent-workspace/builds/worker-0-tc2/target:/opt/rustwide/target:rw,Z" "-v" "/var/lib/crater-agent-workspace/builds/worker-0-tc2/source:/opt/rustwide/workdir:ro,Z" "-v" "/var/lib/crater-agent-workspace/cargo-home:/opt/rustwide/cargo-home:ro,Z" "-v" "/var/lib/crater-agent-workspace/rustup-home:/opt/rustwide/rustup-home:ro,Z" "-e" "SOURCE_DIR=/opt/rustwide/workdir" "-e" "CARGO_TARGET_DIR=/opt/rustwide/target" "-e" "CARGO_HOME=/opt/rustwide/cargo-home" "-e" "RUSTUP_HOME=/opt/rustwide/rustup-home" "-w" "/opt/rustwide/workdir" "-m" "1610612736" "--user" "0:0" "--network" "none" "ghcr.io/rust-lang/crates-build-env/linux@sha256:5ff2268d62e97bff2cde7d5815dd6ed5b47097566f13b8d0ca110b04b60e07ed" "/opt/rustwide/cargo-home/bin/cargo" "+beta-2023-04-20" "metadata" "--no-deps" "--format-version=1", kill_on_drop: false }`
[INFO] [stdout] 135754544a9917912e2f3312b27a53260f3bd49ac941f7c46eef608f621d0df8
[INFO] running `Command { std: "docker" "start" "-a" "135754544a9917912e2f3312b27a53260f3bd49ac941f7c46eef608f621d0df8", kill_on_drop: false }`
[INFO] running `Command { std: "docker" "inspect" "135754544a9917912e2f3312b27a53260f3bd49ac941f7c46eef608f621d0df8", kill_on_drop: false }`
[INFO] running `Command { std: "docker" "rm" "-f" "135754544a9917912e2f3312b27a53260f3bd49ac941f7c46eef608f621d0df8", kill_on_drop: false }`
[INFO] [stdout] 135754544a9917912e2f3312b27a53260f3bd49ac941f7c46eef608f621d0df8
[INFO] running `Command { std: "docker" "create" "-v" "/var/lib/crater-agent-workspace/builds/worker-0-tc2/target:/opt/rustwide/target:rw,Z" "-v" "/var/lib/crater-agent-workspace/builds/worker-0-tc2/source:/opt/rustwide/workdir:ro,Z" "-v" "/var/lib/crater-agent-workspace/cargo-home:/opt/rustwide/cargo-home:ro,Z" "-v" "/var/lib/crater-agent-workspace/rustup-home:/opt/rustwide/rustup-home:ro,Z" "-e" "SOURCE_DIR=/opt/rustwide/workdir" "-e" "CARGO_TARGET_DIR=/opt/rustwide/target" "-e" "CARGO_INCREMENTAL=0" "-e" "RUST_BACKTRACE=full" "-e" "RUSTFLAGS=--cap-lints=warn" "-e" "RUSTDOCFLAGS=--cap-lints=warn" "-e" "CARGO_HOME=/opt/rustwide/cargo-home" "-e" "RUSTUP_HOME=/opt/rustwide/rustup-home" "-w" "/opt/rustwide/workdir" "-m" "1610612736" "--user" "0:0" "--network" "none" "ghcr.io/rust-lang/crates-build-env/linux@sha256:5ff2268d62e97bff2cde7d5815dd6ed5b47097566f13b8d0ca110b04b60e07ed" "/opt/rustwide/cargo-home/bin/cargo" "+beta-2023-04-20" "build" "--frozen" "--message-format=json", kill_on_drop: false }`
[INFO] [stdout] fe726cbf5ab063ab4ac442390494e094c0a9bc77521abafe8065b244263cfbed
[INFO] running `Command { std: "docker" "start" "-a" "fe726cbf5ab063ab4ac442390494e094c0a9bc77521abafe8065b244263cfbed", kill_on_drop: false }`
[INFO] [stderr]    Compiling proc-macro2 v1.0.47
[INFO] [stderr]    Compiling unicode-ident v1.0.5
[INFO] [stderr]    Compiling quote v1.0.21
[INFO] [stderr]    Compiling libc v0.2.138
[INFO] [stderr]    Compiling syn v1.0.105
[INFO] [stderr]    Compiling log v0.4.17
[INFO] [stderr]    Compiling once_cell v1.16.0
[INFO] [stderr]    Compiling memchr v2.5.0
[INFO] [stderr]    Compiling serde_derive v1.0.150
[INFO] [stderr]    Compiling itoa v1.0.4
[INFO] [stderr]    Compiling serde v1.0.150
[INFO] [stderr]    Compiling bytes v1.3.0
[INFO] [stderr]    Compiling generic-array v0.14.6
[INFO] [stderr]    Compiling siphasher v0.3.10
[INFO] [stderr]    Compiling thiserror v1.0.37
[INFO] [stderr]    Compiling pin-project-lite v0.2.9
[INFO] [stderr]    Compiling futures-core v0.3.25
[INFO] [stderr]    Compiling phf_shared v0.10.0
[INFO] [stderr]    Compiling tokio v1.23.0
[INFO] [stderr]    Compiling tinyvec_macros v0.1.0
[INFO] [stderr]    Compiling io-lifetimes v1.0.3
[INFO] [stderr]    Compiling tinyvec v1.6.0
[INFO] [stderr]    Compiling slab v0.4.7
[INFO] [stderr]    Compiling http v0.2.8
[INFO] [stderr]    Compiling unicase v2.6.0
[INFO] [stderr]    Compiling rustix v0.36.5
[INFO] [stderr]    Compiling utf-8 v0.7.6
[INFO] [stderr]    Compiling futures-sink v0.3.25
[INFO] [stderr]    Compiling parking_lot_core v0.9.5
[INFO] [stderr]    Compiling futures-task v0.3.25
[INFO] [stderr]    Compiling percent-encoding v2.2.0
[INFO] [stderr]    Compiling cpufeatures v0.2.5
[INFO] [stderr]    Compiling form_urlencoded v1.1.0
[INFO] [stderr]    Compiling futures-util v0.3.25
[INFO] [stderr]    Compiling block-buffer v0.10.3
[INFO] [stderr]    Compiling crypto-common v0.1.6
[INFO] [stderr]    Compiling httparse v1.8.0
[INFO] [stderr]    Compiling unicode-bidi v0.3.8
[INFO] [stderr]    Compiling new_debug_unreachable v1.0.4
[INFO] [stderr]    Compiling getrandom v0.2.8
[INFO] [stderr]    Compiling digest v0.10.6
[INFO] [stderr]    Compiling tracing-core v0.1.30
[INFO] [stderr]    Compiling indexmap v1.9.2
[INFO] [stderr]    Compiling ryu v1.0.11
[INFO] [stderr]    Compiling crossbeam-utils v0.8.14
[INFO] [stderr]    Compiling rand_core v0.6.4
[INFO] [stderr]    Compiling unicode-normalization v0.1.22
[INFO] [stderr]    Compiling pin-utils v0.1.0
[INFO] [stderr]    Compiling serde_json v1.0.89
[INFO] [stderr]    Compiling mac v0.1.1
[INFO] [stderr]    Compiling ucd-trie v0.1.5
[INFO] [stderr]    Compiling precomputed-hash v0.1.1
[INFO] [stderr]    Compiling futf v0.1.5
[INFO] [stderr]    Compiling rand_chacha v0.3.1
[INFO] [stderr]    Compiling futures-channel v0.3.25
[INFO] [stderr]    Compiling hashbrown v0.12.3
[INFO] [stderr]    Compiling mime_guess v2.0.4
[INFO] [stderr]    Compiling tendril v0.4.3
[INFO] [stderr]    Compiling sha-1 v0.10.1
[INFO] [stderr]    Compiling mio v0.8.5
[INFO] [stderr]    Compiling num_cpus v1.14.0
[INFO] [stderr]    Compiling rand v0.8.5
[INFO] [stderr]    Compiling socket2 v0.4.7
[INFO] [stderr]    Compiling idna v0.3.0
[INFO] [stderr]    Compiling tracing v0.1.37
[INFO] [stderr]    Compiling inotify-sys v0.1.5
[INFO] [stderr]    Compiling aho-corasick v0.7.20
[INFO] [stderr]    Compiling parking_lot v0.12.1
[INFO] [stderr]    Compiling phf v0.10.1
[INFO] [stderr]    Compiling mime v0.3.16
[INFO] [stderr]    Compiling termcolor v1.1.3
[INFO] [stderr]    Compiling url v2.3.1
[INFO] [stderr]    Compiling httpdate v1.0.2
[INFO] [stderr]    Compiling try-lock v0.2.3
[INFO] [stderr]    Compiling phf_generator v0.10.0
[INFO] [stderr]    Compiling regex-syntax v0.6.28
[INFO] [stderr]    Compiling phf_codegen v0.10.0
[INFO] [stderr]    Compiling string_cache_codegen v0.5.2
[INFO] [stderr]    Compiling want v0.3.0
[INFO] [stderr]    Compiling clap_lex v0.3.0
[INFO] [stderr]    Compiling inotify v0.9.6
[INFO] [stderr]    Compiling crossbeam-channel v0.5.6
[INFO] [stderr]    Compiling filetime v0.2.19
[INFO] [stderr]    Compiling sha1 v0.10.5
[INFO] [stderr]    Compiling http-body v0.4.5
[INFO] [stderr]    Compiling headers-core v0.2.0
[INFO] [stderr]    Compiling tower-service v0.3.2
[INFO] [stderr]    Compiling pulldown-cmark v0.9.2
[INFO] [stderr]    Compiling is-terminal v0.4.1
[INFO] [stderr]    Compiling terminal_size v0.2.3
[INFO] [stderr]    Compiling anyhow v1.0.66
[INFO] [stderr]    Compiling bstr v0.2.17
[INFO] [stderr]    Compiling headers v0.3.8
[INFO] [stderr]    Compiling rustls-pemfile v0.2.1
[INFO] [stderr]    Compiling clap v4.0.29
[INFO] [stderr]    Compiling markup5ever v0.11.0
[INFO] [stderr]    Compiling notify v5.0.0
[INFO] [stderr]    Compiling glob v0.3.0
[INFO] [stderr]    Compiling iana-time-zone v0.1.53
[INFO] [stderr]    Compiling fastrand v1.8.0
[INFO] [stderr]    Compiling humantime v2.1.0
[INFO] [stderr]    Compiling scoped-tls v1.0.1
[INFO] [stderr]    Compiling maplit v1.0.2
[INFO] [stderr]    Compiling gitignore v1.0.7
[INFO] [stderr]    Compiling notify-debouncer-mini v0.2.1
[INFO] [stderr]    Compiling opener v0.5.0
[INFO] [stderr]    Compiling tempfile v3.3.0
[INFO] [stderr]    Compiling chrono v0.4.23
[INFO] [stderr]    Compiling topological-sort v0.2.2
[INFO] [stderr]    Compiling shlex v1.1.0
[INFO] [stderr]    Compiling regex v1.7.0
[INFO] [stderr]    Compiling clap_complete v4.0.6
[INFO] [stderr]    Compiling env_logger v0.10.0
[INFO] [stderr]    Compiling thiserror-impl v1.0.37
[INFO] [stderr]    Compiling tokio-macros v1.8.2
[INFO] [stderr]    Compiling futures-macro v0.3.25
[INFO] [stderr]    Compiling html5ever v0.26.0
[INFO] [stderr]    Compiling pin-project-internal v1.0.12
[INFO] [stderr]    Compiling pin-project v1.0.12
[INFO] [stderr]    Compiling pest v2.5.1
[INFO] [stderr]    Compiling tungstenite v0.17.3
[INFO] [stderr]    Compiling pest_meta v2.5.1
[INFO] [stderr]    Compiling pest_generator v2.5.1
[INFO] [stderr]    Compiling pest_derive v2.5.1
[INFO] [stderr]    Compiling tokio-util v0.7.4
[INFO] [stderr]    Compiling tokio-tungstenite v0.17.2
[INFO] [stderr]    Compiling tokio-stream v0.1.11
[INFO] [stderr]    Compiling h2 v0.3.15
[INFO] [stderr]    Compiling string_cache v0.8.4
[INFO] [stderr]    Compiling serde_urlencoded v0.7.1
[INFO] [stderr]    Compiling toml v0.5.10
[INFO] [stderr]    Compiling handlebars v4.3.5
[INFO] [stderr]    Compiling elasticlunr-rs v3.0.1
[INFO] [stderr]    Compiling ammonia v3.3.0
[INFO] [stderr]    Compiling hyper v0.14.23
[INFO] [stderr]    Compiling warp v0.3.3
[INFO] [stderr]    Compiling codam-mdbook v0.4.25 (/opt/rustwide/workdir)
[INFO] [stderr]     Finished dev [unoptimized + debuginfo] target(s) in 43.83s
[INFO] running `Command { std: "docker" "inspect" "fe726cbf5ab063ab4ac442390494e094c0a9bc77521abafe8065b244263cfbed", kill_on_drop: false }`
[INFO] running `Command { std: "docker" "rm" "-f" "fe726cbf5ab063ab4ac442390494e094c0a9bc77521abafe8065b244263cfbed", kill_on_drop: false }`
[INFO] [stdout] fe726cbf5ab063ab4ac442390494e094c0a9bc77521abafe8065b244263cfbed
[INFO] running `Command { std: "docker" "create" "-v" "/var/lib/crater-agent-workspace/builds/worker-0-tc2/target:/opt/rustwide/target:rw,Z" "-v" "/var/lib/crater-agent-workspace/builds/worker-0-tc2/source:/opt/rustwide/workdir:ro,Z" "-v" "/var/lib/crater-agent-workspace/cargo-home:/opt/rustwide/cargo-home:ro,Z" "-v" "/var/lib/crater-agent-workspace/rustup-home:/opt/rustwide/rustup-home:ro,Z" "-e" "SOURCE_DIR=/opt/rustwide/workdir" "-e" "CARGO_TARGET_DIR=/opt/rustwide/target" "-e" "CARGO_INCREMENTAL=0" "-e" "RUST_BACKTRACE=full" "-e" "RUSTFLAGS=--cap-lints=warn" "-e" "RUSTDOCFLAGS=--cap-lints=warn" "-e" "CARGO_HOME=/opt/rustwide/cargo-home" "-e" "RUSTUP_HOME=/opt/rustwide/rustup-home" "-w" "/opt/rustwide/workdir" "-m" "1610612736" "--user" "0:0" "--network" "none" "ghcr.io/rust-lang/crates-build-env/linux@sha256:5ff2268d62e97bff2cde7d5815dd6ed5b47097566f13b8d0ca110b04b60e07ed" "/opt/rustwide/cargo-home/bin/cargo" "+beta-2023-04-20" "test" "--frozen" "--no-run" "--message-format=json", kill_on_drop: false }`
[INFO] [stdout] 801de8992cd200b8c7fc5f350f272f69bcef5d746ba6adf7d30241fc63ab96d9
[INFO] running `Command { std: "docker" "start" "-a" "801de8992cd200b8c7fc5f350f272f69bcef5d746ba6adf7d30241fc63ab96d9", kill_on_drop: false }`
[INFO] [stderr]    Compiling predicates-core v1.0.5
[INFO] [stderr]    Compiling either v1.8.0
[INFO] [stderr]    Compiling xml5ever v0.17.0
[INFO] [stderr]    Compiling float-cmp v0.9.0
[INFO] [stderr]    Compiling normalize-line-endings v0.3.0
[INFO] [stderr]    Compiling semver v1.0.14
[INFO] [stderr]    Compiling termtree v0.4.0
[INFO] [stderr]    Compiling bit-vec v0.6.3
[INFO] [stderr]    Compiling bstr v1.0.1
[INFO] [stderr]    Compiling wait-timeout v0.2.0
[INFO] [stderr]    Compiling yansi v0.5.1
[INFO] [stderr]    Compiling diff v0.1.13
[INFO] [stderr]    Compiling predicates-tree v1.0.7
[INFO] [stderr]    Compiling itertools v0.10.5
[INFO] [stderr]    Compiling bit-set v0.5.3
[INFO] [stderr]    Compiling pretty_assertions v1.3.0
[INFO] [stderr]    Compiling markup5ever_rcdom v0.2.0
[INFO] [stderr]    Compiling select v0.6.0
[INFO] [stderr]    Compiling predicates v2.1.4
[INFO] [stderr]    Compiling assert_cmd v2.0.7
[INFO] [stderr]    Compiling codam-mdbook v0.4.25 (/opt/rustwide/workdir)
[INFO] [stderr] error: could not compile `codam-mdbook` (bin "codam-mdbook" test)
[INFO] [stderr] 
[INFO] [stderr] Caused by:
[INFO] [stderr]   process didn't exit successfully: `rustc --crate-name codam_mdbook --edition=2021 src/main.rs --error-format=json --json=diagnostic-rendered-ansi,artifacts,future-incompat --emit=dep-info,link -C embed-bitcode=no -C debuginfo=2 --test --cfg 'feature="ammonia"' --cfg 'feature="default"' --cfg 'feature="elasticlunr-rs"' --cfg 'feature="futures-util"' --cfg 'feature="gitignore"' --cfg 'feature="notify"' --cfg 'feature="notify-debouncer-mini"' --cfg 'feature="search"' --cfg 'feature="serve"' --cfg 'feature="tokio"' --cfg 'feature="warp"' --cfg 'feature="watch"' -C metadata=93986724da280115 -C extra-filename=-93986724da280115 --out-dir /opt/rustwide/target/debug/deps -L dependency=/opt/rustwide/target/debug/deps --extern ammonia=/opt/rustwide/target/debug/deps/libammonia-84bbce8853c94635.rlib --extern anyhow=/opt/rustwide/target/debug/deps/libanyhow-e7c1e1b89c60e9c6.rlib --extern assert_cmd=/opt/rustwide/target/debug/deps/libassert_cmd-fb7bf3330b199f32.rlib --extern chrono=/opt/rustwide/target/debug/deps/libchrono-419a96ef1467bbe5.rlib --extern clap=/opt/rustwide/target/debug/deps/libclap-9d6f3af5fb62df84.rlib --extern clap_complete=/opt/rustwide/target/debug/deps/libclap_complete-f6093388e1d7dec9.rlib --extern mdbook=/opt/rustwide/target/debug/deps/libmdbook-7ffd66ca3a1fc4e1.rlib --extern elasticlunr=/opt/rustwide/target/debug/deps/libelasticlunr-b220f965496a53a0.rlib --extern env_logger=/opt/rustwide/target/debug/deps/libenv_logger-6052ec9bd8cce627.rlib --extern futures_util=/opt/rustwide/target/debug/deps/libfutures_util-30f63755647f297c.rlib --extern gitignore=/opt/rustwide/target/debug/deps/libgitignore-736c0a70c2b99b97.rlib --extern handlebars=/opt/rustwide/target/debug/deps/libhandlebars-b40fac1c07343e0f.rlib --extern log=/opt/rustwide/target/debug/deps/liblog-a3fff25330ec687e.rlib --extern memchr=/opt/rustwide/target/debug/deps/libmemchr-f4ebff342237ab92.rlib --extern notify=/opt/rustwide/target/debug/deps/libnotify-944deff4d67532ab.rlib --extern notify_debouncer_mini=/opt/rustwide/target/debug/deps/libnotify_debouncer_mini-5674623f72e071c2.rlib --extern once_cell=/opt/rustwide/target/debug/deps/libonce_cell-3cdae169d48e1efa.rlib --extern opener=/opt/rustwide/target/debug/deps/libopener-a16c712c4702a487.rlib --extern predicates=/opt/rustwide/target/debug/deps/libpredicates-979fd2c41237f45d.rlib --extern pretty_assertions=/opt/rustwide/target/debug/deps/libpretty_assertions-7773eee166d75098.rlib --extern pulldown_cmark=/opt/rustwide/target/debug/deps/libpulldown_cmark-773c8b8405f069fa.rlib --extern regex=/opt/rustwide/target/debug/deps/libregex-95f136d19b9e3faa.rlib --extern select=/opt/rustwide/target/debug/deps/libselect-1a109b97592247ca.rlib --extern semver=/opt/rustwide/target/debug/deps/libsemver-2dc7b39593e833bd.rlib --extern serde=/opt/rustwide/target/debug/deps/libserde-30212294a10f5874.rlib --extern serde_json=/opt/rustwide/target/debug/deps/libserde_json-c7aea857e91b0613.rlib --extern shlex=/opt/rustwide/target/debug/deps/libshlex-1a69c23910998cc7.rlib --extern tempfile=/opt/rustwide/target/debug/deps/libtempfile-973638103d0d1304.rlib --extern tokio=/opt/rustwide/target/debug/deps/libtokio-61d08e58fdceea96.rlib --extern toml=/opt/rustwide/target/debug/deps/libtoml-ca0e923f91542bbc.rlib --extern topological_sort=/opt/rustwide/target/debug/deps/libtopological_sort-954edbdc047a7d10.rlib --extern walkdir=/opt/rustwide/target/debug/deps/libwalkdir-d68fa3dede4483c7.rlib --extern warp=/opt/rustwide/target/debug/deps/libwarp-f26569ce53e5943e.rlib --cap-lints=warn` (signal: 9, SIGKILL: kill)
[INFO] [stderr] warning: build failed, waiting for other jobs to finish...
[INFO] [stderr] error: could not compile `codam-mdbook` (test "rendered_output")
[INFO] [stderr] 
[INFO] [stderr] Caused by:
[INFO] [stderr]   process didn't exit successfully: `rustc --crate-name rendered_output --edition=2021 tests/rendered_output.rs --error-format=json --json=diagnostic-rendered-ansi,artifacts,future-incompat --emit=dep-info,link -C embed-bitcode=no -C debuginfo=2 --test --cfg 'feature="ammonia"' --cfg 'feature="default"' --cfg 'feature="elasticlunr-rs"' --cfg 'feature="futures-util"' --cfg 'feature="gitignore"' --cfg 'feature="notify"' --cfg 'feature="notify-debouncer-mini"' --cfg 'feature="search"' --cfg 'feature="serve"' --cfg 'feature="tokio"' --cfg 'feature="warp"' --cfg 'feature="watch"' -C metadata=c2c9afc59ad780ec -C extra-filename=-c2c9afc59ad780ec --out-dir /opt/rustwide/target/debug/deps -L dependency=/opt/rustwide/target/debug/deps --extern ammonia=/opt/rustwide/target/debug/deps/libammonia-84bbce8853c94635.rlib --extern anyhow=/opt/rustwide/target/debug/deps/libanyhow-e7c1e1b89c60e9c6.rlib --extern assert_cmd=/opt/rustwide/target/debug/deps/libassert_cmd-fb7bf3330b199f32.rlib --extern chrono=/opt/rustwide/target/debug/deps/libchrono-419a96ef1467bbe5.rlib --extern clap=/opt/rustwide/target/debug/deps/libclap-9d6f3af5fb62df84.rlib --extern clap_complete=/opt/rustwide/target/debug/deps/libclap_complete-f6093388e1d7dec9.rlib --extern mdbook=/opt/rustwide/target/debug/deps/libmdbook-7ffd66ca3a1fc4e1.rlib --extern elasticlunr=/opt/rustwide/target/debug/deps/libelasticlunr-b220f965496a53a0.rlib --extern env_logger=/opt/rustwide/target/debug/deps/libenv_logger-6052ec9bd8cce627.rlib --extern futures_util=/opt/rustwide/target/debug/deps/libfutures_util-30f63755647f297c.rlib --extern gitignore=/opt/rustwide/target/debug/deps/libgitignore-736c0a70c2b99b97.rlib --extern handlebars=/opt/rustwide/target/debug/deps/libhandlebars-b40fac1c07343e0f.rlib --extern log=/opt/rustwide/target/debug/deps/liblog-a3fff25330ec687e.rlib --extern memchr=/opt/rustwide/target/debug/deps/libmemchr-f4ebff342237ab92.rlib --extern notify=/opt/rustwide/target/debug/deps/libnotify-944deff4d67532ab.rlib --extern notify_debouncer_mini=/opt/rustwide/target/debug/deps/libnotify_debouncer_mini-5674623f72e071c2.rlib --extern once_cell=/opt/rustwide/target/debug/deps/libonce_cell-3cdae169d48e1efa.rlib --extern opener=/opt/rustwide/target/debug/deps/libopener-a16c712c4702a487.rlib --extern predicates=/opt/rustwide/target/debug/deps/libpredicates-979fd2c41237f45d.rlib --extern pretty_assertions=/opt/rustwide/target/debug/deps/libpretty_assertions-7773eee166d75098.rlib --extern pulldown_cmark=/opt/rustwide/target/debug/deps/libpulldown_cmark-773c8b8405f069fa.rlib --extern regex=/opt/rustwide/target/debug/deps/libregex-95f136d19b9e3faa.rlib --extern select=/opt/rustwide/target/debug/deps/libselect-1a109b97592247ca.rlib --extern semver=/opt/rustwide/target/debug/deps/libsemver-2dc7b39593e833bd.rlib --extern serde=/opt/rustwide/target/debug/deps/libserde-30212294a10f5874.rlib --extern serde_json=/opt/rustwide/target/debug/deps/libserde_json-c7aea857e91b0613.rlib --extern shlex=/opt/rustwide/target/debug/deps/libshlex-1a69c23910998cc7.rlib --extern tempfile=/opt/rustwide/target/debug/deps/libtempfile-973638103d0d1304.rlib --extern tokio=/opt/rustwide/target/debug/deps/libtokio-61d08e58fdceea96.rlib --extern toml=/opt/rustwide/target/debug/deps/libtoml-ca0e923f91542bbc.rlib --extern topological_sort=/opt/rustwide/target/debug/deps/libtopological_sort-954edbdc047a7d10.rlib --extern walkdir=/opt/rustwide/target/debug/deps/libwalkdir-d68fa3dede4483c7.rlib --extern warp=/opt/rustwide/target/debug/deps/libwarp-f26569ce53e5943e.rlib --cap-lints=warn` (signal: 9, SIGKILL: kill)
[INFO] [stdout] error: linking with `cc` failed: exit status: 1
[INFO] [stdout]   |
[INFO] [stdout]   = note: LC_ALL="C" PATH="/opt/rustwide/rustup-home/toolchains/beta-2023-04-20-x86_64-unknown-linux-gnu/lib/rustlib/x86_64-unknown-linux-gnu/bin:/opt/rustwide/cargo-home/bin:/usr/local/sbin:/usr/local/bin:/usr/sbin:/usr/bin:/sbin:/bin" VSLANG="1033" "cc" "-m64" "/tmp/rustcNpsRI6/symbols.o" "/opt/rustwide/target/debug/deps/init-f2832af728bc4a2d.init.eeefdd05-cgu.0.rcgu.o" "/opt/rustwide/target/debug/deps/init-f2832af728bc4a2d.init.eeefdd05-cgu.1.rcgu.o" "/opt/rustwide/target/debug/deps/init-f2832af728bc4a2d.init.eeefdd05-cgu.10.rcgu.o" "/opt/rustwide/target/debug/deps/init-f2832af728bc4a2d.init.eeefdd05-cgu.11.rcgu.o" "/opt/rustwide/target/debug/deps/init-f2832af728bc4a2d.init.eeefdd05-cgu.12.rcgu.o" "/opt/rustwide/target/debug/deps/init-f2832af728bc4a2d.init.eeefdd05-cgu.13.rcgu.o" "/opt/rustwide/target/debug/deps/init-f2832af728bc4a2d.init.eeefdd05-cgu.14.rcgu.o" "/opt/rustwide/target/debug/deps/init-f2832af728bc4a2d.init.eeefdd05-cgu.15.rcgu.o" "/opt/rustwide/target/debug/deps/init-f2832af728bc4a2d.init.eeefdd05-cgu.2.rcgu.o" "/opt/rustwide/target/debug/deps/init-f2832af728bc4a2d.init.eeefdd05-cgu.3.rcgu.o" "/opt/rustwide/target/debug/deps/init-f2832af728bc4a2d.init.eeefdd05-cgu.4.rcgu.o" "/opt/rustwide/target/debug/deps/init-f2832af728bc4a2d.init.eeefdd05-cgu.5.rcgu.o" "/opt/rustwide/target/debug/deps/init-f2832af728bc4a2d.init.eeefdd05-cgu.6.rcgu.o" "/opt/rustwide/target/debug/deps/init-f2832af728bc4a2d.init.eeefdd05-cgu.7.rcgu.o" "/opt/rustwide/target/debug/deps/init-f2832af728bc4a2d.init.eeefdd05-cgu.8.rcgu.o" "/opt/rustwide/target/debug/deps/init-f2832af728bc4a2d.init.eeefdd05-cgu.9.rcgu.o" "/opt/rustwide/target/debug/deps/init-f2832af728bc4a2d.2p9gmf5qk7o89zxq.rcgu.o" "-Wl,--as-needed" "-L" "/opt/rustwide/target/debug/deps" "-L" "/opt/rustwide/rustup-home/toolchains/beta-2023-04-20-x86_64-unknown-linux-gnu/lib/rustlib/x86_64-unknown-linux-gnu/lib" "-Wl,-Bstatic" "/opt/rustwide/target/debug/deps/libwalkdir-d68fa3dede4483c7.rlib" "/opt/rustwide/target/debug/deps/libsame_file-4e9955724bab8d4a.rlib" "/opt/rustwide/rustup-home/toolchains/beta-2023-04-20-x86_64-unknown-linux-gnu/lib/rustlib/x86_64-unknown-linux-gnu/lib/libtest-2bcc87e061734fce.rlib" "/opt/rustwide/rustup-home/toolchains/beta-2023-04-20-x86_64-unknown-linux-gnu/lib/rustlib/x86_64-unknown-linux-gnu/lib/libgetopts-4c2368e8367904c3.rlib" "/opt/rustwide/rustup-home/toolchains/beta-2023-04-20-x86_64-unknown-linux-gnu/lib/rustlib/x86_64-unknown-linux-gnu/lib/libunicode_width-06b9dcb8e6d4191c.rlib" "/opt/rustwide/rustup-home/toolchains/beta-2023-04-20-x86_64-unknown-linux-gnu/lib/rustlib/x86_64-unknown-linux-gnu/lib/librustc_std_workspace_std-23a78788aee51060.rlib" "/opt/rustwide/target/debug/deps/libmdbook-7ffd66ca3a1fc4e1.rlib" "/opt/rustwide/target/debug/deps/libammonia-84bbce8853c94635.rlib" "/opt/rustwide/target/debug/deps/liburl-54e6c50546bb79ad.rlib" "/opt/rustwide/target/debug/deps/libidna-59d0d2f4fea0a975.rlib" "/opt/rustwide/target/debug/deps/libunicode_normalization-6c3f1f506de52d5b.rlib" "/opt/rustwide/target/debug/deps/libtinyvec-4ebd66a73cc74e35.rlib" "/opt/rustwide/target/debug/deps/libtinyvec_macros-c8728763a1cfbcab.rlib" "/opt/rustwide/target/debug/deps/libunicode_bidi-064678f529798c53.rlib" "/opt/rustwide/target/debug/deps/libform_urlencoded-c6dce5f233f9dc81.rlib" "/opt/rustwide/target/debug/deps/libpercent_encoding-4a77b5e8a25d80c2.rlib" "/opt/rustwide/target/debug/deps/libmaplit-7b5b184081e8655b.rlib" "/opt/rustwide/target/debug/deps/libhtml5ever-fe6b510d4ce4890e.rlib" "/opt/rustwide/target/debug/deps/libmarkup5ever-3139f9a68711da9f.rlib" "/opt/rustwide/target/debug/deps/libstring_cache-456a935ecd27ffc3.rlib" "/opt/rustwide/target/debug/deps/libprecomputed_hash-7c8bb2fc00589bd0.rlib" "/opt/rustwide/target/debug/deps/libparking_lot-c047b5a9035bde6e.rlib" "/opt/rustwide/target/debug/deps/libparking_lot_core-d843fb1d2acf124e.rlib" "/opt/rustwide/target/debug/deps/libsmallvec-a078f506e4f080f1.rlib" "/opt/rustwide/target/debug/deps/liblock_api-83dbbbc23913e320.rlib" "/opt/rustwide/target/debug/deps/libscopeguard-54ff2283d814f48f.rlib" "/opt/rustwide/target/debug/deps/libphf-1b29d9223e31314e.rlib" "/opt/rustwide/target/debug/deps/libphf_shared-01bc63b1edabe4c8.rlib" "/opt/rustwide/target/debug/deps/libsiphasher-99d2a01ff63195c4.rlib" "/opt/rustwide/target/debug/deps/libtendril-903a4a54e4ff1986.rlib" "/opt/rustwide/target/debug/deps/libutf8-3c86c328d48f5266.rlib" "/opt/rustwide/target/debug/deps/libfutf-32747d5bc12cd961.rlib" "/opt/rustwide/target/debug/deps/libdebug_unreachable-fe2fe0fbad6e871a.rlib" "/opt/rustwide/target/debug/deps/libmac-ff0e8ee2eae78535.rlib" "/opt/rustwide/target/debug/deps/libanyhow-e7c1e1b89c60e9c6.rlib" "/opt/rustwide/target/debug/deps/libelasticlunr-b220f965496a53a0.rlib" "/opt/rustwide/target/debug/deps/libhandlebars-b40fac1c07343e0f.rlib" "/opt/rustwide/target/debug/deps/libpest-6e5c372ee29cf6cb.rlib" "/opt/rustwide/target/debug/deps/libucd_trie-437639a67f125c59.rlib" "/opt/rustwide/target/debug/deps/libthiserror-d63871420e7f5e37.rlib" "/opt/rustwide/target/debug/deps/libserde_json-c7aea857e91b0613.rlib" "/opt/rustwide/target/debug/deps/libryu-666d6b875e8a3744.rlib" "/opt/rustwide/target/debug/deps/libitoa-ffd3012d614e23bc.rlib" "/opt/rustwide/target/debug/deps/libonce_cell-3cdae169d48e1efa.rlib" "/opt/rustwide/target/debug/deps/libregex-95f136d19b9e3faa.rlib" "/opt/rustwide/target/debug/deps/libaho_corasick-b661dc89bb765c3e.rlib" "/opt/rustwide/target/debug/deps/libregex_syntax-76edd62c84e6a263.rlib" "/opt/rustwide/target/debug/deps/libshlex-1a69c23910998cc7.rlib" "/opt/rustwide/target/debug/deps/libtopological_sort-954edbdc047a7d10.rlib" "/opt/rustwide/target/debug/deps/libtoml-ca0e923f91542bbc.rlib" "/opt/rustwide/target/debug/deps/libtempfile-973638103d0d1304.rlib" "/opt/rustwide/target/debug/deps/liblibc-588a5c9b42359e0d.rlib" "/opt/rustwide/target/debug/deps/libfastrand-98806cd242fe8c43.rlib" "/opt/rustwide/target/debug/deps/libremove_dir_all-428e6ddc575f6574.rlib" "/opt/rustwide/target/debug/deps/libpulldown_cmark-773c8b8405f069fa.rlib" "/opt/rustwide/target/debug/deps/libbitflags-610a73087f46ba3b.rlib" "/opt/rustwide/target/debug/deps/libunicase-11e49ebbf4e3b98e.rlib" "/opt/rustwide/target/debug/deps/libmemchr-f4ebff342237ab92.rlib" "/opt/rustwide/target/debug/deps/libserde-30212294a10f5874.rlib" "/opt/rustwide/target/debug/deps/liblog-a3fff25330ec687e.rlib" "/opt/rustwide/target/debug/deps/libcfg_if-97437e183f3ae6e4.rlib" "/opt/rustwide/rustup-home/toolchains/beta-2023-04-20-x86_64-unknown-linux-gnu/lib/rustlib/x86_64-unknown-linux-gnu/lib/libstd-0e29cc23c5e02021.rlib" "/opt/rustwide/rustup-home/toolchains/beta-2023-04-20-x86_64-unknown-linux-gnu/lib/rustlib/x86_64-unknown-linux-gnu/lib/libpanic_unwind-d903621768a861d9.rlib" "/opt/rustwide/rustup-home/toolchains/beta-2023-04-20-x86_64-unknown-linux-gnu/lib/rustlib/x86_64-unknown-linux-gnu/lib/libobject-6d0225e655f31c13.rlib" "/opt/rustwide/rustup-home/toolchains/beta-2023-04-20-x86_64-unknown-linux-gnu/lib/rustlib/x86_64-unknown-linux-gnu/lib/libmemchr-9dbaf4eac7eaa079.rlib" "/opt/rustwide/rustup-home/toolchains/beta-2023-04-20-x86_64-unknown-linux-gnu/lib/rustlib/x86_64-unknown-linux-gnu/lib/libaddr2line-27f05b3d42a66dd0.rlib" "/opt/rustwide/rustup-home/toolchains/beta-2023-04-20-x86_64-unknown-linux-gnu/lib/rustlib/x86_64-unknown-linux-gnu/lib/libgimli-4d73f1030321c9a2.rlib" "/opt/rustwide/rustup-home/toolchains/beta-2023-04-20-x86_64-unknown-linux-gnu/lib/rustlib/x86_64-unknown-linux-gnu/lib/librustc_demangle-2846c9e58abd0acb.rlib" "/opt/rustwide/rustup-home/toolchains/beta-2023-04-20-x86_64-unknown-linux-gnu/lib/rustlib/x86_64-unknown-linux-gnu/lib/libstd_detect-a53d0f50415947be.rlib" "/opt/rustwide/rustup-home/toolchains/beta-2023-04-20-x86_64-unknown-linux-gnu/lib/rustlib/x86_64-unknown-linux-gnu/lib/libhashbrown-d48e4b6abc25b9dc.rlib" "/opt/rustwide/rustup-home/toolchains/beta-2023-04-20-x86_64-unknown-linux-gnu/lib/rustlib/x86_64-unknown-linux-gnu/lib/libminiz_oxide-2991859439ef1207.rlib" "/opt/rustwide/rustup-home/toolchains/beta-2023-04-20-x86_64-unknown-linux-gnu/lib/rustlib/x86_64-unknown-linux-gnu/lib/libadler-8a687517e4221bae.rlib" "/opt/rustwide/rustup-home/toolchains/beta-2023-04-20-x86_64-unknown-linux-gnu/lib/rustlib/x86_64-unknown-linux-gnu/lib/librustc_std_workspace_alloc-e07b554f6a67f5b3.rlib" "/opt/rustwide/rustup-home/toolchains/beta-2023-04-20-x86_64-unknown-linux-gnu/lib/rustlib/x86_64-unknown-linux-gnu/lib/libunwind-b68238b7c3c619dd.rlib" "/opt/rustwide/rustup-home/toolchains/beta-2023-04-20-x86_64-unknown-linux-gnu/lib/rustlib/x86_64-unknown-linux-gnu/lib/libcfg_if-d5e213e896c017e4.rlib" "/opt/rustwide/rustup-home/toolchains/beta-2023-04-20-x86_64-unknown-linux-gnu/lib/rustlib/x86_64-unknown-linux-gnu/lib/liblibc-0211a3b2e61d8689.rlib" "/opt/rustwide/rustup-home/toolchains/beta-2023-04-20-x86_64-unknown-linux-gnu/lib/rustlib/x86_64-unknown-linux-gnu/lib/liballoc-b371f055239ba51f.rlib" "/opt/rustwide/rustup-home/toolchains/beta-2023-04-20-x86_64-unknown-linux-gnu/lib/rustlib/x86_64-unknown-linux-gnu/lib/librustc_std_workspace_core-e60518d2760eb01e.rlib" "/opt/rustwide/rustup-home/toolchains/beta-2023-04-20-x86_64-unknown-linux-gnu/lib/rustlib/x86_64-unknown-linux-gnu/lib/libcore-1ad943f92a4b1081.rlib" "/opt/rustwide/rustup-home/toolchains/beta-2023-04-20-x86_64-unknown-linux-gnu/lib/rustlib/x86_64-unknown-linux-gnu/lib/libcompiler_builtins-f0d6e4d0fc1e80b4.rlib" "-Wl,-Bdynamic" "-lgcc_s" "-lutil" "-lrt" "-lpthread" "-lm" "-ldl" "-lc" "-Wl,--eh-frame-hdr" "-Wl,-z,noexecstack" "-L" "/opt/rustwide/rustup-home/toolchains/beta-2023-04-20-x86_64-unknown-linux-gnu/lib/rustlib/x86_64-unknown-linux-gnu/lib" "-o" "/opt/rustwide/target/debug/deps/init-f2832af728bc4a2d" "-Wl,--gc-sections" "-pie" "-Wl,-z,relro,-z,now" "-nodefaultlibs"
[INFO] [stdout]   = note: collect2: fatal error: ld terminated with signal 9 [Killed]
[INFO] [stdout]           compilation terminated.
[INFO] [stdout]           
[INFO] [stdout] 
[INFO] [stdout] 
[INFO] [stdout] error: aborting due to previous error
[INFO] [stdout] 
[INFO] [stdout] 
[INFO] [stderr] error: could not compile `codam-mdbook` (test "init") due to 2 previous errors
[INFO] [stdout] error: linking with `cc` failed: exit status: 1
[INFO] [stdout]   |
[INFO] [stdout]   = note: LC_ALL="C" PATH="/opt/rustwide/rustup-home/toolchains/beta-2023-04-20-x86_64-unknown-linux-gnu/lib/rustlib/x86_64-unknown-linux-gnu/bin:/opt/rustwide/cargo-home/bin:/usr/local/sbin:/usr/local/bin:/usr/sbin:/usr/bin:/sbin:/bin" VSLANG="1033" "cc" "-m64" "/tmp/rustc2BjgnZ/symbols.o" "/opt/rustwide/target/debug/deps/build_process-53e5376aaf46dad2.build_process.172a0843-cgu.0.rcgu.o" "/opt/rustwide/target/debug/deps/build_process-53e5376aaf46dad2.build_process.172a0843-cgu.1.rcgu.o" "/opt/rustwide/target/debug/deps/build_process-53e5376aaf46dad2.build_process.172a0843-cgu.10.rcgu.o" "/opt/rustwide/target/debug/deps/build_process-53e5376aaf46dad2.build_process.172a0843-cgu.11.rcgu.o" "/opt/rustwide/target/debug/deps/build_process-53e5376aaf46dad2.build_process.172a0843-cgu.12.rcgu.o" "/opt/rustwide/target/debug/deps/build_process-53e5376aaf46dad2.build_process.172a0843-cgu.13.rcgu.o" "/opt/rustwide/target/debug/deps/build_process-53e5376aaf46dad2.build_process.172a0843-cgu.14.rcgu.o" "/opt/rustwide/target/debug/deps/build_process-53e5376aaf46dad2.build_process.172a0843-cgu.15.rcgu.o" "/opt/rustwide/target/debug/deps/build_process-53e5376aaf46dad2.build_process.172a0843-cgu.2.rcgu.o" "/opt/rustwide/target/debug/deps/build_process-53e5376aaf46dad2.build_process.172a0843-cgu.3.rcgu.o" "/opt/rustwide/target/debug/deps/build_process-53e5376aaf46dad2.build_process.172a0843-cgu.4.rcgu.o" "/opt/rustwide/target/debug/deps/build_process-53e5376aaf46dad2.build_process.172a0843-cgu.5.rcgu.o" "/opt/rustwide/target/debug/deps/build_process-53e5376aaf46dad2.build_process.172a0843-cgu.6.rcgu.o" "/opt/rustwide/target/debug/deps/build_process-53e5376aaf46dad2.build_process.172a0843-cgu.7.rcgu.o" "/opt/rustwide/target/debug/deps/build_process-53e5376aaf46dad2.build_process.172a0843-cgu.8.rcgu.o" "/opt/rustwide/target/debug/deps/build_process-53e5376aaf46dad2.build_process.172a0843-cgu.9.rcgu.o" "/opt/rustwide/target/debug/deps/build_process-53e5376aaf46dad2.208rdjopi582dkqf.rcgu.o" "-Wl,--as-needed" "-L" "/opt/rustwide/target/debug/deps" "-L" "/opt/rustwide/rustup-home/toolchains/beta-2023-04-20-x86_64-unknown-linux-gnu/lib/rustlib/x86_64-unknown-linux-gnu/lib" "-Wl,-Bstatic" "/opt/rustwide/rustup-home/toolchains/beta-2023-04-20-x86_64-unknown-linux-gnu/lib/rustlib/x86_64-unknown-linux-gnu/lib/libtest-2bcc87e061734fce.rlib" "/opt/rustwide/rustup-home/toolchains/beta-2023-04-20-x86_64-unknown-linux-gnu/lib/rustlib/x86_64-unknown-linux-gnu/lib/libgetopts-4c2368e8367904c3.rlib" "/opt/rustwide/rustup-home/toolchains/beta-2023-04-20-x86_64-unknown-linux-gnu/lib/rustlib/x86_64-unknown-linux-gnu/lib/libunicode_width-06b9dcb8e6d4191c.rlib" "/opt/rustwide/rustup-home/toolchains/beta-2023-04-20-x86_64-unknown-linux-gnu/lib/rustlib/x86_64-unknown-linux-gnu/lib/librustc_std_workspace_std-23a78788aee51060.rlib" "/opt/rustwide/target/debug/deps/libwalkdir-d68fa3dede4483c7.rlib" "/opt/rustwide/target/debug/deps/libsame_file-4e9955724bab8d4a.rlib" "/opt/rustwide/target/debug/deps/libmdbook-7ffd66ca3a1fc4e1.rlib" "/opt/rustwide/target/debug/deps/libammonia-84bbce8853c94635.rlib" "/opt/rustwide/target/debug/deps/liburl-54e6c50546bb79ad.rlib" "/opt/rustwide/target/debug/deps/libidna-59d0d2f4fea0a975.rlib" "/opt/rustwide/target/debug/deps/libunicode_normalization-6c3f1f506de52d5b.rlib" "/opt/rustwide/target/debug/deps/libtinyvec-4ebd66a73cc74e35.rlib" "/opt/rustwide/target/debug/deps/libtinyvec_macros-c8728763a1cfbcab.rlib" "/opt/rustwide/target/debug/deps/libunicode_bidi-064678f529798c53.rlib" "/opt/rustwide/target/debug/deps/libform_urlencoded-c6dce5f233f9dc81.rlib" "/opt/rustwide/target/debug/deps/libpercent_encoding-4a77b5e8a25d80c2.rlib" "/opt/rustwide/target/debug/deps/libmaplit-7b5b184081e8655b.rlib" "/opt/rustwide/target/debug/deps/libhtml5ever-fe6b510d4ce4890e.rlib" "/opt/rustwide/target/debug/deps/libmarkup5ever-3139f9a68711da9f.rlib" "/opt/rustwide/target/debug/deps/libstring_cache-456a935ecd27ffc3.rlib" "/opt/rustwide/target/debug/deps/libprecomputed_hash-7c8bb2fc00589bd0.rlib" "/opt/rustwide/target/debug/deps/libparking_lot-c047b5a9035bde6e.rlib" "/opt/rustwide/target/debug/deps/libparking_lot_core-d843fb1d2acf124e.rlib" "/opt/rustwide/target/debug/deps/libsmallvec-a078f506e4f080f1.rlib" "/opt/rustwide/target/debug/deps/liblock_api-83dbbbc23913e320.rlib" "/opt/rustwide/target/debug/deps/libscopeguard-54ff2283d814f48f.rlib" "/opt/rustwide/target/debug/deps/libphf-1b29d9223e31314e.rlib" "/opt/rustwide/target/debug/deps/libphf_shared-01bc63b1edabe4c8.rlib" "/opt/rustwide/target/debug/deps/libsiphasher-99d2a01ff63195c4.rlib" "/opt/rustwide/target/debug/deps/libtendril-903a4a54e4ff1986.rlib" "/opt/rustwide/target/debug/deps/libutf8-3c86c328d48f5266.rlib" "/opt/rustwide/target/debug/deps/libfutf-32747d5bc12cd961.rlib" "/opt/rustwide/target/debug/deps/libdebug_unreachable-fe2fe0fbad6e871a.rlib" "/opt/rustwide/target/debug/deps/libmac-ff0e8ee2eae78535.rlib" "/opt/rustwide/target/debug/deps/libelasticlunr-b220f965496a53a0.rlib" "/opt/rustwide/target/debug/deps/libhandlebars-b40fac1c07343e0f.rlib" "/opt/rustwide/target/debug/deps/libpest-6e5c372ee29cf6cb.rlib" "/opt/rustwide/target/debug/deps/libucd_trie-437639a67f125c59.rlib" "/opt/rustwide/target/debug/deps/libthiserror-d63871420e7f5e37.rlib" "/opt/rustwide/target/debug/deps/libserde_json-c7aea857e91b0613.rlib" "/opt/rustwide/target/debug/deps/libryu-666d6b875e8a3744.rlib" "/opt/rustwide/target/debug/deps/libitoa-ffd3012d614e23bc.rlib" "/opt/rustwide/target/debug/deps/libonce_cell-3cdae169d48e1efa.rlib" "/opt/rustwide/target/debug/deps/libregex-95f136d19b9e3faa.rlib" "/opt/rustwide/target/debug/deps/libaho_corasick-b661dc89bb765c3e.rlib" "/opt/rustwide/target/debug/deps/libregex_syntax-76edd62c84e6a263.rlib" "/opt/rustwide/target/debug/deps/libshlex-1a69c23910998cc7.rlib" "/opt/rustwide/target/debug/deps/libtopological_sort-954edbdc047a7d10.rlib" "/opt/rustwide/target/debug/deps/libtoml-ca0e923f91542bbc.rlib" "/opt/rustwide/target/debug/deps/libtempfile-973638103d0d1304.rlib" "/opt/rustwide/target/debug/deps/liblibc-588a5c9b42359e0d.rlib" "/opt/rustwide/target/debug/deps/libfastrand-98806cd242fe8c43.rlib" "/opt/rustwide/target/debug/deps/libremove_dir_all-428e6ddc575f6574.rlib" "/opt/rustwide/target/debug/deps/libpulldown_cmark-773c8b8405f069fa.rlib" "/opt/rustwide/target/debug/deps/libbitflags-610a73087f46ba3b.rlib" "/opt/rustwide/target/debug/deps/libunicase-11e49ebbf4e3b98e.rlib" "/opt/rustwide/target/debug/deps/libmemchr-f4ebff342237ab92.rlib" "/opt/rustwide/target/debug/deps/libserde-30212294a10f5874.rlib" "/opt/rustwide/target/debug/deps/liblog-a3fff25330ec687e.rlib" "/opt/rustwide/target/debug/deps/libcfg_if-97437e183f3ae6e4.rlib" "/opt/rustwide/target/debug/deps/libanyhow-e7c1e1b89c60e9c6.rlib" "/opt/rustwide/rustup-home/toolchains/beta-2023-04-20-x86_64-unknown-linux-gnu/lib/rustlib/x86_64-unknown-linux-gnu/lib/libstd-0e29cc23c5e02021.rlib" "/opt/rustwide/rustup-home/toolchains/beta-2023-04-20-x86_64-unknown-linux-gnu/lib/rustlib/x86_64-unknown-linux-gnu/lib/libpanic_unwind-d903621768a861d9.rlib" "/opt/rustwide/rustup-home/toolchains/beta-2023-04-20-x86_64-unknown-linux-gnu/lib/rustlib/x86_64-unknown-linux-gnu/lib/libobject-6d0225e655f31c13.rlib" "/opt/rustwide/rustup-home/toolchains/beta-2023-04-20-x86_64-unknown-linux-gnu/lib/rustlib/x86_64-unknown-linux-gnu/lib/libmemchr-9dbaf4eac7eaa079.rlib" "/opt/rustwide/rustup-home/toolchains/beta-2023-04-20-x86_64-unknown-linux-gnu/lib/rustlib/x86_64-unknown-linux-gnu/lib/libaddr2line-27f05b3d42a66dd0.rlib" "/opt/rustwide/rustup-home/toolchains/beta-2023-04-20-x86_64-unknown-linux-gnu/lib/rustlib/x86_64-unknown-linux-gnu/lib/libgimli-4d73f1030321c9a2.rlib" "/opt/rustwide/rustup-home/toolchains/beta-2023-04-20-x86_64-unknown-linux-gnu/lib/rustlib/x86_64-unknown-linux-gnu/lib/librustc_demangle-2846c9e58abd0acb.rlib" "/opt/rustwide/rustup-home/toolchains/beta-2023-04-20-x86_64-unknown-linux-gnu/lib/rustlib/x86_64-unknown-linux-gnu/lib/libstd_detect-a53d0f50415947be.rlib" "/opt/rustwide/rustup-home/toolchains/beta-2023-04-20-x86_64-unknown-linux-gnu/lib/rustlib/x86_64-unknown-linux-gnu/lib/libhashbrown-d48e4b6abc25b9dc.rlib" "/opt/rustwide/rustup-home/toolchains/beta-2023-04-20-x86_64-unknown-linux-gnu/lib/rustlib/x86_64-unknown-linux-gnu/lib/libminiz_oxide-2991859439ef1207.rlib" "/opt/rustwide/rustup-home/toolchains/beta-2023-04-20-x86_64-unknown-linux-gnu/lib/rustlib/x86_64-unknown-linux-gnu/lib/libadler-8a687517e4221bae.rlib" "/opt/rustwide/rustup-home/toolchains/beta-2023-04-20-x86_64-unknown-linux-gnu/lib/rustlib/x86_64-unknown-linux-gnu/lib/librustc_std_workspace_alloc-e07b554f6a67f5b3.rlib" "/opt/rustwide/rustup-home/toolchains/beta-2023-04-20-x86_64-unknown-linux-gnu/lib/rustlib/x86_64-unknown-linux-gnu/lib/libunwind-b68238b7c3c619dd.rlib" "/opt/rustwide/rustup-home/toolchains/beta-2023-04-20-x86_64-unknown-linux-gnu/lib/rustlib/x86_64-unknown-linux-gnu/lib/libcfg_if-d5e213e896c017e4.rlib" "/opt/rustwide/rustup-home/toolchains/beta-2023-04-20-x86_64-unknown-linux-gnu/lib/rustlib/x86_64-unknown-linux-gnu/lib/liblibc-0211a3b2e61d8689.rlib" "/opt/rustwide/rustup-home/toolchains/beta-2023-04-20-x86_64-unknown-linux-gnu/lib/rustlib/x86_64-unknown-linux-gnu/lib/liballoc-b371f055239ba51f.rlib" "/opt/rustwide/rustup-home/toolchains/beta-2023-04-20-x86_64-unknown-linux-gnu/lib/rustlib/x86_64-unknown-linux-gnu/lib/librustc_std_workspace_core-e60518d2760eb01e.rlib" "/opt/rustwide/rustup-home/toolchains/beta-2023-04-20-x86_64-unknown-linux-gnu/lib/rustlib/x86_64-unknown-linux-gnu/lib/libcore-1ad943f92a4b1081.rlib" "/opt/rustwide/rustup-home/toolchains/beta-2023-04-20-x86_64-unknown-linux-gnu/lib/rustlib/x86_64-unknown-linux-gnu/lib/libcompiler_builtins-f0d6e4d0fc1e80b4.rlib" "-Wl,-Bdynamic" "-lgcc_s" "-lutil" "-lrt" "-lpthread" "-lm" "-ldl" "-lc" "-Wl,--eh-frame-hdr" "-Wl,-z,noexecstack" "-L" "/opt/rustwide/rustup-home/toolchains/beta-2023-04-20-x86_64-unknown-linux-gnu/lib/rustlib/x86_64-unknown-linux-gnu/lib" "-o" "/opt/rustwide/target/debug/deps/build_process-53e5376aaf46dad2" "-Wl,--gc-sections" "-pie" "-Wl,-z,relro,-z,now" "-nodefaultlibs"
[INFO] [stdout]   = note: collect2: fatal error: ld terminated with signal 9 [Killed]
[INFO] [stdout]           compilation terminated.
[INFO] [stdout]           
[INFO] [stdout] 
[INFO] [stdout] 
[INFO] [stdout] error: aborting due to previous error
[INFO] [stdout] 
[INFO] [stdout] 
[INFO] [stderr] error: could not compile `codam-mdbook` (test "build_process") due to 2 previous errors
[INFO] [stdout] error: linking with `cc` failed: exit status: 1
[INFO] [stdout]   |
[INFO] [stdout]   = note: LC_ALL="C" PATH="/opt/rustwide/rustup-home/toolchains/beta-2023-04-20-x86_64-unknown-linux-gnu/lib/rustlib/x86_64-unknown-linux-gnu/bin:/opt/rustwide/cargo-home/bin:/usr/local/sbin:/usr/local/bin:/usr/sbin:/usr/bin:/sbin:/bin" VSLANG="1033" "cc" "-m64" "/tmp/rustcpIoHGM/symbols.o" "/opt/rustwide/target/debug/deps/parse_existing_summary_files-98c7c7581b591435.parse_existing_summary_files.e4b7a256-cgu.0.rcgu.o" "/opt/rustwide/target/debug/deps/parse_existing_summary_files-98c7c7581b591435.parse_existing_summary_files.e4b7a256-cgu.1.rcgu.o" "/opt/rustwide/target/debug/deps/parse_existing_summary_files-98c7c7581b591435.parse_existing_summary_files.e4b7a256-cgu.2.rcgu.o" "/opt/rustwide/target/debug/deps/parse_existing_summary_files-98c7c7581b591435.parse_existing_summary_files.e4b7a256-cgu.3.rcgu.o" "/opt/rustwide/target/debug/deps/parse_existing_summary_files-98c7c7581b591435.parse_existing_summary_files.e4b7a256-cgu.4.rcgu.o" "/opt/rustwide/target/debug/deps/parse_existing_summary_files-98c7c7581b591435.parse_existing_summary_files.e4b7a256-cgu.5.rcgu.o" "/opt/rustwide/target/debug/deps/parse_existing_summary_files-98c7c7581b591435.parse_existing_summary_files.e4b7a256-cgu.6.rcgu.o" "/opt/rustwide/target/debug/deps/parse_existing_summary_files-98c7c7581b591435.parse_existing_summary_files.e4b7a256-cgu.7.rcgu.o" "/opt/rustwide/target/debug/deps/parse_existing_summary_files-98c7c7581b591435.parse_existing_summary_files.e4b7a256-cgu.8.rcgu.o" "/opt/rustwide/target/debug/deps/parse_existing_summary_files-98c7c7581b591435.parse_existing_summary_files.e4b7a256-cgu.9.rcgu.o" "/opt/rustwide/target/debug/deps/parse_existing_summary_files-98c7c7581b591435.2r300q45ty52dy8a.rcgu.o" "-Wl,--as-needed" "-L" "/opt/rustwide/target/debug/deps" "-L" "/opt/rustwide/rustup-home/toolchains/beta-2023-04-20-x86_64-unknown-linux-gnu/lib/rustlib/x86_64-unknown-linux-gnu/lib" "-Wl,-Bstatic" "/opt/rustwide/target/debug/deps/libenv_logger-6052ec9bd8cce627.rlib" "/opt/rustwide/target/debug/deps/libtermcolor-32b50f642d1e75a8.rlib" "/opt/rustwide/target/debug/deps/libis_terminal-060070ff2789d285.rlib" "/opt/rustwide/target/debug/deps/librustix-0510b37b1e831d42.rlib" "/opt/rustwide/target/debug/deps/liblinux_raw_sys-a6b3e5034f94acfb.rlib" "/opt/rustwide/target/debug/deps/libio_lifetimes-f27e80831e751e1d.rlib" "/opt/rustwide/target/debug/deps/libhumantime-e9a3658f54825403.rlib" "/opt/rustwide/rustup-home/toolchains/beta-2023-04-20-x86_64-unknown-linux-gnu/lib/rustlib/x86_64-unknown-linux-gnu/lib/libtest-2bcc87e061734fce.rlib" "/opt/rustwide/rustup-home/toolchains/beta-2023-04-20-x86_64-unknown-linux-gnu/lib/rustlib/x86_64-unknown-linux-gnu/lib/libgetopts-4c2368e8367904c3.rlib" "/opt/rustwide/rustup-home/toolchains/beta-2023-04-20-x86_64-unknown-linux-gnu/lib/rustlib/x86_64-unknown-linux-gnu/lib/libunicode_width-06b9dcb8e6d4191c.rlib" "/opt/rustwide/rustup-home/toolchains/beta-2023-04-20-x86_64-unknown-linux-gnu/lib/rustlib/x86_64-unknown-linux-gnu/lib/librustc_std_workspace_std-23a78788aee51060.rlib" "/opt/rustwide/target/debug/deps/libmdbook-7ffd66ca3a1fc4e1.rlib" "/opt/rustwide/target/debug/deps/libammonia-84bbce8853c94635.rlib" "/opt/rustwide/target/debug/deps/liburl-54e6c50546bb79ad.rlib" "/opt/rustwide/target/debug/deps/libidna-59d0d2f4fea0a975.rlib" "/opt/rustwide/target/debug/deps/libunicode_normalization-6c3f1f506de52d5b.rlib" "/opt/rustwide/target/debug/deps/libtinyvec-4ebd66a73cc74e35.rlib" "/opt/rustwide/target/debug/deps/libtinyvec_macros-c8728763a1cfbcab.rlib" "/opt/rustwide/target/debug/deps/libunicode_bidi-064678f529798c53.rlib" "/opt/rustwide/target/debug/deps/libform_urlencoded-c6dce5f233f9dc81.rlib" "/opt/rustwide/target/debug/deps/libpercent_encoding-4a77b5e8a25d80c2.rlib" "/opt/rustwide/target/debug/deps/libmaplit-7b5b184081e8655b.rlib" "/opt/rustwide/target/debug/deps/libhtml5ever-fe6b510d4ce4890e.rlib" "/opt/rustwide/target/debug/deps/libmarkup5ever-3139f9a68711da9f.rlib" "/opt/rustwide/target/debug/deps/libstring_cache-456a935ecd27ffc3.rlib" "/opt/rustwide/target/debug/deps/libprecomputed_hash-7c8bb2fc00589bd0.rlib" "/opt/rustwide/target/debug/deps/libparking_lot-c047b5a9035bde6e.rlib" "/opt/rustwide/target/debug/deps/libparking_lot_core-d843fb1d2acf124e.rlib" "/opt/rustwide/target/debug/deps/libsmallvec-a078f506e4f080f1.rlib" "/opt/rustwide/target/debug/deps/liblock_api-83dbbbc23913e320.rlib" "/opt/rustwide/target/debug/deps/libscopeguard-54ff2283d814f48f.rlib" "/opt/rustwide/target/debug/deps/libphf-1b29d9223e31314e.rlib" "/opt/rustwide/target/debug/deps/libphf_shared-01bc63b1edabe4c8.rlib" "/opt/rustwide/target/debug/deps/libsiphasher-99d2a01ff63195c4.rlib" "/opt/rustwide/target/debug/deps/libtendril-903a4a54e4ff1986.rlib" "/opt/rustwide/target/debug/deps/libutf8-3c86c328d48f5266.rlib" "/opt/rustwide/target/debug/deps/libfutf-32747d5bc12cd961.rlib" "/opt/rustwide/target/debug/deps/libdebug_unreachable-fe2fe0fbad6e871a.rlib" "/opt/rustwide/target/debug/deps/libmac-ff0e8ee2eae78535.rlib" "/opt/rustwide/target/debug/deps/libanyhow-e7c1e1b89c60e9c6.rlib" "/opt/rustwide/target/debug/deps/libelasticlunr-b220f965496a53a0.rlib" "/opt/rustwide/target/debug/deps/libhandlebars-b40fac1c07343e0f.rlib" "/opt/rustwide/target/debug/deps/libpest-6e5c372ee29cf6cb.rlib" "/opt/rustwide/target/debug/deps/libucd_trie-437639a67f125c59.rlib" "/opt/rustwide/target/debug/deps/libthiserror-d63871420e7f5e37.rlib" "/opt/rustwide/target/debug/deps/libserde_json-c7aea857e91b0613.rlib" "/opt/rustwide/target/debug/deps/libryu-666d6b875e8a3744.rlib" "/opt/rustwide/target/debug/deps/libitoa-ffd3012d614e23bc.rlib" "/opt/rustwide/target/debug/deps/libonce_cell-3cdae169d48e1efa.rlib" "/opt/rustwide/target/debug/deps/libregex-95f136d19b9e3faa.rlib" "/opt/rustwide/target/debug/deps/libaho_corasick-b661dc89bb765c3e.rlib" "/opt/rustwide/target/debug/deps/libregex_syntax-76edd62c84e6a263.rlib" "/opt/rustwide/target/debug/deps/libshlex-1a69c23910998cc7.rlib" "/opt/rustwide/target/debug/deps/libtopological_sort-954edbdc047a7d10.rlib" "/opt/rustwide/target/debug/deps/libtoml-ca0e923f91542bbc.rlib" "/opt/rustwide/target/debug/deps/libtempfile-973638103d0d1304.rlib" "/opt/rustwide/target/debug/deps/liblibc-588a5c9b42359e0d.rlib" "/opt/rustwide/target/debug/deps/libfastrand-98806cd242fe8c43.rlib" "/opt/rustwide/target/debug/deps/libremove_dir_all-428e6ddc575f6574.rlib" "/opt/rustwide/target/debug/deps/libpulldown_cmark-773c8b8405f069fa.rlib" "/opt/rustwide/target/debug/deps/libbitflags-610a73087f46ba3b.rlib" "/opt/rustwide/target/debug/deps/libunicase-11e49ebbf4e3b98e.rlib" "/opt/rustwide/target/debug/deps/libmemchr-f4ebff342237ab92.rlib" "/opt/rustwide/target/debug/deps/libserde-30212294a10f5874.rlib" "/opt/rustwide/target/debug/deps/liblog-a3fff25330ec687e.rlib" "/opt/rustwide/target/debug/deps/libcfg_if-97437e183f3ae6e4.rlib" "/opt/rustwide/rustup-home/toolchains/beta-2023-04-20-x86_64-unknown-linux-gnu/lib/rustlib/x86_64-unknown-linux-gnu/lib/libstd-0e29cc23c5e02021.rlib" "/opt/rustwide/rustup-home/toolchains/beta-2023-04-20-x86_64-unknown-linux-gnu/lib/rustlib/x86_64-unknown-linux-gnu/lib/libpanic_unwind-d903621768a861d9.rlib" "/opt/rustwide/rustup-home/toolchains/beta-2023-04-20-x86_64-unknown-linux-gnu/lib/rustlib/x86_64-unknown-linux-gnu/lib/libobject-6d0225e655f31c13.rlib" "/opt/rustwide/rustup-home/toolchains/beta-2023-04-20-x86_64-unknown-linux-gnu/lib/rustlib/x86_64-unknown-linux-gnu/lib/libmemchr-9dbaf4eac7eaa079.rlib" "/opt/rustwide/rustup-home/toolchains/beta-2023-04-20-x86_64-unknown-linux-gnu/lib/rustlib/x86_64-unknown-linux-gnu/lib/libaddr2line-27f05b3d42a66dd0.rlib" "/opt/rustwide/rustup-home/toolchains/beta-2023-04-20-x86_64-unknown-linux-gnu/lib/rustlib/x86_64-unknown-linux-gnu/lib/libgimli-4d73f1030321c9a2.rlib" "/opt/rustwide/rustup-home/toolchains/beta-2023-04-20-x86_64-unknown-linux-gnu/lib/rustlib/x86_64-unknown-linux-gnu/lib/librustc_demangle-2846c9e58abd0acb.rlib" "/opt/rustwide/rustup-home/toolchains/beta-2023-04-20-x86_64-unknown-linux-gnu/lib/rustlib/x86_64-unknown-linux-gnu/lib/libstd_detect-a53d0f50415947be.rlib" "/opt/rustwide/rustup-home/toolchains/beta-2023-04-20-x86_64-unknown-linux-gnu/lib/rustlib/x86_64-unknown-linux-gnu/lib/libhashbrown-d48e4b6abc25b9dc.rlib" "/opt/rustwide/rustup-home/toolchains/beta-2023-04-20-x86_64-unknown-linux-gnu/lib/rustlib/x86_64-unknown-linux-gnu/lib/libminiz_oxide-2991859439ef1207.rlib" "/opt/rustwide/rustup-home/toolchains/beta-2023-04-20-x86_64-unknown-linux-gnu/lib/rustlib/x86_64-unknown-linux-gnu/lib/libadler-8a687517e4221bae.rlib" "/opt/rustwide/rustup-home/toolchains/beta-2023-04-20-x86_64-unknown-linux-gnu/lib/rustlib/x86_64-unknown-linux-gnu/lib/librustc_std_workspace_alloc-e07b554f6a67f5b3.rlib" "/opt/rustwide/rustup-home/toolchains/beta-2023-04-20-x86_64-unknown-linux-gnu/lib/rustlib/x86_64-unknown-linux-gnu/lib/libunwind-b68238b7c3c619dd.rlib" "/opt/rustwide/rustup-home/toolchains/beta-2023-04-20-x86_64-unknown-linux-gnu/lib/rustlib/x86_64-unknown-linux-gnu/lib/libcfg_if-d5e213e896c017e4.rlib" "/opt/rustwide/rustup-home/toolchains/beta-2023-04-20-x86_64-unknown-linux-gnu/lib/rustlib/x86_64-unknown-linux-gnu/lib/liblibc-0211a3b2e61d8689.rlib" "/opt/rustwide/rustup-home/toolchains/beta-2023-04-20-x86_64-unknown-linux-gnu/lib/rustlib/x86_64-unknown-linux-gnu/lib/liballoc-b371f055239ba51f.rlib" "/opt/rustwide/rustup-home/toolchains/beta-2023-04-20-x86_64-unknown-linux-gnu/lib/rustlib/x86_64-unknown-linux-gnu/lib/librustc_std_workspace_core-e60518d2760eb01e.rlib" "/opt/rustwide/rustup-home/toolchains/beta-2023-04-20-x86_64-unknown-linux-gnu/lib/rustlib/x86_64-unknown-linux-gnu/lib/libcore-1ad943f92a4b1081.rlib" "/opt/rustwide/rustup-home/toolchains/beta-2023-04-20-x86_64-unknown-linux-gnu/lib/rustlib/x86_64-unknown-linux-gnu/lib/libcompiler_builtins-f0d6e4d0fc1e80b4.rlib" "-Wl,-Bdynamic" "-lgcc_s" "-lutil" "-lrt" "-lpthread" "-lm" "-ldl" "-lc" "-Wl,--eh-frame-hdr" "-Wl,-z,noexecstack" "-L" "/opt/rustwide/rustup-home/toolchains/beta-2023-04-20-x86_64-unknown-linux-gnu/lib/rustlib/x86_64-unknown-linux-gnu/lib" "-o" "/opt/rustwide/target/debug/deps/parse_existing_summary_files-98c7c7581b591435" "-Wl,--gc-sections" "-pie" "-Wl,-z,relro,-z,now" "-nodefaultlibs"
[INFO] [stdout]   = note: collect2: fatal error: ld terminated with signal 9 [Killed]
[INFO] [stdout]           compilation terminated.
[INFO] [stdout]           
[INFO] [stdout] 
[INFO] [stdout] 
[INFO] [stdout] error: aborting due to previous error
[INFO] [stdout] 
[INFO] [stdout] 
[INFO] [stderr] error: could not compile `codam-mdbook` (test "parse_existing_summary_files") due to 2 previous errors
[INFO] [stdout] error: linking with `cc` failed: exit status: 1
[INFO] [stdout]   |
[INFO] [stdout]   = note: LC_ALL="C" PATH="/opt/rustwide/rustup-home/toolchains/beta-2023-04-20-x86_64-unknown-linux-gnu/lib/rustlib/x86_64-unknown-linux-gnu/bin:/opt/rustwide/cargo-home/bin:/usr/local/sbin:/usr/local/bin:/usr/sbin:/usr/bin:/sbin:/bin" VSLANG="1033" "cc" "-m64" "/tmp/rustcGcHm0q/symbols.o" "/opt/rustwide/target/debug/examples/nop_preprocessor-47bd1580ccf9d1e5.nop_preprocessor.ce3ea159-cgu.0.rcgu.o" "/opt/rustwide/target/debug/examples/nop_preprocessor-47bd1580ccf9d1e5.nop_preprocessor.ce3ea159-cgu.1.rcgu.o" "/opt/rustwide/target/debug/examples/nop_preprocessor-47bd1580ccf9d1e5.nop_preprocessor.ce3ea159-cgu.10.rcgu.o" "/opt/rustwide/target/debug/examples/nop_preprocessor-47bd1580ccf9d1e5.nop_preprocessor.ce3ea159-cgu.11.rcgu.o" "/opt/rustwide/target/debug/examples/nop_preprocessor-47bd1580ccf9d1e5.nop_preprocessor.ce3ea159-cgu.12.rcgu.o" "/opt/rustwide/target/debug/examples/nop_preprocessor-47bd1580ccf9d1e5.nop_preprocessor.ce3ea159-cgu.13.rcgu.o" "/opt/rustwide/target/debug/examples/nop_preprocessor-47bd1580ccf9d1e5.nop_preprocessor.ce3ea159-cgu.14.rcgu.o" "/opt/rustwide/target/debug/examples/nop_preprocessor-47bd1580ccf9d1e5.nop_preprocessor.ce3ea159-cgu.15.rcgu.o" "/opt/rustwide/target/debug/examples/nop_preprocessor-47bd1580ccf9d1e5.nop_preprocessor.ce3ea159-cgu.2.rcgu.o" "/opt/rustwide/target/debug/examples/nop_preprocessor-47bd1580ccf9d1e5.nop_preprocessor.ce3ea159-cgu.3.rcgu.o" "/opt/rustwide/target/debug/examples/nop_preprocessor-47bd1580ccf9d1e5.nop_preprocessor.ce3ea159-cgu.4.rcgu.o" "/opt/rustwide/target/debug/examples/nop_preprocessor-47bd1580ccf9d1e5.nop_preprocessor.ce3ea159-cgu.5.rcgu.o" "/opt/rustwide/target/debug/examples/nop_preprocessor-47bd1580ccf9d1e5.nop_preprocessor.ce3ea159-cgu.6.rcgu.o" "/opt/rustwide/target/debug/examples/nop_preprocessor-47bd1580ccf9d1e5.nop_preprocessor.ce3ea159-cgu.7.rcgu.o" "/opt/rustwide/target/debug/examples/nop_preprocessor-47bd1580ccf9d1e5.nop_preprocessor.ce3ea159-cgu.8.rcgu.o" "/opt/rustwide/target/debug/examples/nop_preprocessor-47bd1580ccf9d1e5.nop_preprocessor.ce3ea159-cgu.9.rcgu.o" "/opt/rustwide/target/debug/examples/nop_preprocessor-47bd1580ccf9d1e5.3fouy26vgkr0x9lk.rcgu.o" "-Wl,--as-needed" "-L" "/opt/rustwide/target/debug/deps" "-L" "/opt/rustwide/rustup-home/toolchains/beta-2023-04-20-x86_64-unknown-linux-gnu/lib/rustlib/x86_64-unknown-linux-gnu/lib" "-Wl,-Bstatic" "/opt/rustwide/rustup-home/toolchains/beta-2023-04-20-x86_64-unknown-linux-gnu/lib/rustlib/x86_64-unknown-linux-gnu/lib/libtest-2bcc87e061734fce.rlib" "/opt/rustwide/rustup-home/toolchains/beta-2023-04-20-x86_64-unknown-linux-gnu/lib/rustlib/x86_64-unknown-linux-gnu/lib/libgetopts-4c2368e8367904c3.rlib" "/opt/rustwide/rustup-home/toolchains/beta-2023-04-20-x86_64-unknown-linux-gnu/lib/rustlib/x86_64-unknown-linux-gnu/lib/libunicode_width-06b9dcb8e6d4191c.rlib" "/opt/rustwide/rustup-home/toolchains/beta-2023-04-20-x86_64-unknown-linux-gnu/lib/rustlib/x86_64-unknown-linux-gnu/lib/librustc_std_workspace_std-23a78788aee51060.rlib" "/opt/rustwide/target/debug/deps/libsemver-2dc7b39593e833bd.rlib" "/opt/rustwide/target/debug/deps/libmdbook-7ffd66ca3a1fc4e1.rlib" "/opt/rustwide/target/debug/deps/libammonia-84bbce8853c94635.rlib" "/opt/rustwide/target/debug/deps/liburl-54e6c50546bb79ad.rlib" "/opt/rustwide/target/debug/deps/libidna-59d0d2f4fea0a975.rlib" "/opt/rustwide/target/debug/deps/libunicode_normalization-6c3f1f506de52d5b.rlib" "/opt/rustwide/target/debug/deps/libtinyvec-4ebd66a73cc74e35.rlib" "/opt/rustwide/target/debug/deps/libtinyvec_macros-c8728763a1cfbcab.rlib" "/opt/rustwide/target/debug/deps/libunicode_bidi-064678f529798c53.rlib" "/opt/rustwide/target/debug/deps/libform_urlencoded-c6dce5f233f9dc81.rlib" "/opt/rustwide/target/debug/deps/libpercent_encoding-4a77b5e8a25d80c2.rlib" "/opt/rustwide/target/debug/deps/libmaplit-7b5b184081e8655b.rlib" "/opt/rustwide/target/debug/deps/libhtml5ever-fe6b510d4ce4890e.rlib" "/opt/rustwide/target/debug/deps/libmarkup5ever-3139f9a68711da9f.rlib" "/opt/rustwide/target/debug/deps/libstring_cache-456a935ecd27ffc3.rlib" "/opt/rustwide/target/debug/deps/libprecomputed_hash-7c8bb2fc00589bd0.rlib" "/opt/rustwide/target/debug/deps/libparking_lot-c047b5a9035bde6e.rlib" "/opt/rustwide/target/debug/deps/libparking_lot_core-d843fb1d2acf124e.rlib" "/opt/rustwide/target/debug/deps/libsmallvec-a078f506e4f080f1.rlib" "/opt/rustwide/target/debug/deps/liblock_api-83dbbbc23913e320.rlib" "/opt/rustwide/target/debug/deps/libscopeguard-54ff2283d814f48f.rlib" "/opt/rustwide/target/debug/deps/libphf-1b29d9223e31314e.rlib" "/opt/rustwide/target/debug/deps/libphf_shared-01bc63b1edabe4c8.rlib" "/opt/rustwide/target/debug/deps/libsiphasher-99d2a01ff63195c4.rlib" "/opt/rustwide/target/debug/deps/libtendril-903a4a54e4ff1986.rlib" "/opt/rustwide/target/debug/deps/libutf8-3c86c328d48f5266.rlib" "/opt/rustwide/target/debug/deps/libfutf-32747d5bc12cd961.rlib" "/opt/rustwide/target/debug/deps/libdebug_unreachable-fe2fe0fbad6e871a.rlib" "/opt/rustwide/target/debug/deps/libmac-ff0e8ee2eae78535.rlib" "/opt/rustwide/target/debug/deps/libanyhow-e7c1e1b89c60e9c6.rlib" "/opt/rustwide/target/debug/deps/libelasticlunr-b220f965496a53a0.rlib" "/opt/rustwide/target/debug/deps/libhandlebars-b40fac1c07343e0f.rlib" "/opt/rustwide/target/debug/deps/libpest-6e5c372ee29cf6cb.rlib" "/opt/rustwide/target/debug/deps/libucd_trie-437639a67f125c59.rlib" "/opt/rustwide/target/debug/deps/libthiserror-d63871420e7f5e37.rlib" "/opt/rustwide/target/debug/deps/libserde_json-c7aea857e91b0613.rlib" "/opt/rustwide/target/debug/deps/libryu-666d6b875e8a3744.rlib" "/opt/rustwide/target/debug/deps/libitoa-ffd3012d614e23bc.rlib" "/opt/rustwide/target/debug/deps/libregex-95f136d19b9e3faa.rlib" "/opt/rustwide/target/debug/deps/libaho_corasick-b661dc89bb765c3e.rlib" "/opt/rustwide/target/debug/deps/libregex_syntax-76edd62c84e6a263.rlib" "/opt/rustwide/target/debug/deps/libshlex-1a69c23910998cc7.rlib" "/opt/rustwide/target/debug/deps/libtopological_sort-954edbdc047a7d10.rlib" "/opt/rustwide/target/debug/deps/libtoml-ca0e923f91542bbc.rlib" "/opt/rustwide/target/debug/deps/libtempfile-973638103d0d1304.rlib" "/opt/rustwide/target/debug/deps/libfastrand-98806cd242fe8c43.rlib" "/opt/rustwide/target/debug/deps/libremove_dir_all-428e6ddc575f6574.rlib" "/opt/rustwide/target/debug/deps/libpulldown_cmark-773c8b8405f069fa.rlib" "/opt/rustwide/target/debug/deps/libunicase-11e49ebbf4e3b98e.rlib" "/opt/rustwide/target/debug/deps/libmemchr-f4ebff342237ab92.rlib" "/opt/rustwide/target/debug/deps/libserde-30212294a10f5874.rlib" "/opt/rustwide/target/debug/deps/liblog-a3fff25330ec687e.rlib" "/opt/rustwide/target/debug/deps/libcfg_if-97437e183f3ae6e4.rlib" "/opt/rustwide/target/debug/deps/libclap-9d6f3af5fb62df84.rlib" "/opt/rustwide/target/debug/deps/libterminal_size-ec0527e6056d45b8.rlib" "/opt/rustwide/target/debug/deps/libstrsim-be6ba759f95a5238.rlib" "/opt/rustwide/target/debug/deps/libis_terminal-060070ff2789d285.rlib" "/opt/rustwide/target/debug/deps/librustix-0510b37b1e831d42.rlib" "/opt/rustwide/target/debug/deps/liblinux_raw_sys-a6b3e5034f94acfb.rlib" "/opt/rustwide/target/debug/deps/libio_lifetimes-f27e80831e751e1d.rlib" "/opt/rustwide/target/debug/deps/liblibc-588a5c9b42359e0d.rlib" "/opt/rustwide/target/debug/deps/libclap_lex-4ea3f8c658792bdc.rlib" "/opt/rustwide/target/debug/deps/libos_str_bytes-7cd80937cba74acb.rlib" "/opt/rustwide/target/debug/deps/libtermcolor-32b50f642d1e75a8.rlib" "/opt/rustwide/target/debug/deps/libbitflags-610a73087f46ba3b.rlib" "/opt/rustwide/target/debug/deps/libonce_cell-3cdae169d48e1efa.rlib" "/opt/rustwide/rustup-home/toolchains/beta-2023-04-20-x86_64-unknown-linux-gnu/lib/rustlib/x86_64-unknown-linux-gnu/lib/libstd-0e29cc23c5e02021.rlib" "/opt/rustwide/rustup-home/toolchains/beta-2023-04-20-x86_64-unknown-linux-gnu/lib/rustlib/x86_64-unknown-linux-gnu/lib/libpanic_unwind-d903621768a861d9.rlib" "/opt/rustwide/rustup-home/toolchains/beta-2023-04-20-x86_64-unknown-linux-gnu/lib/rustlib/x86_64-unknown-linux-gnu/lib/libobject-6d0225e655f31c13.rlib" "/opt/rustwide/rustup-home/toolchains/beta-2023-04-20-x86_64-unknown-linux-gnu/lib/rustlib/x86_64-unknown-linux-gnu/lib/libmemchr-9dbaf4eac7eaa079.rlib" "/opt/rustwide/rustup-home/toolchains/beta-2023-04-20-x86_64-unknown-linux-gnu/lib/rustlib/x86_64-unknown-linux-gnu/lib/libaddr2line-27f05b3d42a66dd0.rlib" "/opt/rustwide/rustup-home/toolchains/beta-2023-04-20-x86_64-unknown-linux-gnu/lib/rustlib/x86_64-unknown-linux-gnu/lib/libgimli-4d73f1030321c9a2.rlib" "/opt/rustwide/rustup-home/toolchains/beta-2023-04-20-x86_64-unknown-linux-gnu/lib/rustlib/x86_64-unknown-linux-gnu/lib/librustc_demangle-2846c9e58abd0acb.rlib" "/opt/rustwide/rustup-home/toolchains/beta-2023-04-20-x86_64-unknown-linux-gnu/lib/rustlib/x86_64-unknown-linux-gnu/lib/libstd_detect-a53d0f50415947be.rlib" "/opt/rustwide/rustup-home/toolchains/beta-2023-04-20-x86_64-unknown-linux-gnu/lib/rustlib/x86_64-unknown-linux-gnu/lib/libhashbrown-d48e4b6abc25b9dc.rlib" "/opt/rustwide/rustup-home/toolchains/beta-2023-04-20-x86_64-unknown-linux-gnu/lib/rustlib/x86_64-unknown-linux-gnu/lib/libminiz_oxide-2991859439ef1207.rlib" "/opt/rustwide/rustup-home/toolchains/beta-2023-04-20-x86_64-unknown-linux-gnu/lib/rustlib/x86_64-unknown-linux-gnu/lib/libadler-8a687517e4221bae.rlib" "/opt/rustwide/rustup-home/toolchains/beta-2023-04-20-x86_64-unknown-linux-gnu/lib/rustlib/x86_64-unknown-linux-gnu/lib/librustc_std_workspace_alloc-e07b554f6a67f5b3.rlib" "/opt/rustwide/rustup-home/toolchains/beta-2023-04-20-x86_64-unknown-linux-gnu/lib/rustlib/x86_64-unknown-linux-gnu/lib/libunwind-b68238b7c3c619dd.rlib" "/opt/rustwide/rustup-home/toolchains/beta-2023-04-20-x86_64-unknown-linux-gnu/lib/rustlib/x86_64-unknown-linux-gnu/lib/libcfg_if-d5e213e896c017e4.rlib" "/opt/rustwide/rustup-home/toolchains/beta-2023-04-20-x86_64-unknown-linux-gnu/lib/rustlib/x86_64-unknown-linux-gnu/lib/liblibc-0211a3b2e61d8689.rlib" "/opt/rustwide/rustup-home/toolchains/beta-2023-04-20-x86_64-unknown-linux-gnu/lib/rustlib/x86_64-unknown-linux-gnu/lib/liballoc-b371f055239ba51f.rlib" "/opt/rustwide/rustup-home/toolchains/beta-2023-04-20-x86_64-unknown-linux-gnu/lib/rustlib/x86_64-unknown-linux-gnu/lib/librustc_std_workspace_core-e60518d2760eb01e.rlib" "/opt/rustwide/rustup-home/toolchains/beta-2023-04-20-x86_64-unknown-linux-gnu/lib/rustlib/x86_64-unknown-linux-gnu/lib/libcore-1ad943f92a4b1081.rlib" "/opt/rustwide/rustup-home/toolchains/beta-2023-04-20-x86_64-unknown-linux-gnu/lib/rustlib/x86_64-unknown-linux-gnu/lib/libcompiler_builtins-f0d6e4d0fc1e80b4.rlib" "-Wl,-Bdynamic" "-lgcc_s" "-lutil" "-lrt" "-lpthread" "-lm" "-ldl" "-lc" "-Wl,--eh-frame-hdr" "-Wl,-z,noexecstack" "-L" "/opt/rustwide/rustup-home/toolchains/beta-2023-04-20-x86_64-unknown-linux-gnu/lib/rustlib/x86_64-unknown-linux-gnu/lib" "-o" "/opt/rustwide/target/debug/examples/nop_preprocessor-47bd1580ccf9d1e5" "-Wl,--gc-sections" "-pie" "-Wl,-z,relro,-z,now" "-nodefaultlibs"
[INFO] [stdout]   = note: collect2: fatal error: ld terminated with signal 9 [Killed]
[INFO] [stdout]           compilation terminated.
[INFO] [stdout]           
[INFO] [stdout] 
[INFO] [stdout] 
[INFO] [stdout] error: aborting due to previous error
[INFO] [stdout] 
[INFO] [stdout] 
[INFO] [stderr] error: could not compile `codam-mdbook` (example "nop-preprocessor" test) due to 2 previous errors
[INFO] running `Command { std: "docker" "inspect" "801de8992cd200b8c7fc5f350f272f69bcef5d746ba6adf7d30241fc63ab96d9", kill_on_drop: false }`
[INFO] running `Command { std: "docker" "rm" "-f" "801de8992cd200b8c7fc5f350f272f69bcef5d746ba6adf7d30241fc63ab96d9", kill_on_drop: false }`
[INFO] [stdout] 801de8992cd200b8c7fc5f350f272f69bcef5d746ba6adf7d30241fc63ab96d9
