[INFO] fetching crate cntrlr 0.1.0...
[INFO] testing cntrlr-0.1.0 against beta-2023-04-20 for beta-1.70-1
[INFO] extracting crate cntrlr 0.1.0 into /workspace/builds/worker-5-tc2/source
[INFO] validating manifest of crates.io crate cntrlr 0.1.0 on toolchain beta-2023-04-20
[INFO] running `Command { std: CARGO_HOME="/workspace/cargo-home" RUSTUP_HOME="/workspace/rustup-home" "/workspace/cargo-home/bin/cargo" "+beta-2023-04-20" "metadata" "--manifest-path" "Cargo.toml" "--no-deps", kill_on_drop: false }`
[INFO] started tweaking crates.io crate cntrlr 0.1.0
[INFO] finished tweaking crates.io crate cntrlr 0.1.0
[INFO] tweaked toml for crates.io crate cntrlr 0.1.0 written to /workspace/builds/worker-5-tc2/source/Cargo.toml
[INFO] crate crates.io crate cntrlr 0.1.0 already has a lockfile, it will not be regenerated
[INFO] running `Command { std: CARGO_HOME="/workspace/cargo-home" RUSTUP_HOME="/workspace/rustup-home" "/workspace/cargo-home/bin/cargo" "+beta-2023-04-20" "fetch" "--manifest-path" "Cargo.toml", kill_on_drop: false }`
[INFO] [stderr] warning: the cargo feature `resolver` has been stabilized in the 1.51 release and is no longer necessary to be listed in the manifest
[INFO] [stderr]   See https://doc.rust-lang.org/beta/cargo/reference/resolver.html#resolver-versions for more information about using this feature.
[INFO] [stderr]     Updating crates.io index
[INFO] [stderr]  Downloading crates ...
[INFO] [stderr]   Downloaded cntrlr-macros v0.1.0
[INFO] [stderr]   Downloaded cntrlr-build v0.1.0
[INFO] [stderr]   Downloaded syn v1.0.55
[INFO] running `Command { std: "docker" "create" "-v" "/var/lib/crater-agent-workspace/builds/worker-5-tc2/target:/opt/rustwide/target:rw,Z" "-v" "/var/lib/crater-agent-workspace/builds/worker-5-tc2/source:/opt/rustwide/workdir:ro,Z" "-v" "/var/lib/crater-agent-workspace/cargo-home:/opt/rustwide/cargo-home:ro,Z" "-v" "/var/lib/crater-agent-workspace/rustup-home:/opt/rustwide/rustup-home:ro,Z" "-e" "SOURCE_DIR=/opt/rustwide/workdir" "-e" "CARGO_TARGET_DIR=/opt/rustwide/target" "-e" "CARGO_HOME=/opt/rustwide/cargo-home" "-e" "RUSTUP_HOME=/opt/rustwide/rustup-home" "-w" "/opt/rustwide/workdir" "-m" "1610612736" "--user" "0:0" "--network" "none" "ghcr.io/rust-lang/crates-build-env/linux@sha256:5ff2268d62e97bff2cde7d5815dd6ed5b47097566f13b8d0ca110b04b60e07ed" "/opt/rustwide/cargo-home/bin/cargo" "+beta-2023-04-20" "metadata" "--no-deps" "--format-version=1", kill_on_drop: false }`
[INFO] [stdout] 6fa4baf4bef7703e7e3936d521bfeb1ab2da81cf8b14a9c3edbdbba5cbf95ba4
[INFO] running `Command { std: "docker" "start" "-a" "6fa4baf4bef7703e7e3936d521bfeb1ab2da81cf8b14a9c3edbdbba5cbf95ba4", kill_on_drop: false }`
[INFO] running `Command { std: "docker" "inspect" "6fa4baf4bef7703e7e3936d521bfeb1ab2da81cf8b14a9c3edbdbba5cbf95ba4", kill_on_drop: false }`
[INFO] running `Command { std: "docker" "rm" "-f" "6fa4baf4bef7703e7e3936d521bfeb1ab2da81cf8b14a9c3edbdbba5cbf95ba4", kill_on_drop: false }`
[INFO] [stdout] 6fa4baf4bef7703e7e3936d521bfeb1ab2da81cf8b14a9c3edbdbba5cbf95ba4
[INFO] running `Command { std: "docker" "create" "-v" "/var/lib/crater-agent-workspace/builds/worker-5-tc2/target:/opt/rustwide/target:rw,Z" "-v" "/var/lib/crater-agent-workspace/builds/worker-5-tc2/source:/opt/rustwide/workdir:ro,Z" "-v" "/var/lib/crater-agent-workspace/cargo-home:/opt/rustwide/cargo-home:ro,Z" "-v" "/var/lib/crater-agent-workspace/rustup-home:/opt/rustwide/rustup-home:ro,Z" "-e" "SOURCE_DIR=/opt/rustwide/workdir" "-e" "CARGO_TARGET_DIR=/opt/rustwide/target" "-e" "CARGO_INCREMENTAL=0" "-e" "RUST_BACKTRACE=full" "-e" "RUSTFLAGS=--cap-lints=warn" "-e" "RUSTDOCFLAGS=--cap-lints=warn" "-e" "CARGO_HOME=/opt/rustwide/cargo-home" "-e" "RUSTUP_HOME=/opt/rustwide/rustup-home" "-w" "/opt/rustwide/workdir" "-m" "1610612736" "--user" "0:0" "--network" "none" "ghcr.io/rust-lang/crates-build-env/linux@sha256:5ff2268d62e97bff2cde7d5815dd6ed5b47097566f13b8d0ca110b04b60e07ed" "/opt/rustwide/cargo-home/bin/cargo" "+beta-2023-04-20" "build" "--frozen" "--message-format=json", kill_on_drop: false }`
[INFO] [stdout] 9903da47f824d831b73ae0fe6712ed2491b42a8bc1ea669dc27d217dfe8e20ce
[INFO] running `Command { std: "docker" "start" "-a" "9903da47f824d831b73ae0fe6712ed2491b42a8bc1ea669dc27d217dfe8e20ce", kill_on_drop: false }`
[INFO] [stderr] warning: the cargo feature `resolver` has been stabilized in the 1.51 release and is no longer necessary to be listed in the manifest
[INFO] [stderr]   See https://doc.rust-lang.org/beta/cargo/reference/resolver.html#resolver-versions for more information about using this feature.
[INFO] [stderr]    Compiling proc-macro2 v1.0.24
[INFO] [stderr]    Compiling syn v1.0.55
[INFO] [stderr]    Compiling cntrlr-build v0.1.0
[INFO] [stderr]    Compiling bit_field v0.10.1
[INFO] [stderr]    Compiling cntrlr v0.1.0 (/opt/rustwide/workdir)
[INFO] [stderr] warning: CNTRLR_BOARD not specified or target is incompatible with selected board
[INFO] [stderr]    Compiling quote v1.0.8
[INFO] [stderr]    Compiling cntrlr-macros v0.1.0
[INFO] [stdout] error: cannot find macro `asm` in this scope
[INFO] [stdout]   --> src/task.rs:71:21
[INFO] [stdout]    |
[INFO] [stdout] 71 |                     asm!("wfi")
[INFO] [stdout]    |                     ^^^
[INFO] [stdout]    |
[INFO] [stdout]    = help: consider importing this macro:
[INFO] [stdout]            core::arch::asm
[INFO] [stdout] 
[INFO] [stdout] 
[INFO] [stdout] error[E0554]: `#![feature]` may not be used on the beta release channel
[INFO] [stdout]   --> src/lib.rs:33:1
[INFO] [stdout]    |
[INFO] [stdout] 33 | / #![feature(
[INFO] [stdout] 34 | |     alloc_error_handler,
[INFO] [stdout] 35 | |     asm,
[INFO] [stdout] 36 | |     cfg_target_has_atomic,
[INFO] [stdout] ...  |
[INFO] [stdout] 41 | |     type_alias_impl_trait
[INFO] [stdout] 42 | | )]
[INFO] [stdout]    | |__^
[INFO] [stdout]    |
[INFO] [stdout]    = help: the feature `generic_associated_types` has been stable since `1.65.0` and no longer requires an attribute to enable
[INFO] [stdout] 
[INFO] [stdout] 
[INFO] [stdout] error[E0554]: `#![feature]` may not be used on the beta release channel
[INFO] [stdout]   --> src/lib.rs:43:34
[INFO] [stdout]    |
[INFO] [stdout] 43 | #![cfg_attr(feature = "doc-cfg", feature(doc_cfg))]
[INFO] [stdout]    |                                  ^^^^^^^^^^^^^^^^
[INFO] [stdout] 
[INFO] [stdout] 
[INFO] [stdout] error[E0658]: `impl Trait` in associated types is unstable
[INFO] [stdout]   --> src/io.rs:82:28
[INFO] [stdout]    |
[INFO] [stdout] 82 |     type ExactFuture<'a> = impl Future<Output = Result<(), Self::Error>> + 'a;
[INFO] [stdout]    |                            ^^^^^^^^^^^^^^^^^^^^^^^^^^^^^^^^^^^^^^^^^^^^^^^^^^
[INFO] [stdout]    |
[INFO] [stdout]    = note: see issue #63063 <https://github.com/rust-lang/rust/issues/63063> for more information
[INFO] [stdout] 
[INFO] [stdout] 
[INFO] [stdout] error[E0658]: `impl Trait` in associated types is unstable
[INFO] [stdout]   --> src/io.rs:83:27
[INFO] [stdout]    |
[INFO] [stdout] 83 |     type LineFuture<'a> = impl Future<Output = Result<(), LineError<Self::Error>>> + 'a;
[INFO] [stdout]    |                           ^^^^^^^^^^^^^^^^^^^^^^^^^^^^^^^^^^^^^^^^^^^^^^^^^^^^^^^^^^^^^
[INFO] [stdout]    |
[INFO] [stdout]    = note: see issue #63063 <https://github.com/rust-lang/rust/issues/63063> for more information
[INFO] [stdout] 
[INFO] [stdout] 
[INFO] [stdout] error[E0658]: `impl Trait` in associated types is unstable
[INFO] [stdout]    --> src/io.rs:134:26
[INFO] [stdout]     |
[INFO] [stdout] 134 |     type AllFuture<'a> = impl Future<Output = Result<(), Self::Error>> + 'a;
[INFO] [stdout]     |                          ^^^^^^^^^^^^^^^^^^^^^^^^^^^^^^^^^^^^^^^^^^^^^^^^^^
[INFO] [stdout]     |
[INFO] [stdout]     = note: see issue #63063 <https://github.com/rust-lang/rust/issues/63063> for more information
[INFO] [stdout] 
[INFO] [stdout] 
[INFO] [stdout] error[E0658]: `impl Trait` in associated types is unstable
[INFO] [stdout]    --> src/io.rs:135:26
[INFO] [stdout]     |
[INFO] [stdout] 135 |     type FmtFuture<'a> = impl Future<Output = Result<(), Self::Error>> + 'a;
[INFO] [stdout]     |                          ^^^^^^^^^^^^^^^^^^^^^^^^^^^^^^^^^^^^^^^^^^^^^^^^^^
[INFO] [stdout]     |
[INFO] [stdout]     = note: see issue #63063 <https://github.com/rust-lang/rust/issues/63063> for more information
[INFO] [stdout] 
[INFO] [stdout] 
[INFO] [stdout] warning: unused import: `core::future::Future`
[INFO] [stdout]  --> src/time.rs:7:5
[INFO] [stdout]   |
[INFO] [stdout] 7 | use core::future::Future;
[INFO] [stdout]   |     ^^^^^^^^^^^^^^^^^^^^
[INFO] [stdout]   |
[INFO] [stdout]   = note: `#[warn(unused_imports)]` on by default
[INFO] [stdout] 
[INFO] [stdout] 
[INFO] [stdout] warning: the feature `generic_associated_types` has been stable since 1.65.0 and no longer requires an attribute to enable
[INFO] [stdout]   --> src/lib.rs:38:5
[INFO] [stdout]    |
[INFO] [stdout] 38 |     generic_associated_types,
[INFO] [stdout]    |     ^^^^^^^^^^^^^^^^^^^^^^^^
[INFO] [stdout]    |
[INFO] [stdout]    = note: `#[warn(stable_features)]` on by default
[INFO] [stdout] 
[INFO] [stdout] 
[INFO] [stdout] error[E0554]: `#![feature]` may not be used on the beta release channel
[INFO] [stdout]   --> src/lib.rs:35:5
[INFO] [stdout]    |
[INFO] [stdout] 35 |     asm,
[INFO] [stdout]    |     ^^^
[INFO] [stdout] 
[INFO] [stdout] 
[INFO] [stdout] error[E0554]: `#![feature]` may not be used on the beta release channel
[INFO] [stdout]   --> src/lib.rs:37:5
[INFO] [stdout]    |
[INFO] [stdout] 37 |     future_poll_fn,
[INFO] [stdout]    |     ^^^^^^^^^^^^^^
[INFO] [stdout] 
[INFO] [stdout] 
[INFO] [stdout] warning: the feature `asm` has been stable since 1.59.0 and no longer requires an attribute to enable
[INFO] [stdout]   --> src/lib.rs:35:5
[INFO] [stdout]    |
[INFO] [stdout] 35 |     asm,
[INFO] [stdout]    |     ^^^
[INFO] [stdout] 
[INFO] [stdout] 
[INFO] [stdout] warning: the feature `future_poll_fn` has been stable since 1.64.0 and no longer requires an attribute to enable
[INFO] [stdout]   --> src/lib.rs:37:5
[INFO] [stdout]    |
[INFO] [stdout] 37 |     future_poll_fn,
[INFO] [stdout]    |     ^^^^^^^^^^^^^^
[INFO] [stdout] 
[INFO] [stdout] 
[INFO] [stdout] error: missing required bound on `Future`
[INFO] [stdout]   --> src/io.rs:26:5
[INFO] [stdout]    |
[INFO] [stdout] 26 |     type Future<'a>: Future<Output = Result<usize, Self::Error>> + 'a;
[INFO] [stdout]    |     ^^^^^^^^^^^^^^^^^^^^^^^^^^^^^^^^^^^^^^^^^^^^^^^^^^^^^^^^^^^^^^^^^-
[INFO] [stdout]    |                                                                      |
[INFO] [stdout]    |                                                                      help: add the required where clause: `where Self: 'a`
[INFO] [stdout]    |
[INFO] [stdout]    = note: this bound is currently required to ensure that impls have maximum flexibility
[INFO] [stdout]    = note: we are soliciting feedback, see issue #87479 <https://github.com/rust-lang/rust/issues/87479> for more information
[INFO] [stdout] 
[INFO] [stdout] 
[INFO] [stdout] error: missing required bound on `FlushFuture`
[INFO] [stdout]   --> src/io.rs:44:5
[INFO] [stdout]    |
[INFO] [stdout] 44 |     type FlushFuture<'a>: Future<Output = Result<(), Self::Error>> + 'a;
[INFO] [stdout]    |     ^^^^^^^^^^^^^^^^^^^^^^^^^^^^^^^^^^^^^^^^^^^^^^^^^^^^^^^^^^^^^^^^^^^-
[INFO] [stdout]    |                                                                        |
[INFO] [stdout]    |                                                                        help: add the required where clause: `where Self: 'a`
[INFO] [stdout]    |
[INFO] [stdout]    = note: this bound is currently required to ensure that impls have maximum flexibility
[INFO] [stdout]    = note: we are soliciting feedback, see issue #87479 <https://github.com/rust-lang/rust/issues/87479> for more information
[INFO] [stdout] 
[INFO] [stdout] 
[INFO] [stdout] error: missing required bound on `Future`
[INFO] [stdout]   --> src/io.rs:41:5
[INFO] [stdout]    |
[INFO] [stdout] 41 |     type Future<'a>: Future<Output = Result<usize, Self::Error>> + 'a;
[INFO] [stdout]    |     ^^^^^^^^^^^^^^^^^^^^^^^^^^^^^^^^^^^^^^^^^^^^^^^^^^^^^^^^^^^^^^^^^-
[INFO] [stdout]    |                                                                      |
[INFO] [stdout]    |                                                                      help: add the required where clause: `where Self: 'a`
[INFO] [stdout]    |
[INFO] [stdout]    = note: this bound is currently required to ensure that impls have maximum flexibility
[INFO] [stdout]    = note: we are soliciting feedback, see issue #87479 <https://github.com/rust-lang/rust/issues/87479> for more information
[INFO] [stdout] 
[INFO] [stdout] 
[INFO] [stdout] error: missing required bound on `ExactFuture`
[INFO] [stdout]   --> src/io.rs:62:5
[INFO] [stdout]    |
[INFO] [stdout] 62 |     type ExactFuture<'a>: Future<Output = Result<(), Self::Error>> + 'a;
[INFO] [stdout]    |     ^^^^^^^^^^^^^^^^^^^^^^^^^^^^^^^^^^^^^^^^^^^^^^^^^^^^^^^^^^^^^^^^^^^-
[INFO] [stdout]    |                                                                        |
[INFO] [stdout]    |                                                                        help: add the required where clause: `where Self: 'a`
[INFO] [stdout]    |
[INFO] [stdout]    = note: this bound is currently required to ensure that impls have maximum flexibility
[INFO] [stdout]    = note: we are soliciting feedback, see issue #87479 <https://github.com/rust-lang/rust/issues/87479> for more information
[INFO] [stdout] 
[INFO] [stdout] 
[INFO] [stdout] error: missing required bound on `LineFuture`
[INFO] [stdout]   --> src/io.rs:65:5
[INFO] [stdout]    |
[INFO] [stdout] 65 |     type LineFuture<'a>: Future<Output = Result<(), LineError<Self::Error>>> + 'a;
[INFO] [stdout]    |     ^^^^^^^^^^^^^^^^^^^^^^^^^^^^^^^^^^^^^^^^^^^^^^^^^^^^^^^^^^^^^^^^^^^^^^^^^^^^^-
[INFO] [stdout]    |                                                                                  |
[INFO] [stdout]    |                                                                                  help: add the required where clause: `where Self: 'a`
[INFO] [stdout]    |
[INFO] [stdout]    = note: this bound is currently required to ensure that impls have maximum flexibility
[INFO] [stdout]    = note: we are soliciting feedback, see issue #87479 <https://github.com/rust-lang/rust/issues/87479> for more information
[INFO] [stdout] 
[INFO] [stdout] 
[INFO] [stdout] error: missing required bound on `FmtFuture`
[INFO] [stdout]    --> src/io.rs:119:5
[INFO] [stdout]     |
[INFO] [stdout] 119 |     type FmtFuture<'a>: Future<Output = Result<(), Self::Error>> + 'a;
[INFO] [stdout]     |     ^^^^^^^^^^^^^^^^^^^^^^^^^^^^^^^^^^^^^^^^^^^^^^^^^^^^^^^^^^^^^^^^^-
[INFO] [stdout]     |                                                                      |
[INFO] [stdout]     |                                                                      help: add the required where clause: `where Self: 'a`
[INFO] [stdout]     |
[INFO] [stdout]     = note: this bound is currently required to ensure that impls have maximum flexibility
[INFO] [stdout]     = note: we are soliciting feedback, see issue #87479 <https://github.com/rust-lang/rust/issues/87479> for more information
[INFO] [stdout] 
[INFO] [stdout] 
[INFO] [stdout] error: missing required bound on `AllFuture`
[INFO] [stdout]    --> src/io.rs:116:5
[INFO] [stdout]     |
[INFO] [stdout] 116 |     type AllFuture<'a>: Future<Output = Result<(), Self::Error>> + 'a;
[INFO] [stdout]     |     ^^^^^^^^^^^^^^^^^^^^^^^^^^^^^^^^^^^^^^^^^^^^^^^^^^^^^^^^^^^^^^^^^-
[INFO] [stdout]     |                                                                      |
[INFO] [stdout]     |                                                                      help: add the required where clause: `where Self: 'a`
[INFO] [stdout]     |
[INFO] [stdout]     = note: this bound is currently required to ensure that impls have maximum flexibility
[INFO] [stdout]     = note: we are soliciting feedback, see issue #87479 <https://github.com/rust-lang/rust/issues/87479> for more information
[INFO] [stdout] 
[INFO] [stdout] 
[INFO] [stdout] error[E0433]: failed to resolve: use of undeclared crate or module `arch`
[INFO] [stdout]    --> src/sync.rs:289:17
[INFO] [stdout]     |
[INFO] [stdout] 289 |             if !arch::interrupts_enabled() {
[INFO] [stdout]     |                 ^^^^ use of undeclared crate or module `arch`
[INFO] [stdout] 
[INFO] [stdout] 
[INFO] [stdout] error[E0433]: failed to resolve: use of undeclared crate or module `arch`
[INFO] [stdout]    --> src/sync.rs:293:21
[INFO] [stdout]     |
[INFO] [stdout] 293 |                     arch::enable_interrupts();
[INFO] [stdout]     |                     ^^^^ use of undeclared crate or module `arch`
[INFO] [stdout] 
[INFO] [stdout] 
[INFO] [stdout] error[E0433]: failed to resolve: use of undeclared crate or module `arch`
[INFO] [stdout]    --> src/sync.rs:301:16
[INFO] [stdout]     |
[INFO] [stdout] 301 |             if arch::interrupts_enabled() {
[INFO] [stdout]     |                ^^^^ use of undeclared crate or module `arch`
[INFO] [stdout] 
[INFO] [stdout] 
[INFO] [stdout] error[E0433]: failed to resolve: use of undeclared crate or module `arch`
[INFO] [stdout]    --> src/sync.rs:302:17
[INFO] [stdout]     |
[INFO] [stdout] 302 |                 arch::disable_interrupts();
[INFO] [stdout]     |                 ^^^^ use of undeclared crate or module `arch`
[INFO] [stdout] 
[INFO] [stdout] 
[INFO] [stdout] error: aborting due to 20 previous errors; 4 warnings emitted
[INFO] [stdout] 
[INFO] [stdout] 
[INFO] [stdout] Some errors have detailed explanations: E0433, E0554, E0658.
[INFO] [stdout] 
[INFO] [stdout] For more information about an error, try `rustc --explain E0433`.
[INFO] [stdout] 
[INFO] [stderr] The following warnings were emitted during compilation:
[INFO] [stderr] 
[INFO] [stderr] warning: CNTRLR_BOARD not specified or target is incompatible with selected board
[INFO] [stderr] 
[INFO] [stderr] error: could not compile `cntrlr` (lib) due to 21 previous errors; 4 warnings emitted
[INFO] running `Command { std: "docker" "inspect" "9903da47f824d831b73ae0fe6712ed2491b42a8bc1ea669dc27d217dfe8e20ce", kill_on_drop: false }`
[INFO] running `Command { std: "docker" "rm" "-f" "9903da47f824d831b73ae0fe6712ed2491b42a8bc1ea669dc27d217dfe8e20ce", kill_on_drop: false }`
[INFO] [stdout] 9903da47f824d831b73ae0fe6712ed2491b42a8bc1ea669dc27d217dfe8e20ce
