[INFO] fetching crate clipboard-win-html 0.1.2...
[INFO] testing clipboard-win-html-0.1.2 against 1.69.0 for beta-1.70-1
[INFO] extracting crate clipboard-win-html 0.1.2 into /workspace/builds/worker-7-tc1/source
[INFO] validating manifest of crates.io crate clipboard-win-html 0.1.2 on toolchain 1.69.0
[INFO] running `Command { std: CARGO_HOME="/workspace/cargo-home" RUSTUP_HOME="/workspace/rustup-home" "/workspace/cargo-home/bin/cargo" "+1.69.0" "metadata" "--manifest-path" "Cargo.toml" "--no-deps", kill_on_drop: false }`
[INFO] started tweaking crates.io crate clipboard-win-html 0.1.2
[INFO] finished tweaking crates.io crate clipboard-win-html 0.1.2
[INFO] tweaked toml for crates.io crate clipboard-win-html 0.1.2 written to /workspace/builds/worker-7-tc1/source/Cargo.toml
[INFO] running `Command { std: CARGO_HOME="/workspace/cargo-home" RUSTUP_HOME="/workspace/rustup-home" __CARGO_TEST_CHANNEL_OVERRIDE_DO_NOT_USE_THIS="nightly" "/workspace/cargo-home/bin/cargo" "+1.69.0" "generate-lockfile" "--manifest-path" "Cargo.toml" "-Zno-index-update", kill_on_drop: false }`
[INFO] running `Command { std: CARGO_HOME="/workspace/cargo-home" RUSTUP_HOME="/workspace/rustup-home" "/workspace/cargo-home/bin/cargo" "+1.69.0" "fetch" "--manifest-path" "Cargo.toml", kill_on_drop: false }`
[INFO] [stderr]  Downloading crates ...
[INFO] [stderr]   Downloaded windows_i686_msvc v0.37.0
[INFO] [stderr]   Downloaded windows_i686_gnu v0.37.0
[INFO] [stderr]   Downloaded windows_x86_64_gnu v0.37.0
[INFO] [stderr]   Downloaded windows_aarch64_msvc v0.37.0
[INFO] [stderr]   Downloaded windows_x86_64_msvc v0.37.0
[INFO] [stderr]   Downloaded windows v0.37.0
[INFO] running `Command { std: "docker" "create" "-v" "/var/lib/crater-agent-workspace/builds/worker-7-tc1/target:/opt/rustwide/target:rw,Z" "-v" "/var/lib/crater-agent-workspace/builds/worker-7-tc1/source:/opt/rustwide/workdir:ro,Z" "-v" "/var/lib/crater-agent-workspace/cargo-home:/opt/rustwide/cargo-home:ro,Z" "-v" "/var/lib/crater-agent-workspace/rustup-home:/opt/rustwide/rustup-home:ro,Z" "-e" "SOURCE_DIR=/opt/rustwide/workdir" "-e" "CARGO_TARGET_DIR=/opt/rustwide/target" "-e" "CARGO_HOME=/opt/rustwide/cargo-home" "-e" "RUSTUP_HOME=/opt/rustwide/rustup-home" "-w" "/opt/rustwide/workdir" "-m" "1610612736" "--user" "0:0" "--network" "none" "ghcr.io/rust-lang/crates-build-env/linux@sha256:5ff2268d62e97bff2cde7d5815dd6ed5b47097566f13b8d0ca110b04b60e07ed" "/opt/rustwide/cargo-home/bin/cargo" "+1.69.0" "metadata" "--no-deps" "--format-version=1", kill_on_drop: false }`
[INFO] [stdout] cf14894d05a63bb7d7a14de42c6b51cd9a27d688af15f0dc6bb7b6b5745fbddc
[INFO] running `Command { std: "docker" "start" "-a" "cf14894d05a63bb7d7a14de42c6b51cd9a27d688af15f0dc6bb7b6b5745fbddc", kill_on_drop: false }`
[INFO] running `Command { std: "docker" "inspect" "cf14894d05a63bb7d7a14de42c6b51cd9a27d688af15f0dc6bb7b6b5745fbddc", kill_on_drop: false }`
[INFO] running `Command { std: "docker" "rm" "-f" "cf14894d05a63bb7d7a14de42c6b51cd9a27d688af15f0dc6bb7b6b5745fbddc", kill_on_drop: false }`
[INFO] [stdout] cf14894d05a63bb7d7a14de42c6b51cd9a27d688af15f0dc6bb7b6b5745fbddc
[INFO] running `Command { std: "docker" "create" "-v" "/var/lib/crater-agent-workspace/builds/worker-7-tc1/target:/opt/rustwide/target:rw,Z" "-v" "/var/lib/crater-agent-workspace/builds/worker-7-tc1/source:/opt/rustwide/workdir:ro,Z" "-v" "/var/lib/crater-agent-workspace/cargo-home:/opt/rustwide/cargo-home:ro,Z" "-v" "/var/lib/crater-agent-workspace/rustup-home:/opt/rustwide/rustup-home:ro,Z" "-e" "SOURCE_DIR=/opt/rustwide/workdir" "-e" "CARGO_TARGET_DIR=/opt/rustwide/target" "-e" "CARGO_INCREMENTAL=0" "-e" "RUST_BACKTRACE=full" "-e" "RUSTFLAGS=--cap-lints=warn" "-e" "RUSTDOCFLAGS=--cap-lints=warn" "-e" "CARGO_HOME=/opt/rustwide/cargo-home" "-e" "RUSTUP_HOME=/opt/rustwide/rustup-home" "-w" "/opt/rustwide/workdir" "-m" "1610612736" "--user" "0:0" "--network" "none" "ghcr.io/rust-lang/crates-build-env/linux@sha256:5ff2268d62e97bff2cde7d5815dd6ed5b47097566f13b8d0ca110b04b60e07ed" "/opt/rustwide/cargo-home/bin/cargo" "+1.69.0" "build" "--frozen" "--message-format=json", kill_on_drop: false }`
[INFO] [stdout] 04c38e66ce95d6ed96b3dd1ed231f1097f1bf85c1e8e1d50c66fb66b3c63f0cd
[INFO] running `Command { std: "docker" "start" "-a" "04c38e66ce95d6ed96b3dd1ed231f1097f1bf85c1e8e1d50c66fb66b3c63f0cd", kill_on_drop: false }`
[INFO] [stderr]     Blocking waiting for file lock on package cache
[INFO] [stderr]    Compiling windows v0.37.0
[INFO] [stdout] error[E0433]: failed to resolve: could not find `windows` in `os`
[INFO] [stdout]   --> /opt/rustwide/cargo-home/registry/src/github.com-1ecc6299db9ec823/windows-0.37.0/src/core/hstring.rs:53:18
[INFO] [stdout]    |
[INFO] [stdout] 53 |         std::os::windows::ffi::OsStringExt::from_wide(self.as_wide())
[INFO] [stdout]    |                  ^^^^^^^ could not find `windows` in `os`
[INFO] [stdout]    |
[INFO] [stdout] help: consider importing this trait
[INFO] [stdout]    |
[INFO] [stdout] 1  | use std::os::unix::prelude::OsStringExt;
[INFO] [stdout]    |
[INFO] [stdout] help: if you import `OsStringExt`, refer to it directly
[INFO] [stdout]    |
[INFO] [stdout] 53 -         std::os::windows::ffi::OsStringExt::from_wide(self.as_wide())
[INFO] [stdout] 53 +         OsStringExt::from_wide(self.as_wide())
[INFO] [stdout]    |
[INFO] [stdout] 
[INFO] [stdout] 
[INFO] [stdout] error[E0433]: failed to resolve: could not find `windows` in `os`
[INFO] [stdout]    --> /opt/rustwide/cargo-home/registry/src/github.com-1ecc6299db9ec823/windows-0.37.0/src/core/hstring.rs:173:48
[INFO] [stdout]     |
[INFO] [stdout] 173 |         unsafe { Self::from_wide_iter(std::os::windows::ffi::OsStrExt::encode_wide(value), value.len() as u32) }
[INFO] [stdout]     |                                                ^^^^^^^ could not find `windows` in `os`
[INFO] [stdout]     |
[INFO] [stdout] help: consider importing this trait
[INFO] [stdout]     |
[INFO] [stdout] 1   | use std::os::unix::prelude::OsStrExt;
[INFO] [stdout]     |
[INFO] [stdout] help: if you import `OsStrExt`, refer to it directly
[INFO] [stdout]     |
[INFO] [stdout] 173 -         unsafe { Self::from_wide_iter(std::os::windows::ffi::OsStrExt::encode_wide(value), value.len() as u32) }
[INFO] [stdout] 173 +         unsafe { Self::from_wide_iter(OsStrExt::encode_wide(value), value.len() as u32) }
[INFO] [stdout]     |
[INFO] [stdout] 
[INFO] [stdout] 
[INFO] [stdout] error[E0433]: failed to resolve: could not find `windows` in `os`
[INFO] [stdout]    --> /opt/rustwide/cargo-home/registry/src/github.com-1ecc6299db9ec823/windows-0.37.0/src/core/hstring.rs:287:52
[INFO] [stdout]     |
[INFO] [stdout] 287 |         self.as_wide().iter().copied().eq(std::os::windows::ffi::OsStrExt::encode_wide(other))
[INFO] [stdout]     |                                                    ^^^^^^^ could not find `windows` in `os`
[INFO] [stdout]     |
[INFO] [stdout] help: consider importing this trait
[INFO] [stdout]     |
[INFO] [stdout] 1   | use std::os::unix::prelude::OsStrExt;
[INFO] [stdout]     |
[INFO] [stdout] help: if you import `OsStrExt`, refer to it directly
[INFO] [stdout]     |
[INFO] [stdout] 287 -         self.as_wide().iter().copied().eq(std::os::windows::ffi::OsStrExt::encode_wide(other))
[INFO] [stdout] 287 +         self.as_wide().iter().copied().eq(OsStrExt::encode_wide(other))
[INFO] [stdout]     |
[INFO] [stdout] 
[INFO] [stdout] 
[INFO] [stdout] error: aborting due to 3 previous errors
[INFO] [stdout] 
[INFO] [stdout] 
[INFO] [stdout] For more information about this error, try `rustc --explain E0433`.
[INFO] [stdout] 
[INFO] [stderr] error: could not compile `windows` due to 4 previous errors
[INFO] running `Command { std: "docker" "inspect" "04c38e66ce95d6ed96b3dd1ed231f1097f1bf85c1e8e1d50c66fb66b3c63f0cd", kill_on_drop: false }`
[INFO] running `Command { std: "docker" "rm" "-f" "04c38e66ce95d6ed96b3dd1ed231f1097f1bf85c1e8e1d50c66fb66b3c63f0cd", kill_on_drop: false }`
[INFO] [stdout] 04c38e66ce95d6ed96b3dd1ed231f1097f1bf85c1e8e1d50c66fb66b3c63f0cd
