[INFO] fetching crate clap2 4.1.8...
[INFO] testing clap2-4.1.8 against 1.69.0 for beta-1.70-1
[INFO] extracting crate clap2 4.1.8 into /workspace/builds/worker-0-tc1/source
[INFO] validating manifest of crates.io crate clap2 4.1.8 on toolchain 1.69.0
[INFO] running `Command { std: CARGO_HOME="/workspace/cargo-home" RUSTUP_HOME="/workspace/rustup-home" "/workspace/cargo-home/bin/cargo" "+1.69.0" "metadata" "--manifest-path" "Cargo.toml" "--no-deps", kill_on_drop: false }`
[INFO] started tweaking crates.io crate clap2 4.1.8
[INFO] removed 0 missing examples
[INFO] finished tweaking crates.io crate clap2 4.1.8
[INFO] tweaked toml for crates.io crate clap2 4.1.8 written to /workspace/builds/worker-0-tc1/source/Cargo.toml
[INFO] crate crates.io crate clap2 4.1.8 already has a lockfile, it will not be regenerated
[INFO] running `Command { std: CARGO_HOME="/workspace/cargo-home" RUSTUP_HOME="/workspace/rustup-home" "/workspace/cargo-home/bin/cargo" "+1.69.0" "fetch" "--manifest-path" "Cargo.toml", kill_on_drop: false }`
[INFO] [stderr]  Downloading crates ...
[INFO] [stderr]   Downloaded escargot v0.5.7
[INFO] [stderr]   Downloaded humantime-serde v1.1.1
[INFO] [stderr]   Downloaded concolor v0.0.12
[INFO] [stderr]   Downloaded unic-emoji-char v0.9.0
[INFO] [stderr]   Downloaded os_pipe v1.1.3
[INFO] [stderr]   Downloaded snapbox-macros v0.3.1
[INFO] [stderr]   Downloaded trybuild v1.0.77
[INFO] [stderr]   Downloaded basic-toml v0.1.1
[INFO] [stderr]   Downloaded trycmd v0.14.13
[INFO] [stderr]   Downloaded snapbox v0.4.8
[INFO] running `Command { std: "docker" "create" "-v" "/var/lib/crater-agent-workspace/builds/worker-0-tc1/target:/opt/rustwide/target:rw,Z" "-v" "/var/lib/crater-agent-workspace/builds/worker-0-tc1/source:/opt/rustwide/workdir:ro,Z" "-v" "/var/lib/crater-agent-workspace/cargo-home:/opt/rustwide/cargo-home:ro,Z" "-v" "/var/lib/crater-agent-workspace/rustup-home:/opt/rustwide/rustup-home:ro,Z" "-e" "SOURCE_DIR=/opt/rustwide/workdir" "-e" "CARGO_TARGET_DIR=/opt/rustwide/target" "-e" "CARGO_HOME=/opt/rustwide/cargo-home" "-e" "RUSTUP_HOME=/opt/rustwide/rustup-home" "-w" "/opt/rustwide/workdir" "-m" "1610612736" "--user" "0:0" "--network" "none" "ghcr.io/rust-lang/crates-build-env/linux@sha256:5ff2268d62e97bff2cde7d5815dd6ed5b47097566f13b8d0ca110b04b60e07ed" "/opt/rustwide/cargo-home/bin/cargo" "+1.69.0" "metadata" "--no-deps" "--format-version=1", kill_on_drop: false }`
[INFO] [stdout] e142dc121844d0740f8bc949dd27bbe5e5743e66b1e88284a2c18cae6e4479d2
[INFO] running `Command { std: "docker" "start" "-a" "e142dc121844d0740f8bc949dd27bbe5e5743e66b1e88284a2c18cae6e4479d2", kill_on_drop: false }`
[INFO] running `Command { std: "docker" "inspect" "e142dc121844d0740f8bc949dd27bbe5e5743e66b1e88284a2c18cae6e4479d2", kill_on_drop: false }`
[INFO] running `Command { std: "docker" "rm" "-f" "e142dc121844d0740f8bc949dd27bbe5e5743e66b1e88284a2c18cae6e4479d2", kill_on_drop: false }`
[INFO] [stdout] e142dc121844d0740f8bc949dd27bbe5e5743e66b1e88284a2c18cae6e4479d2
[INFO] running `Command { std: "docker" "create" "-v" "/var/lib/crater-agent-workspace/builds/worker-0-tc1/target:/opt/rustwide/target:rw,Z" "-v" "/var/lib/crater-agent-workspace/builds/worker-0-tc1/source:/opt/rustwide/workdir:ro,Z" "-v" "/var/lib/crater-agent-workspace/cargo-home:/opt/rustwide/cargo-home:ro,Z" "-v" "/var/lib/crater-agent-workspace/rustup-home:/opt/rustwide/rustup-home:ro,Z" "-e" "SOURCE_DIR=/opt/rustwide/workdir" "-e" "CARGO_TARGET_DIR=/opt/rustwide/target" "-e" "CARGO_INCREMENTAL=0" "-e" "RUST_BACKTRACE=full" "-e" "RUSTFLAGS=--cap-lints=warn" "-e" "RUSTDOCFLAGS=--cap-lints=warn" "-e" "CARGO_HOME=/opt/rustwide/cargo-home" "-e" "RUSTUP_HOME=/opt/rustwide/rustup-home" "-w" "/opt/rustwide/workdir" "-m" "1610612736" "--user" "0:0" "--network" "none" "ghcr.io/rust-lang/crates-build-env/linux@sha256:5ff2268d62e97bff2cde7d5815dd6ed5b47097566f13b8d0ca110b04b60e07ed" "/opt/rustwide/cargo-home/bin/cargo" "+1.69.0" "build" "--frozen" "--message-format=json", kill_on_drop: false }`
[INFO] [stdout] 0fdd2fe173add098a1f0829949710f565056f323c26b02e1c0424e97e6711ac1
[INFO] running `Command { std: "docker" "start" "-a" "0fdd2fe173add098a1f0829949710f565056f323c26b02e1c0424e97e6711ac1", kill_on_drop: false }`
[INFO] [stderr]    Compiling libc v0.2.139
[INFO] [stderr]    Compiling io-lifetimes v1.0.5
[INFO] [stderr]    Compiling rustix v0.36.8
[INFO] [stderr]    Compiling linux-raw-sys v0.1.4
[INFO] [stderr]    Compiling os_str_bytes v6.4.1
[INFO] [stderr]    Compiling strsim v0.10.0
[INFO] [stderr]    Compiling termcolor v1.2.0
[INFO] [stderr]    Compiling clap_lex v0.3.2
[INFO] [stderr]    Compiling is-terminal v0.4.4
[INFO] [stderr]    Compiling clap2 v4.1.8 (/opt/rustwide/workdir)
[INFO] [stderr]     Finished dev [unoptimized + debuginfo] target(s) in 6.19s
[INFO] running `Command { std: "docker" "inspect" "0fdd2fe173add098a1f0829949710f565056f323c26b02e1c0424e97e6711ac1", kill_on_drop: false }`
[INFO] running `Command { std: "docker" "rm" "-f" "0fdd2fe173add098a1f0829949710f565056f323c26b02e1c0424e97e6711ac1", kill_on_drop: false }`
[INFO] [stdout] 0fdd2fe173add098a1f0829949710f565056f323c26b02e1c0424e97e6711ac1
[INFO] running `Command { std: "docker" "create" "-v" "/var/lib/crater-agent-workspace/builds/worker-0-tc1/target:/opt/rustwide/target:rw,Z" "-v" "/var/lib/crater-agent-workspace/builds/worker-0-tc1/source:/opt/rustwide/workdir:ro,Z" "-v" "/var/lib/crater-agent-workspace/cargo-home:/opt/rustwide/cargo-home:ro,Z" "-v" "/var/lib/crater-agent-workspace/rustup-home:/opt/rustwide/rustup-home:ro,Z" "-e" "SOURCE_DIR=/opt/rustwide/workdir" "-e" "CARGO_TARGET_DIR=/opt/rustwide/target" "-e" "CARGO_INCREMENTAL=0" "-e" "RUST_BACKTRACE=full" "-e" "RUSTFLAGS=--cap-lints=warn" "-e" "RUSTDOCFLAGS=--cap-lints=warn" "-e" "CARGO_HOME=/opt/rustwide/cargo-home" "-e" "RUSTUP_HOME=/opt/rustwide/rustup-home" "-w" "/opt/rustwide/workdir" "-m" "1610612736" "--user" "0:0" "--network" "none" "ghcr.io/rust-lang/crates-build-env/linux@sha256:5ff2268d62e97bff2cde7d5815dd6ed5b47097566f13b8d0ca110b04b60e07ed" "/opt/rustwide/cargo-home/bin/cargo" "+1.69.0" "test" "--frozen" "--no-run" "--message-format=json", kill_on_drop: false }`
[INFO] [stdout] 48c5adb98330424017e9a6021b48c26482e027d826663b589238e40952e641ce
[INFO] running `Command { std: "docker" "start" "-a" "48c5adb98330424017e9a6021b48c26482e027d826663b589238e40952e641ce", kill_on_drop: false }`
[INFO] [stderr]     Blocking waiting for file lock on package cache
[INFO] [stderr]    Compiling proc-macro2 v1.0.51
[INFO] [stderr]    Compiling unicode-ident v1.0.6
[INFO] [stderr]    Compiling quote v1.0.23
[INFO] [stderr]    Compiling serde_derive v1.0.152
[INFO] [stderr]    Compiling serde v1.0.152
[INFO] [stderr]    Compiling cfg-if v1.0.0
[INFO] [stderr]    Compiling linux-raw-sys v0.1.4
[INFO] [stderr]    Compiling serde_json v1.0.93
[INFO] [stderr]    Compiling bitflags v1.3.2
[INFO] [stderr]    Compiling itoa v1.0.5
[INFO] [stderr]    Compiling libc v0.2.139
[INFO] [stderr]    Compiling io-lifetimes v1.0.5
[INFO] [stderr]    Compiling crossbeam-utils v0.8.15
[INFO] [stderr]    Compiling memoffset v0.8.0
[INFO] [stderr]    Compiling rustix v0.36.8
[INFO] [stderr]    Compiling crossbeam-epoch v0.9.14
[INFO] [stderr]    Compiling ryu v1.0.12
[INFO] [stderr]    Compiling scopeguard v1.1.0
[INFO] [stderr]    Compiling log v0.4.17
[INFO] [stderr]    Compiling indexmap v1.9.2
[INFO] [stderr]    Compiling once_cell v1.17.1
[INFO] [stderr]    Compiling rayon-core v1.10.2
[INFO] [stderr]    Compiling escargot v0.5.7
[INFO] [stderr]    Compiling concolor-query v0.1.0
[INFO] [stderr]    Compiling hashbrown v0.12.3
[INFO] [stderr]    Compiling snapbox-macros v0.3.1
[INFO] [stderr]    Compiling os_str_bytes v6.4.1
[INFO] [stderr]    Compiling crossbeam-channel v0.5.7
[INFO] [stderr]    Compiling unic-char-range v0.9.0
[INFO] [stderr]    Compiling yansi v0.5.1
[INFO] [stderr]    Compiling termcolor v1.2.0
[INFO] [stderr]    Compiling glob v0.3.1
[INFO] [stderr]    Compiling rustversion v1.0.11
[INFO] [stderr]    Compiling unic-common v0.9.0
[INFO] [stderr]    Compiling winnow v0.3.3
[INFO] [stderr]    Compiling normalize-line-endings v0.3.0
[INFO] [stderr]    Compiling similar v2.2.1
[INFO] [stderr]    Compiling either v1.8.1
[INFO] [stderr]    Compiling humantime v2.1.0
[INFO] [stderr]    Compiling crossbeam-deque v0.8.3
[INFO] [stderr]    Compiling trybuild v1.0.77
[INFO] [stderr]    Compiling unic-ucd-version v0.9.0
[INFO] [stderr]    Compiling syn v1.0.109
[INFO] [stderr]    Compiling clap_lex v0.3.2
[INFO] [stderr]    Compiling unic-char-property v0.9.0
[INFO] [stderr]    Compiling shlex v1.1.0
[INFO] [stderr]    Compiling strsim v0.10.0
[INFO] [stderr]    Compiling unic-emoji-char v0.9.0
[INFO] [stderr]    Compiling num_cpus v1.15.0
[INFO] [stderr]    Compiling wait-timeout v0.2.0
[INFO] [stderr]    Compiling os_pipe v1.1.3
[INFO] [stderr]    Compiling static_assertions v1.1.0
[INFO] [stderr]    Compiling rayon v1.6.1
[INFO] [stderr]    Compiling is-terminal v0.4.4
[INFO] [stderr]    Compiling concolor v0.0.12
[INFO] [stderr]    Compiling clap2 v4.1.8 (/opt/rustwide/workdir)
[INFO] [stderr]    Compiling serde_spanned v0.6.1
[INFO] [stderr]    Compiling toml_datetime v0.6.1
[INFO] [stderr]    Compiling basic-toml v0.1.1
[INFO] [stderr]    Compiling humantime-serde v1.1.1
[INFO] [stderr]    Compiling toml_edit v0.19.4
[INFO] [stderr]    Compiling snapbox v0.4.8
[INFO] [stderr]    Compiling trycmd v0.14.13
[INFO] [stdout] error[E0432]: unresolved import `clap`
[INFO] [stdout]  --> examples/multicall-hostname.rs:1:5
[INFO] [stdout]   |
[INFO] [stdout] 1 | use clap::Command;
[INFO] [stdout]   |     ^^^^ use of undeclared crate or module `clap`
[INFO] [stdout]   |
[INFO] [stdout] help: there is a crate or module with a similar name
[INFO] [stdout]   |
[INFO] [stdout] 1 | use clap2::Command;
[INFO] [stdout]   |     ~~~~~
[INFO] [stdout] 
[INFO] [stdout] 
[INFO] [stdout] error[E0432]: unresolved import `clap`
[INFO] [stdout]  --> examples/multicall-busybox.rs:4:5
[INFO] [stdout]   |
[INFO] [stdout] 4 | use clap::{value_parser, Arg, ArgAction, Command};
[INFO] [stdout]   |     ^^^^ use of undeclared crate or module `clap`
[INFO] [stdout]   |
[INFO] [stdout] help: there is a crate or module with a similar name
[INFO] [stdout]   |
[INFO] [stdout] 4 | use clap2::{value_parser, Arg, ArgAction, Command};
[INFO] [stdout]   |     ~~~~~
[INFO] [stdout] 
[INFO] [stdout] 
[INFO] [stdout] error: cannot determine resolution for the macro `value_parser`
[INFO] [stdout]   --> examples/multicall-busybox.rs:28:39
[INFO] [stdout]    |
[INFO] [stdout] 28 |                         .value_parser(value_parser!(PathBuf)),
[INFO] [stdout]    |                                       ^^^^^^^^^^^^
[INFO] [stdout]    |
[INFO] [stdout]    = note: import resolution is stuck, try simplifying macro imports
[INFO] [stdout] 
[INFO] [stdout] 
[INFO] [stdout] warning: unused import: `std::path::PathBuf`
[INFO] [stdout]  --> examples/multicall-busybox.rs:1:5
[INFO] [stdout]   |
[INFO] [stdout] 1 | use std::path::PathBuf;
[INFO] [stdout]   |     ^^^^^^^^^^^^^^^^^^
[INFO] [stdout]   |
[INFO] [stdout]   = note: `#[warn(unused_imports)]` on by default
[INFO] [stdout] 
[INFO] [stdout] 
[INFO] [stdout] error[E0432]: unresolved import `clap`
[INFO] [stdout]  --> examples/tutorial_builder/02_apps.rs:1:5
[INFO] [stdout]   |
[INFO] [stdout] 1 | use clap::{arg, Command};
[INFO] [stdout]   |     ^^^^ use of undeclared crate or module `clap`
[INFO] [stdout]   |
[INFO] [stdout] help: there is a crate or module with a similar name
[INFO] [stdout]   |
[INFO] [stdout] 1 | use clap2::{arg, Command};
[INFO] [stdout]   |     ~~~~~
[INFO] [stdout] 
[INFO] [stdout] 
[INFO] [stdout] error: cannot determine resolution for the macro `arg`
[INFO] [stdout]  --> examples/tutorial_builder/02_apps.rs:8:14
[INFO] [stdout]   |
[INFO] [stdout] 8 |         .arg(arg!(--two <VALUE>).required(true))
[INFO] [stdout]   |              ^^^
[INFO] [stdout]   |
[INFO] [stdout]   = note: import resolution is stuck, try simplifying macro imports
[INFO] [stdout] 
[INFO] [stdout] 
[INFO] [stdout] error: cannot determine resolution for the macro `arg`
[INFO] [stdout]  --> examples/tutorial_builder/02_apps.rs:9:14
[INFO] [stdout]   |
[INFO] [stdout] 9 |         .arg(arg!(--one <VALUE>).required(true))
[INFO] [stdout]   |              ^^^
[INFO] [stdout]   |
[INFO] [stdout]   = note: import resolution is stuck, try simplifying macro imports
[INFO] [stdout] 
[INFO] [stdout] 
[INFO] [stdout] error: aborting due to previous error
[INFO] [stdout] 
[INFO] [stdout] 
[INFO] [stdout] For more information about this error, try `rustc --explain E0432`.
[INFO] [stdout] 
[INFO] [stdout] error: aborting due to 2 previous errors; 1 warning emitted
[INFO] [stdout] 
[INFO] [stdout] 
[INFO] [stdout] error: aborting due to 3 previous errors
[INFO] [stdout] 
[INFO] [stdout] 
[INFO] [stdout] For more information about this error, try `rustc --explain E0432`.
[INFO] [stdout] 
[INFO] [stdout] For more information about this error, try `rustc --explain E0432`.
[INFO] [stdout] 
[INFO] [stdout] error[E0432]: unresolved import `clap`
[INFO] [stdout]  --> examples/git.rs:4:5
[INFO] [stdout]   |
[INFO] [stdout] 4 | use clap::{arg, Command};
[INFO] [stdout]   |     ^^^^ use of undeclared crate or module `clap`
[INFO] [stdout]   |
[INFO] [stdout] help: there is a crate or module with a similar name
[INFO] [stdout]   |
[INFO] [stdout] 4 | use clap2::{arg, Command};
[INFO] [stdout]   |     ~~~~~
[INFO] [stdout] 
[INFO] [stdout] 
[INFO] [stdout] error[E0433]: failed to resolve: use of undeclared crate or module `clap`
[INFO] [stdout]   --> examples/git.rs:43:67
[INFO] [stdout]    |
[INFO] [stdout] 43 |                 .arg(arg!(<PATH> ... "Stuff to add").value_parser(clap::value_parser!(PathBuf))),
[INFO] [stdout]    |                                                                   ^^^^ use of undeclared crate or module `clap`
[INFO] [stdout] 
[INFO] [stdout] 
[INFO] [stdout] error: cannot determine resolution for the macro `arg`
[INFO] [stdout]   --> examples/git.rs:15:22
[INFO] [stdout]    |
[INFO] [stdout] 15 |                 .arg(arg!(<REMOTE> "The remote to clone"))
[INFO] [stdout]    |                      ^^^
[INFO] [stdout]    |
[INFO] [stdout]    = note: import resolution is stuck, try simplifying macro imports
[INFO] [stdout] 
[INFO] [stdout] 
[INFO] [stdout] error: cannot determine resolution for the macro `arg`
[INFO] [stdout]   --> examples/git.rs:21:22
[INFO] [stdout]    |
[INFO] [stdout] 21 |                 .arg(arg!(base: [COMMIT]))
[INFO] [stdout]    |                      ^^^
[INFO] [stdout]    |
[INFO] [stdout]    = note: import resolution is stuck, try simplifying macro imports
[INFO] [stdout] 
[INFO] [stdout] 
[INFO] [stdout] error: cannot determine resolution for the macro `arg`
[INFO] [stdout]   --> examples/git.rs:22:22
[INFO] [stdout]    |
[INFO] [stdout] 22 |                 .arg(arg!(head: [COMMIT]))
[INFO] [stdout]    |                      ^^^
[INFO] [stdout]    |
[INFO] [stdout]    = note: import resolution is stuck, try simplifying macro imports
[INFO] [stdout] 
[INFO] [stdout] 
[INFO] [stdout] error: cannot determine resolution for the macro `arg`
[INFO] [stdout]   --> examples/git.rs:23:22
[INFO] [stdout]    |
[INFO] [stdout] 23 |                 .arg(arg!(path: [PATH]).last(true))
[INFO] [stdout]    |                      ^^^
[INFO] [stdout]    |
[INFO] [stdout]    = note: import resolution is stuck, try simplifying macro imports
[INFO] [stdout] 
[INFO] [stdout] 
[INFO] [stdout] error: cannot determine resolution for the macro `arg`
[INFO] [stdout]   --> examples/git.rs:25:21
[INFO] [stdout]    |
[INFO] [stdout] 25 |                     arg!(--color <WHEN>)
[INFO] [stdout]    |                     ^^^
[INFO] [stdout]    |
[INFO] [stdout]    = note: import resolution is stuck, try simplifying macro imports
[INFO] [stdout] 
[INFO] [stdout] 
[INFO] [stdout] error: cannot determine resolution for the macro `arg`
[INFO] [stdout]   --> examples/git.rs:36:22
[INFO] [stdout]    |
[INFO] [stdout] 36 |                 .arg(arg!(<REMOTE> "The remote to target"))
[INFO] [stdout]    |                      ^^^
[INFO] [stdout]    |
[INFO] [stdout]    = note: import resolution is stuck, try simplifying macro imports
[INFO] [stdout] 
[INFO] [stdout] 
[INFO] [stdout] error: cannot determine resolution for the macro `arg`
[INFO] [stdout]   --> examples/git.rs:43:22
[INFO] [stdout]    |
[INFO] [stdout] 43 |                 .arg(arg!(<PATH> ... "Stuff to add").value_parser(clap::value_parser!(PathBuf))),
[INFO] [stdout]    |                      ^^^
[INFO] [stdout]    |
[INFO] [stdout]    = note: import resolution is stuck, try simplifying macro imports
[INFO] [stdout] 
[INFO] [stdout] 
[INFO] [stdout] error: cannot determine resolution for the macro `arg`
[INFO] [stdout]   --> examples/git.rs:50:53
[INFO] [stdout]    |
[INFO] [stdout] 50 |                 .subcommand(Command::new("pop").arg(arg!([STASH])))
[INFO] [stdout]    |                                                     ^^^
[INFO] [stdout]    |
[INFO] [stdout]    = note: import resolution is stuck, try simplifying macro imports
[INFO] [stdout] 
[INFO] [stdout] 
[INFO] [stderr] error: could not compile `clap2` due to 4 previous errors
[INFO] [stdout] error: cannot determine resolution for the macro `arg`
[INFO] [stdout]   --> examples/git.rs:51:55
[INFO] [stdout]    |
[INFO] [stdout] 51 |                 .subcommand(Command::new("apply").arg(arg!([STASH]))),
[INFO] [stdout]    |                                                       ^^^
[INFO] [stdout]    |
[INFO] [stdout]    = note: import resolution is stuck, try simplifying macro imports
[INFO] [stdout] 
[INFO] [stdout] 
[INFO] [stderr] warning: build failed, waiting for other jobs to finish...
[INFO] [stdout] error: cannot determine resolution for the macro `arg`
[INFO] [stdout]   --> examples/git.rs:56:10
[INFO] [stdout]    |
[INFO] [stdout] 56 |     vec![arg!(-m --message <MESSAGE>)]
[INFO] [stdout]    |          ^^^
[INFO] [stdout]    |
[INFO] [stdout]    = note: import resolution is stuck, try simplifying macro imports
[INFO] [stdout] 
[INFO] [stdout] 
[INFO] [stderr] error: could not compile `clap2` due to 2 previous errors
[INFO] [stdout] error[E0433]: failed to resolve: use of undeclared crate or module `clap`
[INFO] [stdout]   --> examples/git.rs:55:23
[INFO] [stdout]    |
[INFO] [stdout] 55 | fn push_args() -> Vec<clap::Arg> {
[INFO] [stdout]    |                       ^^^^ use of undeclared crate or module `clap`
[INFO] [stdout]    |
[INFO] [stdout] help: there is a crate or module with a similar name
[INFO] [stdout]    |
[INFO] [stdout] 55 | fn push_args() -> Vec<clap2::Arg> {
[INFO] [stdout]    |                       ~~~~~
[INFO] [stdout] 
[INFO] [stdout] 
[INFO] [stderr] error: could not compile `clap2` due to 3 previous errors; 1 warning emitted
[INFO] [stdout] error[E0432]: unresolved import `clap`
[INFO] [stdout]  --> examples/pacman.rs:1:5
[INFO] [stdout]   |
[INFO] [stdout] 1 | use clap::{Arg, ArgAction, Command};
[INFO] [stdout]   |     ^^^^ use of undeclared crate or module `clap`
[INFO] [stdout]   |
[INFO] [stdout] help: there is a crate or module with a similar name
[INFO] [stdout]   |
[INFO] [stdout] 1 | use clap2::{Arg, ArgAction, Command};
[INFO] [stdout]   |     ~~~~~
[INFO] [stdout] 
[INFO] [stdout] 
[INFO] [stdout] error: aborting due to 13 previous errors
[INFO] [stdout] 
[INFO] [stdout] 
[INFO] [stdout] error[E0432]: unresolved import `clap`
[INFO] [stdout]  --> examples/repl.rs:3:5
[INFO] [stdout]   |
[INFO] [stdout] 3 | use clap::Command;
[INFO] [stdout]   |     ^^^^ use of undeclared crate or module `clap`
[INFO] [stdout]   |
[INFO] [stdout] help: there is a crate or module with a similar name
[INFO] [stdout]   |
[INFO] [stdout] 3 | use clap2::Command;
[INFO] [stdout]   |     ~~~~~
[INFO] [stdout] 
[INFO] [stdout] 
[INFO] [stdout] Some errors have detailed explanations: E0432, E0433.
[INFO] [stdout] 
[INFO] [stdout] For more information about an error, try `rustc --explain E0432`.
[INFO] [stdout] 
[INFO] [stderr] error: could not compile `clap2` due to 14 previous errors
[INFO] [stdout] error: aborting due to previous error
[INFO] [stdout] 
[INFO] [stdout] 
[INFO] [stdout] For more information about this error, try `rustc --explain E0432`.
[INFO] [stdout] 
[INFO] [stdout] error: aborting due to previous error
[INFO] [stdout] 
[INFO] [stdout] 
[INFO] [stdout] For more information about this error, try `rustc --explain E0432`.
[INFO] [stdout] 
[INFO] [stderr] error: could not compile `clap2` due to 2 previous errors
[INFO] [stderr] error: could not compile `clap2` due to 2 previous errors
[INFO] running `Command { std: "docker" "inspect" "48c5adb98330424017e9a6021b48c26482e027d826663b589238e40952e641ce", kill_on_drop: false }`
[INFO] running `Command { std: "docker" "rm" "-f" "48c5adb98330424017e9a6021b48c26482e027d826663b589238e40952e641ce", kill_on_drop: false }`
[INFO] [stdout] 48c5adb98330424017e9a6021b48c26482e027d826663b589238e40952e641ce
