[INFO] fetching crate clap2-num 1.0.2...
[INFO] testing clap2-num-1.0.2 against beta-2023-04-20 for beta-1.70-1
[INFO] extracting crate clap2-num 1.0.2 into /workspace/builds/worker-6-tc2/source
[INFO] validating manifest of crates.io crate clap2-num 1.0.2 on toolchain beta-2023-04-20
[INFO] running `Command { std: CARGO_HOME="/workspace/cargo-home" RUSTUP_HOME="/workspace/rustup-home" "/workspace/cargo-home/bin/cargo" "+beta-2023-04-20" "metadata" "--manifest-path" "Cargo.toml" "--no-deps", kill_on_drop: false }`
[INFO] started tweaking crates.io crate clap2-num 1.0.2
[INFO] finished tweaking crates.io crate clap2-num 1.0.2
[INFO] tweaked toml for crates.io crate clap2-num 1.0.2 written to /workspace/builds/worker-6-tc2/source/Cargo.toml
[INFO] crate crates.io crate clap2-num 1.0.2 already has a lockfile, it will not be regenerated
[INFO] running `Command { std: CARGO_HOME="/workspace/cargo-home" RUSTUP_HOME="/workspace/rustup-home" "/workspace/cargo-home/bin/cargo" "+beta-2023-04-20" "fetch" "--manifest-path" "Cargo.toml", kill_on_drop: false }`
[INFO] [stderr]     Updating crates.io index
[INFO] [stderr]  Downloading crates ...
[INFO] [stderr]   Downloaded io-lifetimes v1.0.4
[INFO] [stderr]   Downloaded clap2 v4.0.32
[INFO] running `Command { std: "docker" "create" "-v" "/var/lib/crater-agent-workspace/builds/worker-6-tc2/target:/opt/rustwide/target:rw,Z" "-v" "/var/lib/crater-agent-workspace/builds/worker-6-tc2/source:/opt/rustwide/workdir:ro,Z" "-v" "/var/lib/crater-agent-workspace/cargo-home:/opt/rustwide/cargo-home:ro,Z" "-v" "/var/lib/crater-agent-workspace/rustup-home:/opt/rustwide/rustup-home:ro,Z" "-e" "SOURCE_DIR=/opt/rustwide/workdir" "-e" "CARGO_TARGET_DIR=/opt/rustwide/target" "-e" "CARGO_HOME=/opt/rustwide/cargo-home" "-e" "RUSTUP_HOME=/opt/rustwide/rustup-home" "-w" "/opt/rustwide/workdir" "-m" "1610612736" "--user" "0:0" "--network" "none" "ghcr.io/rust-lang/crates-build-env/linux@sha256:5ff2268d62e97bff2cde7d5815dd6ed5b47097566f13b8d0ca110b04b60e07ed" "/opt/rustwide/cargo-home/bin/cargo" "+beta-2023-04-20" "metadata" "--no-deps" "--format-version=1", kill_on_drop: false }`
[INFO] [stdout] 37a84c855f9ffdb4d1ccea10644b01fd267aecd1cb7dbf18e1714b784bc048a2
[INFO] running `Command { std: "docker" "start" "-a" "37a84c855f9ffdb4d1ccea10644b01fd267aecd1cb7dbf18e1714b784bc048a2", kill_on_drop: false }`
[INFO] running `Command { std: "docker" "inspect" "37a84c855f9ffdb4d1ccea10644b01fd267aecd1cb7dbf18e1714b784bc048a2", kill_on_drop: false }`
[INFO] running `Command { std: "docker" "rm" "-f" "37a84c855f9ffdb4d1ccea10644b01fd267aecd1cb7dbf18e1714b784bc048a2", kill_on_drop: false }`
[INFO] [stdout] 37a84c855f9ffdb4d1ccea10644b01fd267aecd1cb7dbf18e1714b784bc048a2
[INFO] running `Command { std: "docker" "create" "-v" "/var/lib/crater-agent-workspace/builds/worker-6-tc2/target:/opt/rustwide/target:rw,Z" "-v" "/var/lib/crater-agent-workspace/builds/worker-6-tc2/source:/opt/rustwide/workdir:ro,Z" "-v" "/var/lib/crater-agent-workspace/cargo-home:/opt/rustwide/cargo-home:ro,Z" "-v" "/var/lib/crater-agent-workspace/rustup-home:/opt/rustwide/rustup-home:ro,Z" "-e" "SOURCE_DIR=/opt/rustwide/workdir" "-e" "CARGO_TARGET_DIR=/opt/rustwide/target" "-e" "CARGO_INCREMENTAL=0" "-e" "RUST_BACKTRACE=full" "-e" "RUSTFLAGS=--cap-lints=warn" "-e" "RUSTDOCFLAGS=--cap-lints=warn" "-e" "CARGO_HOME=/opt/rustwide/cargo-home" "-e" "RUSTUP_HOME=/opt/rustwide/rustup-home" "-w" "/opt/rustwide/workdir" "-m" "1610612736" "--user" "0:0" "--network" "none" "ghcr.io/rust-lang/crates-build-env/linux@sha256:5ff2268d62e97bff2cde7d5815dd6ed5b47097566f13b8d0ca110b04b60e07ed" "/opt/rustwide/cargo-home/bin/cargo" "+beta-2023-04-20" "build" "--frozen" "--message-format=json", kill_on_drop: false }`
[INFO] [stdout] fd7cf2be13fb3e91ed538fa059c21336479be5ea10e51f4a3558b264ff1b81e9
[INFO] running `Command { std: "docker" "start" "-a" "fd7cf2be13fb3e91ed538fa059c21336479be5ea10e51f4a3558b264ff1b81e9", kill_on_drop: false }`
[INFO] [stderr]    Compiling num-traits v0.2.15
[INFO] [stderr]    Compiling clap2-num v1.0.2 (/opt/rustwide/workdir)
[INFO] [stderr]     Finished dev [unoptimized + debuginfo] target(s) in 2.74s
[INFO] running `Command { std: "docker" "inspect" "fd7cf2be13fb3e91ed538fa059c21336479be5ea10e51f4a3558b264ff1b81e9", kill_on_drop: false }`
[INFO] running `Command { std: "docker" "rm" "-f" "fd7cf2be13fb3e91ed538fa059c21336479be5ea10e51f4a3558b264ff1b81e9", kill_on_drop: false }`
[INFO] [stdout] fd7cf2be13fb3e91ed538fa059c21336479be5ea10e51f4a3558b264ff1b81e9
[INFO] running `Command { std: "docker" "create" "-v" "/var/lib/crater-agent-workspace/builds/worker-6-tc2/target:/opt/rustwide/target:rw,Z" "-v" "/var/lib/crater-agent-workspace/builds/worker-6-tc2/source:/opt/rustwide/workdir:ro,Z" "-v" "/var/lib/crater-agent-workspace/cargo-home:/opt/rustwide/cargo-home:ro,Z" "-v" "/var/lib/crater-agent-workspace/rustup-home:/opt/rustwide/rustup-home:ro,Z" "-e" "SOURCE_DIR=/opt/rustwide/workdir" "-e" "CARGO_TARGET_DIR=/opt/rustwide/target" "-e" "CARGO_INCREMENTAL=0" "-e" "RUST_BACKTRACE=full" "-e" "RUSTFLAGS=--cap-lints=warn" "-e" "RUSTDOCFLAGS=--cap-lints=warn" "-e" "CARGO_HOME=/opt/rustwide/cargo-home" "-e" "RUSTUP_HOME=/opt/rustwide/rustup-home" "-w" "/opt/rustwide/workdir" "-m" "1610612736" "--user" "0:0" "--network" "none" "ghcr.io/rust-lang/crates-build-env/linux@sha256:5ff2268d62e97bff2cde7d5815dd6ed5b47097566f13b8d0ca110b04b60e07ed" "/opt/rustwide/cargo-home/bin/cargo" "+beta-2023-04-20" "test" "--frozen" "--no-run" "--message-format=json", kill_on_drop: false }`
[INFO] [stdout] 4a5599ab7940cd2e1888120a0de2557e11e0b31d97aa904b3c430406b9ab043f
[INFO] running `Command { std: "docker" "start" "-a" "4a5599ab7940cd2e1888120a0de2557e11e0b31d97aa904b3c430406b9ab043f", kill_on_drop: false }`
[INFO] [stderr]    Compiling proc-macro2 v1.0.49
[INFO] [stderr]    Compiling version_check v0.9.4
[INFO] [stderr]    Compiling quote v1.0.23
[INFO] [stderr]    Compiling unicode-ident v1.0.6
[INFO] [stderr]    Compiling libc v0.2.139
[INFO] [stderr]    Compiling syn v1.0.107
[INFO] [stderr]    Compiling io-lifetimes v1.0.4
[INFO] [stderr]    Compiling rustix v0.36.6
[INFO] [stderr]    Compiling linux-raw-sys v0.1.4
[INFO] [stderr]    Compiling os_str_bytes v6.4.1
[INFO] [stderr]    Compiling termcolor v1.1.3
[INFO] [stderr]    Compiling strsim v0.10.0
[INFO] [stderr]    Compiling once_cell v1.17.0
[INFO] [stderr]    Compiling clap_lex v0.3.1
[INFO] [stderr]    Compiling proc-macro-error-attr v1.0.4
[INFO] [stderr]    Compiling proc-macro-error v1.0.4
[INFO] [stderr]    Compiling is-terminal v0.4.2
[INFO] [stderr]    Compiling clap_derive v4.0.21
[INFO] [stderr]    Compiling clap2 v4.0.32
[INFO] [stderr]    Compiling clap2-num v1.0.2 (/opt/rustwide/workdir)
[INFO] [stdout] error[E0432]: unresolved import `clap_num`
[INFO] [stdout]  --> tests/maybe_hex.rs:1:5
[INFO] [stdout]   |
[INFO] [stdout] 1 | use clap_num::maybe_hex;
[INFO] [stdout]   |     ^^^^^^^^ use of undeclared crate or module `clap_num`
[INFO] [stdout]   |
[INFO] [stdout] help: there is a crate or module with a similar name
[INFO] [stdout]   |
[INFO] [stdout] 1 | use clap2_num::maybe_hex;
[INFO] [stdout]   |     ~~~~~~~~~
[INFO] [stdout] 
[INFO] [stdout] 
[INFO] [stdout] error[E0432]: unresolved import `clap`
[INFO] [stdout]  --> examples/change.rs:1:5
[INFO] [stdout]   |
[INFO] [stdout] 1 | use clap::Parser;
[INFO] [stdout]   |     ^^^^ use of undeclared crate or module `clap`
[INFO] [stdout]   |
[INFO] [stdout] help: there is a crate or module with a similar name
[INFO] [stdout]   |
[INFO] [stdout] 1 | use clap2::Parser;
[INFO] [stdout]   |     ~~~~~
[INFO] [stdout] 
[INFO] [stdout] 
[INFO] [stdout] error[E0432]: unresolved import `clap`
[INFO] [stdout]  --> examples/resistance.rs:1:5
[INFO] [stdout]   |
[INFO] [stdout] 1 | use clap::Parser;
[INFO] [stdout]   |     ^^^^ use of undeclared crate or module `clap`
[INFO] [stdout]   |
[INFO] [stdout] help: there is a crate or module with a similar name
[INFO] [stdout]   |
[INFO] [stdout] 1 | use clap2::Parser;
[INFO] [stdout]   |     ~~~~~
[INFO] [stdout] 
[INFO] [stdout] 
[INFO] [stdout] error[E0432]: unresolved import `clap_num`
[INFO] [stdout]  --> examples/change.rs:2:5
[INFO] [stdout]   |
[INFO] [stdout] 2 | use clap_num::number_range;
[INFO] [stdout]   |     ^^^^^^^^ use of undeclared crate or module `clap_num`
[INFO] [stdout]   |
[INFO] [stdout] help: there is a crate or module with a similar name
[INFO] [stdout]   |
[INFO] [stdout] 2 | use clap2_num::number_range;
[INFO] [stdout]   |     ~~~~~~~~~
[INFO] [stdout] 
[INFO] [stdout] 
[INFO] [stdout] error: cannot determine resolution for the derive macro `Parser`
[INFO] [stdout]  --> examples/change.rs:8:10
[INFO] [stdout]   |
[INFO] [stdout] 8 | #[derive(Parser)]
[INFO] [stdout]   |          ^^^^^^
[INFO] [stdout]   |
[INFO] [stdout]   = note: import resolution is stuck, try simplifying macro imports
[INFO] [stdout] 
[INFO] [stdout] 
[INFO] [stdout] error[E0432]: unresolved import `clap_num`
[INFO] [stdout]  --> examples/resistance.rs:2:5
[INFO] [stdout]   |
[INFO] [stdout] 2 | use clap_num::si_number;
[INFO] [stdout]   |     ^^^^^^^^ use of undeclared crate or module `clap_num`
[INFO] [stdout]   |
[INFO] [stdout] help: there is a crate or module with a similar name
[INFO] [stdout]   |
[INFO] [stdout] 2 | use clap2_num::si_number;
[INFO] [stdout]   |     ~~~~~~~~~
[INFO] [stdout] 
[INFO] [stdout] 
[INFO] [stdout] error: cannot determine resolution for the derive macro `Parser`
[INFO] [stdout]  --> examples/resistance.rs:4:10
[INFO] [stdout]   |
[INFO] [stdout] 4 | #[derive(Parser)]
[INFO] [stdout]   |          ^^^^^^
[INFO] [stdout]   |
[INFO] [stdout]   = note: import resolution is stuck, try simplifying macro imports
[INFO] [stdout] 
[INFO] [stdout] 
[INFO] [stdout] error[E0432]: unresolved import `clap`
[INFO] [stdout]  --> tests/si_number.rs:1:5
[INFO] [stdout]   |
[INFO] [stdout] 1 | use clap::Parser;
[INFO] [stdout]   |     ^^^^ use of undeclared crate or module `clap`
[INFO] [stdout]   |
[INFO] [stdout] help: there is a crate or module with a similar name
[INFO] [stdout]   |
[INFO] [stdout] 1 | use clap2::Parser;
[INFO] [stdout]   |     ~~~~~
[INFO] [stdout] 
[INFO] [stdout] 
[INFO] [stdout] error[E0432]: unresolved import `clap_num`
[INFO] [stdout]  --> tests/si_number.rs:2:5
[INFO] [stdout]   |
[INFO] [stdout] 2 | use clap_num::si_number;
[INFO] [stdout]   |     ^^^^^^^^ use of undeclared crate or module `clap_num`
[INFO] [stdout]   |
[INFO] [stdout] help: there is a crate or module with a similar name
[INFO] [stdout]   |
[INFO] [stdout] 2 | use clap2_num::si_number;
[INFO] [stdout]   |     ~~~~~~~~~
[INFO] [stdout] 
[INFO] [stdout] 
[INFO] [stdout] error: cannot determine resolution for the derive macro `Parser`
[INFO] [stdout]    --> tests/si_number.rs:103:14
[INFO] [stdout]     |
[INFO] [stdout] 103 |     #[derive(Parser)]
[INFO] [stdout]     |              ^^^^^^
[INFO] [stdout]     |
[INFO] [stdout]     = note: import resolution is stuck, try simplifying macro imports
[INFO] [stdout] 
[INFO] [stdout] 
[INFO] [stdout] error: cannot find attribute `clap` in this scope
[INFO] [stdout]  --> examples/resistance.rs:6:7
[INFO] [stdout]   |
[INFO] [stdout] 6 |     #[clap(short, long, value_parser=si_number::<u128>)]
[INFO] [stdout]   |       ^^^^
[INFO] [stdout] 
[INFO] [stdout] 
[INFO] [stdout] error[E0432]: unresolved import `clap`
[INFO] [stdout]  --> tests/number_range.rs:1:5
[INFO] [stdout]   |
[INFO] [stdout] 1 | use clap::Parser;
[INFO] [stdout]   |     ^^^^ use of undeclared crate or module `clap`
[INFO] [stdout]   |
[INFO] [stdout] help: there is a crate or module with a similar name
[INFO] [stdout]   |
[INFO] [stdout] 1 | use clap2::Parser;
[INFO] [stdout]   |     ~~~~~
[INFO] [stdout] 
[INFO] [stdout] 
[INFO] [stdout] error[E0432]: unresolved import `clap_num`
[INFO] [stdout]  --> tests/number_range.rs:2:5
[INFO] [stdout]   |
[INFO] [stdout] 2 | use clap_num::number_range;
[INFO] [stdout]   |     ^^^^^^^^ use of undeclared crate or module `clap_num`
[INFO] [stdout]   |
[INFO] [stdout] help: there is a crate or module with a similar name
[INFO] [stdout]   |
[INFO] [stdout] 2 | use clap2_num::number_range;
[INFO] [stdout]   |     ~~~~~~~~~
[INFO] [stdout] 
[INFO] [stdout] 
[INFO] [stdout] error: cannot determine resolution for the derive macro `Parser`
[INFO] [stdout]   --> tests/number_range.rs:61:14
[INFO] [stdout]    |
[INFO] [stdout] 61 |     #[derive(Parser, Debug)]
[INFO] [stdout]    |              ^^^^^^
[INFO] [stdout]    |
[INFO] [stdout]    = note: import resolution is stuck, try simplifying macro imports
[INFO] [stdout] 
[INFO] [stdout] 
[INFO] [stdout] error: cannot find attribute `clap` in this scope
[INFO] [stdout]   --> examples/change.rs:10:7
[INFO] [stdout]    |
[INFO] [stdout] 10 |     #[clap(long, value_parser=less_than_100)]
[INFO] [stdout]    |       ^^^^
[INFO] [stdout] 
[INFO] [stdout] 
[INFO] [stdout] error: cannot find attribute `clap` in this scope
[INFO] [stdout]    --> tests/si_number.rs:105:11
[INFO] [stdout]     |
[INFO] [stdout] 105 |         #[clap(long, value_parser=si_number::<u128>)]
[INFO] [stdout]     |           ^^^^
[INFO] [stdout] 
[INFO] [stdout] 
[INFO] [stdout] error: aborting due to previous error
[INFO] [stdout] 
[INFO] [stdout] 
[INFO] [stdout] For more information about this error, try `rustc --explain E0432`.
[INFO] [stdout] 
[INFO] [stderr] error: could not compile `clap2-num` (test "maybe_hex") due to 2 previous errors
[INFO] [stdout] error: cannot find attribute `clap` in this scope
[INFO] [stdout]   --> tests/number_range.rs:63:11
[INFO] [stdout]    |
[INFO] [stdout] 63 |         #[clap(
[INFO] [stdout]    |           ^^^^
[INFO] [stdout] 
[INFO] [stdout] 
[INFO] [stderr] warning: build failed, waiting for other jobs to finish...
[INFO] [stdout] error[E0599]: no function or associated item named `parse_from` found for struct `integration::Args` in the current scope
[INFO] [stdout]    --> tests/si_number.rs:114:33
[INFO] [stdout]     |
[INFO] [stdout] 104 |     struct Args {
[INFO] [stdout]     |     ----------- function or associated item `parse_from` not found for this struct
[INFO] [stdout] ...
[INFO] [stdout] 114 |                 let opt = Args::parse_from(&["", "--resistance", $VAL]);
[INFO] [stdout]     |                                 ^^^^^^^^^^ function or associated item not found in `Args`
[INFO] [stdout] ...
[INFO] [stdout] 136 |     pos!(simple_0, "1k123", 1123);
[INFO] [stdout]     |     ----------------------------- in this macro invocation
[INFO] [stdout]     |
[INFO] [stdout]     = help: items from traits can only be used if the trait is implemented and in scope
[INFO] [stdout]     = note: the following trait defines an item `parse_from`, perhaps you need to implement it:
[INFO] [stdout]             candidate #1: `clap2::Parser`
[INFO] [stdout]     = note: this error originates in the macro `pos` (in Nightly builds, run with -Z macro-backtrace for more info)
[INFO] [stdout] 
[INFO] [stdout] 
[INFO] [stdout] error[E0599]: no function or associated item named `parse` found for struct `Args` in the current scope
[INFO] [stdout]   --> examples/resistance.rs:11:22
[INFO] [stdout]    |
[INFO] [stdout] 5  | struct Args {
[INFO] [stdout]    | ----------- function or associated item `parse` not found for this struct
[INFO] [stdout] ...
[INFO] [stdout] 11 |     let args = Args::parse();
[INFO] [stdout]    |                      ^^^^^ function or associated item not found in `Args`
[INFO] [stdout]    |
[INFO] [stdout]    = help: items from traits can only be used if the trait is implemented and in scope
[INFO] [stdout]    = note: the following traits define an item `parse`, perhaps you need to implement one of them:
[INFO] [stdout]            candidate #1: `clap2::Parser`
[INFO] [stdout]            candidate #2: `clap2::builder::TypedValueParser`
[INFO] [stdout] 
[INFO] [stdout] 
[INFO] [stdout] error[E0599]: no function or associated item named `parse_from` found for struct `integration::Args` in the current scope
[INFO] [stdout]    --> tests/si_number.rs:114:33
[INFO] [stdout]     |
[INFO] [stdout] 104 |     struct Args {
[INFO] [stdout]     |     ----------- function or associated item `parse_from` not found for this struct
[INFO] [stdout] ...
[INFO] [stdout] 114 |                 let opt = Args::parse_from(&["", "--resistance", $VAL]);
[INFO] [stdout]     |                                 ^^^^^^^^^^ function or associated item not found in `Args`
[INFO] [stdout] ...
[INFO] [stdout] 137 |     pos!(simple_1, "456789k123", 456789123);
[INFO] [stdout]     |     --------------------------------------- in this macro invocation
[INFO] [stdout]     |
[INFO] [stdout]     = help: items from traits can only be used if the trait is implemented and in scope
[INFO] [stdout]     = note: the following trait defines an item `parse_from`, perhaps you need to implement it:
[INFO] [stdout]             candidate #1: `clap2::Parser`
[INFO] [stdout]     = note: this error originates in the macro `pos` (in Nightly builds, run with -Z macro-backtrace for more info)
[INFO] [stdout] 
[INFO] [stdout] 
[INFO] [stdout] error[E0599]: no function or associated item named `parse_from` found for struct `integration::Args` in the current scope
[INFO] [stdout]    --> tests/si_number.rs:114:33
[INFO] [stdout]     |
[INFO] [stdout] 104 |     struct Args {
[INFO] [stdout]     |     ----------- function or associated item `parse_from` not found for this struct
[INFO] [stdout] ...
[INFO] [stdout] 114 |                 let opt = Args::parse_from(&["", "--resistance", $VAL]);
[INFO] [stdout]     |                                 ^^^^^^^^^^ function or associated item not found in `Args`
[INFO] [stdout] ...
[INFO] [stdout] 138 |     pos!(simple_2, "1M1", 1_100_000);
[INFO] [stdout]     |     -------------------------------- in this macro invocation
[INFO] [stdout]     |
[INFO] [stdout]     = help: items from traits can only be used if the trait is implemented and in scope
[INFO] [stdout]     = note: the following trait defines an item `parse_from`, perhaps you need to implement it:
[INFO] [stdout]             candidate #1: `clap2::Parser`
[INFO] [stdout]     = note: this error originates in the macro `pos` (in Nightly builds, run with -Z macro-backtrace for more info)
[INFO] [stdout] 
[INFO] [stdout] 
[INFO] [stdout] error[E0599]: no function or associated item named `parse_from` found for struct `Thermostat` in the current scope
[INFO] [stdout]   --> tests/number_range.rs:76:39
[INFO] [stdout]    |
[INFO] [stdout] 62 |     struct Thermostat {
[INFO] [stdout]    |     ----------------- function or associated item `parse_from` not found for this struct
[INFO] [stdout] ...
[INFO] [stdout] 76 |                 let opt = Thermostat::parse_from(&["", "--temperature", $VAL]);
[INFO] [stdout]    |                                       ^^^^^^^^^^ function or associated item not found in `Thermostat`
[INFO] [stdout] ...
[INFO] [stdout] 98 |     pos!(simple, "50", 50);
[INFO] [stdout]    |     ---------------------- in this macro invocation
[INFO] [stdout]    |
[INFO] [stdout]    = help: items from traits can only be used if the trait is implemented and in scope
[INFO] [stdout]    = note: the following trait defines an item `parse_from`, perhaps you need to implement it:
[INFO] [stdout]            candidate #1: `clap2::Parser`
[INFO] [stdout]    = note: this error originates in the macro `pos` (in Nightly builds, run with -Z macro-backtrace for more info)
[INFO] [stdout] 
[INFO] [stdout] 
[INFO] [stdout] error[E0599]: no function or associated item named `parse_from` found for struct `Thermostat` in the current scope
[INFO] [stdout]   --> tests/number_range.rs:76:39
[INFO] [stdout]    |
[INFO] [stdout] 62 |     struct Thermostat {
[INFO] [stdout]    |     ----------------- function or associated item `parse_from` not found for this struct
[INFO] [stdout] ...
[INFO] [stdout] 76 |                 let opt = Thermostat::parse_from(&["", "--temperature", $VAL]);
[INFO] [stdout]    |                                       ^^^^^^^^^^ function or associated item not found in `Thermostat`
[INFO] [stdout] ...
[INFO] [stdout] 99 |     pos!(zero, "0", 0);
[INFO] [stdout]    |     ------------------ in this macro invocation
[INFO] [stdout]    |
[INFO] [stdout]    = help: items from traits can only be used if the trait is implemented and in scope
[INFO] [stdout]    = note: the following trait defines an item `parse_from`, perhaps you need to implement it:
[INFO] [stdout]            candidate #1: `clap2::Parser`
[INFO] [stdout]    = note: this error originates in the macro `pos` (in Nightly builds, run with -Z macro-backtrace for more info)
[INFO] [stdout] 
[INFO] [stdout] 
[INFO] [stdout] error[E0599]: no function or associated item named `parse_from` found for struct `Thermostat` in the current scope
[INFO] [stdout]    --> tests/number_range.rs:76:39
[INFO] [stdout]     |
[INFO] [stdout] 62  |     struct Thermostat {
[INFO] [stdout]     |     ----------------- function or associated item `parse_from` not found for this struct
[INFO] [stdout] ...
[INFO] [stdout] 76  |                 let opt = Thermostat::parse_from(&["", "--temperature", $VAL]);
[INFO] [stdout]     |                                       ^^^^^^^^^^ function or associated item not found in `Thermostat`
[INFO] [stdout] ...
[INFO] [stdout] 100 |     pos!(negative, "-30", -30);
[INFO] [stdout]     |     -------------------------- in this macro invocation
[INFO] [stdout]     |
[INFO] [stdout]     = help: items from traits can only be used if the trait is implemented and in scope
[INFO] [stdout]     = note: the following trait defines an item `parse_from`, perhaps you need to implement it:
[INFO] [stdout]             candidate #1: `clap2::Parser`
[INFO] [stdout]     = note: this error originates in the macro `pos` (in Nightly builds, run with -Z macro-backtrace for more info)
[INFO] [stdout] 
[INFO] [stdout] 
[INFO] [stdout] error[E0599]: no function or associated item named `parse_from` found for struct `Thermostat` in the current scope
[INFO] [stdout]    --> tests/number_range.rs:76:39
[INFO] [stdout]     |
[INFO] [stdout] 62  |     struct Thermostat {
[INFO] [stdout]     |     ----------------- function or associated item `parse_from` not found for this struct
[INFO] [stdout] ...
[INFO] [stdout] 76  |                 let opt = Thermostat::parse_from(&["", "--temperature", $VAL]);
[INFO] [stdout]     |                                       ^^^^^^^^^^ function or associated item not found in `Thermostat`
[INFO] [stdout] ...
[INFO] [stdout] 101 |     pos!(positive_limit, "60", 60);
[INFO] [stdout]     |     ------------------------------ in this macro invocation
[INFO] [stdout]     |
[INFO] [stdout]     = help: items from traits can only be used if the trait is implemented and in scope
[INFO] [stdout]     = note: the following trait defines an item `parse_from`, perhaps you need to implement it:
[INFO] [stdout]             candidate #1: `clap2::Parser`
[INFO] [stdout]     = note: this error originates in the macro `pos` (in Nightly builds, run with -Z macro-backtrace for more info)
[INFO] [stdout] 
[INFO] [stdout] 
[INFO] [stdout] error[E0599]: no function or associated item named `try_parse_from` found for struct `integration::Args` in the current scope
[INFO] [stdout]    --> tests/si_number.rs:125:33
[INFO] [stdout]     |
[INFO] [stdout] 104 |     struct Args {
[INFO] [stdout]     |     ----------- function or associated item `try_parse_from` not found for this struct
[INFO] [stdout] ...
[INFO] [stdout] 125 |                 let opt = Args::try_parse_from(&["", "--resistance", $VAL]);
[INFO] [stdout]     |                                 ^^^^^^^^^^^^^^ function or associated item not found in `Args`
[INFO] [stdout] ...
[INFO] [stdout] 140 |     neg!(big, "999999999999999999999Y", "too large");
[INFO] [stdout]     |     ------------------------------------------------ in this macro invocation
[INFO] [stdout]     |
[INFO] [stdout]     = help: items from traits can only be used if the trait is implemented and in scope
[INFO] [stdout]     = note: the following trait defines an item `try_parse_from`, perhaps you need to implement it:
[INFO] [stdout]             candidate #1: `clap2::Parser`
[INFO] [stdout]     = note: this error originates in the macro `neg` (in Nightly builds, run with -Z macro-backtrace for more info)
[INFO] [stdout] 
[INFO] [stdout] 
[INFO] [stdout] error[E0599]: no function or associated item named `parse_from` found for struct `Thermostat` in the current scope
[INFO] [stdout]    --> tests/number_range.rs:76:39
[INFO] [stdout]     |
[INFO] [stdout] 62  |     struct Thermostat {
[INFO] [stdout]     |     ----------------- function or associated item `parse_from` not found for this struct
[INFO] [stdout] ...
[INFO] [stdout] 76  |                 let opt = Thermostat::parse_from(&["", "--temperature", $VAL]);
[INFO] [stdout]     |                                       ^^^^^^^^^^ function or associated item not found in `Thermostat`
[INFO] [stdout] ...
[INFO] [stdout] 102 |     pos!(negative_limit, "-40", -40);
[INFO] [stdout]     |     -------------------------------- in this macro invocation
[INFO] [stdout]     |
[INFO] [stdout]     = help: items from traits can only be used if the trait is implemented and in scope
[INFO] [stdout]     = note: the following trait defines an item `parse_from`, perhaps you need to implement it:
[INFO] [stdout]             candidate #1: `clap2::Parser`
[INFO] [stdout]     = note: this error originates in the macro `pos` (in Nightly builds, run with -Z macro-backtrace for more info)
[INFO] [stdout] 
[INFO] [stdout] 
[INFO] [stdout] error: aborting due to 5 previous errors
[INFO] [stdout] 
[INFO] [stdout] 
[INFO] [stdout] Some errors have detailed explanations: E0432, E0599.
[INFO] [stdout] 
[INFO] [stdout] For more information about an error, try `rustc --explain E0432`.
[INFO] [stdout] 
[INFO] [stdout] error[E0599]: no function or associated item named `try_parse_from` found for struct `integration::Args` in the current scope
[INFO] [stdout]    --> tests/si_number.rs:125:33
[INFO] [stdout]     |
[INFO] [stdout] 104 |     struct Args {
[INFO] [stdout]     |     ----------- function or associated item `try_parse_from` not found for this struct
[INFO] [stdout] ...
[INFO] [stdout] 125 |                 let opt = Args::try_parse_from(&["", "--resistance", $VAL]);
[INFO] [stdout]     |                                 ^^^^^^^^^^^^^^ function or associated item not found in `Args`
[INFO] [stdout] ...
[INFO] [stdout] 141 |     neg!(invalid, "1k1k", "invalid digit");
[INFO] [stdout]     |     -------------------------------------- in this macro invocation
[INFO] [stdout]     |
[INFO] [stdout]     = help: items from traits can only be used if the trait is implemented and in scope
[INFO] [stdout]     = note: the following trait defines an item `try_parse_from`, perhaps you need to implement it:
[INFO] [stdout]             candidate #1: `clap2::Parser`
[INFO] [stdout]     = note: this error originates in the macro `neg` (in Nightly builds, run with -Z macro-backtrace for more info)
[INFO] [stdout] 
[INFO] [stdout] 
[INFO] [stdout] error[E0599]: no function or associated item named `try_parse_from` found for struct `integration::Args` in the current scope
[INFO] [stdout]    --> tests/si_number.rs:125:33
[INFO] [stdout]     |
[INFO] [stdout] 104 |     struct Args {
[INFO] [stdout]     |     ----------- function or associated item `try_parse_from` not found for this struct
[INFO] [stdout] ...
[INFO] [stdout] 125 |                 let opt = Args::try_parse_from(&["", "--resistance", $VAL]);
[INFO] [stdout]     |                                 ^^^^^^^^^^^^^^ function or associated item not found in `Args`
[INFO] [stdout] ...
[INFO] [stdout] 142 |     neg!(precise, "1k1111", "not an integer");
[INFO] [stdout]     |     ----------------------------------------- in this macro invocation
[INFO] [stdout]     |
[INFO] [stdout]     = help: items from traits can only be used if the trait is implemented and in scope
[INFO] [stdout]     = note: the following trait defines an item `try_parse_from`, perhaps you need to implement it:
[INFO] [stdout]             candidate #1: `clap2::Parser`
[INFO] [stdout]     = note: this error originates in the macro `neg` (in Nightly builds, run with -Z macro-backtrace for more info)
[INFO] [stdout] 
[INFO] [stdout] 
[INFO] [stdout] error[E0599]: no function or associated item named `parse` found for struct `Change` in the current scope
[INFO] [stdout]   --> examples/change.rs:15:24
[INFO] [stdout]    |
[INFO] [stdout] 9  | struct Change {
[INFO] [stdout]    | ------------- function or associated item `parse` not found for this struct
[INFO] [stdout] ...
[INFO] [stdout] 15 |     let args = Change::parse();
[INFO] [stdout]    |                        ^^^^^ function or associated item not found in `Change`
[INFO] [stdout]    |
[INFO] [stdout]    = help: items from traits can only be used if the trait is implemented and in scope
[INFO] [stdout]    = note: the following traits define an item `parse`, perhaps you need to implement one of them:
[INFO] [stdout]            candidate #1: `clap2::Parser`
[INFO] [stdout]            candidate #2: `clap2::builder::TypedValueParser`
[INFO] [stdout] 
[INFO] [stdout] 
[INFO] [stderr] error: could not compile `clap2-num` (example "resistance") due to 6 previous errors
[INFO] [stdout] error: aborting due to 5 previous errors
[INFO] [stdout] 
[INFO] [stdout] 
[INFO] [stdout] Some errors have detailed explanations: E0432, E0599.
[INFO] [stdout] 
[INFO] [stdout] For more information about an error, try `rustc --explain E0432`.
[INFO] [stdout] 
[INFO] [stdout] error[E0599]: no function or associated item named `try_parse_from` found for struct `Thermostat` in the current scope
[INFO] [stdout]    --> tests/number_range.rs:87:39
[INFO] [stdout]     |
[INFO] [stdout] 62  |     struct Thermostat {
[INFO] [stdout]     |     ----------------- function or associated item `try_parse_from` not found for this struct
[INFO] [stdout] ...
[INFO] [stdout] 87  |                 let opt = Thermostat::try_parse_from(&["", "--temperature", $VAL]);
[INFO] [stdout]     |                                       ^^^^^^^^^^^^^^ function or associated item not found in `Thermostat`
[INFO] [stdout] ...
[INFO] [stdout] 104 |     neg!(too_small, "-41", "exceeds minimum of -40");
[INFO] [stdout]     |     ------------------------------------------------ in this macro invocation
[INFO] [stdout]     |
[INFO] [stdout]     = help: items from traits can only be used if the trait is implemented and in scope
[INFO] [stdout]     = note: the following trait defines an item `try_parse_from`, perhaps you need to implement it:
[INFO] [stdout]             candidate #1: `clap2::Parser`
[INFO] [stdout]     = note: this error originates in the macro `neg` (in Nightly builds, run with -Z macro-backtrace for more info)
[INFO] [stdout] 
[INFO] [stdout] 
[INFO] [stdout] error[E0599]: no function or associated item named `try_parse_from` found for struct `Thermostat` in the current scope
[INFO] [stdout]    --> tests/number_range.rs:87:39
[INFO] [stdout]     |
[INFO] [stdout] 62  |     struct Thermostat {
[INFO] [stdout]     |     ----------------- function or associated item `try_parse_from` not found for this struct
[INFO] [stdout] ...
[INFO] [stdout] 87  |                 let opt = Thermostat::try_parse_from(&["", "--temperature", $VAL]);
[INFO] [stdout]     |                                       ^^^^^^^^^^^^^^ function or associated item not found in `Thermostat`
[INFO] [stdout] ...
[INFO] [stdout] 105 |     neg!(too_large, "61", "exceeds maximum of 60");
[INFO] [stdout]     |     ---------------------------------------------- in this macro invocation
[INFO] [stdout]     |
[INFO] [stdout]     = help: items from traits can only be used if the trait is implemented and in scope
[INFO] [stdout]     = note: the following trait defines an item `try_parse_from`, perhaps you need to implement it:
[INFO] [stdout]             candidate #1: `clap2::Parser`
[INFO] [stdout]     = note: this error originates in the macro `neg` (in Nightly builds, run with -Z macro-backtrace for more info)
[INFO] [stdout] 
[INFO] [stdout] 
[INFO] [stdout] error: aborting due to 11 previous errors
[INFO] [stdout] 
[INFO] [stdout] 
[INFO] [stdout] Some errors have detailed explanations: E0432, E0599.
[INFO] [stdout] 
[INFO] [stdout] For more information about an error, try `rustc --explain E0432`.
[INFO] [stdout] 
[INFO] [stdout] error[E0599]: no function or associated item named `try_parse_from` found for struct `integration::Args` in the current scope
[INFO] [stdout]    --> tests/si_number.rs:125:33
[INFO] [stdout]     |
[INFO] [stdout] 104 |     struct Args {
[INFO] [stdout]     |     ----------- function or associated item `try_parse_from` not found for this struct
[INFO] [stdout] ...
[INFO] [stdout] 125 |                 let opt = Args::try_parse_from(&["", "--resistance", $VAL]);
[INFO] [stdout]     |                                 ^^^^^^^^^^^^^^ function or associated item not found in `Args`
[INFO] [stdout] ...
[INFO] [stdout] 143 |     neg!(leading_prefix, "k123", "no value found before SI symbol");
[INFO] [stdout]     |     --------------------------------------------------------------- in this macro invocation
[INFO] [stdout]     |
[INFO] [stdout]     = help: items from traits can only be used if the trait is implemented and in scope
[INFO] [stdout]     = note: the following trait defines an item `try_parse_from`, perhaps you need to implement it:
[INFO] [stdout]             candidate #1: `clap2::Parser`
[INFO] [stdout]     = note: this error originates in the macro `neg` (in Nightly builds, run with -Z macro-backtrace for more info)
[INFO] [stdout] 
[INFO] [stdout] 
[INFO] [stderr] error: could not compile `clap2-num` (example "change") due to 6 previous errors
[INFO] [stderr] error: could not compile `clap2-num` (test "number_range") due to 12 previous errors
[INFO] [stdout] error: aborting due to 11 previous errors
[INFO] [stdout] 
[INFO] [stdout] 
[INFO] [stdout] Some errors have detailed explanations: E0432, E0599.
[INFO] [stdout] 
[INFO] [stdout] For more information about an error, try `rustc --explain E0432`.
[INFO] [stdout] 
[INFO] [stderr] error: could not compile `clap2-num` (test "si_number") due to 12 previous errors
[INFO] running `Command { std: "docker" "inspect" "4a5599ab7940cd2e1888120a0de2557e11e0b31d97aa904b3c430406b9ab043f", kill_on_drop: false }`
[INFO] running `Command { std: "docker" "rm" "-f" "4a5599ab7940cd2e1888120a0de2557e11e0b31d97aa904b3c430406b9ab043f", kill_on_drop: false }`
[INFO] [stdout] 4a5599ab7940cd2e1888120a0de2557e11e0b31d97aa904b3c430406b9ab043f
