[INFO] fetching crate ciphercore-base 0.2.0...
[INFO] testing ciphercore-base-0.2.0 against beta-2023-04-20 for beta-1.70-1
[INFO] extracting crate ciphercore-base 0.2.0 into /workspace/builds/worker-2-tc2/source
[INFO] validating manifest of crates.io crate ciphercore-base 0.2.0 on toolchain beta-2023-04-20
[INFO] running `Command { std: CARGO_HOME="/workspace/cargo-home" RUSTUP_HOME="/workspace/rustup-home" "/workspace/cargo-home/bin/cargo" "+beta-2023-04-20" "metadata" "--manifest-path" "Cargo.toml" "--no-deps", kill_on_drop: false }`
[INFO] started tweaking crates.io crate ciphercore-base 0.2.0
[INFO] finished tweaking crates.io crate ciphercore-base 0.2.0
[INFO] tweaked toml for crates.io crate ciphercore-base 0.2.0 written to /workspace/builds/worker-2-tc2/source/Cargo.toml
[INFO] crate crates.io crate ciphercore-base 0.2.0 already has a lockfile, it will not be regenerated
[INFO] running `Command { std: CARGO_HOME="/workspace/cargo-home" RUSTUP_HOME="/workspace/rustup-home" "/workspace/cargo-home/bin/cargo" "+beta-2023-04-20" "fetch" "--manifest-path" "Cargo.toml", kill_on_drop: false }`
[INFO] [stderr]     Updating crates.io index
[INFO] [stderr]  Downloading crates ...
[INFO] [stderr]   Downloaded unindent v0.1.11
[INFO] [stderr]   Downloaded indoc v1.0.9
[INFO] [stderr]   Downloaded pyo3-build-config v0.17.3
[INFO] [stderr]   Downloaded ndarray v0.15.6
[INFO] [stderr]   Downloaded arbitrary v1.3.0
[INFO] [stderr]   Downloaded derive_arbitrary v1.3.0
[INFO] [stderr]   Downloaded maplit v1.0.2
[INFO] [stderr]   Downloaded json v0.12.4
[INFO] [stderr]   Downloaded pyo3-macros v0.17.3
[INFO] [stderr]   Downloaded typetag-impl v0.1.8
[INFO] [stderr]   Downloaded typetag v0.1.8
[INFO] [stderr]   Downloaded pyo3 v0.17.3
[INFO] [stderr]   Downloaded ciphercore-utils v0.1.3
[INFO] [stderr]   Downloaded ghost v0.1.9
[INFO] [stderr]   Downloaded pyo3-macros-backend v0.17.3
[INFO] [stderr]   Downloaded target-lexicon v0.12.6
[INFO] [stderr]   Downloaded serde_test v1.0.160
[INFO] [stderr]   Downloaded inventory v0.2.3
[INFO] [stderr]   Downloaded matrixmultiply v0.3.3
[INFO] [stderr]   Downloaded atomic_refcell v0.1.9
[INFO] [stderr]   Downloaded pyo3-ffi v0.17.3
[INFO] [stderr]   Downloaded pywrapper-macro v0.1.3
[INFO] running `Command { std: "docker" "create" "-v" "/var/lib/crater-agent-workspace/builds/worker-2-tc2/target:/opt/rustwide/target:rw,Z" "-v" "/var/lib/crater-agent-workspace/builds/worker-2-tc2/source:/opt/rustwide/workdir:ro,Z" "-v" "/var/lib/crater-agent-workspace/cargo-home:/opt/rustwide/cargo-home:ro,Z" "-v" "/var/lib/crater-agent-workspace/rustup-home:/opt/rustwide/rustup-home:ro,Z" "-e" "SOURCE_DIR=/opt/rustwide/workdir" "-e" "CARGO_TARGET_DIR=/opt/rustwide/target" "-e" "CARGO_HOME=/opt/rustwide/cargo-home" "-e" "RUSTUP_HOME=/opt/rustwide/rustup-home" "-w" "/opt/rustwide/workdir" "-m" "1610612736" "--user" "0:0" "--network" "none" "ghcr.io/rust-lang/crates-build-env/linux@sha256:5ff2268d62e97bff2cde7d5815dd6ed5b47097566f13b8d0ca110b04b60e07ed" "/opt/rustwide/cargo-home/bin/cargo" "+beta-2023-04-20" "metadata" "--no-deps" "--format-version=1", kill_on_drop: false }`
[INFO] [stdout] cc6702f0adc0fb54136b8c67dc798c18ac7713a7078e0fb9f76855c16da8fd7c
[INFO] running `Command { std: "docker" "start" "-a" "cc6702f0adc0fb54136b8c67dc798c18ac7713a7078e0fb9f76855c16da8fd7c", kill_on_drop: false }`
[INFO] running `Command { std: "docker" "inspect" "cc6702f0adc0fb54136b8c67dc798c18ac7713a7078e0fb9f76855c16da8fd7c", kill_on_drop: false }`
[INFO] running `Command { std: "docker" "rm" "-f" "cc6702f0adc0fb54136b8c67dc798c18ac7713a7078e0fb9f76855c16da8fd7c", kill_on_drop: false }`
[INFO] [stdout] cc6702f0adc0fb54136b8c67dc798c18ac7713a7078e0fb9f76855c16da8fd7c
[INFO] running `Command { std: "docker" "create" "-v" "/var/lib/crater-agent-workspace/builds/worker-2-tc2/target:/opt/rustwide/target:rw,Z" "-v" "/var/lib/crater-agent-workspace/builds/worker-2-tc2/source:/opt/rustwide/workdir:ro,Z" "-v" "/var/lib/crater-agent-workspace/cargo-home:/opt/rustwide/cargo-home:ro,Z" "-v" "/var/lib/crater-agent-workspace/rustup-home:/opt/rustwide/rustup-home:ro,Z" "-e" "SOURCE_DIR=/opt/rustwide/workdir" "-e" "CARGO_TARGET_DIR=/opt/rustwide/target" "-e" "CARGO_INCREMENTAL=0" "-e" "RUST_BACKTRACE=full" "-e" "RUSTFLAGS=--cap-lints=warn" "-e" "RUSTDOCFLAGS=--cap-lints=warn" "-e" "CARGO_HOME=/opt/rustwide/cargo-home" "-e" "RUSTUP_HOME=/opt/rustwide/rustup-home" "-w" "/opt/rustwide/workdir" "-m" "1610612736" "--user" "0:0" "--network" "none" "ghcr.io/rust-lang/crates-build-env/linux@sha256:5ff2268d62e97bff2cde7d5815dd6ed5b47097566f13b8d0ca110b04b60e07ed" "/opt/rustwide/cargo-home/bin/cargo" "+beta-2023-04-20" "build" "--frozen" "--message-format=json", kill_on_drop: false }`
[INFO] [stdout] ed7390dc54866aa38a22fc24d9ac0e86e20e448c5f32692a616533096c3c842b
[INFO] running `Command { std: "docker" "start" "-a" "ed7390dc54866aa38a22fc24d9ac0e86e20e448c5f32692a616533096c3c842b", kill_on_drop: false }`
[INFO] [stderr]    Compiling proc-macro2 v1.0.56
[INFO] [stderr]    Compiling unicode-ident v1.0.8
[INFO] [stderr]    Compiling quote v1.0.26
[INFO] [stderr]    Compiling libc v0.2.142
[INFO] [stderr]    Compiling syn v1.0.109
[INFO] [stderr]    Compiling version_check v0.9.4
[INFO] [stderr]    Compiling num-traits v0.2.15
[INFO] [stderr]    Compiling serde_derive v1.0.160
[INFO] [stderr]    Compiling serde v1.0.160
[INFO] [stderr]    Compiling proc-macro-error-attr v1.0.4
[INFO] [stderr]    Compiling num-integer v0.1.45
[INFO] [stderr]    Compiling pkg-config v0.3.26
[INFO] [stderr]    Compiling cc v1.0.79
[INFO] [stderr]    Compiling proc-macro-error v1.0.4
[INFO] [stderr]    Compiling indexmap v1.9.3
[INFO] [stderr]    Compiling log v0.4.17
[INFO] [stderr]    Compiling hashbrown v0.12.3
[INFO] [stderr]    Compiling erased-serde v0.3.25
[INFO] [stderr]    Compiling once_cell v1.17.1
[INFO] [stderr]    Compiling syn v2.0.15
[INFO] [stderr]    Compiling getrandom v0.2.9
[INFO] [stderr]    Compiling serde_json v1.0.96
[INFO] [stderr]    Compiling rand_core v0.6.4
[INFO] [stderr]    Compiling openssl-sys v0.9.86
[INFO] [stderr]    Compiling atty v0.2.14
[INFO] [stderr]    Compiling time v0.1.45
[INFO] [stderr]    Compiling aho-corasick v1.0.1
[INFO] [stderr]    Compiling iana-time-zone v0.1.56
[INFO] [stderr]    Compiling openssl v0.10.51
[INFO] [stderr]    Compiling ryu v1.0.13
[INFO] [stderr]    Compiling foreign-types-shared v0.1.1
[INFO] [stderr]    Compiling ppv-lite86 v0.2.17
[INFO] [stderr]    Compiling heck v0.4.1
[INFO] [stderr]    Compiling rawpointer v0.2.1
[INFO] [stderr]    Compiling os_str_bytes v6.5.0
[INFO] [stderr]    Compiling termcolor v1.2.0
[INFO] [stderr]    Compiling regex-syntax v0.7.1
[INFO] [stderr]    Compiling itoa v1.0.6
[INFO] [stderr]    Compiling clap_lex v0.2.4
[INFO] [stderr]    Compiling rand_chacha v0.3.1
[INFO] [stderr]    Compiling matrixmultiply v0.3.3
[INFO] [stderr]    Compiling foreign-types v0.3.2
[INFO] [stderr]    Compiling chrono v0.4.24
[INFO] [stderr]    Compiling num-complex v0.4.3
[INFO] [stderr]    Compiling regex v1.8.1
[INFO] [stderr]    Compiling textwrap v0.16.0
[INFO] [stderr]    Compiling humantime v2.1.0
[INFO] [stderr]    Compiling fixedbitset v0.4.2
[INFO] [stderr]    Compiling strsim v0.10.0
[INFO] [stderr]    Compiling env_logger v0.9.3
[INFO] [stderr]    Compiling petgraph v0.6.3
[INFO] [stderr]    Compiling ndarray v0.15.6
[INFO] [stderr]    Compiling rand v0.8.5
[INFO] [stderr]    Compiling uuid v0.8.2
[INFO] [stderr]    Compiling json v0.12.4
[INFO] [stderr]    Compiling atomic_refcell v0.1.9
[INFO] [stderr]    Compiling maplit v1.0.2
[INFO] [stderr]    Compiling ctor v0.1.26
[INFO] [stderr]    Compiling ghost v0.1.9
[INFO] [stderr]    Compiling typetag-impl v0.1.8
[INFO] [stderr]    Compiling clap_derive v3.2.18
[INFO] [stderr]    Compiling openssl-macros v0.1.1
[INFO] [stderr]    Compiling inventory v0.2.3
[INFO] [stderr]    Compiling clap v3.2.23
[INFO] [stderr]    Compiling typetag v0.1.8
[INFO] [stderr]    Compiling ciphercore-utils v0.1.3
[INFO] [stderr]    Compiling ciphercore-base v0.2.0 (/opt/rustwide/workdir)
[INFO] [stdout] error: linking with `cc` failed: exit status: 1
[INFO] [stdout]   |
[INFO] [stdout]   = note: LC_ALL="C" PATH="/opt/rustwide/rustup-home/toolchains/beta-2023-04-20-x86_64-unknown-linux-gnu/lib/rustlib/x86_64-unknown-linux-gnu/bin:/opt/rustwide/cargo-home/bin:/usr/local/sbin:/usr/local/bin:/usr/sbin:/usr/bin:/sbin:/bin" VSLANG="1033" "cc" "-m64" "/tmp/rustceLIe9q/symbols.o" "/opt/rustwide/target/debug/deps/ciphercore_matrix_multiplication-ad3b5280fb754d2f.ciphercore_matrix_multiplication.64db533a-cgu.0.rcgu.o" "/opt/rustwide/target/debug/deps/ciphercore_matrix_multiplication-ad3b5280fb754d2f.ciphercore_matrix_multiplication.64db533a-cgu.1.rcgu.o" "/opt/rustwide/target/debug/deps/ciphercore_matrix_multiplication-ad3b5280fb754d2f.ciphercore_matrix_multiplication.64db533a-cgu.10.rcgu.o" "/opt/rustwide/target/debug/deps/ciphercore_matrix_multiplication-ad3b5280fb754d2f.ciphercore_matrix_multiplication.64db533a-cgu.11.rcgu.o" "/opt/rustwide/target/debug/deps/ciphercore_matrix_multiplication-ad3b5280fb754d2f.ciphercore_matrix_multiplication.64db533a-cgu.12.rcgu.o" "/opt/rustwide/target/debug/deps/ciphercore_matrix_multiplication-ad3b5280fb754d2f.ciphercore_matrix_multiplication.64db533a-cgu.13.rcgu.o" "/opt/rustwide/target/debug/deps/ciphercore_matrix_multiplication-ad3b5280fb754d2f.ciphercore_matrix_multiplication.64db533a-cgu.14.rcgu.o" "/opt/rustwide/target/debug/deps/ciphercore_matrix_multiplication-ad3b5280fb754d2f.ciphercore_matrix_multiplication.64db533a-cgu.15.rcgu.o" "/opt/rustwide/target/debug/deps/ciphercore_matrix_multiplication-ad3b5280fb754d2f.ciphercore_matrix_multiplication.64db533a-cgu.2.rcgu.o" "/opt/rustwide/target/debug/deps/ciphercore_matrix_multiplication-ad3b5280fb754d2f.ciphercore_matrix_multiplication.64db533a-cgu.3.rcgu.o" "/opt/rustwide/target/debug/deps/ciphercore_matrix_multiplication-ad3b5280fb754d2f.ciphercore_matrix_multiplication.64db533a-cgu.4.rcgu.o" "/opt/rustwide/target/debug/deps/ciphercore_matrix_multiplication-ad3b5280fb754d2f.ciphercore_matrix_multiplication.64db533a-cgu.5.rcgu.o" "/opt/rustwide/target/debug/deps/ciphercore_matrix_multiplication-ad3b5280fb754d2f.ciphercore_matrix_multiplication.64db533a-cgu.6.rcgu.o" "/opt/rustwide/target/debug/deps/ciphercore_matrix_multiplication-ad3b5280fb754d2f.ciphercore_matrix_multiplication.64db533a-cgu.7.rcgu.o" "/opt/rustwide/target/debug/deps/ciphercore_matrix_multiplication-ad3b5280fb754d2f.ciphercore_matrix_multiplication.64db533a-cgu.8.rcgu.o" "/opt/rustwide/target/debug/deps/ciphercore_matrix_multiplication-ad3b5280fb754d2f.ciphercore_matrix_multiplication.64db533a-cgu.9.rcgu.o" "/opt/rustwide/target/debug/deps/ciphercore_matrix_multiplication-ad3b5280fb754d2f.4omqqvat4nm84cdt.rcgu.o" "-Wl,--as-needed" "-L" "/opt/rustwide/target/debug/deps" "-L" "/opt/rustwide/rustup-home/toolchains/beta-2023-04-20-x86_64-unknown-linux-gnu/lib/rustlib/x86_64-unknown-linux-gnu/lib" "-Wl,-Bstatic" "/opt/rustwide/target/debug/deps/libenv_logger-8a7e9a0c040677e0.rlib" "/opt/rustwide/target/debug/deps/libhumantime-e9a3658f54825403.rlib" "/opt/rustwide/target/debug/deps/libregex-d4d6e905c4854976.rlib" "/opt/rustwide/target/debug/deps/libaho_corasick-d5fac31069bece93.rlib" "/opt/rustwide/target/debug/deps/libmemchr-f4ebff342237ab92.rlib" "/opt/rustwide/target/debug/deps/libregex_syntax-4663d6ad9e9e60a5.rlib" "/opt/rustwide/target/debug/deps/libclap-d4ce2ca3cfaecd80.rlib" "/opt/rustwide/target/debug/deps/libatty-5822463f0cac721f.rlib" "/opt/rustwide/target/debug/deps/libstrsim-be6ba759f95a5238.rlib" "/opt/rustwide/target/debug/deps/libtermcolor-115d13e8512c3a7e.rlib" "/opt/rustwide/target/debug/deps/libtextwrap-f455d21d7722d814.rlib" "/opt/rustwide/target/debug/deps/libclap_lex-8c7205893da69705.rlib" "/opt/rustwide/target/debug/deps/libos_str_bytes-8c72dc8f649aa80a.rlib" "/opt/rustwide/target/debug/deps/libciphercore_base-3a14dc490984ee2a.rlib" "/opt/rustwide/target/debug/deps/libtypetag-7368d9ef82201542.rlib" "/opt/rustwide/target/debug/deps/liberased_serde-c36b881fa476b65e.rlib" "/opt/rustwide/target/debug/deps/libinventory-c10985ef18a747d2.rlib" "/opt/rustwide/target/debug/deps/librand-3e21af32cfc1e8d3.rlib" "/opt/rustwide/target/debug/deps/librand_chacha-2225d4c651a46875.rlib" "/opt/rustwide/target/debug/deps/libppv_lite86-79b67cdd215cb07c.rlib" "/opt/rustwide/target/debug/deps/librand_core-bf23f52ef067ef7d.rlib" "/opt/rustwide/target/debug/deps/libgetrandom-a0d2c60623646d27.rlib" "/opt/rustwide/target/debug/deps/libatomic_refcell-00f40d2e6fb9e641.rlib" "/opt/rustwide/target/debug/deps/libpetgraph-63b1fed349b9123a.rlib" "/opt/rustwide/target/debug/deps/libindexmap-483d6a6f45855717.rlib" "/opt/rustwide/target/debug/deps/libhashbrown-14a936eea4e6bab4.rlib" "/opt/rustwide/target/debug/deps/libfixedbitset-2ef746e05260be58.rlib" "/opt/rustwide/target/debug/deps/libopenssl-e1bb87546b70804b.rlib" "/opt/rustwide/target/debug/deps/libonce_cell-4515fa40a5ce4b0c.rlib" "/opt/rustwide/target/debug/deps/libbitflags-610a73087f46ba3b.rlib" "/opt/rustwide/target/debug/deps/libforeign_types-3138d685ddde873e.rlib" "/opt/rustwide/target/debug/deps/libforeign_types_shared-1df85ef0ce08cbc3.rlib" "/opt/rustwide/target/debug/deps/libopenssl_sys-037f8c64abcffe43.rlib" "/opt/rustwide/target/debug/deps/libjson-3ba82227bd791688.rlib" "/opt/rustwide/target/debug/deps/libciphercore_utils-8edbc7bfa6ae13ca.rlib" "/opt/rustwide/target/debug/deps/libserde_json-67a06974a1a63178.rlib" "/opt/rustwide/target/debug/deps/libryu-b5fa14faef1dcf3b.rlib" "/opt/rustwide/target/debug/deps/libitoa-ef51536650fd4ae2.rlib" "/opt/rustwide/target/debug/deps/liblog-a3fff25330ec687e.rlib" "/opt/rustwide/target/debug/deps/libcfg_if-97437e183f3ae6e4.rlib" "/opt/rustwide/target/debug/deps/libserde-b8675625b9657f99.rlib" "/opt/rustwide/target/debug/deps/libchrono-ae698a24e358de9f.rlib" "/opt/rustwide/target/debug/deps/libiana_time_zone-29119b9b08c3b17e.rlib" "/opt/rustwide/target/debug/deps/libtime-3487bd5840a6d6d7.rlib" "/opt/rustwide/target/debug/deps/liblibc-437468c9c78eaf61.rlib" "/opt/rustwide/target/debug/deps/libndarray-b4f56834bc6d9200.rlib" "/opt/rustwide/target/debug/deps/libmatrixmultiply-76d6a25de24b63ba.rlib" "/opt/rustwide/target/debug/deps/libnum_complex-1583fd28d7b9983b.rlib" "/opt/rustwide/target/debug/deps/libnum_integer-4e11b7aaea8ce157.rlib" "/opt/rustwide/target/debug/deps/libnum_traits-991acf3b855e0659.rlib" "/opt/rustwide/target/debug/deps/librawpointer-6f2190d0a178b7fa.rlib" "/opt/rustwide/rustup-home/toolchains/beta-2023-04-20-x86_64-unknown-linux-gnu/lib/rustlib/x86_64-unknown-linux-gnu/lib/libstd-0e29cc23c5e02021.rlib" "/opt/rustwide/rustup-home/toolchains/beta-2023-04-20-x86_64-unknown-linux-gnu/lib/rustlib/x86_64-unknown-linux-gnu/lib/libpanic_unwind-d903621768a861d9.rlib" "/opt/rustwide/rustup-home/toolchains/beta-2023-04-20-x86_64-unknown-linux-gnu/lib/rustlib/x86_64-unknown-linux-gnu/lib/libobject-6d0225e655f31c13.rlib" "/opt/rustwide/rustup-home/toolchains/beta-2023-04-20-x86_64-unknown-linux-gnu/lib/rustlib/x86_64-unknown-linux-gnu/lib/libmemchr-9dbaf4eac7eaa079.rlib" "/opt/rustwide/rustup-home/toolchains/beta-2023-04-20-x86_64-unknown-linux-gnu/lib/rustlib/x86_64-unknown-linux-gnu/lib/libaddr2line-27f05b3d42a66dd0.rlib" "/opt/rustwide/rustup-home/toolchains/beta-2023-04-20-x86_64-unknown-linux-gnu/lib/rustlib/x86_64-unknown-linux-gnu/lib/libgimli-4d73f1030321c9a2.rlib" "/opt/rustwide/rustup-home/toolchains/beta-2023-04-20-x86_64-unknown-linux-gnu/lib/rustlib/x86_64-unknown-linux-gnu/lib/librustc_demangle-2846c9e58abd0acb.rlib" "/opt/rustwide/rustup-home/toolchains/beta-2023-04-20-x86_64-unknown-linux-gnu/lib/rustlib/x86_64-unknown-linux-gnu/lib/libstd_detect-a53d0f50415947be.rlib" "/opt/rustwide/rustup-home/toolchains/beta-2023-04-20-x86_64-unknown-linux-gnu/lib/rustlib/x86_64-unknown-linux-gnu/lib/libhashbrown-d48e4b6abc25b9dc.rlib" "/opt/rustwide/rustup-home/toolchains/beta-2023-04-20-x86_64-unknown-linux-gnu/lib/rustlib/x86_64-unknown-linux-gnu/lib/libminiz_oxide-2991859439ef1207.rlib" "/opt/rustwide/rustup-home/toolchains/beta-2023-04-20-x86_64-unknown-linux-gnu/lib/rustlib/x86_64-unknown-linux-gnu/lib/libadler-8a687517e4221bae.rlib" "/opt/rustwide/rustup-home/toolchains/beta-2023-04-20-x86_64-unknown-linux-gnu/lib/rustlib/x86_64-unknown-linux-gnu/lib/librustc_std_workspace_alloc-e07b554f6a67f5b3.rlib" "/opt/rustwide/rustup-home/toolchains/beta-2023-04-20-x86_64-unknown-linux-gnu/lib/rustlib/x86_64-unknown-linux-gnu/lib/libunwind-b68238b7c3c619dd.rlib" "/opt/rustwide/rustup-home/toolchains/beta-2023-04-20-x86_64-unknown-linux-gnu/lib/rustlib/x86_64-unknown-linux-gnu/lib/libcfg_if-d5e213e896c017e4.rlib" "/opt/rustwide/rustup-home/toolchains/beta-2023-04-20-x86_64-unknown-linux-gnu/lib/rustlib/x86_64-unknown-linux-gnu/lib/liblibc-0211a3b2e61d8689.rlib" "/opt/rustwide/rustup-home/toolchains/beta-2023-04-20-x86_64-unknown-linux-gnu/lib/rustlib/x86_64-unknown-linux-gnu/lib/liballoc-b371f055239ba51f.rlib" "/opt/rustwide/rustup-home/toolchains/beta-2023-04-20-x86_64-unknown-linux-gnu/lib/rustlib/x86_64-unknown-linux-gnu/lib/librustc_std_workspace_core-e60518d2760eb01e.rlib" "/opt/rustwide/rustup-home/toolchains/beta-2023-04-20-x86_64-unknown-linux-gnu/lib/rustlib/x86_64-unknown-linux-gnu/lib/libcore-1ad943f92a4b1081.rlib" "/opt/rustwide/rustup-home/toolchains/beta-2023-04-20-x86_64-unknown-linux-gnu/lib/rustlib/x86_64-unknown-linux-gnu/lib/libcompiler_builtins-f0d6e4d0fc1e80b4.rlib" "-Wl,-Bdynamic" "-lssl" "-lcrypto" "-lgcc_s" "-lutil" "-lrt" "-lpthread" "-lm" "-ldl" "-lc" "-Wl,--eh-frame-hdr" "-Wl,-z,noexecstack" "-L" "/opt/rustwide/rustup-home/toolchains/beta-2023-04-20-x86_64-unknown-linux-gnu/lib/rustlib/x86_64-unknown-linux-gnu/lib" "-o" "/opt/rustwide/target/debug/deps/ciphercore_matrix_multiplication-ad3b5280fb754d2f" "-Wl,--gc-sections" "-pie" "-Wl,-z,relro,-z,now" "-nodefaultlibs"
[INFO] [stdout]   = note: collect2: fatal error: ld terminated with signal 9 [Killed]
[INFO] [stdout]           compilation terminated.
[INFO] [stdout]           
[INFO] [stdout] 
[INFO] [stdout] 
[INFO] [stdout] error: aborting due to previous error
[INFO] [stdout] 
[INFO] [stdout] 
[INFO] [stderr] error: could not compile `ciphercore-base` (bin "ciphercore_matrix_multiplication") due to 2 previous errors
[INFO] [stderr] warning: build failed, waiting for other jobs to finish...
[INFO] [stdout] error: linking with `cc` failed: exit status: 1
[INFO] [stdout]   |
[INFO] [stdout]   = note: LC_ALL="C" PATH="/opt/rustwide/rustup-home/toolchains/beta-2023-04-20-x86_64-unknown-linux-gnu/lib/rustlib/x86_64-unknown-linux-gnu/bin:/opt/rustwide/cargo-home/bin:/usr/local/sbin:/usr/local/bin:/usr/sbin:/usr/bin:/sbin:/bin" VSLANG="1033" "cc" "-m64" "/tmp/rustcHBKMAk/symbols.o" "/opt/rustwide/target/debug/deps/ciphercore_a2b-e86ecde3130ad3ae.ciphercore_a2b.8eedec3f-cgu.0.rcgu.o" "/opt/rustwide/target/debug/deps/ciphercore_a2b-e86ecde3130ad3ae.ciphercore_a2b.8eedec3f-cgu.1.rcgu.o" "/opt/rustwide/target/debug/deps/ciphercore_a2b-e86ecde3130ad3ae.ciphercore_a2b.8eedec3f-cgu.10.rcgu.o" "/opt/rustwide/target/debug/deps/ciphercore_a2b-e86ecde3130ad3ae.ciphercore_a2b.8eedec3f-cgu.11.rcgu.o" "/opt/rustwide/target/debug/deps/ciphercore_a2b-e86ecde3130ad3ae.ciphercore_a2b.8eedec3f-cgu.12.rcgu.o" "/opt/rustwide/target/debug/deps/ciphercore_a2b-e86ecde3130ad3ae.ciphercore_a2b.8eedec3f-cgu.13.rcgu.o" "/opt/rustwide/target/debug/deps/ciphercore_a2b-e86ecde3130ad3ae.ciphercore_a2b.8eedec3f-cgu.14.rcgu.o" "/opt/rustwide/target/debug/deps/ciphercore_a2b-e86ecde3130ad3ae.ciphercore_a2b.8eedec3f-cgu.15.rcgu.o" "/opt/rustwide/target/debug/deps/ciphercore_a2b-e86ecde3130ad3ae.ciphercore_a2b.8eedec3f-cgu.2.rcgu.o" "/opt/rustwide/target/debug/deps/ciphercore_a2b-e86ecde3130ad3ae.ciphercore_a2b.8eedec3f-cgu.3.rcgu.o" "/opt/rustwide/target/debug/deps/ciphercore_a2b-e86ecde3130ad3ae.ciphercore_a2b.8eedec3f-cgu.4.rcgu.o" "/opt/rustwide/target/debug/deps/ciphercore_a2b-e86ecde3130ad3ae.ciphercore_a2b.8eedec3f-cgu.5.rcgu.o" "/opt/rustwide/target/debug/deps/ciphercore_a2b-e86ecde3130ad3ae.ciphercore_a2b.8eedec3f-cgu.6.rcgu.o" "/opt/rustwide/target/debug/deps/ciphercore_a2b-e86ecde3130ad3ae.ciphercore_a2b.8eedec3f-cgu.7.rcgu.o" "/opt/rustwide/target/debug/deps/ciphercore_a2b-e86ecde3130ad3ae.ciphercore_a2b.8eedec3f-cgu.8.rcgu.o" "/opt/rustwide/target/debug/deps/ciphercore_a2b-e86ecde3130ad3ae.ciphercore_a2b.8eedec3f-cgu.9.rcgu.o" "/opt/rustwide/target/debug/deps/ciphercore_a2b-e86ecde3130ad3ae.35g7h6l239sb3snb.rcgu.o" "-Wl,--as-needed" "-L" "/opt/rustwide/target/debug/deps" "-L" "/opt/rustwide/rustup-home/toolchains/beta-2023-04-20-x86_64-unknown-linux-gnu/lib/rustlib/x86_64-unknown-linux-gnu/lib" "-Wl,-Bstatic" "/opt/rustwide/target/debug/deps/libenv_logger-8a7e9a0c040677e0.rlib" "/opt/rustwide/target/debug/deps/libhumantime-e9a3658f54825403.rlib" "/opt/rustwide/target/debug/deps/libregex-d4d6e905c4854976.rlib" "/opt/rustwide/target/debug/deps/libaho_corasick-d5fac31069bece93.rlib" "/opt/rustwide/target/debug/deps/libmemchr-f4ebff342237ab92.rlib" "/opt/rustwide/target/debug/deps/libregex_syntax-4663d6ad9e9e60a5.rlib" "/opt/rustwide/target/debug/deps/libclap-d4ce2ca3cfaecd80.rlib" "/opt/rustwide/target/debug/deps/libatty-5822463f0cac721f.rlib" "/opt/rustwide/target/debug/deps/libstrsim-be6ba759f95a5238.rlib" "/opt/rustwide/target/debug/deps/libtermcolor-115d13e8512c3a7e.rlib" "/opt/rustwide/target/debug/deps/libtextwrap-f455d21d7722d814.rlib" "/opt/rustwide/target/debug/deps/libclap_lex-8c7205893da69705.rlib" "/opt/rustwide/target/debug/deps/libos_str_bytes-8c72dc8f649aa80a.rlib" "/opt/rustwide/target/debug/deps/libciphercore_base-3a14dc490984ee2a.rlib" "/opt/rustwide/target/debug/deps/libtypetag-7368d9ef82201542.rlib" "/opt/rustwide/target/debug/deps/liberased_serde-c36b881fa476b65e.rlib" "/opt/rustwide/target/debug/deps/libinventory-c10985ef18a747d2.rlib" "/opt/rustwide/target/debug/deps/librand-3e21af32cfc1e8d3.rlib" "/opt/rustwide/target/debug/deps/librand_chacha-2225d4c651a46875.rlib" "/opt/rustwide/target/debug/deps/libppv_lite86-79b67cdd215cb07c.rlib" "/opt/rustwide/target/debug/deps/librand_core-bf23f52ef067ef7d.rlib" "/opt/rustwide/target/debug/deps/libgetrandom-a0d2c60623646d27.rlib" "/opt/rustwide/target/debug/deps/libatomic_refcell-00f40d2e6fb9e641.rlib" "/opt/rustwide/target/debug/deps/libpetgraph-63b1fed349b9123a.rlib" "/opt/rustwide/target/debug/deps/libindexmap-483d6a6f45855717.rlib" "/opt/rustwide/target/debug/deps/libhashbrown-14a936eea4e6bab4.rlib" "/opt/rustwide/target/debug/deps/libfixedbitset-2ef746e05260be58.rlib" "/opt/rustwide/target/debug/deps/libopenssl-e1bb87546b70804b.rlib" "/opt/rustwide/target/debug/deps/libonce_cell-4515fa40a5ce4b0c.rlib" "/opt/rustwide/target/debug/deps/libbitflags-610a73087f46ba3b.rlib" "/opt/rustwide/target/debug/deps/libforeign_types-3138d685ddde873e.rlib" "/opt/rustwide/target/debug/deps/libforeign_types_shared-1df85ef0ce08cbc3.rlib" "/opt/rustwide/target/debug/deps/libopenssl_sys-037f8c64abcffe43.rlib" "/opt/rustwide/target/debug/deps/libjson-3ba82227bd791688.rlib" "/opt/rustwide/target/debug/deps/libciphercore_utils-8edbc7bfa6ae13ca.rlib" "/opt/rustwide/target/debug/deps/libserde_json-67a06974a1a63178.rlib" "/opt/rustwide/target/debug/deps/libryu-b5fa14faef1dcf3b.rlib" "/opt/rustwide/target/debug/deps/libitoa-ef51536650fd4ae2.rlib" "/opt/rustwide/target/debug/deps/liblog-a3fff25330ec687e.rlib" "/opt/rustwide/target/debug/deps/libcfg_if-97437e183f3ae6e4.rlib" "/opt/rustwide/target/debug/deps/libserde-b8675625b9657f99.rlib" "/opt/rustwide/target/debug/deps/libchrono-ae698a24e358de9f.rlib" "/opt/rustwide/target/debug/deps/libiana_time_zone-29119b9b08c3b17e.rlib" "/opt/rustwide/target/debug/deps/libtime-3487bd5840a6d6d7.rlib" "/opt/rustwide/target/debug/deps/liblibc-437468c9c78eaf61.rlib" "/opt/rustwide/target/debug/deps/libndarray-b4f56834bc6d9200.rlib" "/opt/rustwide/target/debug/deps/libmatrixmultiply-76d6a25de24b63ba.rlib" "/opt/rustwide/target/debug/deps/libnum_complex-1583fd28d7b9983b.rlib" "/opt/rustwide/target/debug/deps/libnum_integer-4e11b7aaea8ce157.rlib" "/opt/rustwide/target/debug/deps/libnum_traits-991acf3b855e0659.rlib" "/opt/rustwide/target/debug/deps/librawpointer-6f2190d0a178b7fa.rlib" "/opt/rustwide/rustup-home/toolchains/beta-2023-04-20-x86_64-unknown-linux-gnu/lib/rustlib/x86_64-unknown-linux-gnu/lib/libstd-0e29cc23c5e02021.rlib" "/opt/rustwide/rustup-home/toolchains/beta-2023-04-20-x86_64-unknown-linux-gnu/lib/rustlib/x86_64-unknown-linux-gnu/lib/libpanic_unwind-d903621768a861d9.rlib" "/opt/rustwide/rustup-home/toolchains/beta-2023-04-20-x86_64-unknown-linux-gnu/lib/rustlib/x86_64-unknown-linux-gnu/lib/libobject-6d0225e655f31c13.rlib" "/opt/rustwide/rustup-home/toolchains/beta-2023-04-20-x86_64-unknown-linux-gnu/lib/rustlib/x86_64-unknown-linux-gnu/lib/libmemchr-9dbaf4eac7eaa079.rlib" "/opt/rustwide/rustup-home/toolchains/beta-2023-04-20-x86_64-unknown-linux-gnu/lib/rustlib/x86_64-unknown-linux-gnu/lib/libaddr2line-27f05b3d42a66dd0.rlib" "/opt/rustwide/rustup-home/toolchains/beta-2023-04-20-x86_64-unknown-linux-gnu/lib/rustlib/x86_64-unknown-linux-gnu/lib/libgimli-4d73f1030321c9a2.rlib" "/opt/rustwide/rustup-home/toolchains/beta-2023-04-20-x86_64-unknown-linux-gnu/lib/rustlib/x86_64-unknown-linux-gnu/lib/librustc_demangle-2846c9e58abd0acb.rlib" "/opt/rustwide/rustup-home/toolchains/beta-2023-04-20-x86_64-unknown-linux-gnu/lib/rustlib/x86_64-unknown-linux-gnu/lib/libstd_detect-a53d0f50415947be.rlib" "/opt/rustwide/rustup-home/toolchains/beta-2023-04-20-x86_64-unknown-linux-gnu/lib/rustlib/x86_64-unknown-linux-gnu/lib/libhashbrown-d48e4b6abc25b9dc.rlib" "/opt/rustwide/rustup-home/toolchains/beta-2023-04-20-x86_64-unknown-linux-gnu/lib/rustlib/x86_64-unknown-linux-gnu/lib/libminiz_oxide-2991859439ef1207.rlib" "/opt/rustwide/rustup-home/toolchains/beta-2023-04-20-x86_64-unknown-linux-gnu/lib/rustlib/x86_64-unknown-linux-gnu/lib/libadler-8a687517e4221bae.rlib" "/opt/rustwide/rustup-home/toolchains/beta-2023-04-20-x86_64-unknown-linux-gnu/lib/rustlib/x86_64-unknown-linux-gnu/lib/librustc_std_workspace_alloc-e07b554f6a67f5b3.rlib" "/opt/rustwide/rustup-home/toolchains/beta-2023-04-20-x86_64-unknown-linux-gnu/lib/rustlib/x86_64-unknown-linux-gnu/lib/libunwind-b68238b7c3c619dd.rlib" "/opt/rustwide/rustup-home/toolchains/beta-2023-04-20-x86_64-unknown-linux-gnu/lib/rustlib/x86_64-unknown-linux-gnu/lib/libcfg_if-d5e213e896c017e4.rlib" "/opt/rustwide/rustup-home/toolchains/beta-2023-04-20-x86_64-unknown-linux-gnu/lib/rustlib/x86_64-unknown-linux-gnu/lib/liblibc-0211a3b2e61d8689.rlib" "/opt/rustwide/rustup-home/toolchains/beta-2023-04-20-x86_64-unknown-linux-gnu/lib/rustlib/x86_64-unknown-linux-gnu/lib/liballoc-b371f055239ba51f.rlib" "/opt/rustwide/rustup-home/toolchains/beta-2023-04-20-x86_64-unknown-linux-gnu/lib/rustlib/x86_64-unknown-linux-gnu/lib/librustc_std_workspace_core-e60518d2760eb01e.rlib" "/opt/rustwide/rustup-home/toolchains/beta-2023-04-20-x86_64-unknown-linux-gnu/lib/rustlib/x86_64-unknown-linux-gnu/lib/libcore-1ad943f92a4b1081.rlib" "/opt/rustwide/rustup-home/toolchains/beta-2023-04-20-x86_64-unknown-linux-gnu/lib/rustlib/x86_64-unknown-linux-gnu/lib/libcompiler_builtins-f0d6e4d0fc1e80b4.rlib" "-Wl,-Bdynamic" "-lssl" "-lcrypto" "-lgcc_s" "-lutil" "-lrt" "-lpthread" "-lm" "-ldl" "-lc" "-Wl,--eh-frame-hdr" "-Wl,-z,noexecstack" "-L" "/opt/rustwide/rustup-home/toolchains/beta-2023-04-20-x86_64-unknown-linux-gnu/lib/rustlib/x86_64-unknown-linux-gnu/lib" "-o" "/opt/rustwide/target/debug/deps/ciphercore_a2b-e86ecde3130ad3ae" "-Wl,--gc-sections" "-pie" "-Wl,-z,relro,-z,now" "-nodefaultlibs"
[INFO] [stdout]   = note: collect2: fatal error: ld terminated with signal 9 [Killed]
[INFO] [stdout]           compilation terminated.
[INFO] [stdout]           
[INFO] [stdout] 
[INFO] [stdout] 
[INFO] [stdout] error: aborting due to previous error
[INFO] [stdout] 
[INFO] [stdout] 
[INFO] [stderr] error: could not compile `ciphercore-base` (bin "ciphercore_a2b") due to 2 previous errors
[INFO] [stdout] error: linking with `cc` failed: exit status: 1
[INFO] [stdout]   |
[INFO] [stdout]   = note: LC_ALL="C" PATH="/opt/rustwide/rustup-home/toolchains/beta-2023-04-20-x86_64-unknown-linux-gnu/lib/rustlib/x86_64-unknown-linux-gnu/bin:/opt/rustwide/cargo-home/bin:/usr/local/sbin:/usr/local/bin:/usr/sbin:/usr/bin:/sbin:/bin" VSLANG="1033" "cc" "-m64" "/tmp/rustcFQxtPM/symbols.o" "/opt/rustwide/target/debug/deps/ciphercore_sort-52b22c48c8cca223.ciphercore_sort.15528d0d-cgu.0.rcgu.o" "/opt/rustwide/target/debug/deps/ciphercore_sort-52b22c48c8cca223.ciphercore_sort.15528d0d-cgu.1.rcgu.o" "/opt/rustwide/target/debug/deps/ciphercore_sort-52b22c48c8cca223.ciphercore_sort.15528d0d-cgu.10.rcgu.o" "/opt/rustwide/target/debug/deps/ciphercore_sort-52b22c48c8cca223.ciphercore_sort.15528d0d-cgu.11.rcgu.o" "/opt/rustwide/target/debug/deps/ciphercore_sort-52b22c48c8cca223.ciphercore_sort.15528d0d-cgu.12.rcgu.o" "/opt/rustwide/target/debug/deps/ciphercore_sort-52b22c48c8cca223.ciphercore_sort.15528d0d-cgu.13.rcgu.o" "/opt/rustwide/target/debug/deps/ciphercore_sort-52b22c48c8cca223.ciphercore_sort.15528d0d-cgu.14.rcgu.o" "/opt/rustwide/target/debug/deps/ciphercore_sort-52b22c48c8cca223.ciphercore_sort.15528d0d-cgu.15.rcgu.o" "/opt/rustwide/target/debug/deps/ciphercore_sort-52b22c48c8cca223.ciphercore_sort.15528d0d-cgu.2.rcgu.o" "/opt/rustwide/target/debug/deps/ciphercore_sort-52b22c48c8cca223.ciphercore_sort.15528d0d-cgu.3.rcgu.o" "/opt/rustwide/target/debug/deps/ciphercore_sort-52b22c48c8cca223.ciphercore_sort.15528d0d-cgu.4.rcgu.o" "/opt/rustwide/target/debug/deps/ciphercore_sort-52b22c48c8cca223.ciphercore_sort.15528d0d-cgu.5.rcgu.o" "/opt/rustwide/target/debug/deps/ciphercore_sort-52b22c48c8cca223.ciphercore_sort.15528d0d-cgu.6.rcgu.o" "/opt/rustwide/target/debug/deps/ciphercore_sort-52b22c48c8cca223.ciphercore_sort.15528d0d-cgu.7.rcgu.o" "/opt/rustwide/target/debug/deps/ciphercore_sort-52b22c48c8cca223.ciphercore_sort.15528d0d-cgu.8.rcgu.o" "/opt/rustwide/target/debug/deps/ciphercore_sort-52b22c48c8cca223.ciphercore_sort.15528d0d-cgu.9.rcgu.o" "/opt/rustwide/target/debug/deps/ciphercore_sort-52b22c48c8cca223.3alvvez4lxwypqrw.rcgu.o" "-Wl,--as-needed" "-L" "/opt/rustwide/target/debug/deps" "-L" "/opt/rustwide/rustup-home/toolchains/beta-2023-04-20-x86_64-unknown-linux-gnu/lib/rustlib/x86_64-unknown-linux-gnu/lib" "-Wl,-Bstatic" "/opt/rustwide/target/debug/deps/libenv_logger-8a7e9a0c040677e0.rlib" "/opt/rustwide/target/debug/deps/libhumantime-e9a3658f54825403.rlib" "/opt/rustwide/target/debug/deps/libregex-d4d6e905c4854976.rlib" "/opt/rustwide/target/debug/deps/libaho_corasick-d5fac31069bece93.rlib" "/opt/rustwide/target/debug/deps/libmemchr-f4ebff342237ab92.rlib" "/opt/rustwide/target/debug/deps/libregex_syntax-4663d6ad9e9e60a5.rlib" "/opt/rustwide/target/debug/deps/libclap-d4ce2ca3cfaecd80.rlib" "/opt/rustwide/target/debug/deps/libatty-5822463f0cac721f.rlib" "/opt/rustwide/target/debug/deps/libstrsim-be6ba759f95a5238.rlib" "/opt/rustwide/target/debug/deps/libtermcolor-115d13e8512c3a7e.rlib" "/opt/rustwide/target/debug/deps/libtextwrap-f455d21d7722d814.rlib" "/opt/rustwide/target/debug/deps/libclap_lex-8c7205893da69705.rlib" "/opt/rustwide/target/debug/deps/libos_str_bytes-8c72dc8f649aa80a.rlib" "/opt/rustwide/target/debug/deps/libciphercore_base-3a14dc490984ee2a.rlib" "/opt/rustwide/target/debug/deps/libtypetag-7368d9ef82201542.rlib" "/opt/rustwide/target/debug/deps/liberased_serde-c36b881fa476b65e.rlib" "/opt/rustwide/target/debug/deps/libinventory-c10985ef18a747d2.rlib" "/opt/rustwide/target/debug/deps/librand-3e21af32cfc1e8d3.rlib" "/opt/rustwide/target/debug/deps/librand_chacha-2225d4c651a46875.rlib" "/opt/rustwide/target/debug/deps/libppv_lite86-79b67cdd215cb07c.rlib" "/opt/rustwide/target/debug/deps/librand_core-bf23f52ef067ef7d.rlib" "/opt/rustwide/target/debug/deps/libgetrandom-a0d2c60623646d27.rlib" "/opt/rustwide/target/debug/deps/libatomic_refcell-00f40d2e6fb9e641.rlib" "/opt/rustwide/target/debug/deps/libpetgraph-63b1fed349b9123a.rlib" "/opt/rustwide/target/debug/deps/libindexmap-483d6a6f45855717.rlib" "/opt/rustwide/target/debug/deps/libhashbrown-14a936eea4e6bab4.rlib" "/opt/rustwide/target/debug/deps/libfixedbitset-2ef746e05260be58.rlib" "/opt/rustwide/target/debug/deps/libopenssl-e1bb87546b70804b.rlib" "/opt/rustwide/target/debug/deps/libonce_cell-4515fa40a5ce4b0c.rlib" "/opt/rustwide/target/debug/deps/libbitflags-610a73087f46ba3b.rlib" "/opt/rustwide/target/debug/deps/libforeign_types-3138d685ddde873e.rlib" "/opt/rustwide/target/debug/deps/libforeign_types_shared-1df85ef0ce08cbc3.rlib" "/opt/rustwide/target/debug/deps/libopenssl_sys-037f8c64abcffe43.rlib" "/opt/rustwide/target/debug/deps/libjson-3ba82227bd791688.rlib" "/opt/rustwide/target/debug/deps/libciphercore_utils-8edbc7bfa6ae13ca.rlib" "/opt/rustwide/target/debug/deps/libserde_json-67a06974a1a63178.rlib" "/opt/rustwide/target/debug/deps/libryu-b5fa14faef1dcf3b.rlib" "/opt/rustwide/target/debug/deps/libitoa-ef51536650fd4ae2.rlib" "/opt/rustwide/target/debug/deps/liblog-a3fff25330ec687e.rlib" "/opt/rustwide/target/debug/deps/libcfg_if-97437e183f3ae6e4.rlib" "/opt/rustwide/target/debug/deps/libserde-b8675625b9657f99.rlib" "/opt/rustwide/target/debug/deps/libchrono-ae698a24e358de9f.rlib" "/opt/rustwide/target/debug/deps/libiana_time_zone-29119b9b08c3b17e.rlib" "/opt/rustwide/target/debug/deps/libtime-3487bd5840a6d6d7.rlib" "/opt/rustwide/target/debug/deps/liblibc-437468c9c78eaf61.rlib" "/opt/rustwide/target/debug/deps/libndarray-b4f56834bc6d9200.rlib" "/opt/rustwide/target/debug/deps/libmatrixmultiply-76d6a25de24b63ba.rlib" "/opt/rustwide/target/debug/deps/libnum_complex-1583fd28d7b9983b.rlib" "/opt/rustwide/target/debug/deps/libnum_integer-4e11b7aaea8ce157.rlib" "/opt/rustwide/target/debug/deps/libnum_traits-991acf3b855e0659.rlib" "/opt/rustwide/target/debug/deps/librawpointer-6f2190d0a178b7fa.rlib" "/opt/rustwide/rustup-home/toolchains/beta-2023-04-20-x86_64-unknown-linux-gnu/lib/rustlib/x86_64-unknown-linux-gnu/lib/libstd-0e29cc23c5e02021.rlib" "/opt/rustwide/rustup-home/toolchains/beta-2023-04-20-x86_64-unknown-linux-gnu/lib/rustlib/x86_64-unknown-linux-gnu/lib/libpanic_unwind-d903621768a861d9.rlib" "/opt/rustwide/rustup-home/toolchains/beta-2023-04-20-x86_64-unknown-linux-gnu/lib/rustlib/x86_64-unknown-linux-gnu/lib/libobject-6d0225e655f31c13.rlib" "/opt/rustwide/rustup-home/toolchains/beta-2023-04-20-x86_64-unknown-linux-gnu/lib/rustlib/x86_64-unknown-linux-gnu/lib/libmemchr-9dbaf4eac7eaa079.rlib" "/opt/rustwide/rustup-home/toolchains/beta-2023-04-20-x86_64-unknown-linux-gnu/lib/rustlib/x86_64-unknown-linux-gnu/lib/libaddr2line-27f05b3d42a66dd0.rlib" "/opt/rustwide/rustup-home/toolchains/beta-2023-04-20-x86_64-unknown-linux-gnu/lib/rustlib/x86_64-unknown-linux-gnu/lib/libgimli-4d73f1030321c9a2.rlib" "/opt/rustwide/rustup-home/toolchains/beta-2023-04-20-x86_64-unknown-linux-gnu/lib/rustlib/x86_64-unknown-linux-gnu/lib/librustc_demangle-2846c9e58abd0acb.rlib" "/opt/rustwide/rustup-home/toolchains/beta-2023-04-20-x86_64-unknown-linux-gnu/lib/rustlib/x86_64-unknown-linux-gnu/lib/libstd_detect-a53d0f50415947be.rlib" "/opt/rustwide/rustup-home/toolchains/beta-2023-04-20-x86_64-unknown-linux-gnu/lib/rustlib/x86_64-unknown-linux-gnu/lib/libhashbrown-d48e4b6abc25b9dc.rlib" "/opt/rustwide/rustup-home/toolchains/beta-2023-04-20-x86_64-unknown-linux-gnu/lib/rustlib/x86_64-unknown-linux-gnu/lib/libminiz_oxide-2991859439ef1207.rlib" "/opt/rustwide/rustup-home/toolchains/beta-2023-04-20-x86_64-unknown-linux-gnu/lib/rustlib/x86_64-unknown-linux-gnu/lib/libadler-8a687517e4221bae.rlib" "/opt/rustwide/rustup-home/toolchains/beta-2023-04-20-x86_64-unknown-linux-gnu/lib/rustlib/x86_64-unknown-linux-gnu/lib/librustc_std_workspace_alloc-e07b554f6a67f5b3.rlib" "/opt/rustwide/rustup-home/toolchains/beta-2023-04-20-x86_64-unknown-linux-gnu/lib/rustlib/x86_64-unknown-linux-gnu/lib/libunwind-b68238b7c3c619dd.rlib" "/opt/rustwide/rustup-home/toolchains/beta-2023-04-20-x86_64-unknown-linux-gnu/lib/rustlib/x86_64-unknown-linux-gnu/lib/libcfg_if-d5e213e896c017e4.rlib" "/opt/rustwide/rustup-home/toolchains/beta-2023-04-20-x86_64-unknown-linux-gnu/lib/rustlib/x86_64-unknown-linux-gnu/lib/liblibc-0211a3b2e61d8689.rlib" "/opt/rustwide/rustup-home/toolchains/beta-2023-04-20-x86_64-unknown-linux-gnu/lib/rustlib/x86_64-unknown-linux-gnu/lib/liballoc-b371f055239ba51f.rlib" "/opt/rustwide/rustup-home/toolchains/beta-2023-04-20-x86_64-unknown-linux-gnu/lib/rustlib/x86_64-unknown-linux-gnu/lib/librustc_std_workspace_core-e60518d2760eb01e.rlib" "/opt/rustwide/rustup-home/toolchains/beta-2023-04-20-x86_64-unknown-linux-gnu/lib/rustlib/x86_64-unknown-linux-gnu/lib/libcore-1ad943f92a4b1081.rlib" "/opt/rustwide/rustup-home/toolchains/beta-2023-04-20-x86_64-unknown-linux-gnu/lib/rustlib/x86_64-unknown-linux-gnu/lib/libcompiler_builtins-f0d6e4d0fc1e80b4.rlib" "-Wl,-Bdynamic" "-lssl" "-lcrypto" "-lgcc_s" "-lutil" "-lrt" "-lpthread" "-lm" "-ldl" "-lc" "-Wl,--eh-frame-hdr" "-Wl,-z,noexecstack" "-L" "/opt/rustwide/rustup-home/toolchains/beta-2023-04-20-x86_64-unknown-linux-gnu/lib/rustlib/x86_64-unknown-linux-gnu/lib" "-o" "/opt/rustwide/target/debug/deps/ciphercore_sort-52b22c48c8cca223" "-Wl,--gc-sections" "-pie" "-Wl,-z,relro,-z,now" "-nodefaultlibs"
[INFO] [stdout]   = note: collect2: fatal error: ld terminated with signal 9 [Killed]
[INFO] [stdout]           compilation terminated.
[INFO] [stdout]           
[INFO] [stdout] 
[INFO] [stdout] 
[INFO] [stdout] error: aborting due to previous error
[INFO] [stdout] 
[INFO] [stdout] 
[INFO] [stderr] error: could not compile `ciphercore-base` (bin "ciphercore_sort") due to 2 previous errors
[INFO] running `Command { std: "docker" "inspect" "ed7390dc54866aa38a22fc24d9ac0e86e20e448c5f32692a616533096c3c842b", kill_on_drop: false }`
[INFO] running `Command { std: "docker" "rm" "-f" "ed7390dc54866aa38a22fc24d9ac0e86e20e448c5f32692a616533096c3c842b", kill_on_drop: false }`
[INFO] [stdout] ed7390dc54866aa38a22fc24d9ac0e86e20e448c5f32692a616533096c3c842b
