[INFO] fetching crate ciboulette2pg 0.1.3...
[INFO] testing ciboulette2pg-0.1.3 against 1.69.0 for beta-1.70-1
[INFO] extracting crate ciboulette2pg 0.1.3 into /workspace/builds/worker-3-tc1/source
[INFO] validating manifest of crates.io crate ciboulette2pg 0.1.3 on toolchain 1.69.0
[INFO] running `Command { std: CARGO_HOME="/workspace/cargo-home" RUSTUP_HOME="/workspace/rustup-home" "/workspace/cargo-home/bin/cargo" "+1.69.0" "metadata" "--manifest-path" "Cargo.toml" "--no-deps", kill_on_drop: false }`
[INFO] started tweaking crates.io crate ciboulette2pg 0.1.3
[INFO] finished tweaking crates.io crate ciboulette2pg 0.1.3
[INFO] tweaked toml for crates.io crate ciboulette2pg 0.1.3 written to /workspace/builds/worker-3-tc1/source/Cargo.toml
[INFO] crate crates.io crate ciboulette2pg 0.1.3 already has a lockfile, it will not be regenerated
[INFO] running `Command { std: CARGO_HOME="/workspace/cargo-home" RUSTUP_HOME="/workspace/rustup-home" "/workspace/cargo-home/bin/cargo" "+1.69.0" "fetch" "--manifest-path" "Cargo.toml", kill_on_drop: false }`
[INFO] [stderr]  Downloading crates ...
[INFO] [stderr]   Downloaded cpufeatures v0.1.1
[INFO] [stderr]   Downloaded sha2 v0.9.5
[INFO] [stderr]   Downloaded hmac v0.10.1
[INFO] [stderr]   Downloaded md-5 v0.9.1
[INFO] [stderr]   Downloaded sqlx-core v0.5.2
[INFO] [stderr]   Downloaded postgres-types v0.2.1
[INFO] [stderr]   Downloaded console v0.14.1
[INFO] [stderr]   Downloaded atoi v0.4.0
[INFO] [stderr]   Downloaded hashlink v0.6.0
[INFO] [stderr]   Downloaded tokio-macros v1.1.0
[INFO] [stderr]   Downloaded tokio-stream v0.1.5
[INFO] [stderr]   Downloaded bigdecimal v0.2.0
[INFO] [stderr]   Downloaded subtle v2.4.0
[INFO] [stderr]   Downloaded sqlx-rt v0.5.2
[INFO] [stderr]   Downloaded redox_users v0.4.0
[INFO] [stderr]   Downloaded getset v0.1.1
[INFO] [stderr]   Downloaded terminal_size v0.1.16
[INFO] [stderr]   Downloaded dirs-sys v0.3.6
[INFO] [stderr]   Downloaded siphasher v0.3.5
[INFO] [stderr]   Downloaded refinery-core v0.5.1
[INFO] [stderr]   Downloaded crossbeam-queue v0.3.1
[INFO] [stderr]   Downloaded whoami v1.1.2
[INFO] [stderr]   Downloaded similar v1.3.0
[INFO] [stderr]   Downloaded ahash v0.7.2
[INFO] [stderr]   Downloaded mach v0.2.3
[INFO] [stderr]   Downloaded sqlx-macros v0.5.2
[INFO] [stderr]   Downloaded refinery v0.5.0
[INFO] [stderr]   Downloaded postgres-protocol v0.6.1
[INFO] [stderr]   Downloaded crypto-mac v0.10.0
[INFO] [stderr]   Downloaded tokio-postgres v0.7.2
[INFO] [stderr]   Downloaded ciboulette v0.1.4
[INFO] [stderr]   Downloaded slice-deque v0.2.4
[INFO] [stderr]   Downloaded insta v1.7.1
[INFO] [stderr]   Downloaded numtoa v0.2.3
[INFO] [stderr]   Downloaded sqlx v0.5.2
[INFO] [stderr]   Downloaded refinery-macros v0.5.0
[INFO] [stderr]   Downloaded messy_json v0.2.2
[INFO] [stderr]   Downloaded sqlformat v0.1.6
[INFO] [stderr]   Downloaded arcstr v1.0.0
[INFO] running `Command { std: "docker" "create" "-v" "/var/lib/crater-agent-workspace/builds/worker-3-tc1/target:/opt/rustwide/target:rw,Z" "-v" "/var/lib/crater-agent-workspace/builds/worker-3-tc1/source:/opt/rustwide/workdir:ro,Z" "-v" "/var/lib/crater-agent-workspace/cargo-home:/opt/rustwide/cargo-home:ro,Z" "-v" "/var/lib/crater-agent-workspace/rustup-home:/opt/rustwide/rustup-home:ro,Z" "-e" "SOURCE_DIR=/opt/rustwide/workdir" "-e" "CARGO_TARGET_DIR=/opt/rustwide/target" "-e" "CARGO_HOME=/opt/rustwide/cargo-home" "-e" "RUSTUP_HOME=/opt/rustwide/rustup-home" "-w" "/opt/rustwide/workdir" "-m" "1610612736" "--user" "0:0" "--network" "none" "ghcr.io/rust-lang/crates-build-env/linux@sha256:5ff2268d62e97bff2cde7d5815dd6ed5b47097566f13b8d0ca110b04b60e07ed" "/opt/rustwide/cargo-home/bin/cargo" "+1.69.0" "metadata" "--no-deps" "--format-version=1", kill_on_drop: false }`
[INFO] [stdout] 9d25659c70c5d0e9474aa5b9812a382794b816dca1a7dafe4c1823997fbb22fb
[INFO] running `Command { std: "docker" "start" "-a" "9d25659c70c5d0e9474aa5b9812a382794b816dca1a7dafe4c1823997fbb22fb", kill_on_drop: false }`
[INFO] running `Command { std: "docker" "inspect" "9d25659c70c5d0e9474aa5b9812a382794b816dca1a7dafe4c1823997fbb22fb", kill_on_drop: false }`
[INFO] running `Command { std: "docker" "rm" "-f" "9d25659c70c5d0e9474aa5b9812a382794b816dca1a7dafe4c1823997fbb22fb", kill_on_drop: false }`
[INFO] [stdout] 9d25659c70c5d0e9474aa5b9812a382794b816dca1a7dafe4c1823997fbb22fb
[INFO] running `Command { std: "docker" "create" "-v" "/var/lib/crater-agent-workspace/builds/worker-3-tc1/target:/opt/rustwide/target:rw,Z" "-v" "/var/lib/crater-agent-workspace/builds/worker-3-tc1/source:/opt/rustwide/workdir:ro,Z" "-v" "/var/lib/crater-agent-workspace/cargo-home:/opt/rustwide/cargo-home:ro,Z" "-v" "/var/lib/crater-agent-workspace/rustup-home:/opt/rustwide/rustup-home:ro,Z" "-e" "SOURCE_DIR=/opt/rustwide/workdir" "-e" "CARGO_TARGET_DIR=/opt/rustwide/target" "-e" "CARGO_INCREMENTAL=0" "-e" "RUST_BACKTRACE=full" "-e" "RUSTFLAGS=--cap-lints=warn" "-e" "RUSTDOCFLAGS=--cap-lints=warn" "-e" "CARGO_HOME=/opt/rustwide/cargo-home" "-e" "RUSTUP_HOME=/opt/rustwide/rustup-home" "-w" "/opt/rustwide/workdir" "-m" "1610612736" "--user" "0:0" "--network" "none" "ghcr.io/rust-lang/crates-build-env/linux@sha256:5ff2268d62e97bff2cde7d5815dd6ed5b47097566f13b8d0ca110b04b60e07ed" "/opt/rustwide/cargo-home/bin/cargo" "+1.69.0" "build" "--frozen" "--message-format=json", kill_on_drop: false }`
[INFO] [stdout] 8c0508a60a0132f2a4e1686af8ef536353b9b2788315e23981ec0e1d16669705
[INFO] running `Command { std: "docker" "start" "-a" "8c0508a60a0132f2a4e1686af8ef536353b9b2788315e23981ec0e1d16669705", kill_on_drop: false }`
[INFO] [stderr]    Compiling libc v0.2.94
[INFO] [stderr]    Compiling syn v1.0.72
[INFO] [stderr]    Compiling memchr v2.4.0
[INFO] [stderr]    Compiling serde_derive v1.0.126
[INFO] [stderr]    Compiling once_cell v1.7.2
[INFO] [stderr]    Compiling serde v1.0.126
[INFO] [stderr]    Compiling cc v1.0.67
[INFO] [stderr]    Compiling getrandom v0.2.2
[INFO] [stderr]    Compiling generic-array v0.14.4
[INFO] [stderr]    Compiling log v0.4.14
[INFO] [stderr]    Compiling pin-project-lite v0.2.6
[INFO] [stderr]    Compiling proc-macro2 v1.0.26
[INFO] [stderr]    Compiling futures-core v0.3.15
[INFO] [stderr]    Compiling instant v0.1.9
[INFO] [stderr]    Compiling matches v0.1.8
[INFO] [stderr]    Compiling ahash v0.4.7
[INFO] [stderr]    Compiling proc-macro-hack v0.5.19
[INFO] [stderr]    Compiling lock_api v0.4.4
[INFO] [stderr]    Compiling tokio v1.5.0
[INFO] [stderr]    Compiling hashbrown v0.9.1
[INFO] [stderr]    Compiling futures-macro v0.3.15
[INFO] [stderr]    Compiling indexmap v1.6.2
[INFO] [stderr]    Compiling futures-channel v0.3.15
[INFO] [stderr]    Compiling tinyvec_macros v0.1.0
[INFO] [stderr]    Compiling proc-macro-nested v0.1.7
[INFO] [stderr]    Compiling futures-task v0.3.15
[INFO] [stderr]    Compiling quote v1.0.9
[INFO] [stderr]    Compiling tinyvec v1.2.0
[INFO] [stderr]    Compiling crossbeam-utils v0.8.4
[INFO] [stderr]    Compiling futures-util v0.3.15
[INFO] [stderr]    Compiling futures-sink v0.3.15
[INFO] [stderr]    Compiling bytes v1.0.1
[INFO] [stderr]    Compiling digest v0.9.0
[INFO] [stderr]    Compiling block-buffer v0.9.0
[INFO] [stderr]    Compiling num-integer v0.1.44
[INFO] [stderr]    Compiling unicode-bidi v0.3.5
[INFO] [stderr]    Compiling parking_lot_core v0.8.3
[INFO] [stderr]    Compiling signal-hook-registry v1.3.0
[INFO] [stderr]    Compiling mio v0.7.11
[INFO] [stderr]    Compiling num_cpus v1.13.0
[INFO] [stderr]    Compiling ring v0.16.20
[INFO] [stderr]    Compiling num-bigint v0.3.2
[INFO] [stderr]    Compiling serde_json v1.0.64
[INFO] [stderr]    Compiling parking_lot v0.11.1
[INFO] [stderr]    Compiling futures-io v0.3.15
[INFO] [stderr]    Compiling unicode-normalization v0.1.17
[INFO] [stderr]    Compiling slab v0.4.3
[INFO] [stderr]    Compiling percent-encoding v2.1.0
[INFO] [stderr]    Compiling base64 v0.13.0
[INFO] [stderr]    Compiling build_const v0.2.2
[INFO] [stderr]    Compiling form_urlencoded v1.0.1
[INFO] [stderr]    Compiling rand_core v0.6.2
[INFO] [stderr]    Compiling aho-corasick v0.7.18
[INFO] [stderr]    Compiling ahash v0.7.2
[INFO] [stderr]    Compiling whoami v1.1.2
[INFO] [stderr]    Compiling cpufeatures v0.1.1
[INFO] [stderr]    Compiling crc v1.8.1
[INFO] [stderr]    Compiling either v1.6.1
[INFO] [stderr]    Compiling regex-syntax v0.6.25
[INFO] [stderr]    Compiling subtle v2.4.0
[INFO] [stderr]    Compiling rand_chacha v0.3.0
[INFO] [stderr]    Compiling nom v6.1.2
[INFO] [stderr]    Compiling time v0.1.43
[INFO] [stderr]    Compiling crypto-mac v0.10.0
[INFO] [stderr]    Compiling dirs-sys v0.3.6
[INFO] [stderr]    Compiling unicode_categories v0.1.1
[INFO] [stderr]    Compiling maplit v1.0.2
[INFO] [stderr]    Compiling hmac v0.10.1
[INFO] [stderr]    Compiling dirs v3.0.2
[INFO] [stderr]    Compiling idna v0.2.3
[INFO] [stderr]    Compiling rand v0.8.3
[INFO] [stderr]    Compiling chrono v0.4.19
[INFO] [stderr]    Compiling stringprep v0.1.2
[INFO] [stderr]    Compiling sha2 v0.9.5
[INFO] [stderr]    Compiling sha-1 v0.9.6
[INFO] [stderr]    Compiling crossbeam-queue v0.3.1
[INFO] [stderr]    Compiling url v2.2.2
[INFO] [stderr]    Compiling crossbeam-channel v0.5.1
[INFO] [stderr]    Compiling md-5 v0.9.1
[INFO] [stderr]    Compiling hashlink v0.6.0
[INFO] [stderr]    Compiling atoi v0.4.0
[INFO] [stderr]    Compiling hex v0.4.3
[INFO] [stderr]    Compiling proc-macro-error-attr v1.0.4
[INFO] [stderr]    Compiling dotenv v0.15.0
[INFO] [stderr]    Compiling itertools v0.10.0
[INFO] [stderr]    Compiling fixedbitset v0.2.0
[INFO] [stderr]    Compiling slice-deque v0.2.4
[INFO] [stderr]    Compiling safemem v0.3.3
[INFO] [stderr]    Compiling numtoa v0.2.3
[INFO] [stderr]    Compiling bigdecimal v0.2.0
[INFO] [stderr]    Compiling buf_redux v0.8.4
[INFO] [stderr]    Compiling regex v1.5.4
[INFO] [stderr]    Compiling proc-macro-error v1.0.4
[INFO] [stderr]    Compiling webpki v0.21.4
[INFO] [stderr]    Compiling sct v0.6.1
[INFO] [stderr]    Compiling sqlformat v0.1.6
[INFO] [stderr]    Compiling tokio-macros v1.1.0
[INFO] [stderr]    Compiling thiserror-impl v1.0.24
[INFO] [stderr]    Compiling getset v0.1.1
[INFO] [stderr]    Compiling rustls v0.19.1
[INFO] [stderr]    Compiling webpki-roots v0.21.1
[INFO] [stderr]    Compiling thiserror v1.0.24
[INFO] [stderr]    Compiling futures-executor v0.3.15
[INFO] [stderr]    Compiling futures v0.3.15
[INFO] [stderr]    Compiling tokio-rustls v0.22.0
[INFO] [stderr]    Compiling tokio-stream v0.1.5
[INFO] [stderr]    Compiling sqlx-rt v0.5.2
[INFO] [stderr]    Compiling uuid v0.8.2
[INFO] [stderr]    Compiling arcstr v1.0.0
[INFO] [stderr]    Compiling serde_urlencoded v0.7.0
[INFO] [stderr]    Compiling petgraph v0.5.1
[INFO] [stderr]    Compiling sqlx-core v0.5.2
[INFO] [stderr]    Compiling messy_json v0.2.2
[INFO] [stderr]    Compiling sqlx-macros v0.5.2
[INFO] [stderr]    Compiling sqlx v0.5.2
[INFO] [stderr]    Compiling ciboulette v0.1.4
[INFO] [stderr]    Compiling ciboulette2pg v0.1.3 (/opt/rustwide/workdir)
[INFO] [stdout] warning: fields `type_` and `ciboulette_type` are never read
[INFO] [stdout]   --> src/builder/additional_fields.rs:32:16
[INFO] [stdout]    |
[INFO] [stdout] 30 | pub(crate) struct Ciboulette2PgAdditionalField {
[INFO] [stdout]    |                   ---------------------------- fields in this struct
[INFO] [stdout] 31 |     /// The type of the additional field
[INFO] [stdout] 32 |     pub(crate) type_: Ciboulette2PgAdditionalFieldType,
[INFO] [stdout]    |                ^^^^^
[INFO] [stdout] ...
[INFO] [stdout] 38 |     pub(crate) ciboulette_type: Arc<CibouletteResourceType>,
[INFO] [stdout]    |                ^^^^^^^^^^^^^^^
[INFO] [stdout]    |
[INFO] [stdout]    = note: `Ciboulette2PgAdditionalField` has derived impls for the traits `Debug` and `Clone`, but these are intentionally ignored during dead code analysis
[INFO] [stdout]    = note: `#[warn(dead_code)]` on by default
[INFO] [stdout] 
[INFO] [stdout] 
[INFO] [stdout] warning: field `expected_response_type` is never read
[INFO] [stdout]   --> src/builder/builder_state.rs:34:5
[INFO] [stdout]    |
[INFO] [stdout] 7  | pub(crate) struct Ciboulette2PgBuilderState<'store, 'request> {
[INFO] [stdout]    |                   ------------------------- field in this struct
[INFO] [stdout] ...
[INFO] [stdout] 34 |     expected_response_type: Ciboulette2PgResponseType,
[INFO] [stdout]    |     ^^^^^^^^^^^^^^^^^^^^^^
[INFO] [stdout]    |
[INFO] [stdout]    = note: `Ciboulette2PgBuilderState` has derived impls for the traits `Clone` and `Debug`, but these are intentionally ignored during dead code analysis
[INFO] [stdout] 
[INFO] [stdout] 
[INFO] [stdout] warning: fields `type_`, `key`, and `rel_details` are never read
[INFO] [stdout]  --> src/builder/extracting_data/structs.rs:7:9
[INFO] [stdout]   |
[INFO] [stdout] 6 | pub(crate) struct Ciboulette2PgResourceSingleRelationships {
[INFO] [stdout]   |                   ---------------------------------------- fields in this struct
[INFO] [stdout] 7 |     pub type_: Arc<CibouletteResourceType>,
[INFO] [stdout]   |         ^^^^^
[INFO] [stdout] 8 |     pub key: ArcStr,
[INFO] [stdout]   |         ^^^
[INFO] [stdout] 9 |     pub rel_details: CibouletteResourceRelationshipDetails,
[INFO] [stdout]   |         ^^^^^^^^^^^
[INFO] [stdout]   |
[INFO] [stdout]   = note: `Ciboulette2PgResourceSingleRelationships` has derived impls for the traits `Debug` and `Clone`, but these are intentionally ignored during dead code analysis
[INFO] [stdout] 
[INFO] [stdout] 
[INFO] [stdout] warning: fields `type_`, `rel_opt`, `rel_details`, and `values` are never read
[INFO] [stdout]   --> src/builder/extracting_data/structs.rs:16:9
[INFO] [stdout]    |
[INFO] [stdout] 15 | pub(crate) struct Ciboulette2PgMultiRelationships<'request> {
[INFO] [stdout]    |                   ------------------------------- fields in this struct
[INFO] [stdout] 16 |     pub type_: Arc<CibouletteResourceType>,
[INFO] [stdout]    |         ^^^^^
[INFO] [stdout] 17 |     pub rel_opt: Ciboulette2PgMultiRelationshipsType,
[INFO] [stdout]    |         ^^^^^^^
[INFO] [stdout] 18 |     pub rel_details: CibouletteResourceRelationshipDetails,
[INFO] [stdout]    |         ^^^^^^^^^^^
[INFO] [stdout] 19 |     pub values: Option<Vec<Ciboulette2PgValue<'request>>>,
[INFO] [stdout]    |         ^^^^^^
[INFO] [stdout]    |
[INFO] [stdout]    = note: `Ciboulette2PgMultiRelationships` has derived impls for the traits `Debug` and `Clone`, but these are intentionally ignored during dead code analysis
[INFO] [stdout] 
[INFO] [stdout] 
[INFO] [stdout] warning: field `related_type` is never read
[INFO] [stdout]   --> src/builder/relating_field.rs:14:16
[INFO] [stdout]    |
[INFO] [stdout] 6  | pub(crate) struct Ciboulette2PgRelatingField<'a> {
[INFO] [stdout]    |                   -------------------------- field in this struct
[INFO] [stdout] ...
[INFO] [stdout] 14 |     pub(crate) related_type: Arc<CibouletteResourceType>,
[INFO] [stdout]    |                ^^^^^^^^^^^^
[INFO] [stdout]    |
[INFO] [stdout]    = note: `Ciboulette2PgRelatingField` has derived impls for the traits `Clone` and `Debug`, but these are intentionally ignored during dead code analysis
[INFO] [stdout] 
[INFO] [stdout] 
[INFO] [stdout] warning: 5 warnings emitted
[INFO] [stdout] 
[INFO] [stdout] 
[INFO] [stderr]     Finished dev [unoptimized + debuginfo] target(s) in 35.37s
[INFO] [stderr] warning: the following packages contain code that will be rejected by a future version of Rust: buf_redux v0.8.4, nom v6.1.2, sqlx-macros v0.5.2
[INFO] [stderr] note: to see what the problems were, use the option `--future-incompat-report`, or run `cargo report future-incompatibilities --id 2`
[INFO] running `Command { std: "docker" "inspect" "8c0508a60a0132f2a4e1686af8ef536353b9b2788315e23981ec0e1d16669705", kill_on_drop: false }`
[INFO] running `Command { std: "docker" "rm" "-f" "8c0508a60a0132f2a4e1686af8ef536353b9b2788315e23981ec0e1d16669705", kill_on_drop: false }`
[INFO] [stdout] 8c0508a60a0132f2a4e1686af8ef536353b9b2788315e23981ec0e1d16669705
[INFO] running `Command { std: "docker" "create" "-v" "/var/lib/crater-agent-workspace/builds/worker-3-tc1/target:/opt/rustwide/target:rw,Z" "-v" "/var/lib/crater-agent-workspace/builds/worker-3-tc1/source:/opt/rustwide/workdir:ro,Z" "-v" "/var/lib/crater-agent-workspace/cargo-home:/opt/rustwide/cargo-home:ro,Z" "-v" "/var/lib/crater-agent-workspace/rustup-home:/opt/rustwide/rustup-home:ro,Z" "-e" "SOURCE_DIR=/opt/rustwide/workdir" "-e" "CARGO_TARGET_DIR=/opt/rustwide/target" "-e" "CARGO_INCREMENTAL=0" "-e" "RUST_BACKTRACE=full" "-e" "RUSTFLAGS=--cap-lints=warn" "-e" "RUSTDOCFLAGS=--cap-lints=warn" "-e" "CARGO_HOME=/opt/rustwide/cargo-home" "-e" "RUSTUP_HOME=/opt/rustwide/rustup-home" "-w" "/opt/rustwide/workdir" "-m" "1610612736" "--user" "0:0" "--network" "none" "ghcr.io/rust-lang/crates-build-env/linux@sha256:5ff2268d62e97bff2cde7d5815dd6ed5b47097566f13b8d0ca110b04b60e07ed" "/opt/rustwide/cargo-home/bin/cargo" "+1.69.0" "test" "--frozen" "--no-run" "--message-format=json", kill_on_drop: false }`
[INFO] [stdout] fdb44e120fcc9d298933d7ea115a2d74cf0a18930316c6b11bc9bf3de64f8d59
[INFO] running `Command { std: "docker" "start" "-a" "fdb44e120fcc9d298933d7ea115a2d74cf0a18930316c6b11bc9bf3de64f8d59", kill_on_drop: false }`
[INFO] [stderr]    Compiling futures-executor v0.3.15
[INFO] [stderr]    Compiling siphasher v0.3.5
[INFO] [stderr]    Compiling fallible-iterator v0.2.0
[INFO] [stderr]    Compiling async-trait v0.1.50
[INFO] [stderr]    Compiling ucd-trie v0.1.3
[INFO] [stderr]    Compiling tokio-util v0.6.6
[INFO] [stderr]    Compiling socket2 v0.4.0
[INFO] [stderr]    Compiling toml v0.5.8
[INFO] [stderr]    Compiling walkdir v2.3.2
[INFO] [stderr]    Compiling yaml-rust v0.4.5
[INFO] [stderr]    Compiling terminal_size v0.1.16
[INFO] [stderr]    Compiling dtoa v0.4.8
[INFO] [stderr]    Compiling cargo-husky v1.5.0
[INFO] [stderr]    Compiling similar v1.3.0
[INFO] [stderr]    Compiling console v0.14.1
[INFO] [stderr]    Compiling futures v0.3.15
[INFO] [stderr]    Compiling phf_shared v0.8.0
[INFO] [stderr]    Compiling phf v0.8.0
[INFO] [stderr]    Compiling pest v2.1.3
[INFO] [stderr]    Compiling sqlx-macros v0.5.2
[INFO] [stderr]    Compiling serde_yaml v0.8.17
[INFO] [stderr]    Compiling postgres-protocol v0.6.1
[INFO] [stderr]    Compiling postgres-types v0.2.1
[INFO] [stderr]    Compiling pest_meta v2.1.3
[INFO] [stderr]    Compiling tokio-postgres v0.7.2
[INFO] [stderr]    Compiling pest_generator v2.1.3
[INFO] [stderr]    Compiling pest_derive v2.1.0
[INFO] [stderr]    Compiling insta v1.7.1
[INFO] [stderr]    Compiling refinery-core v0.5.1
[INFO] [stderr]    Compiling refinery-macros v0.5.0
[INFO] [stderr]    Compiling sqlx v0.5.2
[INFO] [stderr]    Compiling ciboulette v0.1.4
[INFO] [stderr]    Compiling refinery v0.5.0
[INFO] [stderr]    Compiling ciboulette2pg v0.1.3 (/opt/rustwide/workdir)
[INFO] [stdout] warning: fields `type_` and `ciboulette_type` are never read
[INFO] [stdout]   --> src/builder/additional_fields.rs:32:16
[INFO] [stdout]    |
[INFO] [stdout] 30 | pub(crate) struct Ciboulette2PgAdditionalField {
[INFO] [stdout]    |                   ---------------------------- fields in this struct
[INFO] [stdout] 31 |     /// The type of the additional field
[INFO] [stdout] 32 |     pub(crate) type_: Ciboulette2PgAdditionalFieldType,
[INFO] [stdout]    |                ^^^^^
[INFO] [stdout] ...
[INFO] [stdout] 38 |     pub(crate) ciboulette_type: Arc<CibouletteResourceType>,
[INFO] [stdout]    |                ^^^^^^^^^^^^^^^
[INFO] [stdout]    |
[INFO] [stdout]    = note: `Ciboulette2PgAdditionalField` has derived impls for the traits `Debug` and `Clone`, but these are intentionally ignored during dead code analysis
[INFO] [stdout]    = note: `#[warn(dead_code)]` on by default
[INFO] [stdout] 
[INFO] [stdout] 
[INFO] [stdout] warning: field `expected_response_type` is never read
[INFO] [stdout]   --> src/builder/builder_state.rs:34:5
[INFO] [stdout]    |
[INFO] [stdout] 7  | pub(crate) struct Ciboulette2PgBuilderState<'store, 'request> {
[INFO] [stdout]    |                   ------------------------- field in this struct
[INFO] [stdout] ...
[INFO] [stdout] 34 |     expected_response_type: Ciboulette2PgResponseType,
[INFO] [stdout]    |     ^^^^^^^^^^^^^^^^^^^^^^
[INFO] [stdout]    |
[INFO] [stdout]    = note: `Ciboulette2PgBuilderState` has derived impls for the traits `Clone` and `Debug`, but these are intentionally ignored during dead code analysis
[INFO] [stdout] 
[INFO] [stdout] 
[INFO] [stdout] warning: fields `type_`, `key`, and `rel_details` are never read
[INFO] [stdout]  --> src/builder/extracting_data/structs.rs:7:9
[INFO] [stdout]   |
[INFO] [stdout] 6 | pub(crate) struct Ciboulette2PgResourceSingleRelationships {
[INFO] [stdout]   |                   ---------------------------------------- fields in this struct
[INFO] [stdout] 7 |     pub type_: Arc<CibouletteResourceType>,
[INFO] [stdout]   |         ^^^^^
[INFO] [stdout] 8 |     pub key: ArcStr,
[INFO] [stdout]   |         ^^^
[INFO] [stdout] 9 |     pub rel_details: CibouletteResourceRelationshipDetails,
[INFO] [stdout]   |         ^^^^^^^^^^^
[INFO] [stdout]   |
[INFO] [stdout]   = note: `Ciboulette2PgResourceSingleRelationships` has derived impls for the traits `Debug` and `Clone`, but these are intentionally ignored during dead code analysis
[INFO] [stdout] 
[INFO] [stdout] 
[INFO] [stdout] warning: fields `type_`, `rel_opt`, `rel_details`, and `values` are never read
[INFO] [stdout]   --> src/builder/extracting_data/structs.rs:16:9
[INFO] [stdout]    |
[INFO] [stdout] 15 | pub(crate) struct Ciboulette2PgMultiRelationships<'request> {
[INFO] [stdout]    |                   ------------------------------- fields in this struct
[INFO] [stdout] 16 |     pub type_: Arc<CibouletteResourceType>,
[INFO] [stdout]    |         ^^^^^
[INFO] [stdout] 17 |     pub rel_opt: Ciboulette2PgMultiRelationshipsType,
[INFO] [stdout]    |         ^^^^^^^
[INFO] [stdout] 18 |     pub rel_details: CibouletteResourceRelationshipDetails,
[INFO] [stdout]    |         ^^^^^^^^^^^
[INFO] [stdout] 19 |     pub values: Option<Vec<Ciboulette2PgValue<'request>>>,
[INFO] [stdout]    |         ^^^^^^
[INFO] [stdout]    |
[INFO] [stdout]    = note: `Ciboulette2PgMultiRelationships` has derived impls for the traits `Debug` and `Clone`, but these are intentionally ignored during dead code analysis
[INFO] [stdout] 
[INFO] [stdout] 
[INFO] [stdout] warning: field `related_type` is never read
[INFO] [stdout]   --> src/builder/relating_field.rs:14:16
[INFO] [stdout]    |
[INFO] [stdout] 6  | pub(crate) struct Ciboulette2PgRelatingField<'a> {
[INFO] [stdout]    |                   -------------------------- field in this struct
[INFO] [stdout] ...
[INFO] [stdout] 14 |     pub(crate) related_type: Arc<CibouletteResourceType>,
[INFO] [stdout]    |                ^^^^^^^^^^^^
[INFO] [stdout]    |
[INFO] [stdout]    = note: `Ciboulette2PgRelatingField` has derived impls for the traits `Clone` and `Debug`, but these are intentionally ignored during dead code analysis
[INFO] [stdout] 
[INFO] [stdout] 
[INFO] [stdout] error[E0433]: failed to resolve: use of undeclared crate or module `ciboulette_test_helper`
[INFO] [stdout]  --> src/builder/tests/mod.rs:5:5
[INFO] [stdout]   |
[INFO] [stdout] 5 | use ciboulette_test_helper::ciboulette::*;
[INFO] [stdout]   |     ^^^^^^^^^^^^^^^^^^^^^^ use of undeclared crate or module `ciboulette_test_helper`
[INFO] [stdout] 
[INFO] [stdout] 
[INFO] [stdout] error[E0432]: unresolved imports `ciboulette_test_helper::ciboulette::*`, `ciboulette_test_helper`
[INFO] [stdout]  --> src/builder/tests/mod.rs:5:5
[INFO] [stdout]   |
[INFO] [stdout] 5 | use ciboulette_test_helper::ciboulette::*;
[INFO] [stdout]   |     ^^^^^^^^^^^^^^^^^^^^^^^^^^^^^^^^^^^^^
[INFO] [stdout] 6 | use ciboulette_test_helper::*;
[INFO] [stdout]   |     ^^^^^^^^^^^^^^^^^^^^^^ use of undeclared crate or module `ciboulette_test_helper`
[INFO] [stdout] 
[INFO] [stdout] 
[INFO] [stdout] error[E0433]: failed to resolve: use of undeclared crate or module `ciboulette_test_helper`
[INFO] [stdout]  --> src/tests/mod.rs:4:5
[INFO] [stdout]   |
[INFO] [stdout] 4 | use ciboulette_test_helper::ciboulette::*;
[INFO] [stdout]   |     ^^^^^^^^^^^^^^^^^^^^^^ use of undeclared crate or module `ciboulette_test_helper`
[INFO] [stdout] 
[INFO] [stdout] 
[INFO] [stdout] error[E0432]: unresolved imports `basiliq_db_test_proc_macro`, `ciboulette_test_helper::ciboulette::*`
[INFO] [stdout]  --> src/tests/mod.rs:3:5
[INFO] [stdout]   |
[INFO] [stdout] 3 | use basiliq_db_test_proc_macro::basiliq_test;
[INFO] [stdout]   |     ^^^^^^^^^^^^^^^^^^^^^^^^^^ use of undeclared crate or module `basiliq_db_test_proc_macro`
[INFO] [stdout] 4 | use ciboulette_test_helper::ciboulette::*;
[INFO] [stdout]   |     ^^^^^^^^^^^^^^^^^^^^^^^^^^^^^^^^^^^^^
[INFO] [stdout] 
[INFO] [stdout] 
[INFO] [stdout] error[E0432]: unresolved import `ciboulette_test_helper`
[INFO] [stdout]  --> src/tests/mod.rs:5:5
[INFO] [stdout]   |
[INFO] [stdout] 5 | use ciboulette_test_helper::*;
[INFO] [stdout]   |     ^^^^^^^^^^^^^^^^^^^^^^ use of undeclared crate or module `ciboulette_test_helper`
[INFO] [stdout] 
[INFO] [stdout] 
[INFO] [stdout] error: cannot determine resolution for the attribute macro `basiliq_test`
[INFO] [stdout]   --> src/tests/delete/delete_fails.rs:15:3
[INFO] [stdout]    |
[INFO] [stdout] 15 | #[basiliq_test(run_migrations)]
[INFO] [stdout]    |   ^^^^^^^^^^^^
[INFO] [stdout]    |
[INFO] [stdout]    = note: import resolution is stuck, try simplifying macro imports
[INFO] [stdout] 
[INFO] [stdout] 
[INFO] [stdout] error: cannot determine resolution for the attribute macro `basiliq_test`
[INFO] [stdout]   --> src/tests/delete/delete_success.rs:38:3
[INFO] [stdout]    |
[INFO] [stdout] 38 | #[basiliq_test(run_migrations)]
[INFO] [stdout]    |   ^^^^^^^^^^^^
[INFO] [stdout]    |
[INFO] [stdout]    = note: import resolution is stuck, try simplifying macro imports
[INFO] [stdout] 
[INFO] [stdout] 
[INFO] [stdout] error: cannot determine resolution for the attribute macro `basiliq_test`
[INFO] [stdout]   --> src/tests/delete/delete_success.rs:48:3
[INFO] [stdout]    |
[INFO] [stdout] 48 | #[basiliq_test(run_migrations)]
[INFO] [stdout]    |   ^^^^^^^^^^^^
[INFO] [stdout]    |
[INFO] [stdout]    = note: import resolution is stuck, try simplifying macro imports
[INFO] [stdout] 
[INFO] [stdout] 
[INFO] [stdout] error: cannot determine resolution for the attribute macro `basiliq_test`
[INFO] [stdout]   --> src/tests/query_params.rs:16:11
[INFO] [stdout]    |
[INFO] [stdout] 16 |         #[basiliq_test(run_migrations)]
[INFO] [stdout]    |           ^^^^^^^^^^^^
[INFO] [stdout]    |
[INFO] [stdout]   ::: src/tests/delete/query_params.rs:3:1
[INFO] [stdout]    |
[INFO] [stdout] 3  | ciboulette_query_test_single!(test_delete);
[INFO] [stdout]    | ------------------------------------------ in this macro invocation
[INFO] [stdout]    |
[INFO] [stdout]    = note: import resolution is stuck, try simplifying macro imports
[INFO] [stdout]    = note: this error originates in the macro `ciboulette_query_test_routine` which comes from the expansion of the macro `ciboulette_query_test_single` (in Nightly builds, run with -Z macro-backtrace for more info)
[INFO] [stdout] 
[INFO] [stdout] 
[INFO] [stdout] error: cannot determine resolution for the attribute macro `basiliq_test`
[INFO] [stdout]   --> src/tests/query_params.rs:16:11
[INFO] [stdout]    |
[INFO] [stdout] 16 |         #[basiliq_test(run_migrations)]
[INFO] [stdout]    |           ^^^^^^^^^^^^
[INFO] [stdout]    |
[INFO] [stdout]   ::: src/tests/delete/query_params.rs:3:1
[INFO] [stdout]    |
[INFO] [stdout] 3  | ciboulette_query_test_single!(test_delete);
[INFO] [stdout]    | ------------------------------------------ in this macro invocation
[INFO] [stdout]    |
[INFO] [stdout]    = note: import resolution is stuck, try simplifying macro imports
[INFO] [stdout]    = note: this error originates in the macro `ciboulette_query_test_routine` which comes from the expansion of the macro `ciboulette_query_test_single` (in Nightly builds, run with -Z macro-backtrace for more info)
[INFO] [stdout] 
[INFO] [stdout] 
[INFO] [stdout] error: cannot determine resolution for the attribute macro `basiliq_test`
[INFO] [stdout]   --> src/tests/query_params.rs:16:11
[INFO] [stdout]    |
[INFO] [stdout] 16 |         #[basiliq_test(run_migrations)]
[INFO] [stdout]    |           ^^^^^^^^^^^^
[INFO] [stdout]    |
[INFO] [stdout]   ::: src/tests/delete/query_params.rs:3:1
[INFO] [stdout]    |
[INFO] [stdout] 3  | ciboulette_query_test_single!(test_delete);
[INFO] [stdout]    | ------------------------------------------ in this macro invocation
[INFO] [stdout]    |
[INFO] [stdout]    = note: import resolution is stuck, try simplifying macro imports
[INFO] [stdout]    = note: this error originates in the macro `ciboulette_query_test_routine` which comes from the expansion of the macro `ciboulette_query_test_single` (in Nightly builds, run with -Z macro-backtrace for more info)
[INFO] [stdout] 
[INFO] [stdout] 
[INFO] [stdout] error: cannot determine resolution for the attribute macro `basiliq_test`
[INFO] [stdout]   --> src/tests/query_params.rs:16:11
[INFO] [stdout]    |
[INFO] [stdout] 16 |         #[basiliq_test(run_migrations)]
[INFO] [stdout]    |           ^^^^^^^^^^^^
[INFO] [stdout]    |
[INFO] [stdout]   ::: src/tests/delete/query_params.rs:3:1
[INFO] [stdout]    |
[INFO] [stdout] 3  | ciboulette_query_test_single!(test_delete);
[INFO] [stdout]    | ------------------------------------------ in this macro invocation
[INFO] [stdout]    |
[INFO] [stdout]    = note: import resolution is stuck, try simplifying macro imports
[INFO] [stdout]    = note: this error originates in the macro `ciboulette_query_test_routine` which comes from the expansion of the macro `ciboulette_query_test_single` (in Nightly builds, run with -Z macro-backtrace for more info)
[INFO] [stdout] 
[INFO] [stdout] 
[INFO] [stdout] error: cannot determine resolution for the attribute macro `basiliq_test`
[INFO] [stdout]   --> src/tests/query_params.rs:16:11
[INFO] [stdout]    |
[INFO] [stdout] 16 |         #[basiliq_test(run_migrations)]
[INFO] [stdout]    |           ^^^^^^^^^^^^
[INFO] [stdout]    |
[INFO] [stdout]   ::: src/tests/delete/query_params.rs:3:1
[INFO] [stdout]    |
[INFO] [stdout] 3  | ciboulette_query_test_single!(test_delete);
[INFO] [stdout]    | ------------------------------------------ in this macro invocation
[INFO] [stdout]    |
[INFO] [stdout]    = note: import resolution is stuck, try simplifying macro imports
[INFO] [stdout]    = note: this error originates in the macro `ciboulette_query_test_routine` which comes from the expansion of the macro `ciboulette_query_test_single` (in Nightly builds, run with -Z macro-backtrace for more info)
[INFO] [stdout] 
[INFO] [stdout] 
[INFO] [stdout] error: cannot determine resolution for the attribute macro `basiliq_test`
[INFO] [stdout]   --> src/tests/query_params.rs:16:11
[INFO] [stdout]    |
[INFO] [stdout] 16 |         #[basiliq_test(run_migrations)]
[INFO] [stdout]    |           ^^^^^^^^^^^^
[INFO] [stdout]    |
[INFO] [stdout]   ::: src/tests/delete/query_params.rs:3:1
[INFO] [stdout]    |
[INFO] [stdout] 3  | ciboulette_query_test_single!(test_delete);
[INFO] [stdout]    | ------------------------------------------ in this macro invocation
[INFO] [stdout]    |
[INFO] [stdout]    = note: import resolution is stuck, try simplifying macro imports
[INFO] [stdout]    = note: this error originates in the macro `ciboulette_query_test_routine` which comes from the expansion of the macro `ciboulette_query_test_single` (in Nightly builds, run with -Z macro-backtrace for more info)
[INFO] [stdout] 
[INFO] [stdout] 
[INFO] [stdout] warning: 5 warnings emitted
[INFO] [stdout] 
[INFO] [stdout] 
[INFO] [stdout] error: cannot determine resolution for the attribute macro `basiliq_test`
[INFO] [stdout]   --> src/tests/query_params.rs:16:11
[INFO] [stdout]    |
[INFO] [stdout] 16 |         #[basiliq_test(run_migrations)]
[INFO] [stdout]    |           ^^^^^^^^^^^^
[INFO] [stdout]    |
[INFO] [stdout]   ::: src/tests/delete/query_params.rs:3:1
[INFO] [stdout]    |
[INFO] [stdout] 3  | ciboulette_query_test_single!(test_delete);
[INFO] [stdout]    | ------------------------------------------ in this macro invocation
[INFO] [stdout]    |
[INFO] [stdout]    = note: import resolution is stuck, try simplifying macro imports
[INFO] [stdout]    = note: this error originates in the macro `ciboulette_query_test_routine` which comes from the expansion of the macro `ciboulette_query_test_single` (in Nightly builds, run with -Z macro-backtrace for more info)
[INFO] [stdout] 
[INFO] [stdout] 
[INFO] [stdout] error: cannot determine resolution for the attribute macro `basiliq_test`
[INFO] [stdout]   --> src/tests/inserts/inserts_fails.rs:17:3
[INFO] [stdout]    |
[INFO] [stdout] 17 | #[basiliq_test(run_migrations)]
[INFO] [stdout]    |   ^^^^^^^^^^^^
[INFO] [stdout]    |
[INFO] [stdout]    = note: import resolution is stuck, try simplifying macro imports
[INFO] [stdout] 
[INFO] [stdout] 
[INFO] [stdout] error: cannot determine resolution for the attribute macro `basiliq_test`
[INFO] [stdout]   --> src/tests/inserts/inserts_fails.rs:38:3
[INFO] [stdout]    |
[INFO] [stdout] 38 | #[basiliq_test(run_migrations)]
[INFO] [stdout]    |   ^^^^^^^^^^^^
[INFO] [stdout]    |
[INFO] [stdout]    = note: import resolution is stuck, try simplifying macro imports
[INFO] [stdout] 
[INFO] [stdout] 
[INFO] [stdout] error: cannot determine resolution for the attribute macro `basiliq_test`
[INFO] [stdout]   --> src/tests/inserts/inserts_success.rs:29:3
[INFO] [stdout]    |
[INFO] [stdout] 29 | #[basiliq_test(run_migrations)]
[INFO] [stdout]    |   ^^^^^^^^^^^^
[INFO] [stdout]    |
[INFO] [stdout]    = note: import resolution is stuck, try simplifying macro imports
[INFO] [stdout] 
[INFO] [stdout] 
[INFO] [stdout] error: cannot determine resolution for the attribute macro `basiliq_test`
[INFO] [stdout]   --> src/tests/inserts/inserts_success.rs:59:3
[INFO] [stdout]    |
[INFO] [stdout] 59 | #[basiliq_test(run_migrations)]
[INFO] [stdout]    |   ^^^^^^^^^^^^
[INFO] [stdout]    |
[INFO] [stdout]    = note: import resolution is stuck, try simplifying macro imports
[INFO] [stdout] 
[INFO] [stdout] 
[INFO] [stdout] error: cannot determine resolution for the attribute macro `basiliq_test`
[INFO] [stdout]   --> src/tests/inserts/inserts_success.rs:86:3
[INFO] [stdout]    |
[INFO] [stdout] 86 | #[basiliq_test(run_migrations)]
[INFO] [stdout]    |   ^^^^^^^^^^^^
[INFO] [stdout]    |
[INFO] [stdout]    = note: import resolution is stuck, try simplifying macro imports
[INFO] [stdout] 
[INFO] [stdout] 
[INFO] [stdout] error: cannot determine resolution for the attribute macro `basiliq_test`
[INFO] [stdout]  --> src/tests/query_params.rs:4:11
[INFO] [stdout]   |
[INFO] [stdout] 4 |         #[basiliq_test(run_migrations)]
[INFO] [stdout]   |           ^^^^^^^^^^^^
[INFO] [stdout]   |
[INFO] [stdout]  ::: src/tests/inserts/query_params.rs:3:1
[INFO] [stdout]   |
[INFO] [stdout] 3 | ciboulette_query_test_multi!(test_insert);
[INFO] [stdout]   | ----------------------------------------- in this macro invocation
[INFO] [stdout]   |
[INFO] [stdout]   = note: import resolution is stuck, try simplifying macro imports
[INFO] [stdout]   = note: this error originates in the macro `ciboulette_query_test_routine` which comes from the expansion of the macro `ciboulette_query_test_multi` (in Nightly builds, run with -Z macro-backtrace for more info)
[INFO] [stdout] 
[INFO] [stdout] 
[INFO] [stdout] error: cannot determine resolution for the attribute macro `basiliq_test`
[INFO] [stdout]  --> src/tests/query_params.rs:4:11
[INFO] [stdout]   |
[INFO] [stdout] 4 |         #[basiliq_test(run_migrations)]
[INFO] [stdout]   |           ^^^^^^^^^^^^
[INFO] [stdout]   |
[INFO] [stdout]  ::: src/tests/inserts/query_params.rs:3:1
[INFO] [stdout]   |
[INFO] [stdout] 3 | ciboulette_query_test_multi!(test_insert);
[INFO] [stdout]   | ----------------------------------------- in this macro invocation
[INFO] [stdout]   |
[INFO] [stdout]   = note: import resolution is stuck, try simplifying macro imports
[INFO] [stdout]   = note: this error originates in the macro `ciboulette_query_test_routine` which comes from the expansion of the macro `ciboulette_query_test_multi` (in Nightly builds, run with -Z macro-backtrace for more info)
[INFO] [stdout] 
[INFO] [stdout] 
[INFO] [stdout] error: cannot determine resolution for the attribute macro `basiliq_test`
[INFO] [stdout]  --> src/tests/query_params.rs:4:11
[INFO] [stdout]   |
[INFO] [stdout] 4 |         #[basiliq_test(run_migrations)]
[INFO] [stdout]   |           ^^^^^^^^^^^^
[INFO] [stdout]   |
[INFO] [stdout]  ::: src/tests/inserts/query_params.rs:3:1
[INFO] [stdout]   |
[INFO] [stdout] 3 | ciboulette_query_test_multi!(test_insert);
[INFO] [stdout]   | ----------------------------------------- in this macro invocation
[INFO] [stdout]   |
[INFO] [stdout]   = note: import resolution is stuck, try simplifying macro imports
[INFO] [stdout]   = note: this error originates in the macro `ciboulette_query_test_routine` which comes from the expansion of the macro `ciboulette_query_test_multi` (in Nightly builds, run with -Z macro-backtrace for more info)
[INFO] [stdout] 
[INFO] [stdout] 
[INFO] [stdout] error: cannot determine resolution for the attribute macro `basiliq_test`
[INFO] [stdout]  --> src/tests/query_params.rs:4:11
[INFO] [stdout]   |
[INFO] [stdout] 4 |         #[basiliq_test(run_migrations)]
[INFO] [stdout]   |           ^^^^^^^^^^^^
[INFO] [stdout]   |
[INFO] [stdout]  ::: src/tests/inserts/query_params.rs:3:1
[INFO] [stdout]   |
[INFO] [stdout] 3 | ciboulette_query_test_multi!(test_insert);
[INFO] [stdout]   | ----------------------------------------- in this macro invocation
[INFO] [stdout]   |
[INFO] [stdout]   = note: import resolution is stuck, try simplifying macro imports
[INFO] [stdout]   = note: this error originates in the macro `ciboulette_query_test_routine` which comes from the expansion of the macro `ciboulette_query_test_multi` (in Nightly builds, run with -Z macro-backtrace for more info)
[INFO] [stdout] 
[INFO] [stdout] 
[INFO] [stdout] error: cannot determine resolution for the attribute macro `basiliq_test`
[INFO] [stdout]  --> src/tests/query_params.rs:4:11
[INFO] [stdout]   |
[INFO] [stdout] 4 |         #[basiliq_test(run_migrations)]
[INFO] [stdout]   |           ^^^^^^^^^^^^
[INFO] [stdout]   |
[INFO] [stdout]  ::: src/tests/inserts/query_params.rs:3:1
[INFO] [stdout]   |
[INFO] [stdout] 3 | ciboulette_query_test_multi!(test_insert);
[INFO] [stdout]   | ----------------------------------------- in this macro invocation
[INFO] [stdout]   |
[INFO] [stdout]   = note: import resolution is stuck, try simplifying macro imports
[INFO] [stdout]   = note: this error originates in the macro `ciboulette_query_test_routine` which comes from the expansion of the macro `ciboulette_query_test_multi` (in Nightly builds, run with -Z macro-backtrace for more info)
[INFO] [stdout] 
[INFO] [stdout] 
[INFO] [stdout] error: cannot determine resolution for the attribute macro `basiliq_test`
[INFO] [stdout]  --> src/tests/query_params.rs:4:11
[INFO] [stdout]   |
[INFO] [stdout] 4 |         #[basiliq_test(run_migrations)]
[INFO] [stdout]   |           ^^^^^^^^^^^^
[INFO] [stdout]   |
[INFO] [stdout]  ::: src/tests/inserts/query_params.rs:3:1
[INFO] [stdout]   |
[INFO] [stdout] 3 | ciboulette_query_test_multi!(test_insert);
[INFO] [stdout]   | ----------------------------------------- in this macro invocation
[INFO] [stdout]   |
[INFO] [stdout]   = note: import resolution is stuck, try simplifying macro imports
[INFO] [stdout]   = note: this error originates in the macro `ciboulette_query_test_routine` which comes from the expansion of the macro `ciboulette_query_test_multi` (in Nightly builds, run with -Z macro-backtrace for more info)
[INFO] [stdout] 
[INFO] [stdout] 
[INFO] [stdout] error: cannot determine resolution for the attribute macro `basiliq_test`
[INFO] [stdout]  --> src/tests/response_elements.rs:4:3
[INFO] [stdout]   |
[INFO] [stdout] 4 | #[basiliq_test(run_migrations)]
[INFO] [stdout]   |   ^^^^^^^^^^^^
[INFO] [stdout]   |
[INFO] [stdout]   = note: import resolution is stuck, try simplifying macro imports
[INFO] [stdout] 
[INFO] [stdout] 
[INFO] [stdout] error: cannot determine resolution for the attribute macro `basiliq_test`
[INFO] [stdout]   --> src/tests/response_elements.rs:27:3
[INFO] [stdout]    |
[INFO] [stdout] 27 | #[basiliq_test(run_migrations)]
[INFO] [stdout]    |   ^^^^^^^^^^^^
[INFO] [stdout]    |
[INFO] [stdout]    = note: import resolution is stuck, try simplifying macro imports
[INFO] [stdout] 
[INFO] [stdout] 
[INFO] [stdout] error: cannot determine resolution for the attribute macro `basiliq_test`
[INFO] [stdout]  --> src/tests/query_params.rs:4:11
[INFO] [stdout]   |
[INFO] [stdout] 4 |         #[basiliq_test(run_migrations)]
[INFO] [stdout]   |           ^^^^^^^^^^^^
[INFO] [stdout]   |
[INFO] [stdout]  ::: src/tests/select/query_params.rs:3:1
[INFO] [stdout]   |
[INFO] [stdout] 3 | ciboulette_query_test_multi!(test_select);
[INFO] [stdout]   | ----------------------------------------- in this macro invocation
[INFO] [stdout]   |
[INFO] [stdout]   = note: import resolution is stuck, try simplifying macro imports
[INFO] [stdout]   = note: this error originates in the macro `ciboulette_query_test_routine` which comes from the expansion of the macro `ciboulette_query_test_multi` (in Nightly builds, run with -Z macro-backtrace for more info)
[INFO] [stdout] 
[INFO] [stdout] 
[INFO] [stdout] error: cannot determine resolution for the attribute macro `basiliq_test`
[INFO] [stdout]  --> src/tests/query_params.rs:4:11
[INFO] [stdout]   |
[INFO] [stdout] 4 |         #[basiliq_test(run_migrations)]
[INFO] [stdout]   |           ^^^^^^^^^^^^
[INFO] [stdout]   |
[INFO] [stdout]  ::: src/tests/select/query_params.rs:3:1
[INFO] [stdout]   |
[INFO] [stdout] 3 | ciboulette_query_test_multi!(test_select);
[INFO] [stdout]   | ----------------------------------------- in this macro invocation
[INFO] [stdout]   |
[INFO] [stdout]   = note: import resolution is stuck, try simplifying macro imports
[INFO] [stdout]   = note: this error originates in the macro `ciboulette_query_test_routine` which comes from the expansion of the macro `ciboulette_query_test_multi` (in Nightly builds, run with -Z macro-backtrace for more info)
[INFO] [stdout] 
[INFO] [stdout] 
[INFO] [stdout] error: cannot determine resolution for the attribute macro `basiliq_test`
[INFO] [stdout]  --> src/tests/query_params.rs:4:11
[INFO] [stdout]   |
[INFO] [stdout] 4 |         #[basiliq_test(run_migrations)]
[INFO] [stdout]   |           ^^^^^^^^^^^^
[INFO] [stdout]   |
[INFO] [stdout]  ::: src/tests/select/query_params.rs:3:1
[INFO] [stdout]   |
[INFO] [stdout] 3 | ciboulette_query_test_multi!(test_select);
[INFO] [stdout]   | ----------------------------------------- in this macro invocation
[INFO] [stdout]   |
[INFO] [stdout]   = note: import resolution is stuck, try simplifying macro imports
[INFO] [stdout]   = note: this error originates in the macro `ciboulette_query_test_routine` which comes from the expansion of the macro `ciboulette_query_test_multi` (in Nightly builds, run with -Z macro-backtrace for more info)
[INFO] [stdout] 
[INFO] [stdout] 
[INFO] [stdout] error: cannot determine resolution for the attribute macro `basiliq_test`
[INFO] [stdout]  --> src/tests/query_params.rs:4:11
[INFO] [stdout]   |
[INFO] [stdout] 4 |         #[basiliq_test(run_migrations)]
[INFO] [stdout]   |           ^^^^^^^^^^^^
[INFO] [stdout]   |
[INFO] [stdout]  ::: src/tests/select/query_params.rs:3:1
[INFO] [stdout]   |
[INFO] [stdout] 3 | ciboulette_query_test_multi!(test_select);
[INFO] [stdout]   | ----------------------------------------- in this macro invocation
[INFO] [stdout]   |
[INFO] [stdout]   = note: import resolution is stuck, try simplifying macro imports
[INFO] [stdout]   = note: this error originates in the macro `ciboulette_query_test_routine` which comes from the expansion of the macro `ciboulette_query_test_multi` (in Nightly builds, run with -Z macro-backtrace for more info)
[INFO] [stdout] 
[INFO] [stdout] 
[INFO] [stdout] error: cannot determine resolution for the attribute macro `basiliq_test`
[INFO] [stdout]  --> src/tests/query_params.rs:4:11
[INFO] [stdout]   |
[INFO] [stdout] 4 |         #[basiliq_test(run_migrations)]
[INFO] [stdout]   |           ^^^^^^^^^^^^
[INFO] [stdout]   |
[INFO] [stdout]  ::: src/tests/select/query_params.rs:3:1
[INFO] [stdout]   |
[INFO] [stdout] 3 | ciboulette_query_test_multi!(test_select);
[INFO] [stdout]   | ----------------------------------------- in this macro invocation
[INFO] [stdout]   |
[INFO] [stdout]   = note: import resolution is stuck, try simplifying macro imports
[INFO] [stdout]   = note: this error originates in the macro `ciboulette_query_test_routine` which comes from the expansion of the macro `ciboulette_query_test_multi` (in Nightly builds, run with -Z macro-backtrace for more info)
[INFO] [stdout] 
[INFO] [stdout] 
[INFO] [stdout] error: cannot determine resolution for the attribute macro `basiliq_test`
[INFO] [stdout]  --> src/tests/query_params.rs:4:11
[INFO] [stdout]   |
[INFO] [stdout] 4 |         #[basiliq_test(run_migrations)]
[INFO] [stdout]   |           ^^^^^^^^^^^^
[INFO] [stdout]   |
[INFO] [stdout]  ::: src/tests/select/query_params.rs:3:1
[INFO] [stdout]   |
[INFO] [stdout] 3 | ciboulette_query_test_multi!(test_select);
[INFO] [stdout]   | ----------------------------------------- in this macro invocation
[INFO] [stdout]   |
[INFO] [stdout]   = note: import resolution is stuck, try simplifying macro imports
[INFO] [stdout]   = note: this error originates in the macro `ciboulette_query_test_routine` which comes from the expansion of the macro `ciboulette_query_test_multi` (in Nightly builds, run with -Z macro-backtrace for more info)
[INFO] [stdout] 
[INFO] [stdout] 
[INFO] [stdout] error: cannot determine resolution for the attribute macro `basiliq_test`
[INFO] [stdout]   --> src/tests/query_params.rs:16:11
[INFO] [stdout]    |
[INFO] [stdout] 16 |         #[basiliq_test(run_migrations)]
[INFO] [stdout]    |           ^^^^^^^^^^^^
[INFO] [stdout]    |
[INFO] [stdout]   ::: src/tests/select/query_params.rs:4:1
[INFO] [stdout]    |
[INFO] [stdout] 4  | ciboulette_query_test_single!(test_select);
[INFO] [stdout]    | ------------------------------------------ in this macro invocation
[INFO] [stdout]    |
[INFO] [stdout]    = note: import resolution is stuck, try simplifying macro imports
[INFO] [stdout]    = note: this error originates in the macro `ciboulette_query_test_routine` which comes from the expansion of the macro `ciboulette_query_test_single` (in Nightly builds, run with -Z macro-backtrace for more info)
[INFO] [stdout] 
[INFO] [stdout] 
[INFO] [stdout] error: cannot determine resolution for the attribute macro `basiliq_test`
[INFO] [stdout]   --> src/tests/query_params.rs:16:11
[INFO] [stdout]    |
[INFO] [stdout] 16 |         #[basiliq_test(run_migrations)]
[INFO] [stdout]    |           ^^^^^^^^^^^^
[INFO] [stdout]    |
[INFO] [stdout]   ::: src/tests/select/query_params.rs:4:1
[INFO] [stdout]    |
[INFO] [stdout] 4  | ciboulette_query_test_single!(test_select);
[INFO] [stdout]    | ------------------------------------------ in this macro invocation
[INFO] [stdout]    |
[INFO] [stdout]    = note: import resolution is stuck, try simplifying macro imports
[INFO] [stdout]    = note: this error originates in the macro `ciboulette_query_test_routine` which comes from the expansion of the macro `ciboulette_query_test_single` (in Nightly builds, run with -Z macro-backtrace for more info)
[INFO] [stdout] 
[INFO] [stdout] 
[INFO] [stdout] error: cannot determine resolution for the attribute macro `basiliq_test`
[INFO] [stdout]   --> src/tests/query_params.rs:16:11
[INFO] [stdout]    |
[INFO] [stdout] 16 |         #[basiliq_test(run_migrations)]
[INFO] [stdout]    |           ^^^^^^^^^^^^
[INFO] [stdout]    |
[INFO] [stdout]   ::: src/tests/select/query_params.rs:4:1
[INFO] [stdout]    |
[INFO] [stdout] 4  | ciboulette_query_test_single!(test_select);
[INFO] [stdout]    | ------------------------------------------ in this macro invocation
[INFO] [stdout]    |
[INFO] [stdout]    = note: import resolution is stuck, try simplifying macro imports
[INFO] [stdout]    = note: this error originates in the macro `ciboulette_query_test_routine` which comes from the expansion of the macro `ciboulette_query_test_single` (in Nightly builds, run with -Z macro-backtrace for more info)
[INFO] [stdout] 
[INFO] [stdout] 
[INFO] [stdout] error: cannot determine resolution for the attribute macro `basiliq_test`
[INFO] [stdout]   --> src/tests/query_params.rs:16:11
[INFO] [stdout]    |
[INFO] [stdout] 16 |         #[basiliq_test(run_migrations)]
[INFO] [stdout]    |           ^^^^^^^^^^^^
[INFO] [stdout]    |
[INFO] [stdout]   ::: src/tests/select/query_params.rs:4:1
[INFO] [stdout]    |
[INFO] [stdout] 4  | ciboulette_query_test_single!(test_select);
[INFO] [stdout]    | ------------------------------------------ in this macro invocation
[INFO] [stdout]    |
[INFO] [stdout]    = note: import resolution is stuck, try simplifying macro imports
[INFO] [stdout]    = note: this error originates in the macro `ciboulette_query_test_routine` which comes from the expansion of the macro `ciboulette_query_test_single` (in Nightly builds, run with -Z macro-backtrace for more info)
[INFO] [stdout] 
[INFO] [stdout] 
[INFO] [stdout] error: cannot determine resolution for the attribute macro `basiliq_test`
[INFO] [stdout]   --> src/tests/query_params.rs:16:11
[INFO] [stdout]    |
[INFO] [stdout] 16 |         #[basiliq_test(run_migrations)]
[INFO] [stdout]    |           ^^^^^^^^^^^^
[INFO] [stdout]    |
[INFO] [stdout]   ::: src/tests/select/query_params.rs:4:1
[INFO] [stdout]    |
[INFO] [stdout] 4  | ciboulette_query_test_single!(test_select);
[INFO] [stdout]    | ------------------------------------------ in this macro invocation
[INFO] [stdout]    |
[INFO] [stdout]    = note: import resolution is stuck, try simplifying macro imports
[INFO] [stdout]    = note: this error originates in the macro `ciboulette_query_test_routine` which comes from the expansion of the macro `ciboulette_query_test_single` (in Nightly builds, run with -Z macro-backtrace for more info)
[INFO] [stdout] 
[INFO] [stdout] 
[INFO] [stdout] error: cannot determine resolution for the attribute macro `basiliq_test`
[INFO] [stdout]   --> src/tests/query_params.rs:16:11
[INFO] [stdout]    |
[INFO] [stdout] 16 |         #[basiliq_test(run_migrations)]
[INFO] [stdout]    |           ^^^^^^^^^^^^
[INFO] [stdout]    |
[INFO] [stdout]   ::: src/tests/select/query_params.rs:4:1
[INFO] [stdout]    |
[INFO] [stdout] 4  | ciboulette_query_test_single!(test_select);
[INFO] [stdout]    | ------------------------------------------ in this macro invocation
[INFO] [stdout]    |
[INFO] [stdout]    = note: import resolution is stuck, try simplifying macro imports
[INFO] [stdout]    = note: this error originates in the macro `ciboulette_query_test_routine` which comes from the expansion of the macro `ciboulette_query_test_single` (in Nightly builds, run with -Z macro-backtrace for more info)
[INFO] [stdout] 
[INFO] [stdout] 
[INFO] [stdout] error: cannot determine resolution for the attribute macro `basiliq_test`
[INFO] [stdout]   --> src/tests/query_params.rs:16:11
[INFO] [stdout]    |
[INFO] [stdout] 16 |         #[basiliq_test(run_migrations)]
[INFO] [stdout]    |           ^^^^^^^^^^^^
[INFO] [stdout]    |
[INFO] [stdout]   ::: src/tests/select/query_params.rs:4:1
[INFO] [stdout]    |
[INFO] [stdout] 4  | ciboulette_query_test_single!(test_select);
[INFO] [stdout]    | ------------------------------------------ in this macro invocation
[INFO] [stdout]    |
[INFO] [stdout]    = note: import resolution is stuck, try simplifying macro imports
[INFO] [stdout]    = note: this error originates in the macro `ciboulette_query_test_routine` which comes from the expansion of the macro `ciboulette_query_test_single` (in Nightly builds, run with -Z macro-backtrace for more info)
[INFO] [stdout] 
[INFO] [stdout] 
[INFO] [stdout] error: cannot determine resolution for the attribute macro `basiliq_test`
[INFO] [stdout]   --> src/tests/query_params.rs:16:11
[INFO] [stdout]    |
[INFO] [stdout] 16 |         #[basiliq_test(run_migrations)]
[INFO] [stdout]    |           ^^^^^^^^^^^^
[INFO] [stdout]    |
[INFO] [stdout]   ::: src/tests/select/query_params.rs:6:1
[INFO] [stdout]    |
[INFO] [stdout] 6  | ciboulette_query_test_related!(test_select);
[INFO] [stdout]    | ------------------------------------------- in this macro invocation
[INFO] [stdout]    |
[INFO] [stdout]    = note: import resolution is stuck, try simplifying macro imports
[INFO] [stdout]    = note: this error originates in the macro `ciboulette_query_test_routine` which comes from the expansion of the macro `ciboulette_query_test_related` (in Nightly builds, run with -Z macro-backtrace for more info)
[INFO] [stdout] 
[INFO] [stdout] 
[INFO] [stdout] error: cannot determine resolution for the attribute macro `basiliq_test`
[INFO] [stdout]   --> src/tests/query_params.rs:16:11
[INFO] [stdout]    |
[INFO] [stdout] 16 |         #[basiliq_test(run_migrations)]
[INFO] [stdout]    |           ^^^^^^^^^^^^
[INFO] [stdout]    |
[INFO] [stdout]   ::: src/tests/select/query_params.rs:6:1
[INFO] [stdout]    |
[INFO] [stdout] 6  | ciboulette_query_test_related!(test_select);
[INFO] [stdout]    | ------------------------------------------- in this macro invocation
[INFO] [stdout]    |
[INFO] [stdout]    = note: import resolution is stuck, try simplifying macro imports
[INFO] [stdout]    = note: this error originates in the macro `ciboulette_query_test_routine` which comes from the expansion of the macro `ciboulette_query_test_related` (in Nightly builds, run with -Z macro-backtrace for more info)
[INFO] [stdout] 
[INFO] [stdout] 
[INFO] [stdout] error: cannot determine resolution for the attribute macro `basiliq_test`
[INFO] [stdout]   --> src/tests/query_params.rs:16:11
[INFO] [stdout]    |
[INFO] [stdout] 16 |         #[basiliq_test(run_migrations)]
[INFO] [stdout]    |           ^^^^^^^^^^^^
[INFO] [stdout]    |
[INFO] [stdout]   ::: src/tests/select/query_params.rs:6:1
[INFO] [stdout]    |
[INFO] [stdout] 6  | ciboulette_query_test_related!(test_select);
[INFO] [stdout]    | ------------------------------------------- in this macro invocation
[INFO] [stdout]    |
[INFO] [stdout]    = note: import resolution is stuck, try simplifying macro imports
[INFO] [stdout]    = note: this error originates in the macro `ciboulette_query_test_routine` which comes from the expansion of the macro `ciboulette_query_test_related` (in Nightly builds, run with -Z macro-backtrace for more info)
[INFO] [stdout] 
[INFO] [stdout] 
[INFO] [stdout] error: cannot determine resolution for the attribute macro `basiliq_test`
[INFO] [stdout]   --> src/tests/query_params.rs:16:11
[INFO] [stdout]    |
[INFO] [stdout] 16 |         #[basiliq_test(run_migrations)]
[INFO] [stdout]    |           ^^^^^^^^^^^^
[INFO] [stdout]    |
[INFO] [stdout]   ::: src/tests/select/query_params.rs:6:1
[INFO] [stdout]    |
[INFO] [stdout] 6  | ciboulette_query_test_related!(test_select);
[INFO] [stdout]    | ------------------------------------------- in this macro invocation
[INFO] [stdout]    |
[INFO] [stdout]    = note: import resolution is stuck, try simplifying macro imports
[INFO] [stdout]    = note: this error originates in the macro `ciboulette_query_test_routine` which comes from the expansion of the macro `ciboulette_query_test_related` (in Nightly builds, run with -Z macro-backtrace for more info)
[INFO] [stdout] 
[INFO] [stdout] 
[INFO] [stdout] error: cannot determine resolution for the attribute macro `basiliq_test`
[INFO] [stdout]   --> src/tests/query_params.rs:16:11
[INFO] [stdout]    |
[INFO] [stdout] 16 |         #[basiliq_test(run_migrations)]
[INFO] [stdout]    |           ^^^^^^^^^^^^
[INFO] [stdout]    |
[INFO] [stdout]   ::: src/tests/select/query_params.rs:6:1
[INFO] [stdout]    |
[INFO] [stdout] 6  | ciboulette_query_test_related!(test_select);
[INFO] [stdout]    | ------------------------------------------- in this macro invocation
[INFO] [stdout]    |
[INFO] [stdout]    = note: import resolution is stuck, try simplifying macro imports
[INFO] [stdout]    = note: this error originates in the macro `ciboulette_query_test_routine` which comes from the expansion of the macro `ciboulette_query_test_related` (in Nightly builds, run with -Z macro-backtrace for more info)
[INFO] [stdout] 
[INFO] [stdout] 
[INFO] [stdout] error: cannot determine resolution for the attribute macro `basiliq_test`
[INFO] [stdout]   --> src/tests/query_params.rs:16:11
[INFO] [stdout]    |
[INFO] [stdout] 16 |         #[basiliq_test(run_migrations)]
[INFO] [stdout]    |           ^^^^^^^^^^^^
[INFO] [stdout]    |
[INFO] [stdout]   ::: src/tests/select/query_params.rs:6:1
[INFO] [stdout]    |
[INFO] [stdout] 6  | ciboulette_query_test_related!(test_select);
[INFO] [stdout]    | ------------------------------------------- in this macro invocation
[INFO] [stdout]    |
[INFO] [stdout]    = note: import resolution is stuck, try simplifying macro imports
[INFO] [stdout]    = note: this error originates in the macro `ciboulette_query_test_routine` which comes from the expansion of the macro `ciboulette_query_test_related` (in Nightly builds, run with -Z macro-backtrace for more info)
[INFO] [stdout] 
[INFO] [stdout] 
[INFO] [stdout] error: cannot determine resolution for the attribute macro `basiliq_test`
[INFO] [stdout]   --> src/tests/query_params.rs:16:11
[INFO] [stdout]    |
[INFO] [stdout] 16 |         #[basiliq_test(run_migrations)]
[INFO] [stdout]    |           ^^^^^^^^^^^^
[INFO] [stdout]    |
[INFO] [stdout]   ::: src/tests/select/query_params.rs:8:1
[INFO] [stdout]    |
[INFO] [stdout] 8  | ciboulette_query_test_relationship_many_to_many!(test_select);
[INFO] [stdout]    | ------------------------------------------------------------- in this macro invocation
[INFO] [stdout]    |
[INFO] [stdout]    = note: import resolution is stuck, try simplifying macro imports
[INFO] [stdout]    = note: this error originates in the macro `ciboulette_query_test_routine` which comes from the expansion of the macro `ciboulette_query_test_relationship_many_to_many` (in Nightly builds, run with -Z macro-backtrace for more info)
[INFO] [stdout] 
[INFO] [stdout] 
[INFO] [stdout] error: cannot determine resolution for the attribute macro `basiliq_test`
[INFO] [stdout]   --> src/tests/query_params.rs:16:11
[INFO] [stdout]    |
[INFO] [stdout] 16 |         #[basiliq_test(run_migrations)]
[INFO] [stdout]    |           ^^^^^^^^^^^^
[INFO] [stdout]    |
[INFO] [stdout]   ::: src/tests/select/query_params.rs:8:1
[INFO] [stdout]    |
[INFO] [stdout] 8  | ciboulette_query_test_relationship_many_to_many!(test_select);
[INFO] [stdout]    | ------------------------------------------------------------- in this macro invocation
[INFO] [stdout]    |
[INFO] [stdout]    = note: import resolution is stuck, try simplifying macro imports
[INFO] [stdout]    = note: this error originates in the macro `ciboulette_query_test_routine` which comes from the expansion of the macro `ciboulette_query_test_relationship_many_to_many` (in Nightly builds, run with -Z macro-backtrace for more info)
[INFO] [stdout] 
[INFO] [stdout] 
[INFO] [stdout] error: cannot determine resolution for the attribute macro `basiliq_test`
[INFO] [stdout]   --> src/tests/query_params.rs:16:11
[INFO] [stdout]    |
[INFO] [stdout] 16 |         #[basiliq_test(run_migrations)]
[INFO] [stdout]    |           ^^^^^^^^^^^^
[INFO] [stdout]    |
[INFO] [stdout]   ::: src/tests/select/query_params.rs:8:1
[INFO] [stdout]    |
[INFO] [stdout] 8  | ciboulette_query_test_relationship_many_to_many!(test_select);
[INFO] [stdout]    | ------------------------------------------------------------- in this macro invocation
[INFO] [stdout]    |
[INFO] [stdout]    = note: import resolution is stuck, try simplifying macro imports
[INFO] [stdout]    = note: this error originates in the macro `ciboulette_query_test_routine` which comes from the expansion of the macro `ciboulette_query_test_relationship_many_to_many` (in Nightly builds, run with -Z macro-backtrace for more info)
[INFO] [stdout] 
[INFO] [stdout] 
[INFO] [stdout] error: cannot determine resolution for the attribute macro `basiliq_test`
[INFO] [stdout]   --> src/tests/query_params.rs:16:11
[INFO] [stdout]    |
[INFO] [stdout] 16 |         #[basiliq_test(run_migrations)]
[INFO] [stdout]    |           ^^^^^^^^^^^^
[INFO] [stdout]    |
[INFO] [stdout]   ::: src/tests/select/query_params.rs:8:1
[INFO] [stdout]    |
[INFO] [stdout] 8  | ciboulette_query_test_relationship_many_to_many!(test_select);
[INFO] [stdout]    | ------------------------------------------------------------- in this macro invocation
[INFO] [stdout]    |
[INFO] [stdout]    = note: import resolution is stuck, try simplifying macro imports
[INFO] [stdout]    = note: this error originates in the macro `ciboulette_query_test_routine` which comes from the expansion of the macro `ciboulette_query_test_relationship_many_to_many` (in Nightly builds, run with -Z macro-backtrace for more info)
[INFO] [stdout] 
[INFO] [stdout] 
[INFO] [stdout] error: cannot determine resolution for the attribute macro `basiliq_test`
[INFO] [stdout]   --> src/tests/query_params.rs:16:11
[INFO] [stdout]    |
[INFO] [stdout] 16 |         #[basiliq_test(run_migrations)]
[INFO] [stdout]    |           ^^^^^^^^^^^^
[INFO] [stdout]    |
[INFO] [stdout]   ::: src/tests/select/query_params.rs:8:1
[INFO] [stdout]    |
[INFO] [stdout] 8  | ciboulette_query_test_relationship_many_to_many!(test_select);
[INFO] [stdout]    | ------------------------------------------------------------- in this macro invocation
[INFO] [stdout]    |
[INFO] [stdout]    = note: import resolution is stuck, try simplifying macro imports
[INFO] [stdout]    = note: this error originates in the macro `ciboulette_query_test_routine` which comes from the expansion of the macro `ciboulette_query_test_relationship_many_to_many` (in Nightly builds, run with -Z macro-backtrace for more info)
[INFO] [stdout] 
[INFO] [stdout] 
[INFO] [stdout] error: cannot determine resolution for the attribute macro `basiliq_test`
[INFO] [stdout]   --> src/tests/query_params.rs:16:11
[INFO] [stdout]    |
[INFO] [stdout] 16 |         #[basiliq_test(run_migrations)]
[INFO] [stdout]    |           ^^^^^^^^^^^^
[INFO] [stdout]    |
[INFO] [stdout]   ::: src/tests/select/query_params.rs:8:1
[INFO] [stdout]    |
[INFO] [stdout] 8  | ciboulette_query_test_relationship_many_to_many!(test_select);
[INFO] [stdout]    | ------------------------------------------------------------- in this macro invocation
[INFO] [stdout]    |
[INFO] [stdout]    = note: import resolution is stuck, try simplifying macro imports
[INFO] [stdout]    = note: this error originates in the macro `ciboulette_query_test_routine` which comes from the expansion of the macro `ciboulette_query_test_relationship_many_to_many` (in Nightly builds, run with -Z macro-backtrace for more info)
[INFO] [stdout] 
[INFO] [stdout] 
[INFO] [stdout] error: cannot determine resolution for the attribute macro `basiliq_test`
[INFO] [stdout]   --> src/tests/query_params.rs:16:11
[INFO] [stdout]    |
[INFO] [stdout] 16 |         #[basiliq_test(run_migrations)]
[INFO] [stdout]    |           ^^^^^^^^^^^^
[INFO] [stdout]    |
[INFO] [stdout]   ::: src/tests/select/query_params.rs:10:1
[INFO] [stdout]    |
[INFO] [stdout] 10 | ciboulette_query_test_relationship_many_to_one!(test_select);
[INFO] [stdout]    | ------------------------------------------------------------ in this macro invocation
[INFO] [stdout]    |
[INFO] [stdout]    = note: import resolution is stuck, try simplifying macro imports
[INFO] [stdout]    = note: this error originates in the macro `ciboulette_query_test_routine` which comes from the expansion of the macro `ciboulette_query_test_relationship_many_to_one` (in Nightly builds, run with -Z macro-backtrace for more info)
[INFO] [stdout] 
[INFO] [stdout] 
[INFO] [stdout] error: cannot determine resolution for the attribute macro `basiliq_test`
[INFO] [stdout]   --> src/tests/query_params.rs:16:11
[INFO] [stdout]    |
[INFO] [stdout] 16 |         #[basiliq_test(run_migrations)]
[INFO] [stdout]    |           ^^^^^^^^^^^^
[INFO] [stdout]    |
[INFO] [stdout]   ::: src/tests/select/query_params.rs:10:1
[INFO] [stdout]    |
[INFO] [stdout] 10 | ciboulette_query_test_relationship_many_to_one!(test_select);
[INFO] [stdout]    | ------------------------------------------------------------ in this macro invocation
[INFO] [stdout]    |
[INFO] [stdout]    = note: import resolution is stuck, try simplifying macro imports
[INFO] [stdout]    = note: this error originates in the macro `ciboulette_query_test_routine` which comes from the expansion of the macro `ciboulette_query_test_relationship_many_to_one` (in Nightly builds, run with -Z macro-backtrace for more info)
[INFO] [stdout] 
[INFO] [stdout] 
[INFO] [stdout] error: cannot determine resolution for the attribute macro `basiliq_test`
[INFO] [stdout]   --> src/tests/query_params.rs:16:11
[INFO] [stdout]    |
[INFO] [stdout] 16 |         #[basiliq_test(run_migrations)]
[INFO] [stdout]    |           ^^^^^^^^^^^^
[INFO] [stdout]    |
[INFO] [stdout]   ::: src/tests/select/query_params.rs:10:1
[INFO] [stdout]    |
[INFO] [stdout] 10 | ciboulette_query_test_relationship_many_to_one!(test_select);
[INFO] [stdout]    | ------------------------------------------------------------ in this macro invocation
[INFO] [stdout]    |
[INFO] [stdout]    = note: import resolution is stuck, try simplifying macro imports
[INFO] [stdout]    = note: this error originates in the macro `ciboulette_query_test_routine` which comes from the expansion of the macro `ciboulette_query_test_relationship_many_to_one` (in Nightly builds, run with -Z macro-backtrace for more info)
[INFO] [stdout] 
[INFO] [stdout] 
[INFO] [stdout] error: cannot determine resolution for the attribute macro `basiliq_test`
[INFO] [stdout]   --> src/tests/query_params.rs:16:11
[INFO] [stdout]    |
[INFO] [stdout] 16 |         #[basiliq_test(run_migrations)]
[INFO] [stdout]    |           ^^^^^^^^^^^^
[INFO] [stdout]    |
[INFO] [stdout]   ::: src/tests/select/query_params.rs:10:1
[INFO] [stdout]    |
[INFO] [stdout] 10 | ciboulette_query_test_relationship_many_to_one!(test_select);
[INFO] [stdout]    | ------------------------------------------------------------ in this macro invocation
[INFO] [stdout]    |
[INFO] [stdout]    = note: import resolution is stuck, try simplifying macro imports
[INFO] [stdout]    = note: this error originates in the macro `ciboulette_query_test_routine` which comes from the expansion of the macro `ciboulette_query_test_relationship_many_to_one` (in Nightly builds, run with -Z macro-backtrace for more info)
[INFO] [stdout] 
[INFO] [stdout] 
[INFO] [stdout] error: cannot determine resolution for the attribute macro `basiliq_test`
[INFO] [stdout]   --> src/tests/query_params.rs:16:11
[INFO] [stdout]    |
[INFO] [stdout] 16 |         #[basiliq_test(run_migrations)]
[INFO] [stdout]    |           ^^^^^^^^^^^^
[INFO] [stdout]    |
[INFO] [stdout]   ::: src/tests/select/query_params.rs:10:1
[INFO] [stdout]    |
[INFO] [stdout] 10 | ciboulette_query_test_relationship_many_to_one!(test_select);
[INFO] [stdout]    | ------------------------------------------------------------ in this macro invocation
[INFO] [stdout]    |
[INFO] [stdout]    = note: import resolution is stuck, try simplifying macro imports
[INFO] [stdout]    = note: this error originates in the macro `ciboulette_query_test_routine` which comes from the expansion of the macro `ciboulette_query_test_relationship_many_to_one` (in Nightly builds, run with -Z macro-backtrace for more info)
[INFO] [stdout] 
[INFO] [stdout] 
[INFO] [stdout] error: cannot determine resolution for the attribute macro `basiliq_test`
[INFO] [stdout]   --> src/tests/query_params.rs:16:11
[INFO] [stdout]    |
[INFO] [stdout] 16 |         #[basiliq_test(run_migrations)]
[INFO] [stdout]    |           ^^^^^^^^^^^^
[INFO] [stdout]    |
[INFO] [stdout]   ::: src/tests/select/query_params.rs:10:1
[INFO] [stdout]    |
[INFO] [stdout] 10 | ciboulette_query_test_relationship_many_to_one!(test_select);
[INFO] [stdout]    | ------------------------------------------------------------ in this macro invocation
[INFO] [stdout]    |
[INFO] [stdout]    = note: import resolution is stuck, try simplifying macro imports
[INFO] [stdout]    = note: this error originates in the macro `ciboulette_query_test_routine` which comes from the expansion of the macro `ciboulette_query_test_relationship_many_to_one` (in Nightly builds, run with -Z macro-backtrace for more info)
[INFO] [stdout] 
[INFO] [stdout] 
[INFO] [stdout] error: cannot determine resolution for the attribute macro `basiliq_test`
[INFO] [stdout]  --> src/tests/select/select_success.rs:2:3
[INFO] [stdout]   |
[INFO] [stdout] 2 | #[basiliq_test(run_migrations)]
[INFO] [stdout]   |   ^^^^^^^^^^^^
[INFO] [stdout]   |
[INFO] [stdout]   = note: import resolution is stuck, try simplifying macro imports
[INFO] [stdout] 
[INFO] [stdout] 
[INFO] [stdout] error: cannot determine resolution for the attribute macro `basiliq_test`
[INFO] [stdout]   --> src/tests/select/select_success.rs:10:3
[INFO] [stdout]    |
[INFO] [stdout] 10 | #[basiliq_test(run_migrations)]
[INFO] [stdout]    |   ^^^^^^^^^^^^
[INFO] [stdout]    |
[INFO] [stdout]    = note: import resolution is stuck, try simplifying macro imports
[INFO] [stdout] 
[INFO] [stdout] 
[INFO] [stdout] error: cannot determine resolution for the attribute macro `basiliq_test`
[INFO] [stdout]   --> src/tests/select/select_success.rs:25:3
[INFO] [stdout]    |
[INFO] [stdout] 25 | #[basiliq_test(run_migrations)]
[INFO] [stdout]    |   ^^^^^^^^^^^^
[INFO] [stdout]    |
[INFO] [stdout]    = note: import resolution is stuck, try simplifying macro imports
[INFO] [stdout] 
[INFO] [stdout] 
[INFO] [stdout] error: cannot determine resolution for the attribute macro `basiliq_test`
[INFO] [stdout]   --> src/tests/select/select_success.rs:40:3
[INFO] [stdout]    |
[INFO] [stdout] 40 | #[basiliq_test(run_migrations)]
[INFO] [stdout]    |   ^^^^^^^^^^^^
[INFO] [stdout]    |
[INFO] [stdout]    = note: import resolution is stuck, try simplifying macro imports
[INFO] [stdout] 
[INFO] [stdout] 
[INFO] [stdout] error: cannot determine resolution for the attribute macro `basiliq_test`
[INFO] [stdout]   --> src/tests/select/select_success.rs:55:3
[INFO] [stdout]    |
[INFO] [stdout] 55 | #[basiliq_test(run_migrations)]
[INFO] [stdout]    |   ^^^^^^^^^^^^
[INFO] [stdout]    |
[INFO] [stdout]    = note: import resolution is stuck, try simplifying macro imports
[INFO] [stdout] 
[INFO] [stdout] 
[INFO] [stdout] error: cannot determine resolution for the attribute macro `basiliq_test`
[INFO] [stdout]   --> src/tests/select/select_success.rs:70:3
[INFO] [stdout]    |
[INFO] [stdout] 70 | #[basiliq_test(run_migrations)]
[INFO] [stdout]    |   ^^^^^^^^^^^^
[INFO] [stdout]    |
[INFO] [stdout]    = note: import resolution is stuck, try simplifying macro imports
[INFO] [stdout] 
[INFO] [stdout] 
[INFO] [stdout] error: cannot determine resolution for the attribute macro `basiliq_test`
[INFO] [stdout]   --> src/tests/select/select_success.rs:85:3
[INFO] [stdout]    |
[INFO] [stdout] 85 | #[basiliq_test(run_migrations)]
[INFO] [stdout]    |   ^^^^^^^^^^^^
[INFO] [stdout]    |
[INFO] [stdout]    = note: import resolution is stuck, try simplifying macro imports
[INFO] [stdout] 
[INFO] [stdout] 
[INFO] [stdout] error: cannot determine resolution for the attribute macro `basiliq_test`
[INFO] [stdout]    --> src/tests/select/select_success.rs:100:3
[INFO] [stdout]     |
[INFO] [stdout] 100 | #[basiliq_test(run_migrations)]
[INFO] [stdout]     |   ^^^^^^^^^^^^
[INFO] [stdout]     |
[INFO] [stdout]     = note: import resolution is stuck, try simplifying macro imports
[INFO] [stdout] 
[INFO] [stdout] 
[INFO] [stdout] error: cannot determine resolution for the attribute macro `basiliq_test`
[INFO] [stdout]    --> src/tests/select/select_success.rs:115:3
[INFO] [stdout]     |
[INFO] [stdout] 115 | #[basiliq_test(run_migrations)]
[INFO] [stdout]     |   ^^^^^^^^^^^^
[INFO] [stdout]     |
[INFO] [stdout]     = note: import resolution is stuck, try simplifying macro imports
[INFO] [stdout] 
[INFO] [stdout] 
[INFO] [stdout] error: cannot determine resolution for the attribute macro `basiliq_test`
[INFO] [stdout]    --> src/tests/select/select_success.rs:130:3
[INFO] [stdout]     |
[INFO] [stdout] 130 | #[basiliq_test(run_migrations)]
[INFO] [stdout]     |   ^^^^^^^^^^^^
[INFO] [stdout]     |
[INFO] [stdout]     = note: import resolution is stuck, try simplifying macro imports
[INFO] [stdout] 
[INFO] [stdout] 
[INFO] [stdout] error: cannot determine resolution for the attribute macro `basiliq_test`
[INFO] [stdout]    --> src/tests/select/select_success.rs:145:3
[INFO] [stdout]     |
[INFO] [stdout] 145 | #[basiliq_test(run_migrations)]
[INFO] [stdout]     |   ^^^^^^^^^^^^
[INFO] [stdout]     |
[INFO] [stdout]     = note: import resolution is stuck, try simplifying macro imports
[INFO] [stdout] 
[INFO] [stdout] 
[INFO] [stdout] error: cannot determine resolution for the attribute macro `basiliq_test`
[INFO] [stdout]   --> src/tests/query_params.rs:16:11
[INFO] [stdout]    |
[INFO] [stdout] 16 |         #[basiliq_test(run_migrations)]
[INFO] [stdout]    |           ^^^^^^^^^^^^
[INFO] [stdout]    |
[INFO] [stdout]   ::: src/tests/update/query_params.rs:3:1
[INFO] [stdout]    |
[INFO] [stdout] 3  | ciboulette_query_test_single!(test_update);
[INFO] [stdout]    | ------------------------------------------ in this macro invocation
[INFO] [stdout]    |
[INFO] [stdout]    = note: import resolution is stuck, try simplifying macro imports
[INFO] [stdout]    = note: this error originates in the macro `ciboulette_query_test_routine` which comes from the expansion of the macro `ciboulette_query_test_single` (in Nightly builds, run with -Z macro-backtrace for more info)
[INFO] [stdout] 
[INFO] [stdout] 
[INFO] [stdout] error: cannot determine resolution for the attribute macro `basiliq_test`
[INFO] [stdout]   --> src/tests/query_params.rs:16:11
[INFO] [stdout]    |
[INFO] [stdout] 16 |         #[basiliq_test(run_migrations)]
[INFO] [stdout]    |           ^^^^^^^^^^^^
[INFO] [stdout]    |
[INFO] [stdout]   ::: src/tests/update/query_params.rs:3:1
[INFO] [stdout]    |
[INFO] [stdout] 3  | ciboulette_query_test_single!(test_update);
[INFO] [stdout]    | ------------------------------------------ in this macro invocation
[INFO] [stdout]    |
[INFO] [stdout]    = note: import resolution is stuck, try simplifying macro imports
[INFO] [stdout]    = note: this error originates in the macro `ciboulette_query_test_routine` which comes from the expansion of the macro `ciboulette_query_test_single` (in Nightly builds, run with -Z macro-backtrace for more info)
[INFO] [stdout] 
[INFO] [stdout] 
[INFO] [stdout] error: cannot determine resolution for the attribute macro `basiliq_test`
[INFO] [stdout]   --> src/tests/query_params.rs:16:11
[INFO] [stdout]    |
[INFO] [stdout] 16 |         #[basiliq_test(run_migrations)]
[INFO] [stdout]    |           ^^^^^^^^^^^^
[INFO] [stdout]    |
[INFO] [stdout]   ::: src/tests/update/query_params.rs:3:1
[INFO] [stdout]    |
[INFO] [stdout] 3  | ciboulette_query_test_single!(test_update);
[INFO] [stdout]    | ------------------------------------------ in this macro invocation
[INFO] [stdout]    |
[INFO] [stdout]    = note: import resolution is stuck, try simplifying macro imports
[INFO] [stdout]    = note: this error originates in the macro `ciboulette_query_test_routine` which comes from the expansion of the macro `ciboulette_query_test_single` (in Nightly builds, run with -Z macro-backtrace for more info)
[INFO] [stdout] 
[INFO] [stdout] 
[INFO] [stdout] error: cannot determine resolution for the attribute macro `basiliq_test`
[INFO] [stdout]   --> src/tests/query_params.rs:16:11
[INFO] [stdout]    |
[INFO] [stdout] 16 |         #[basiliq_test(run_migrations)]
[INFO] [stdout]    |           ^^^^^^^^^^^^
[INFO] [stdout]    |
[INFO] [stdout]   ::: src/tests/update/query_params.rs:3:1
[INFO] [stdout]    |
[INFO] [stdout] 3  | ciboulette_query_test_single!(test_update);
[INFO] [stdout]    | ------------------------------------------ in this macro invocation
[INFO] [stdout]    |
[INFO] [stdout]    = note: import resolution is stuck, try simplifying macro imports
[INFO] [stdout]    = note: this error originates in the macro `ciboulette_query_test_routine` which comes from the expansion of the macro `ciboulette_query_test_single` (in Nightly builds, run with -Z macro-backtrace for more info)
[INFO] [stdout] 
[INFO] [stdout] 
[INFO] [stdout] error: cannot determine resolution for the attribute macro `basiliq_test`
[INFO] [stdout]   --> src/tests/query_params.rs:16:11
[INFO] [stdout]    |
[INFO] [stdout] 16 |         #[basiliq_test(run_migrations)]
[INFO] [stdout]    |           ^^^^^^^^^^^^
[INFO] [stdout]    |
[INFO] [stdout]   ::: src/tests/update/query_params.rs:3:1
[INFO] [stdout]    |
[INFO] [stdout] 3  | ciboulette_query_test_single!(test_update);
[INFO] [stdout]    | ------------------------------------------ in this macro invocation
[INFO] [stdout]    |
[INFO] [stdout]    = note: import resolution is stuck, try simplifying macro imports
[INFO] [stdout]    = note: this error originates in the macro `ciboulette_query_test_routine` which comes from the expansion of the macro `ciboulette_query_test_single` (in Nightly builds, run with -Z macro-backtrace for more info)
[INFO] [stdout] 
[INFO] [stdout] 
[INFO] [stdout] error: cannot determine resolution for the attribute macro `basiliq_test`
[INFO] [stdout]   --> src/tests/query_params.rs:16:11
[INFO] [stdout]    |
[INFO] [stdout] 16 |         #[basiliq_test(run_migrations)]
[INFO] [stdout]    |           ^^^^^^^^^^^^
[INFO] [stdout]    |
[INFO] [stdout]   ::: src/tests/update/query_params.rs:3:1
[INFO] [stdout]    |
[INFO] [stdout] 3  | ciboulette_query_test_single!(test_update);
[INFO] [stdout]    | ------------------------------------------ in this macro invocation
[INFO] [stdout]    |
[INFO] [stdout]    = note: import resolution is stuck, try simplifying macro imports
[INFO] [stdout]    = note: this error originates in the macro `ciboulette_query_test_routine` which comes from the expansion of the macro `ciboulette_query_test_single` (in Nightly builds, run with -Z macro-backtrace for more info)
[INFO] [stdout] 
[INFO] [stdout] 
[INFO] [stdout] error: cannot determine resolution for the attribute macro `basiliq_test`
[INFO] [stdout]   --> src/tests/query_params.rs:16:11
[INFO] [stdout]    |
[INFO] [stdout] 16 |         #[basiliq_test(run_migrations)]
[INFO] [stdout]    |           ^^^^^^^^^^^^
[INFO] [stdout]    |
[INFO] [stdout]   ::: src/tests/update/query_params.rs:3:1
[INFO] [stdout]    |
[INFO] [stdout] 3  | ciboulette_query_test_single!(test_update);
[INFO] [stdout]    | ------------------------------------------ in this macro invocation
[INFO] [stdout]    |
[INFO] [stdout]    = note: import resolution is stuck, try simplifying macro imports
[INFO] [stdout]    = note: this error originates in the macro `ciboulette_query_test_routine` which comes from the expansion of the macro `ciboulette_query_test_single` (in Nightly builds, run with -Z macro-backtrace for more info)
[INFO] [stdout] 
[INFO] [stdout] 
[INFO] [stdout] error: cannot determine resolution for the attribute macro `basiliq_test`
[INFO] [stdout]   --> src/tests/query_params.rs:16:11
[INFO] [stdout]    |
[INFO] [stdout] 16 |         #[basiliq_test(run_migrations)]
[INFO] [stdout]    |           ^^^^^^^^^^^^
[INFO] [stdout]    |
[INFO] [stdout]   ::: src/tests/update/query_params.rs:4:1
[INFO] [stdout]    |
[INFO] [stdout] 4  | ciboulette_query_test_relationship_many_to_one!(test_update_many_to_one);
[INFO] [stdout]    | ------------------------------------------------------------------------ in this macro invocation
[INFO] [stdout]    |
[INFO] [stdout]    = note: import resolution is stuck, try simplifying macro imports
[INFO] [stdout]    = note: this error originates in the macro `ciboulette_query_test_routine` which comes from the expansion of the macro `ciboulette_query_test_relationship_many_to_one` (in Nightly builds, run with -Z macro-backtrace for more info)
[INFO] [stdout] 
[INFO] [stdout] 
[INFO] [stdout] error: cannot determine resolution for the attribute macro `basiliq_test`
[INFO] [stdout]   --> src/tests/query_params.rs:16:11
[INFO] [stdout]    |
[INFO] [stdout] 16 |         #[basiliq_test(run_migrations)]
[INFO] [stdout]    |           ^^^^^^^^^^^^
[INFO] [stdout]    |
[INFO] [stdout]   ::: src/tests/update/query_params.rs:4:1
[INFO] [stdout]    |
[INFO] [stdout] 4  | ciboulette_query_test_relationship_many_to_one!(test_update_many_to_one);
[INFO] [stdout]    | ------------------------------------------------------------------------ in this macro invocation
[INFO] [stdout]    |
[INFO] [stdout]    = note: import resolution is stuck, try simplifying macro imports
[INFO] [stdout]    = note: this error originates in the macro `ciboulette_query_test_routine` which comes from the expansion of the macro `ciboulette_query_test_relationship_many_to_one` (in Nightly builds, run with -Z macro-backtrace for more info)
[INFO] [stdout] 
[INFO] [stdout] 
[INFO] [stdout] error: cannot determine resolution for the attribute macro `basiliq_test`
[INFO] [stdout]   --> src/tests/query_params.rs:16:11
[INFO] [stdout]    |
[INFO] [stdout] 16 |         #[basiliq_test(run_migrations)]
[INFO] [stdout]    |           ^^^^^^^^^^^^
[INFO] [stdout]    |
[INFO] [stdout]   ::: src/tests/update/query_params.rs:4:1
[INFO] [stdout]    |
[INFO] [stdout] 4  | ciboulette_query_test_relationship_many_to_one!(test_update_many_to_one);
[INFO] [stdout]    | ------------------------------------------------------------------------ in this macro invocation
[INFO] [stdout]    |
[INFO] [stdout]    = note: import resolution is stuck, try simplifying macro imports
[INFO] [stdout]    = note: this error originates in the macro `ciboulette_query_test_routine` which comes from the expansion of the macro `ciboulette_query_test_relationship_many_to_one` (in Nightly builds, run with -Z macro-backtrace for more info)
[INFO] [stdout] 
[INFO] [stdout] 
[INFO] [stdout] error: cannot determine resolution for the attribute macro `basiliq_test`
[INFO] [stdout]   --> src/tests/query_params.rs:16:11
[INFO] [stdout]    |
[INFO] [stdout] 16 |         #[basiliq_test(run_migrations)]
[INFO] [stdout]    |           ^^^^^^^^^^^^
[INFO] [stdout]    |
[INFO] [stdout]   ::: src/tests/update/query_params.rs:4:1
[INFO] [stdout]    |
[INFO] [stdout] 4  | ciboulette_query_test_relationship_many_to_one!(test_update_many_to_one);
[INFO] [stdout]    | ------------------------------------------------------------------------ in this macro invocation
[INFO] [stdout]    |
[INFO] [stdout]    = note: import resolution is stuck, try simplifying macro imports
[INFO] [stdout]    = note: this error originates in the macro `ciboulette_query_test_routine` which comes from the expansion of the macro `ciboulette_query_test_relationship_many_to_one` (in Nightly builds, run with -Z macro-backtrace for more info)
[INFO] [stdout] 
[INFO] [stdout] 
[INFO] [stdout] error: cannot determine resolution for the attribute macro `basiliq_test`
[INFO] [stdout]   --> src/tests/query_params.rs:16:11
[INFO] [stdout]    |
[INFO] [stdout] 16 |         #[basiliq_test(run_migrations)]
[INFO] [stdout]    |           ^^^^^^^^^^^^
[INFO] [stdout]    |
[INFO] [stdout]   ::: src/tests/update/query_params.rs:4:1
[INFO] [stdout]    |
[INFO] [stdout] 4  | ciboulette_query_test_relationship_many_to_one!(test_update_many_to_one);
[INFO] [stdout]    | ------------------------------------------------------------------------ in this macro invocation
[INFO] [stdout]    |
[INFO] [stdout]    = note: import resolution is stuck, try simplifying macro imports
[INFO] [stdout]    = note: this error originates in the macro `ciboulette_query_test_routine` which comes from the expansion of the macro `ciboulette_query_test_relationship_many_to_one` (in Nightly builds, run with -Z macro-backtrace for more info)
[INFO] [stdout] 
[INFO] [stdout] 
[INFO] [stdout] error: cannot determine resolution for the attribute macro `basiliq_test`
[INFO] [stdout]   --> src/tests/query_params.rs:16:11
[INFO] [stdout]    |
[INFO] [stdout] 16 |         #[basiliq_test(run_migrations)]
[INFO] [stdout]    |           ^^^^^^^^^^^^
[INFO] [stdout]    |
[INFO] [stdout]   ::: src/tests/update/query_params.rs:4:1
[INFO] [stdout]    |
[INFO] [stdout] 4  | ciboulette_query_test_relationship_many_to_one!(test_update_many_to_one);
[INFO] [stdout]    | ------------------------------------------------------------------------ in this macro invocation
[INFO] [stdout]    |
[INFO] [stdout]    = note: import resolution is stuck, try simplifying macro imports
[INFO] [stdout]    = note: this error originates in the macro `ciboulette_query_test_routine` which comes from the expansion of the macro `ciboulette_query_test_relationship_many_to_one` (in Nightly builds, run with -Z macro-backtrace for more info)
[INFO] [stdout] 
[INFO] [stdout] 
[INFO] [stdout] error: cannot determine resolution for the attribute macro `basiliq_test`
[INFO] [stdout]   --> src/tests/update/update_main_fails.rs:20:3
[INFO] [stdout]    |
[INFO] [stdout] 20 | #[basiliq_test(run_migrations)]
[INFO] [stdout]    |   ^^^^^^^^^^^^
[INFO] [stdout]    |
[INFO] [stdout]    = note: import resolution is stuck, try simplifying macro imports
[INFO] [stdout] 
[INFO] [stdout] 
[INFO] [stdout] error: cannot determine resolution for the attribute macro `basiliq_test`
[INFO] [stdout]   --> src/tests/update/update_rel_fails.rs:20:3
[INFO] [stdout]    |
[INFO] [stdout] 20 | #[basiliq_test(run_migrations)]
[INFO] [stdout]    |   ^^^^^^^^^^^^
[INFO] [stdout]    |
[INFO] [stdout]    = note: import resolution is stuck, try simplifying macro imports
[INFO] [stdout] 
[INFO] [stdout] 
[INFO] [stdout] error: cannot determine resolution for the attribute macro `basiliq_test`
[INFO] [stdout]   --> src/tests/update/update_rel_fails.rs:37:3
[INFO] [stdout]    |
[INFO] [stdout] 37 | #[basiliq_test(run_migrations)]
[INFO] [stdout]    |   ^^^^^^^^^^^^
[INFO] [stdout]    |
[INFO] [stdout]    = note: import resolution is stuck, try simplifying macro imports
[INFO] [stdout] 
[INFO] [stdout] 
[INFO] [stdout] error: cannot determine resolution for the attribute macro `basiliq_test`
[INFO] [stdout]   --> src/tests/update/update_rel_success.rs:35:3
[INFO] [stdout]    |
[INFO] [stdout] 35 | #[basiliq_test(run_migrations)]
[INFO] [stdout]    |   ^^^^^^^^^^^^
[INFO] [stdout]    |
[INFO] [stdout]    = note: import resolution is stuck, try simplifying macro imports
[INFO] [stdout] 
[INFO] [stdout] 
[INFO] [stdout] error: cannot determine resolution for the attribute macro `basiliq_test`
[INFO] [stdout]   --> src/tests/update/update_rel_success.rs:66:3
[INFO] [stdout]    |
[INFO] [stdout] 66 | #[basiliq_test(run_migrations)]
[INFO] [stdout]    |   ^^^^^^^^^^^^
[INFO] [stdout]    |
[INFO] [stdout]    = note: import resolution is stuck, try simplifying macro imports
[INFO] [stdout] 
[INFO] [stdout] 
[INFO] [stdout] error: cannot determine resolution for the attribute macro `basiliq_test`
[INFO] [stdout]   --> src/tests/update/update_rel_success.rs:97:3
[INFO] [stdout]    |
[INFO] [stdout] 97 | #[basiliq_test(run_migrations)]
[INFO] [stdout]    |   ^^^^^^^^^^^^
[INFO] [stdout]    |
[INFO] [stdout]    = note: import resolution is stuck, try simplifying macro imports
[INFO] [stdout] 
[INFO] [stdout] 
[INFO] [stdout] error: cannot determine resolution for the attribute macro `basiliq_test`
[INFO] [stdout]   --> src/tests/update/update_success.rs:34:3
[INFO] [stdout]    |
[INFO] [stdout] 34 | #[basiliq_test(run_migrations)]
[INFO] [stdout]    |   ^^^^^^^^^^^^
[INFO] [stdout]    |
[INFO] [stdout]    = note: import resolution is stuck, try simplifying macro imports
[INFO] [stdout] 
[INFO] [stdout] 
[INFO] [stdout] error: cannot determine resolution for the attribute macro `basiliq_test`
[INFO] [stdout]   --> src/tests/update/update_success.rs:56:3
[INFO] [stdout]    |
[INFO] [stdout] 56 | #[basiliq_test(run_migrations)]
[INFO] [stdout]    |   ^^^^^^^^^^^^
[INFO] [stdout]    |
[INFO] [stdout]    = note: import resolution is stuck, try simplifying macro imports
[INFO] [stdout] 
[INFO] [stdout] 
[INFO] [stdout] error: cannot determine resolution for the attribute macro `basiliq_test`
[INFO] [stdout]   --> src/tests/update/update_success.rs:82:3
[INFO] [stdout]    |
[INFO] [stdout] 82 | #[basiliq_test(run_migrations)]
[INFO] [stdout]    |   ^^^^^^^^^^^^
[INFO] [stdout]    |
[INFO] [stdout]    = note: import resolution is stuck, try simplifying macro imports
[INFO] [stdout] 
[INFO] [stdout] 
[INFO] [stdout] error: cannot determine resolution for the attribute macro `basiliq_test`
[INFO] [stdout]    --> src/tests/update/update_success.rs:116:3
[INFO] [stdout]     |
[INFO] [stdout] 116 | #[basiliq_test(run_migrations)]
[INFO] [stdout]     |   ^^^^^^^^^^^^
[INFO] [stdout]     |
[INFO] [stdout]     = note: import resolution is stuck, try simplifying macro imports
[INFO] [stdout] 
[INFO] [stdout] 
[INFO] [stdout] error: cannot determine resolution for the attribute macro `basiliq_test`
[INFO] [stdout]    --> src/tests/update/update_success.rs:152:3
[INFO] [stdout]     |
[INFO] [stdout] 152 | #[basiliq_test(run_migrations)]
[INFO] [stdout]     |   ^^^^^^^^^^^^
[INFO] [stdout]     |
[INFO] [stdout]     = note: import resolution is stuck, try simplifying macro imports
[INFO] [stdout] 
[INFO] [stdout] 
[INFO] [stdout] error[E0425]: cannot find function `gen_bag` in this scope
[INFO] [stdout]   --> src/tests/delete/mod.rs:13:28
[INFO] [stdout]    |
[INFO] [stdout] 13 |     let ciboulette_store = gen_bag();
[INFO] [stdout]    |                            ^^^^^^^ not found in this scope
[INFO] [stdout] 
[INFO] [stdout] 
[INFO] [stdout] error[E0425]: cannot find function `gen_bag` in this scope
[INFO] [stdout]  --> src/tests/delete/delete_fails.rs:4:28
[INFO] [stdout]   |
[INFO] [stdout] 4 |     let ciboulette_store = gen_bag();
[INFO] [stdout]   |                            ^^^^^^^ not found in this scope
[INFO] [stdout] 
[INFO] [stdout] 
[INFO] [stdout] error[E0433]: failed to resolve: use of undeclared crate or module `basiliq_db_test_utils`
[INFO] [stdout]   --> src/tests/delete/delete_fails.rs:17:16
[INFO] [stdout]    |
[INFO] [stdout] 17 |     let data = basiliq_db_test_utils::init_values(&mut pool).await;
[INFO] [stdout]    |                ^^^^^^^^^^^^^^^^^^^^^ use of undeclared crate or module `basiliq_db_test_utils`
[INFO] [stdout] 
[INFO] [stdout] 
[INFO] [stdout] error[E0425]: cannot find function `gen_bag` in this scope
[INFO] [stdout]  --> src/tests/delete/delete_success.rs:7:28
[INFO] [stdout]   |
[INFO] [stdout] 7 |     let ciboulette_store = gen_bag();
[INFO] [stdout]   |                            ^^^^^^^ not found in this scope
[INFO] [stdout] 
[INFO] [stdout] 
[INFO] [stdout] error[E0433]: failed to resolve: use of undeclared crate or module `basiliq_db_test_utils`
[INFO] [stdout]   --> src/tests/delete/delete_success.rs:40:16
[INFO] [stdout]    |
[INFO] [stdout] 40 |     let data = basiliq_db_test_utils::init_values(&mut pool).await;
[INFO] [stdout]    |                ^^^^^^^^^^^^^^^^^^^^^ use of undeclared crate or module `basiliq_db_test_utils`
[INFO] [stdout] 
[INFO] [stdout] 
[INFO] [stdout] error[E0433]: failed to resolve: use of undeclared crate or module `basiliq_db_test_utils`
[INFO] [stdout]   --> src/tests/delete/delete_success.rs:50:16
[INFO] [stdout]    |
[INFO] [stdout] 50 |     let data = basiliq_db_test_utils::init_values(&mut pool).await;
[INFO] [stdout]    |                ^^^^^^^^^^^^^^^^^^^^^ use of undeclared crate or module `basiliq_db_test_utils`
[INFO] [stdout] 
[INFO] [stdout] 
[INFO] [stdout] error[E0433]: failed to resolve: use of undeclared crate or module `basiliq_db_test_utils`
[INFO] [stdout]   --> src/tests/query_params.rs:18:24
[INFO] [stdout]    |
[INFO] [stdout] 18 |             let data = basiliq_db_test_utils::init_values(&mut pool).await;
[INFO] [stdout]    |                        ^^^^^^^^^^^^^^^^^^^^^ use of undeclared crate or module `basiliq_db_test_utils`
[INFO] [stdout]    |
[INFO] [stdout]   ::: src/tests/delete/query_params.rs:3:1
[INFO] [stdout]    |
[INFO] [stdout] 3  | ciboulette_query_test_single!(test_delete);
[INFO] [stdout]    | ------------------------------------------ in this macro invocation
[INFO] [stdout]    |
[INFO] [stdout]    = note: this error originates in the macro `ciboulette_query_test_routine` which comes from the expansion of the macro `ciboulette_query_test_single` (in Nightly builds, run with -Z macro-backtrace for more info)
[INFO] [stdout] 
[INFO] [stdout] 
[INFO] [stdout] error[E0433]: failed to resolve: use of undeclared crate or module `basiliq_db_test_utils`
[INFO] [stdout]   --> src/tests/query_params.rs:18:24
[INFO] [stdout]    |
[INFO] [stdout] 18 |             let data = basiliq_db_test_utils::init_values(&mut pool).await;
[INFO] [stdout]    |                        ^^^^^^^^^^^^^^^^^^^^^ use of undeclared crate or module `basiliq_db_test_utils`
[INFO] [stdout]    |
[INFO] [stdout]   ::: src/tests/delete/query_params.rs:3:1
[INFO] [stdout]    |
[INFO] [stdout] 3  | ciboulette_query_test_single!(test_delete);
[INFO] [stdout]    | ------------------------------------------ in this macro invocation
[INFO] [stdout]    |
[INFO] [stdout]    = note: this error originates in the macro `ciboulette_query_test_routine` which comes from the expansion of the macro `ciboulette_query_test_single` (in Nightly builds, run with -Z macro-backtrace for more info)
[INFO] [stdout] 
[INFO] [stdout] 
[INFO] [stdout] error[E0433]: failed to resolve: use of undeclared crate or module `basiliq_db_test_utils`
[INFO] [stdout]   --> src/tests/query_params.rs:18:24
[INFO] [stdout]    |
[INFO] [stdout] 18 |             let data = basiliq_db_test_utils::init_values(&mut pool).await;
[INFO] [stdout]    |                        ^^^^^^^^^^^^^^^^^^^^^ use of undeclared crate or module `basiliq_db_test_utils`
[INFO] [stdout]    |
[INFO] [stdout]   ::: src/tests/delete/query_params.rs:3:1
[INFO] [stdout]    |
[INFO] [stdout] 3  | ciboulette_query_test_single!(test_delete);
[INFO] [stdout]    | ------------------------------------------ in this macro invocation
[INFO] [stdout]    |
[INFO] [stdout]    = note: this error originates in the macro `ciboulette_query_test_routine` which comes from the expansion of the macro `ciboulette_query_test_single` (in Nightly builds, run with -Z macro-backtrace for more info)
[INFO] [stdout] 
[INFO] [stdout] 
[INFO] [stdout] error[E0433]: failed to resolve: use of undeclared crate or module `basiliq_db_test_utils`
[INFO] [stdout]   --> src/tests/query_params.rs:18:24
[INFO] [stdout]    |
[INFO] [stdout] 18 |             let data = basiliq_db_test_utils::init_values(&mut pool).await;
[INFO] [stdout]    |                        ^^^^^^^^^^^^^^^^^^^^^ use of undeclared crate or module `basiliq_db_test_utils`
[INFO] [stdout]    |
[INFO] [stdout]   ::: src/tests/delete/query_params.rs:3:1
[INFO] [stdout]    |
[INFO] [stdout] 3  | ciboulette_query_test_single!(test_delete);
[INFO] [stdout]    | ------------------------------------------ in this macro invocation
[INFO] [stdout]    |
[INFO] [stdout]    = note: this error originates in the macro `ciboulette_query_test_routine` which comes from the expansion of the macro `ciboulette_query_test_single` (in Nightly builds, run with -Z macro-backtrace for more info)
[INFO] [stdout] 
[INFO] [stdout] 
[INFO] [stdout] error[E0433]: failed to resolve: use of undeclared crate or module `basiliq_db_test_utils`
[INFO] [stdout]   --> src/tests/query_params.rs:18:24
[INFO] [stdout]    |
[INFO] [stdout] 18 |             let data = basiliq_db_test_utils::init_values(&mut pool).await;
[INFO] [stdout]    |                        ^^^^^^^^^^^^^^^^^^^^^ use of undeclared crate or module `basiliq_db_test_utils`
[INFO] [stdout]    |
[INFO] [stdout]   ::: src/tests/delete/query_params.rs:3:1
[INFO] [stdout]    |
[INFO] [stdout] 3  | ciboulette_query_test_single!(test_delete);
[INFO] [stdout]    | ------------------------------------------ in this macro invocation
[INFO] [stdout]    |
[INFO] [stdout]    = note: this error originates in the macro `ciboulette_query_test_routine` which comes from the expansion of the macro `ciboulette_query_test_single` (in Nightly builds, run with -Z macro-backtrace for more info)
[INFO] [stdout] 
[INFO] [stdout] 
[INFO] [stdout] error[E0433]: failed to resolve: use of undeclared crate or module `basiliq_db_test_utils`
[INFO] [stdout]   --> src/tests/query_params.rs:18:24
[INFO] [stdout]    |
[INFO] [stdout] 18 |             let data = basiliq_db_test_utils::init_values(&mut pool).await;
[INFO] [stdout]    |                        ^^^^^^^^^^^^^^^^^^^^^ use of undeclared crate or module `basiliq_db_test_utils`
[INFO] [stdout]    |
[INFO] [stdout]   ::: src/tests/delete/query_params.rs:3:1
[INFO] [stdout]    |
[INFO] [stdout] 3  | ciboulette_query_test_single!(test_delete);
[INFO] [stdout]    | ------------------------------------------ in this macro invocation
[INFO] [stdout]    |
[INFO] [stdout]    = note: this error originates in the macro `ciboulette_query_test_routine` which comes from the expansion of the macro `ciboulette_query_test_single` (in Nightly builds, run with -Z macro-backtrace for more info)
[INFO] [stdout] 
[INFO] [stdout] 
[INFO] [stdout] error[E0433]: failed to resolve: use of undeclared crate or module `basiliq_db_test_utils`
[INFO] [stdout]   --> src/tests/query_params.rs:18:24
[INFO] [stdout]    |
[INFO] [stdout] 18 |             let data = basiliq_db_test_utils::init_values(&mut pool).await;
[INFO] [stdout]    |                        ^^^^^^^^^^^^^^^^^^^^^ use of undeclared crate or module `basiliq_db_test_utils`
[INFO] [stdout]    |
[INFO] [stdout]   ::: src/tests/delete/query_params.rs:3:1
[INFO] [stdout]    |
[INFO] [stdout] 3  | ciboulette_query_test_single!(test_delete);
[INFO] [stdout]    | ------------------------------------------ in this macro invocation
[INFO] [stdout]    |
[INFO] [stdout]    = note: this error originates in the macro `ciboulette_query_test_routine` which comes from the expansion of the macro `ciboulette_query_test_single` (in Nightly builds, run with -Z macro-backtrace for more info)
[INFO] [stdout] 
[INFO] [stdout] 
[INFO] [stdout] error[E0425]: cannot find function `gen_bag` in this scope
[INFO] [stdout]   --> src/tests/inserts/mod.rs:13:28
[INFO] [stdout]    |
[INFO] [stdout] 13 |     let ciboulette_store = gen_bag();
[INFO] [stdout]    |                            ^^^^^^^ not found in this scope
[INFO] [stdout] 
[INFO] [stdout] 
[INFO] [stdout] error[E0425]: cannot find function `gen_bag` in this scope
[INFO] [stdout]  --> src/tests/inserts/inserts_success.rs:8:28
[INFO] [stdout]   |
[INFO] [stdout] 8 |     let ciboulette_store = gen_bag();
[INFO] [stdout]   |                            ^^^^^^^ not found in this scope
[INFO] [stdout] 
[INFO] [stdout] 
[INFO] [stdout] error[E0433]: failed to resolve: use of undeclared crate or module `basiliq_db_test_utils`
[INFO] [stdout]  --> src/tests/query_params.rs:6:24
[INFO] [stdout]   |
[INFO] [stdout] 6 |             let data = basiliq_db_test_utils::init_values(&mut pool).await;
[INFO] [stdout]   |                        ^^^^^^^^^^^^^^^^^^^^^ use of undeclared crate or module `basiliq_db_test_utils`
[INFO] [stdout]   |
[INFO] [stdout]  ::: src/tests/inserts/query_params.rs:3:1
[INFO] [stdout]   |
[INFO] [stdout] 3 | ciboulette_query_test_multi!(test_insert);
[INFO] [stdout]   | ----------------------------------------- in this macro invocation
[INFO] [stdout]   |
[INFO] [stdout]   = note: this error originates in the macro `ciboulette_query_test_routine` which comes from the expansion of the macro `ciboulette_query_test_multi` (in Nightly builds, run with -Z macro-backtrace for more info)
[INFO] [stdout] 
[INFO] [stdout] 
[INFO] [stdout] error[E0433]: failed to resolve: use of undeclared crate or module `basiliq_db_test_utils`
[INFO] [stdout]  --> src/tests/query_params.rs:6:24
[INFO] [stdout]   |
[INFO] [stdout] 6 |             let data = basiliq_db_test_utils::init_values(&mut pool).await;
[INFO] [stdout]   |                        ^^^^^^^^^^^^^^^^^^^^^ use of undeclared crate or module `basiliq_db_test_utils`
[INFO] [stdout]   |
[INFO] [stdout]  ::: src/tests/inserts/query_params.rs:3:1
[INFO] [stdout]   |
[INFO] [stdout] 3 | ciboulette_query_test_multi!(test_insert);
[INFO] [stdout]   | ----------------------------------------- in this macro invocation
[INFO] [stdout]   |
[INFO] [stdout]   = note: this error originates in the macro `ciboulette_query_test_routine` which comes from the expansion of the macro `ciboulette_query_test_multi` (in Nightly builds, run with -Z macro-backtrace for more info)
[INFO] [stdout] 
[INFO] [stdout] 
[INFO] [stdout] error[E0433]: failed to resolve: use of undeclared crate or module `basiliq_db_test_utils`
[INFO] [stdout]  --> src/tests/query_params.rs:6:24
[INFO] [stdout]   |
[INFO] [stdout] 6 |             let data = basiliq_db_test_utils::init_values(&mut pool).await;
[INFO] [stdout]   |                        ^^^^^^^^^^^^^^^^^^^^^ use of undeclared crate or module `basiliq_db_test_utils`
[INFO] [stdout]   |
[INFO] [stdout]  ::: src/tests/inserts/query_params.rs:3:1
[INFO] [stdout]   |
[INFO] [stdout] 3 | ciboulette_query_test_multi!(test_insert);
[INFO] [stdout]   | ----------------------------------------- in this macro invocation
[INFO] [stdout]   |
[INFO] [stdout]   = note: this error originates in the macro `ciboulette_query_test_routine` which comes from the expansion of the macro `ciboulette_query_test_multi` (in Nightly builds, run with -Z macro-backtrace for more info)
[INFO] [stdout] 
[INFO] [stdout] 
[INFO] [stdout] error[E0433]: failed to resolve: use of undeclared crate or module `basiliq_db_test_utils`
[INFO] [stdout]  --> src/tests/query_params.rs:6:24
[INFO] [stdout]   |
[INFO] [stdout] 6 |             let data = basiliq_db_test_utils::init_values(&mut pool).await;
[INFO] [stdout]   |                        ^^^^^^^^^^^^^^^^^^^^^ use of undeclared crate or module `basiliq_db_test_utils`
[INFO] [stdout]   |
[INFO] [stdout]  ::: src/tests/inserts/query_params.rs:3:1
[INFO] [stdout]   |
[INFO] [stdout] 3 | ciboulette_query_test_multi!(test_insert);
[INFO] [stdout]   | ----------------------------------------- in this macro invocation
[INFO] [stdout]   |
[INFO] [stdout]   = note: this error originates in the macro `ciboulette_query_test_routine` which comes from the expansion of the macro `ciboulette_query_test_multi` (in Nightly builds, run with -Z macro-backtrace for more info)
[INFO] [stdout] 
[INFO] [stdout] 
[INFO] [stdout] error[E0433]: failed to resolve: use of undeclared crate or module `basiliq_db_test_utils`
[INFO] [stdout]  --> src/tests/query_params.rs:6:24
[INFO] [stdout]   |
[INFO] [stdout] 6 |             let data = basiliq_db_test_utils::init_values(&mut pool).await;
[INFO] [stdout]   |                        ^^^^^^^^^^^^^^^^^^^^^ use of undeclared crate or module `basiliq_db_test_utils`
[INFO] [stdout]   |
[INFO] [stdout]  ::: src/tests/inserts/query_params.rs:3:1
[INFO] [stdout]   |
[INFO] [stdout] 3 | ciboulette_query_test_multi!(test_insert);
[INFO] [stdout]   | ----------------------------------------- in this macro invocation
[INFO] [stdout]   |
[INFO] [stdout]   = note: this error originates in the macro `ciboulette_query_test_routine` which comes from the expansion of the macro `ciboulette_query_test_multi` (in Nightly builds, run with -Z macro-backtrace for more info)
[INFO] [stdout] 
[INFO] [stdout] 
[INFO] [stdout] error[E0433]: failed to resolve: use of undeclared crate or module `basiliq_db_test_utils`
[INFO] [stdout]  --> src/tests/query_params.rs:6:24
[INFO] [stdout]   |
[INFO] [stdout] 6 |             let data = basiliq_db_test_utils::init_values(&mut pool).await;
[INFO] [stdout]   |                        ^^^^^^^^^^^^^^^^^^^^^ use of undeclared crate or module `basiliq_db_test_utils`
[INFO] [stdout]   |
[INFO] [stdout]  ::: src/tests/inserts/query_params.rs:3:1
[INFO] [stdout]   |
[INFO] [stdout] 3 | ciboulette_query_test_multi!(test_insert);
[INFO] [stdout]   | ----------------------------------------- in this macro invocation
[INFO] [stdout]   |
[INFO] [stdout]   = note: this error originates in the macro `ciboulette_query_test_routine` which comes from the expansion of the macro `ciboulette_query_test_multi` (in Nightly builds, run with -Z macro-backtrace for more info)
[INFO] [stdout] 
[INFO] [stdout] 
[INFO] [stdout] error[E0425]: cannot find function `gen_bag` in this scope
[INFO] [stdout]  --> src/tests/response_elements.rs:6:17
[INFO] [stdout]   |
[INFO] [stdout] 6 |     let store = gen_bag();
[INFO] [stdout]   |                 ^^^^^^^ not found in this scope
[INFO] [stdout] 
[INFO] [stdout] 
[INFO] [stdout] error[E0433]: failed to resolve: use of undeclared crate or module `basiliq_db_test_utils`
[INFO] [stdout]  --> src/tests/response_elements.rs:7:16
[INFO] [stdout]   |
[INFO] [stdout] 7 |     let data = basiliq_db_test_utils::init_values(&mut pool).await;
[INFO] [stdout]   |                ^^^^^^^^^^^^^^^^^^^^^ use of undeclared crate or module `basiliq_db_test_utils`
[INFO] [stdout] 
[INFO] [stdout] 
[INFO] [stdout] error[E0425]: cannot find function `gen_bag` in this scope
[INFO] [stdout]   --> src/tests/response_elements.rs:29:17
[INFO] [stdout]    |
[INFO] [stdout] 29 |     let store = gen_bag();
[INFO] [stdout]    |                 ^^^^^^^ not found in this scope
[INFO] [stdout] 
[INFO] [stdout] 
[INFO] [stdout] error[E0433]: failed to resolve: use of undeclared crate or module `basiliq_db_test_utils`
[INFO] [stdout]   --> src/tests/response_elements.rs:30:16
[INFO] [stdout]    |
[INFO] [stdout] 30 |     let data = basiliq_db_test_utils::init_values(&mut pool).await;
[INFO] [stdout]    |                ^^^^^^^^^^^^^^^^^^^^^ use of undeclared crate or module `basiliq_db_test_utils`
[INFO] [stdout] 
[INFO] [stdout] 
[INFO] [stdout] error[E0425]: cannot find function `gen_bag` in this scope
[INFO] [stdout]   --> src/tests/select/mod.rs:12:28
[INFO] [stdout]    |
[INFO] [stdout] 12 |     let ciboulette_store = gen_bag();
[INFO] [stdout]    |                            ^^^^^^^ not found in this scope
[INFO] [stdout] 
[INFO] [stdout] 
[INFO] [stdout] error[E0433]: failed to resolve: use of undeclared crate or module `basiliq_db_test_utils`
[INFO] [stdout]  --> src/tests/query_params.rs:6:24
[INFO] [stdout]   |
[INFO] [stdout] 6 |             let data = basiliq_db_test_utils::init_values(&mut pool).await;
[INFO] [stdout]   |                        ^^^^^^^^^^^^^^^^^^^^^ use of undeclared crate or module `basiliq_db_test_utils`
[INFO] [stdout]   |
[INFO] [stdout]  ::: src/tests/select/query_params.rs:3:1
[INFO] [stdout]   |
[INFO] [stdout] 3 | ciboulette_query_test_multi!(test_select);
[INFO] [stdout]   | ----------------------------------------- in this macro invocation
[INFO] [stdout]   |
[INFO] [stdout]   = note: this error originates in the macro `ciboulette_query_test_routine` which comes from the expansion of the macro `ciboulette_query_test_multi` (in Nightly builds, run with -Z macro-backtrace for more info)
[INFO] [stdout] 
[INFO] [stdout] 
[INFO] [stdout] error[E0433]: failed to resolve: use of undeclared crate or module `basiliq_db_test_utils`
[INFO] [stdout]  --> src/tests/query_params.rs:6:24
[INFO] [stdout]   |
[INFO] [stdout] 6 |             let data = basiliq_db_test_utils::init_values(&mut pool).await;
[INFO] [stdout]   |                        ^^^^^^^^^^^^^^^^^^^^^ use of undeclared crate or module `basiliq_db_test_utils`
[INFO] [stdout]   |
[INFO] [stdout]  ::: src/tests/select/query_params.rs:3:1
[INFO] [stdout]   |
[INFO] [stdout] 3 | ciboulette_query_test_multi!(test_select);
[INFO] [stdout]   | ----------------------------------------- in this macro invocation
[INFO] [stdout]   |
[INFO] [stdout]   = note: this error originates in the macro `ciboulette_query_test_routine` which comes from the expansion of the macro `ciboulette_query_test_multi` (in Nightly builds, run with -Z macro-backtrace for more info)
[INFO] [stdout] 
[INFO] [stdout] 
[INFO] [stdout] error[E0433]: failed to resolve: use of undeclared crate or module `basiliq_db_test_utils`
[INFO] [stdout]  --> src/tests/query_params.rs:6:24
[INFO] [stdout]   |
[INFO] [stdout] 6 |             let data = basiliq_db_test_utils::init_values(&mut pool).await;
[INFO] [stdout]   |                        ^^^^^^^^^^^^^^^^^^^^^ use of undeclared crate or module `basiliq_db_test_utils`
[INFO] [stdout]   |
[INFO] [stdout]  ::: src/tests/select/query_params.rs:3:1
[INFO] [stdout]   |
[INFO] [stdout] 3 | ciboulette_query_test_multi!(test_select);
[INFO] [stdout]   | ----------------------------------------- in this macro invocation
[INFO] [stdout]   |
[INFO] [stdout]   = note: this error originates in the macro `ciboulette_query_test_routine` which comes from the expansion of the macro `ciboulette_query_test_multi` (in Nightly builds, run with -Z macro-backtrace for more info)
[INFO] [stdout] 
[INFO] [stdout] 
[INFO] [stdout] error[E0433]: failed to resolve: use of undeclared crate or module `basiliq_db_test_utils`
[INFO] [stdout]  --> src/tests/query_params.rs:6:24
[INFO] [stdout]   |
[INFO] [stdout] 6 |             let data = basiliq_db_test_utils::init_values(&mut pool).await;
[INFO] [stdout]   |                        ^^^^^^^^^^^^^^^^^^^^^ use of undeclared crate or module `basiliq_db_test_utils`
[INFO] [stdout]   |
[INFO] [stdout]  ::: src/tests/select/query_params.rs:3:1
[INFO] [stdout]   |
[INFO] [stdout] 3 | ciboulette_query_test_multi!(test_select);
[INFO] [stdout]   | ----------------------------------------- in this macro invocation
[INFO] [stdout]   |
[INFO] [stdout]   = note: this error originates in the macro `ciboulette_query_test_routine` which comes from the expansion of the macro `ciboulette_query_test_multi` (in Nightly builds, run with -Z macro-backtrace for more info)
[INFO] [stdout] 
[INFO] [stdout] 
[INFO] [stdout] error[E0433]: failed to resolve: use of undeclared crate or module `basiliq_db_test_utils`
[INFO] [stdout]  --> src/tests/query_params.rs:6:24
[INFO] [stdout]   |
[INFO] [stdout] 6 |             let data = basiliq_db_test_utils::init_values(&mut pool).await;
[INFO] [stdout]   |                        ^^^^^^^^^^^^^^^^^^^^^ use of undeclared crate or module `basiliq_db_test_utils`
[INFO] [stdout]   |
[INFO] [stdout]  ::: src/tests/select/query_params.rs:3:1
[INFO] [stdout]   |
[INFO] [stdout] 3 | ciboulette_query_test_multi!(test_select);
[INFO] [stdout]   | ----------------------------------------- in this macro invocation
[INFO] [stdout]   |
[INFO] [stdout]   = note: this error originates in the macro `ciboulette_query_test_routine` which comes from the expansion of the macro `ciboulette_query_test_multi` (in Nightly builds, run with -Z macro-backtrace for more info)
[INFO] [stdout] 
[INFO] [stdout] 
[INFO] [stdout] error[E0433]: failed to resolve: use of undeclared crate or module `basiliq_db_test_utils`
[INFO] [stdout]  --> src/tests/query_params.rs:6:24
[INFO] [stdout]   |
[INFO] [stdout] 6 |             let data = basiliq_db_test_utils::init_values(&mut pool).await;
[INFO] [stdout]   |                        ^^^^^^^^^^^^^^^^^^^^^ use of undeclared crate or module `basiliq_db_test_utils`
[INFO] [stdout]   |
[INFO] [stdout]  ::: src/tests/select/query_params.rs:3:1
[INFO] [stdout]   |
[INFO] [stdout] 3 | ciboulette_query_test_multi!(test_select);
[INFO] [stdout]   | ----------------------------------------- in this macro invocation
[INFO] [stdout]   |
[INFO] [stdout]   = note: this error originates in the macro `ciboulette_query_test_routine` which comes from the expansion of the macro `ciboulette_query_test_multi` (in Nightly builds, run with -Z macro-backtrace for more info)
[INFO] [stdout] 
[INFO] [stdout] 
[INFO] [stdout] error[E0433]: failed to resolve: use of undeclared crate or module `basiliq_db_test_utils`
[INFO] [stdout]   --> src/tests/query_params.rs:18:24
[INFO] [stdout]    |
[INFO] [stdout] 18 |             let data = basiliq_db_test_utils::init_values(&mut pool).await;
[INFO] [stdout]    |                        ^^^^^^^^^^^^^^^^^^^^^ use of undeclared crate or module `basiliq_db_test_utils`
[INFO] [stdout]    |
[INFO] [stdout]   ::: src/tests/select/query_params.rs:4:1
[INFO] [stdout]    |
[INFO] [stdout] 4  | ciboulette_query_test_single!(test_select);
[INFO] [stdout]    | ------------------------------------------ in this macro invocation
[INFO] [stdout]    |
[INFO] [stdout]    = note: this error originates in the macro `ciboulette_query_test_routine` which comes from the expansion of the macro `ciboulette_query_test_single` (in Nightly builds, run with -Z macro-backtrace for more info)
[INFO] [stdout] 
[INFO] [stdout] 
[INFO] [stdout] error[E0433]: failed to resolve: use of undeclared crate or module `basiliq_db_test_utils`
[INFO] [stdout]   --> src/tests/query_params.rs:18:24
[INFO] [stdout]    |
[INFO] [stdout] 18 |             let data = basiliq_db_test_utils::init_values(&mut pool).await;
[INFO] [stdout]    |                        ^^^^^^^^^^^^^^^^^^^^^ use of undeclared crate or module `basiliq_db_test_utils`
[INFO] [stdout]    |
[INFO] [stdout]   ::: src/tests/select/query_params.rs:4:1
[INFO] [stdout]    |
[INFO] [stdout] 4  | ciboulette_query_test_single!(test_select);
[INFO] [stdout]    | ------------------------------------------ in this macro invocation
[INFO] [stdout]    |
[INFO] [stdout]    = note: this error originates in the macro `ciboulette_query_test_routine` which comes from the expansion of the macro `ciboulette_query_test_single` (in Nightly builds, run with -Z macro-backtrace for more info)
[INFO] [stdout] 
[INFO] [stdout] 
[INFO] [stdout] error[E0433]: failed to resolve: use of undeclared crate or module `basiliq_db_test_utils`
[INFO] [stdout]   --> src/tests/query_params.rs:18:24
[INFO] [stdout]    |
[INFO] [stdout] 18 |             let data = basiliq_db_test_utils::init_values(&mut pool).await;
[INFO] [stdout]    |                        ^^^^^^^^^^^^^^^^^^^^^ use of undeclared crate or module `basiliq_db_test_utils`
[INFO] [stdout]    |
[INFO] [stdout]   ::: src/tests/select/query_params.rs:4:1
[INFO] [stdout]    |
[INFO] [stdout] 4  | ciboulette_query_test_single!(test_select);
[INFO] [stdout]    | ------------------------------------------ in this macro invocation
[INFO] [stdout]    |
[INFO] [stdout]    = note: this error originates in the macro `ciboulette_query_test_routine` which comes from the expansion of the macro `ciboulette_query_test_single` (in Nightly builds, run with -Z macro-backtrace for more info)
[INFO] [stdout] 
[INFO] [stdout] 
[INFO] [stdout] error[E0433]: failed to resolve: use of undeclared crate or module `basiliq_db_test_utils`
[INFO] [stdout]   --> src/tests/query_params.rs:18:24
[INFO] [stdout]    |
[INFO] [stdout] 18 |             let data = basiliq_db_test_utils::init_values(&mut pool).await;
[INFO] [stdout]    |                        ^^^^^^^^^^^^^^^^^^^^^ use of undeclared crate or module `basiliq_db_test_utils`
[INFO] [stdout]    |
[INFO] [stdout]   ::: src/tests/select/query_params.rs:4:1
[INFO] [stdout]    |
[INFO] [stdout] 4  | ciboulette_query_test_single!(test_select);
[INFO] [stdout]    | ------------------------------------------ in this macro invocation
[INFO] [stdout]    |
[INFO] [stdout]    = note: this error originates in the macro `ciboulette_query_test_routine` which comes from the expansion of the macro `ciboulette_query_test_single` (in Nightly builds, run with -Z macro-backtrace for more info)
[INFO] [stdout] 
[INFO] [stdout] 
[INFO] [stdout] error[E0433]: failed to resolve: use of undeclared crate or module `basiliq_db_test_utils`
[INFO] [stdout]   --> src/tests/query_params.rs:18:24
[INFO] [stdout]    |
[INFO] [stdout] 18 |             let data = basiliq_db_test_utils::init_values(&mut pool).await;
[INFO] [stdout]    |                        ^^^^^^^^^^^^^^^^^^^^^ use of undeclared crate or module `basiliq_db_test_utils`
[INFO] [stdout]    |
[INFO] [stdout]   ::: src/tests/select/query_params.rs:4:1
[INFO] [stdout]    |
[INFO] [stdout] 4  | ciboulette_query_test_single!(test_select);
[INFO] [stdout]    | ------------------------------------------ in this macro invocation
[INFO] [stdout]    |
[INFO] [stdout]    = note: this error originates in the macro `ciboulette_query_test_routine` which comes from the expansion of the macro `ciboulette_query_test_single` (in Nightly builds, run with -Z macro-backtrace for more info)
[INFO] [stdout] 
[INFO] [stdout] 
[INFO] [stdout] error[E0433]: failed to resolve: use of undeclared crate or module `basiliq_db_test_utils`
[INFO] [stdout]   --> src/tests/query_params.rs:18:24
[INFO] [stdout]    |
[INFO] [stdout] 18 |             let data = basiliq_db_test_utils::init_values(&mut pool).await;
[INFO] [stdout]    |                        ^^^^^^^^^^^^^^^^^^^^^ use of undeclared crate or module `basiliq_db_test_utils`
[INFO] [stdout]    |
[INFO] [stdout]   ::: src/tests/select/query_params.rs:4:1
[INFO] [stdout]    |
[INFO] [stdout] 4  | ciboulette_query_test_single!(test_select);
[INFO] [stdout]    | ------------------------------------------ in this macro invocation
[INFO] [stdout]    |
[INFO] [stdout]    = note: this error originates in the macro `ciboulette_query_test_routine` which comes from the expansion of the macro `ciboulette_query_test_single` (in Nightly builds, run with -Z macro-backtrace for more info)
[INFO] [stdout] 
[INFO] [stdout] 
[INFO] [stdout] error[E0433]: failed to resolve: use of undeclared crate or module `basiliq_db_test_utils`
[INFO] [stdout]   --> src/tests/query_params.rs:18:24
[INFO] [stdout]    |
[INFO] [stdout] 18 |             let data = basiliq_db_test_utils::init_values(&mut pool).await;
[INFO] [stdout]    |                        ^^^^^^^^^^^^^^^^^^^^^ use of undeclared crate or module `basiliq_db_test_utils`
[INFO] [stdout]    |
[INFO] [stdout]   ::: src/tests/select/query_params.rs:4:1
[INFO] [stdout]    |
[INFO] [stdout] 4  | ciboulette_query_test_single!(test_select);
[INFO] [stdout]    | ------------------------------------------ in this macro invocation
[INFO] [stdout]    |
[INFO] [stdout]    = note: this error originates in the macro `ciboulette_query_test_routine` which comes from the expansion of the macro `ciboulette_query_test_single` (in Nightly builds, run with -Z macro-backtrace for more info)
[INFO] [stdout] 
[INFO] [stdout] 
[INFO] [stdout] error[E0433]: failed to resolve: use of undeclared crate or module `basiliq_db_test_utils`
[INFO] [stdout]   --> src/tests/query_params.rs:18:24
[INFO] [stdout]    |
[INFO] [stdout] 18 |             let data = basiliq_db_test_utils::init_values(&mut pool).await;
[INFO] [stdout]    |                        ^^^^^^^^^^^^^^^^^^^^^ use of undeclared crate or module `basiliq_db_test_utils`
[INFO] [stdout]    |
[INFO] [stdout]   ::: src/tests/select/query_params.rs:6:1
[INFO] [stdout]    |
[INFO] [stdout] 6  | ciboulette_query_test_related!(test_select);
[INFO] [stdout]    | ------------------------------------------- in this macro invocation
[INFO] [stdout]    |
[INFO] [stdout]    = note: this error originates in the macro `ciboulette_query_test_routine` which comes from the expansion of the macro `ciboulette_query_test_related` (in Nightly builds, run with -Z macro-backtrace for more info)
[INFO] [stdout] 
[INFO] [stdout] 
[INFO] [stdout] error[E0433]: failed to resolve: use of undeclared crate or module `basiliq_db_test_utils`
[INFO] [stdout]   --> src/tests/query_params.rs:18:24
[INFO] [stdout]    |
[INFO] [stdout] 18 |             let data = basiliq_db_test_utils::init_values(&mut pool).await;
[INFO] [stdout]    |                        ^^^^^^^^^^^^^^^^^^^^^ use of undeclared crate or module `basiliq_db_test_utils`
[INFO] [stdout]    |
[INFO] [stdout]   ::: src/tests/select/query_params.rs:6:1
[INFO] [stdout]    |
[INFO] [stdout] 6  | ciboulette_query_test_related!(test_select);
[INFO] [stdout]    | ------------------------------------------- in this macro invocation
[INFO] [stdout]    |
[INFO] [stdout]    = note: this error originates in the macro `ciboulette_query_test_routine` which comes from the expansion of the macro `ciboulette_query_test_related` (in Nightly builds, run with -Z macro-backtrace for more info)
[INFO] [stdout] 
[INFO] [stdout] 
[INFO] [stdout] error[E0433]: failed to resolve: use of undeclared crate or module `basiliq_db_test_utils`
[INFO] [stdout]   --> src/tests/query_params.rs:18:24
[INFO] [stdout]    |
[INFO] [stdout] 18 |             let data = basiliq_db_test_utils::init_values(&mut pool).await;
[INFO] [stdout]    |                        ^^^^^^^^^^^^^^^^^^^^^ use of undeclared crate or module `basiliq_db_test_utils`
[INFO] [stdout]    |
[INFO] [stdout]   ::: src/tests/select/query_params.rs:6:1
[INFO] [stdout]    |
[INFO] [stdout] 6  | ciboulette_query_test_related!(test_select);
[INFO] [stdout]    | ------------------------------------------- in this macro invocation
[INFO] [stdout]    |
[INFO] [stdout]    = note: this error originates in the macro `ciboulette_query_test_routine` which comes from the expansion of the macro `ciboulette_query_test_related` (in Nightly builds, run with -Z macro-backtrace for more info)
[INFO] [stdout] 
[INFO] [stdout] 
[INFO] [stdout] error[E0433]: failed to resolve: use of undeclared crate or module `basiliq_db_test_utils`
[INFO] [stdout]   --> src/tests/query_params.rs:18:24
[INFO] [stdout]    |
[INFO] [stdout] 18 |             let data = basiliq_db_test_utils::init_values(&mut pool).await;
[INFO] [stdout]    |                        ^^^^^^^^^^^^^^^^^^^^^ use of undeclared crate or module `basiliq_db_test_utils`
[INFO] [stdout]    |
[INFO] [stdout]   ::: src/tests/select/query_params.rs:6:1
[INFO] [stdout]    |
[INFO] [stdout] 6  | ciboulette_query_test_related!(test_select);
[INFO] [stdout]    | ------------------------------------------- in this macro invocation
[INFO] [stdout]    |
[INFO] [stdout]    = note: this error originates in the macro `ciboulette_query_test_routine` which comes from the expansion of the macro `ciboulette_query_test_related` (in Nightly builds, run with -Z macro-backtrace for more info)
[INFO] [stdout] 
[INFO] [stdout] 
[INFO] [stdout] error[E0433]: failed to resolve: use of undeclared crate or module `basiliq_db_test_utils`
[INFO] [stdout]   --> src/tests/query_params.rs:18:24
[INFO] [stdout]    |
[INFO] [stdout] 18 |             let data = basiliq_db_test_utils::init_values(&mut pool).await;
[INFO] [stdout]    |                        ^^^^^^^^^^^^^^^^^^^^^ use of undeclared crate or module `basiliq_db_test_utils`
[INFO] [stdout]    |
[INFO] [stdout]   ::: src/tests/select/query_params.rs:6:1
[INFO] [stdout]    |
[INFO] [stdout] 6  | ciboulette_query_test_related!(test_select);
[INFO] [stdout]    | ------------------------------------------- in this macro invocation
[INFO] [stdout]    |
[INFO] [stdout]    = note: this error originates in the macro `ciboulette_query_test_routine` which comes from the expansion of the macro `ciboulette_query_test_related` (in Nightly builds, run with -Z macro-backtrace for more info)
[INFO] [stdout] 
[INFO] [stdout] 
[INFO] [stdout] error[E0433]: failed to resolve: use of undeclared crate or module `basiliq_db_test_utils`
[INFO] [stdout]   --> src/tests/query_params.rs:18:24
[INFO] [stdout]    |
[INFO] [stdout] 18 |             let data = basiliq_db_test_utils::init_values(&mut pool).await;
[INFO] [stdout]    |                        ^^^^^^^^^^^^^^^^^^^^^ use of undeclared crate or module `basiliq_db_test_utils`
[INFO] [stdout]    |
[INFO] [stdout]   ::: src/tests/select/query_params.rs:6:1
[INFO] [stdout]    |
[INFO] [stdout] 6  | ciboulette_query_test_related!(test_select);
[INFO] [stdout]    | ------------------------------------------- in this macro invocation
[INFO] [stdout]    |
[INFO] [stdout]    = note: this error originates in the macro `ciboulette_query_test_routine` which comes from the expansion of the macro `ciboulette_query_test_related` (in Nightly builds, run with -Z macro-backtrace for more info)
[INFO] [stdout] 
[INFO] [stdout] 
[INFO] [stdout] error[E0433]: failed to resolve: use of undeclared crate or module `basiliq_db_test_utils`
[INFO] [stdout]   --> src/tests/query_params.rs:18:24
[INFO] [stdout]    |
[INFO] [stdout] 18 |             let data = basiliq_db_test_utils::init_values(&mut pool).await;
[INFO] [stdout]    |                        ^^^^^^^^^^^^^^^^^^^^^ use of undeclared crate or module `basiliq_db_test_utils`
[INFO] [stdout]    |
[INFO] [stdout]   ::: src/tests/select/query_params.rs:8:1
[INFO] [stdout]    |
[INFO] [stdout] 8  | ciboulette_query_test_relationship_many_to_many!(test_select);
[INFO] [stdout]    | ------------------------------------------------------------- in this macro invocation
[INFO] [stdout]    |
[INFO] [stdout]    = note: this error originates in the macro `ciboulette_query_test_routine` which comes from the expansion of the macro `ciboulette_query_test_relationship_many_to_many` (in Nightly builds, run with -Z macro-backtrace for more info)
[INFO] [stdout] 
[INFO] [stdout] 
[INFO] [stdout] error[E0433]: failed to resolve: use of undeclared crate or module `basiliq_db_test_utils`
[INFO] [stdout]   --> src/tests/query_params.rs:18:24
[INFO] [stdout]    |
[INFO] [stdout] 18 |             let data = basiliq_db_test_utils::init_values(&mut pool).await;
[INFO] [stdout]    |                        ^^^^^^^^^^^^^^^^^^^^^ use of undeclared crate or module `basiliq_db_test_utils`
[INFO] [stdout]    |
[INFO] [stdout]   ::: src/tests/select/query_params.rs:8:1
[INFO] [stdout]    |
[INFO] [stdout] 8  | ciboulette_query_test_relationship_many_to_many!(test_select);
[INFO] [stdout]    | ------------------------------------------------------------- in this macro invocation
[INFO] [stdout]    |
[INFO] [stdout]    = note: this error originates in the macro `ciboulette_query_test_routine` which comes from the expansion of the macro `ciboulette_query_test_relationship_many_to_many` (in Nightly builds, run with -Z macro-backtrace for more info)
[INFO] [stdout] 
[INFO] [stdout] 
[INFO] [stdout] error[E0433]: failed to resolve: use of undeclared crate or module `basiliq_db_test_utils`
[INFO] [stdout]   --> src/tests/query_params.rs:18:24
[INFO] [stdout]    |
[INFO] [stdout] 18 |             let data = basiliq_db_test_utils::init_values(&mut pool).await;
[INFO] [stdout]    |                        ^^^^^^^^^^^^^^^^^^^^^ use of undeclared crate or module `basiliq_db_test_utils`
[INFO] [stdout]    |
[INFO] [stdout]   ::: src/tests/select/query_params.rs:8:1
[INFO] [stdout]    |
[INFO] [stdout] 8  | ciboulette_query_test_relationship_many_to_many!(test_select);
[INFO] [stdout]    | ------------------------------------------------------------- in this macro invocation
[INFO] [stdout]    |
[INFO] [stdout]    = note: this error originates in the macro `ciboulette_query_test_routine` which comes from the expansion of the macro `ciboulette_query_test_relationship_many_to_many` (in Nightly builds, run with -Z macro-backtrace for more info)
[INFO] [stdout] 
[INFO] [stdout] 
[INFO] [stdout] error[E0433]: failed to resolve: use of undeclared crate or module `basiliq_db_test_utils`
[INFO] [stdout]   --> src/tests/query_params.rs:18:24
[INFO] [stdout]    |
[INFO] [stdout] 18 |             let data = basiliq_db_test_utils::init_values(&mut pool).await;
[INFO] [stdout]    |                        ^^^^^^^^^^^^^^^^^^^^^ use of undeclared crate or module `basiliq_db_test_utils`
[INFO] [stdout]    |
[INFO] [stdout]   ::: src/tests/select/query_params.rs:8:1
[INFO] [stdout]    |
[INFO] [stdout] 8  | ciboulette_query_test_relationship_many_to_many!(test_select);
[INFO] [stdout]    | ------------------------------------------------------------- in this macro invocation
[INFO] [stdout]    |
[INFO] [stdout]    = note: this error originates in the macro `ciboulette_query_test_routine` which comes from the expansion of the macro `ciboulette_query_test_relationship_many_to_many` (in Nightly builds, run with -Z macro-backtrace for more info)
[INFO] [stdout] 
[INFO] [stdout] 
[INFO] [stdout] error[E0433]: failed to resolve: use of undeclared crate or module `basiliq_db_test_utils`
[INFO] [stdout]   --> src/tests/query_params.rs:18:24
[INFO] [stdout]    |
[INFO] [stdout] 18 |             let data = basiliq_db_test_utils::init_values(&mut pool).await;
[INFO] [stdout]    |                        ^^^^^^^^^^^^^^^^^^^^^ use of undeclared crate or module `basiliq_db_test_utils`
[INFO] [stdout]    |
[INFO] [stdout]   ::: src/tests/select/query_params.rs:8:1
[INFO] [stdout]    |
[INFO] [stdout] 8  | ciboulette_query_test_relationship_many_to_many!(test_select);
[INFO] [stdout]    | ------------------------------------------------------------- in this macro invocation
[INFO] [stdout]    |
[INFO] [stdout]    = note: this error originates in the macro `ciboulette_query_test_routine` which comes from the expansion of the macro `ciboulette_query_test_relationship_many_to_many` (in Nightly builds, run with -Z macro-backtrace for more info)
[INFO] [stdout] 
[INFO] [stdout] 
[INFO] [stdout] error[E0433]: failed to resolve: use of undeclared crate or module `basiliq_db_test_utils`
[INFO] [stdout]   --> src/tests/query_params.rs:18:24
[INFO] [stdout]    |
[INFO] [stdout] 18 |             let data = basiliq_db_test_utils::init_values(&mut pool).await;
[INFO] [stdout]    |                        ^^^^^^^^^^^^^^^^^^^^^ use of undeclared crate or module `basiliq_db_test_utils`
[INFO] [stdout]    |
[INFO] [stdout]   ::: src/tests/select/query_params.rs:8:1
[INFO] [stdout]    |
[INFO] [stdout] 8  | ciboulette_query_test_relationship_many_to_many!(test_select);
[INFO] [stdout]    | ------------------------------------------------------------- in this macro invocation
[INFO] [stdout]    |
[INFO] [stdout]    = note: this error originates in the macro `ciboulette_query_test_routine` which comes from the expansion of the macro `ciboulette_query_test_relationship_many_to_many` (in Nightly builds, run with -Z macro-backtrace for more info)
[INFO] [stdout] 
[INFO] [stdout] 
[INFO] [stdout] error[E0433]: failed to resolve: use of undeclared crate or module `basiliq_db_test_utils`
[INFO] [stdout]   --> src/tests/query_params.rs:18:24
[INFO] [stdout]    |
[INFO] [stdout] 18 |             let data = basiliq_db_test_utils::init_values(&mut pool).await;
[INFO] [stdout]    |                        ^^^^^^^^^^^^^^^^^^^^^ use of undeclared crate or module `basiliq_db_test_utils`
[INFO] [stdout]    |
[INFO] [stdout]   ::: src/tests/select/query_params.rs:10:1
[INFO] [stdout]    |
[INFO] [stdout] 10 | ciboulette_query_test_relationship_many_to_one!(test_select);
[INFO] [stdout]    | ------------------------------------------------------------ in this macro invocation
[INFO] [stdout]    |
[INFO] [stdout]    = note: this error originates in the macro `ciboulette_query_test_routine` which comes from the expansion of the macro `ciboulette_query_test_relationship_many_to_one` (in Nightly builds, run with -Z macro-backtrace for more info)
[INFO] [stdout] 
[INFO] [stdout] 
[INFO] [stdout] error[E0433]: failed to resolve: use of undeclared crate or module `basiliq_db_test_utils`
[INFO] [stdout]   --> src/tests/query_params.rs:18:24
[INFO] [stdout]    |
[INFO] [stdout] 18 |             let data = basiliq_db_test_utils::init_values(&mut pool).await;
[INFO] [stdout]    |                        ^^^^^^^^^^^^^^^^^^^^^ use of undeclared crate or module `basiliq_db_test_utils`
[INFO] [stdout]    |
[INFO] [stdout]   ::: src/tests/select/query_params.rs:10:1
[INFO] [stdout]    |
[INFO] [stdout] 10 | ciboulette_query_test_relationship_many_to_one!(test_select);
[INFO] [stdout]    | ------------------------------------------------------------ in this macro invocation
[INFO] [stdout]    |
[INFO] [stdout]    = note: this error originates in the macro `ciboulette_query_test_routine` which comes from the expansion of the macro `ciboulette_query_test_relationship_many_to_one` (in Nightly builds, run with -Z macro-backtrace for more info)
[INFO] [stdout] 
[INFO] [stdout] 
[INFO] [stdout] error[E0433]: failed to resolve: use of undeclared crate or module `basiliq_db_test_utils`
[INFO] [stdout]   --> src/tests/query_params.rs:18:24
[INFO] [stdout]    |
[INFO] [stdout] 18 |             let data = basiliq_db_test_utils::init_values(&mut pool).await;
[INFO] [stdout]    |                        ^^^^^^^^^^^^^^^^^^^^^ use of undeclared crate or module `basiliq_db_test_utils`
[INFO] [stdout]    |
[INFO] [stdout]   ::: src/tests/select/query_params.rs:10:1
[INFO] [stdout]    |
[INFO] [stdout] 10 | ciboulette_query_test_relationship_many_to_one!(test_select);
[INFO] [stdout]    | ------------------------------------------------------------ in this macro invocation
[INFO] [stdout]    |
[INFO] [stdout]    = note: this error originates in the macro `ciboulette_query_test_routine` which comes from the expansion of the macro `ciboulette_query_test_relationship_many_to_one` (in Nightly builds, run with -Z macro-backtrace for more info)
[INFO] [stdout] 
[INFO] [stdout] 
[INFO] [stdout] error[E0433]: failed to resolve: use of undeclared crate or module `basiliq_db_test_utils`
[INFO] [stdout]   --> src/tests/query_params.rs:18:24
[INFO] [stdout]    |
[INFO] [stdout] 18 |             let data = basiliq_db_test_utils::init_values(&mut pool).await;
[INFO] [stdout]    |                        ^^^^^^^^^^^^^^^^^^^^^ use of undeclared crate or module `basiliq_db_test_utils`
[INFO] [stdout]    |
[INFO] [stdout]   ::: src/tests/select/query_params.rs:10:1
[INFO] [stdout]    |
[INFO] [stdout] 10 | ciboulette_query_test_relationship_many_to_one!(test_select);
[INFO] [stdout]    | ------------------------------------------------------------ in this macro invocation
[INFO] [stdout]    |
[INFO] [stdout]    = note: this error originates in the macro `ciboulette_query_test_routine` which comes from the expansion of the macro `ciboulette_query_test_relationship_many_to_one` (in Nightly builds, run with -Z macro-backtrace for more info)
[INFO] [stdout] 
[INFO] [stdout] 
[INFO] [stdout] error[E0433]: failed to resolve: use of undeclared crate or module `basiliq_db_test_utils`
[INFO] [stdout]   --> src/tests/query_params.rs:18:24
[INFO] [stdout]    |
[INFO] [stdout] 18 |             let data = basiliq_db_test_utils::init_values(&mut pool).await;
[INFO] [stdout]    |                        ^^^^^^^^^^^^^^^^^^^^^ use of undeclared crate or module `basiliq_db_test_utils`
[INFO] [stdout]    |
[INFO] [stdout]   ::: src/tests/select/query_params.rs:10:1
[INFO] [stdout]    |
[INFO] [stdout] 10 | ciboulette_query_test_relationship_many_to_one!(test_select);
[INFO] [stdout]    | ------------------------------------------------------------ in this macro invocation
[INFO] [stdout]    |
[INFO] [stdout]    = note: this error originates in the macro `ciboulette_query_test_routine` which comes from the expansion of the macro `ciboulette_query_test_relationship_many_to_one` (in Nightly builds, run with -Z macro-backtrace for more info)
[INFO] [stdout] 
[INFO] [stdout] 
[INFO] [stdout] error[E0433]: failed to resolve: use of undeclared crate or module `basiliq_db_test_utils`
[INFO] [stdout]   --> src/tests/query_params.rs:18:24
[INFO] [stdout]    |
[INFO] [stdout] 18 |             let data = basiliq_db_test_utils::init_values(&mut pool).await;
[INFO] [stdout]    |                        ^^^^^^^^^^^^^^^^^^^^^ use of undeclared crate or module `basiliq_db_test_utils`
[INFO] [stdout]    |
[INFO] [stdout]   ::: src/tests/select/query_params.rs:10:1
[INFO] [stdout]    |
[INFO] [stdout] 10 | ciboulette_query_test_relationship_many_to_one!(test_select);
[INFO] [stdout]    | ------------------------------------------------------------ in this macro invocation
[INFO] [stdout]    |
[INFO] [stdout]    = note: this error originates in the macro `ciboulette_query_test_routine` which comes from the expansion of the macro `ciboulette_query_test_relationship_many_to_one` (in Nightly builds, run with -Z macro-backtrace for more info)
[INFO] [stdout] 
[INFO] [stdout] 
[INFO] [stdout] error[E0433]: failed to resolve: use of undeclared crate or module `basiliq_db_test_utils`
[INFO] [stdout]  --> src/tests/select/select_success.rs:4:16
[INFO] [stdout]   |
[INFO] [stdout] 4 |     let data = basiliq_db_test_utils::init_values(&mut pool).await;
[INFO] [stdout]   |                ^^^^^^^^^^^^^^^^^^^^^ use of undeclared crate or module `basiliq_db_test_utils`
[INFO] [stdout] 
[INFO] [stdout] 
[INFO] [stdout] error[E0433]: failed to resolve: use of undeclared crate or module `basiliq_db_test_utils`
[INFO] [stdout]   --> src/tests/select/select_success.rs:12:16
[INFO] [stdout]    |
[INFO] [stdout] 12 |     let data = basiliq_db_test_utils::init_values(&mut pool).await;
[INFO] [stdout]    |                ^^^^^^^^^^^^^^^^^^^^^ use of undeclared crate or module `basiliq_db_test_utils`
[INFO] [stdout] 
[INFO] [stdout] 
[INFO] [stdout] error[E0433]: failed to resolve: use of undeclared crate or module `basiliq_db_test_utils`
[INFO] [stdout]   --> src/tests/select/select_success.rs:27:16
[INFO] [stdout]    |
[INFO] [stdout] 27 |     let data = basiliq_db_test_utils::init_values(&mut pool).await;
[INFO] [stdout]    |                ^^^^^^^^^^^^^^^^^^^^^ use of undeclared crate or module `basiliq_db_test_utils`
[INFO] [stdout] 
[INFO] [stdout] 
[INFO] [stdout] error[E0433]: failed to resolve: use of undeclared crate or module `basiliq_db_test_utils`
[INFO] [stdout]   --> src/tests/select/select_success.rs:42:16
[INFO] [stdout]    |
[INFO] [stdout] 42 |     let data = basiliq_db_test_utils::init_values(&mut pool).await;
[INFO] [stdout]    |                ^^^^^^^^^^^^^^^^^^^^^ use of undeclared crate or module `basiliq_db_test_utils`
[INFO] [stdout] 
[INFO] [stdout] 
[INFO] [stdout] error[E0433]: failed to resolve: use of undeclared crate or module `basiliq_db_test_utils`
[INFO] [stdout]   --> src/tests/select/select_success.rs:57:16
[INFO] [stdout]    |
[INFO] [stdout] 57 |     let data = basiliq_db_test_utils::init_values(&mut pool).await;
[INFO] [stdout]    |                ^^^^^^^^^^^^^^^^^^^^^ use of undeclared crate or module `basiliq_db_test_utils`
[INFO] [stdout] 
[INFO] [stdout] 
[INFO] [stdout] error[E0433]: failed to resolve: use of undeclared crate or module `basiliq_db_test_utils`
[INFO] [stdout]   --> src/tests/select/select_success.rs:72:16
[INFO] [stdout]    |
[INFO] [stdout] 72 |     let data = basiliq_db_test_utils::init_values(&mut pool).await;
[INFO] [stdout]    |                ^^^^^^^^^^^^^^^^^^^^^ use of undeclared crate or module `basiliq_db_test_utils`
[INFO] [stdout] 
[INFO] [stdout] 
[INFO] [stdout] error[E0433]: failed to resolve: use of undeclared crate or module `basiliq_db_test_utils`
[INFO] [stdout]   --> src/tests/select/select_success.rs:87:16
[INFO] [stdout]    |
[INFO] [stdout] 87 |     let data = basiliq_db_test_utils::init_values(&mut pool).await;
[INFO] [stdout]    |                ^^^^^^^^^^^^^^^^^^^^^ use of undeclared crate or module `basiliq_db_test_utils`
[INFO] [stdout] 
[INFO] [stdout] 
[INFO] [stdout] error[E0433]: failed to resolve: use of undeclared crate or module `basiliq_db_test_utils`
[INFO] [stdout]    --> src/tests/select/select_success.rs:102:16
[INFO] [stdout]     |
[INFO] [stdout] 102 |     let data = basiliq_db_test_utils::init_values(&mut pool).await;
[INFO] [stdout]     |                ^^^^^^^^^^^^^^^^^^^^^ use of undeclared crate or module `basiliq_db_test_utils`
[INFO] [stdout] 
[INFO] [stdout] 
[INFO] [stdout] error[E0433]: failed to resolve: use of undeclared crate or module `basiliq_db_test_utils`
[INFO] [stdout]    --> src/tests/select/select_success.rs:117:16
[INFO] [stdout]     |
[INFO] [stdout] 117 |     let data = basiliq_db_test_utils::init_values(&mut pool).await;
[INFO] [stdout]     |                ^^^^^^^^^^^^^^^^^^^^^ use of undeclared crate or module `basiliq_db_test_utils`
[INFO] [stdout] 
[INFO] [stdout] 
[INFO] [stdout] error[E0433]: failed to resolve: use of undeclared crate or module `basiliq_db_test_utils`
[INFO] [stdout]    --> src/tests/select/select_success.rs:132:16
[INFO] [stdout]     |
[INFO] [stdout] 132 |     let data = basiliq_db_test_utils::init_values(&mut pool).await;
[INFO] [stdout]     |                ^^^^^^^^^^^^^^^^^^^^^ use of undeclared crate or module `basiliq_db_test_utils`
[INFO] [stdout] 
[INFO] [stdout] 
[INFO] [stdout] error[E0433]: failed to resolve: use of undeclared crate or module `basiliq_db_test_utils`
[INFO] [stdout]    --> src/tests/select/select_success.rs:147:16
[INFO] [stdout]     |
[INFO] [stdout] 147 |     let data = basiliq_db_test_utils::init_values(&mut pool).await;
[INFO] [stdout]     |                ^^^^^^^^^^^^^^^^^^^^^ use of undeclared crate or module `basiliq_db_test_utils`
[INFO] [stdout] 
[INFO] [stdout] 
[INFO] [stdout] error[E0425]: cannot find function `gen_bag` in this scope
[INFO] [stdout]   --> src/tests/update/mod.rs:15:28
[INFO] [stdout]    |
[INFO] [stdout] 15 |     let ciboulette_store = gen_bag();
[INFO] [stdout]    |                            ^^^^^^^ not found in this scope
[INFO] [stdout] 
[INFO] [stdout] 
[INFO] [stdout] error[E0425]: cannot find function `gen_bag` in this scope
[INFO] [stdout]   --> src/tests/update/mod.rs:67:28
[INFO] [stdout]    |
[INFO] [stdout] 67 |     let ciboulette_store = gen_bag();
[INFO] [stdout]    |                            ^^^^^^^ not found in this scope
[INFO] [stdout] 
[INFO] [stdout] 
[INFO] [stdout] error[E0433]: failed to resolve: use of undeclared crate or module `basiliq_db_test_utils`
[INFO] [stdout]   --> src/tests/query_params.rs:18:24
[INFO] [stdout]    |
[INFO] [stdout] 18 |             let data = basiliq_db_test_utils::init_values(&mut pool).await;
[INFO] [stdout]    |                        ^^^^^^^^^^^^^^^^^^^^^ use of undeclared crate or module `basiliq_db_test_utils`
[INFO] [stdout]    |
[INFO] [stdout]   ::: src/tests/update/query_params.rs:3:1
[INFO] [stdout]    |
[INFO] [stdout] 3  | ciboulette_query_test_single!(test_update);
[INFO] [stdout]    | ------------------------------------------ in this macro invocation
[INFO] [stdout]    |
[INFO] [stdout]    = note: this error originates in the macro `ciboulette_query_test_routine` which comes from the expansion of the macro `ciboulette_query_test_single` (in Nightly builds, run with -Z macro-backtrace for more info)
[INFO] [stdout] 
[INFO] [stdout] 
[INFO] [stdout] error[E0433]: failed to resolve: use of undeclared crate or module `basiliq_db_test_utils`
[INFO] [stdout]   --> src/tests/query_params.rs:18:24
[INFO] [stdout]    |
[INFO] [stdout] 18 |             let data = basiliq_db_test_utils::init_values(&mut pool).await;
[INFO] [stdout]    |                        ^^^^^^^^^^^^^^^^^^^^^ use of undeclared crate or module `basiliq_db_test_utils`
[INFO] [stdout]    |
[INFO] [stdout]   ::: src/tests/update/query_params.rs:3:1
[INFO] [stdout]    |
[INFO] [stdout] 3  | ciboulette_query_test_single!(test_update);
[INFO] [stdout]    | ------------------------------------------ in this macro invocation
[INFO] [stdout]    |
[INFO] [stdout]    = note: this error originates in the macro `ciboulette_query_test_routine` which comes from the expansion of the macro `ciboulette_query_test_single` (in Nightly builds, run with -Z macro-backtrace for more info)
[INFO] [stdout] 
[INFO] [stdout] 
[INFO] [stdout] error[E0433]: failed to resolve: use of undeclared crate or module `basiliq_db_test_utils`
[INFO] [stdout]   --> src/tests/query_params.rs:18:24
[INFO] [stdout]    |
[INFO] [stdout] 18 |             let data = basiliq_db_test_utils::init_values(&mut pool).await;
[INFO] [stdout]    |                        ^^^^^^^^^^^^^^^^^^^^^ use of undeclared crate or module `basiliq_db_test_utils`
[INFO] [stdout]    |
[INFO] [stdout]   ::: src/tests/update/query_params.rs:3:1
[INFO] [stdout]    |
[INFO] [stdout] 3  | ciboulette_query_test_single!(test_update);
[INFO] [stdout]    | ------------------------------------------ in this macro invocation
[INFO] [stdout]    |
[INFO] [stdout]    = note: this error originates in the macro `ciboulette_query_test_routine` which comes from the expansion of the macro `ciboulette_query_test_single` (in Nightly builds, run with -Z macro-backtrace for more info)
[INFO] [stdout] 
[INFO] [stdout] 
[INFO] [stdout] error[E0433]: failed to resolve: use of undeclared crate or module `basiliq_db_test_utils`
[INFO] [stdout]   --> src/tests/query_params.rs:18:24
[INFO] [stdout]    |
[INFO] [stdout] 18 |             let data = basiliq_db_test_utils::init_values(&mut pool).await;
[INFO] [stdout]    |                        ^^^^^^^^^^^^^^^^^^^^^ use of undeclared crate or module `basiliq_db_test_utils`
[INFO] [stdout]    |
[INFO] [stdout]   ::: src/tests/update/query_params.rs:3:1
[INFO] [stdout]    |
[INFO] [stdout] 3  | ciboulette_query_test_single!(test_update);
[INFO] [stdout]    | ------------------------------------------ in this macro invocation
[INFO] [stdout]    |
[INFO] [stdout]    = note: this error originates in the macro `ciboulette_query_test_routine` which comes from the expansion of the macro `ciboulette_query_test_single` (in Nightly builds, run with -Z macro-backtrace for more info)
[INFO] [stdout] 
[INFO] [stdout] 
[INFO] [stdout] error[E0433]: failed to resolve: use of undeclared crate or module `basiliq_db_test_utils`
[INFO] [stdout]   --> src/tests/query_params.rs:18:24
[INFO] [stdout]    |
[INFO] [stdout] 18 |             let data = basiliq_db_test_utils::init_values(&mut pool).await;
[INFO] [stdout]    |                        ^^^^^^^^^^^^^^^^^^^^^ use of undeclared crate or module `basiliq_db_test_utils`
[INFO] [stdout]    |
[INFO] [stdout]   ::: src/tests/update/query_params.rs:3:1
[INFO] [stdout]    |
[INFO] [stdout] 3  | ciboulette_query_test_single!(test_update);
[INFO] [stdout]    | ------------------------------------------ in this macro invocation
[INFO] [stdout]    |
[INFO] [stdout]    = note: this error originates in the macro `ciboulette_query_test_routine` which comes from the expansion of the macro `ciboulette_query_test_single` (in Nightly builds, run with -Z macro-backtrace for more info)
[INFO] [stdout] 
[INFO] [stdout] 
[INFO] [stdout] error[E0433]: failed to resolve: use of undeclared crate or module `basiliq_db_test_utils`
[INFO] [stdout]   --> src/tests/query_params.rs:18:24
[INFO] [stdout]    |
[INFO] [stdout] 18 |             let data = basiliq_db_test_utils::init_values(&mut pool).await;
[INFO] [stdout]    |                        ^^^^^^^^^^^^^^^^^^^^^ use of undeclared crate or module `basiliq_db_test_utils`
[INFO] [stdout]    |
[INFO] [stdout]   ::: src/tests/update/query_params.rs:3:1
[INFO] [stdout]    |
[INFO] [stdout] 3  | ciboulette_query_test_single!(test_update);
[INFO] [stdout]    | ------------------------------------------ in this macro invocation
[INFO] [stdout]    |
[INFO] [stdout]    = note: this error originates in the macro `ciboulette_query_test_routine` which comes from the expansion of the macro `ciboulette_query_test_single` (in Nightly builds, run with -Z macro-backtrace for more info)
[INFO] [stdout] 
[INFO] [stdout] 
[INFO] [stdout] error[E0433]: failed to resolve: use of undeclared crate or module `basiliq_db_test_utils`
[INFO] [stdout]   --> src/tests/query_params.rs:18:24
[INFO] [stdout]    |
[INFO] [stdout] 18 |             let data = basiliq_db_test_utils::init_values(&mut pool).await;
[INFO] [stdout]    |                        ^^^^^^^^^^^^^^^^^^^^^ use of undeclared crate or module `basiliq_db_test_utils`
[INFO] [stdout]    |
[INFO] [stdout]   ::: src/tests/update/query_params.rs:3:1
[INFO] [stdout]    |
[INFO] [stdout] 3  | ciboulette_query_test_single!(test_update);
[INFO] [stdout]    | ------------------------------------------ in this macro invocation
[INFO] [stdout]    |
[INFO] [stdout]    = note: this error originates in the macro `ciboulette_query_test_routine` which comes from the expansion of the macro `ciboulette_query_test_single` (in Nightly builds, run with -Z macro-backtrace for more info)
[INFO] [stdout] 
[INFO] [stdout] 
[INFO] [stdout] error[E0433]: failed to resolve: use of undeclared crate or module `basiliq_db_test_utils`
[INFO] [stdout]   --> src/tests/query_params.rs:18:24
[INFO] [stdout]    |
[INFO] [stdout] 18 |             let data = basiliq_db_test_utils::init_values(&mut pool).await;
[INFO] [stdout]    |                        ^^^^^^^^^^^^^^^^^^^^^ use of undeclared crate or module `basiliq_db_test_utils`
[INFO] [stdout]    |
[INFO] [stdout]   ::: src/tests/update/query_params.rs:4:1
[INFO] [stdout]    |
[INFO] [stdout] 4  | ciboulette_query_test_relationship_many_to_one!(test_update_many_to_one);
[INFO] [stdout]    | ------------------------------------------------------------------------ in this macro invocation
[INFO] [stdout]    |
[INFO] [stdout]    = note: this error originates in the macro `ciboulette_query_test_routine` which comes from the expansion of the macro `ciboulette_query_test_relationship_many_to_one` (in Nightly builds, run with -Z macro-backtrace for more info)
[INFO] [stdout] 
[INFO] [stdout] 
[INFO] [stdout] error[E0433]: failed to resolve: use of undeclared crate or module `basiliq_db_test_utils`
[INFO] [stdout]   --> src/tests/query_params.rs:18:24
[INFO] [stdout]    |
[INFO] [stdout] 18 |             let data = basiliq_db_test_utils::init_values(&mut pool).await;
[INFO] [stdout]    |                        ^^^^^^^^^^^^^^^^^^^^^ use of undeclared crate or module `basiliq_db_test_utils`
[INFO] [stdout]    |
[INFO] [stdout]   ::: src/tests/update/query_params.rs:4:1
[INFO] [stdout]    |
[INFO] [stdout] 4  | ciboulette_query_test_relationship_many_to_one!(test_update_many_to_one);
[INFO] [stdout]    | ------------------------------------------------------------------------ in this macro invocation
[INFO] [stdout]    |
[INFO] [stdout]    = note: this error originates in the macro `ciboulette_query_test_routine` which comes from the expansion of the macro `ciboulette_query_test_relationship_many_to_one` (in Nightly builds, run with -Z macro-backtrace for more info)
[INFO] [stdout] 
[INFO] [stdout] 
[INFO] [stdout] error[E0433]: failed to resolve: use of undeclared crate or module `basiliq_db_test_utils`
[INFO] [stdout]   --> src/tests/query_params.rs:18:24
[INFO] [stdout]    |
[INFO] [stdout] 18 |             let data = basiliq_db_test_utils::init_values(&mut pool).await;
[INFO] [stdout]    |                        ^^^^^^^^^^^^^^^^^^^^^ use of undeclared crate or module `basiliq_db_test_utils`
[INFO] [stdout]    |
[INFO] [stdout]   ::: src/tests/update/query_params.rs:4:1
[INFO] [stdout]    |
[INFO] [stdout] 4  | ciboulette_query_test_relationship_many_to_one!(test_update_many_to_one);
[INFO] [stdout]    | ------------------------------------------------------------------------ in this macro invocation
[INFO] [stdout]    |
[INFO] [stdout]    = note: this error originates in the macro `ciboulette_query_test_routine` which comes from the expansion of the macro `ciboulette_query_test_relationship_many_to_one` (in Nightly builds, run with -Z macro-backtrace for more info)
[INFO] [stdout] 
[INFO] [stdout] 
[INFO] [stdout] error[E0433]: failed to resolve: use of undeclared crate or module `basiliq_db_test_utils`
[INFO] [stdout]   --> src/tests/query_params.rs:18:24
[INFO] [stdout]    |
[INFO] [stdout] 18 |             let data = basiliq_db_test_utils::init_values(&mut pool).await;
[INFO] [stdout]    |                        ^^^^^^^^^^^^^^^^^^^^^ use of undeclared crate or module `basiliq_db_test_utils`
[INFO] [stdout]    |
[INFO] [stdout]   ::: src/tests/update/query_params.rs:4:1
[INFO] [stdout]    |
[INFO] [stdout] 4  | ciboulette_query_test_relationship_many_to_one!(test_update_many_to_one);
[INFO] [stdout]    | ------------------------------------------------------------------------ in this macro invocation
[INFO] [stdout]    |
[INFO] [stdout]    = note: this error originates in the macro `ciboulette_query_test_routine` which comes from the expansion of the macro `ciboulette_query_test_relationship_many_to_one` (in Nightly builds, run with -Z macro-backtrace for more info)
[INFO] [stdout] 
[INFO] [stdout] 
[INFO] [stdout] error[E0433]: failed to resolve: use of undeclared crate or module `basiliq_db_test_utils`
[INFO] [stdout]   --> src/tests/query_params.rs:18:24
[INFO] [stdout]    |
[INFO] [stdout] 18 |             let data = basiliq_db_test_utils::init_values(&mut pool).await;
[INFO] [stdout]    |                        ^^^^^^^^^^^^^^^^^^^^^ use of undeclared crate or module `basiliq_db_test_utils`
[INFO] [stdout]    |
[INFO] [stdout]   ::: src/tests/update/query_params.rs:4:1
[INFO] [stdout]    |
[INFO] [stdout] 4  | ciboulette_query_test_relationship_many_to_one!(test_update_many_to_one);
[INFO] [stdout]    | ------------------------------------------------------------------------ in this macro invocation
[INFO] [stdout]    |
[INFO] [stdout]    = note: this error originates in the macro `ciboulette_query_test_routine` which comes from the expansion of the macro `ciboulette_query_test_relationship_many_to_one` (in Nightly builds, run with -Z macro-backtrace for more info)
[INFO] [stdout] 
[INFO] [stdout] 
[INFO] [stdout] error[E0433]: failed to resolve: use of undeclared crate or module `basiliq_db_test_utils`
[INFO] [stdout]   --> src/tests/query_params.rs:18:24
[INFO] [stdout]    |
[INFO] [stdout] 18 |             let data = basiliq_db_test_utils::init_values(&mut pool).await;
[INFO] [stdout]    |                        ^^^^^^^^^^^^^^^^^^^^^ use of undeclared crate or module `basiliq_db_test_utils`
[INFO] [stdout]    |
[INFO] [stdout]   ::: src/tests/update/query_params.rs:4:1
[INFO] [stdout]    |
[INFO] [stdout] 4  | ciboulette_query_test_relationship_many_to_one!(test_update_many_to_one);
[INFO] [stdout]    | ------------------------------------------------------------------------ in this macro invocation
[INFO] [stdout]    |
[INFO] [stdout]    = note: this error originates in the macro `ciboulette_query_test_routine` which comes from the expansion of the macro `ciboulette_query_test_relationship_many_to_one` (in Nightly builds, run with -Z macro-backtrace for more info)
[INFO] [stdout] 
[INFO] [stdout] 
[INFO] [stdout] error[E0425]: cannot find function `gen_bag` in this scope
[INFO] [stdout]  --> src/tests/update/update_main_fails.rs:7:28
[INFO] [stdout]   |
[INFO] [stdout] 7 |     let ciboulette_store = gen_bag();
[INFO] [stdout]   |                            ^^^^^^^ not found in this scope
[INFO] [stdout] 
[INFO] [stdout] 
[INFO] [stdout] error[E0433]: failed to resolve: use of undeclared crate or module `basiliq_db_test_utils`
[INFO] [stdout]   --> src/tests/update/update_main_fails.rs:22:16
[INFO] [stdout]    |
[INFO] [stdout] 22 |     let data = basiliq_db_test_utils::init_values(&mut pool).await;
[INFO] [stdout]    |                ^^^^^^^^^^^^^^^^^^^^^ use of undeclared crate or module `basiliq_db_test_utils`
[INFO] [stdout] 
[INFO] [stdout] 
[INFO] [stdout] error[E0425]: cannot find function `gen_bag` in this scope
[INFO] [stdout]  --> src/tests/update/update_rel_fails.rs:7:28
[INFO] [stdout]   |
[INFO] [stdout] 7 |     let ciboulette_store = gen_bag();
[INFO] [stdout]   |                            ^^^^^^^ not found in this scope
[INFO] [stdout] 
[INFO] [stdout] 
[INFO] [stdout] error[E0433]: failed to resolve: use of undeclared crate or module `basiliq_db_test_utils`
[INFO] [stdout]   --> src/tests/update/update_rel_fails.rs:22:16
[INFO] [stdout]    |
[INFO] [stdout] 22 |     let data = basiliq_db_test_utils::init_values(&mut pool).await;
[INFO] [stdout]    |                ^^^^^^^^^^^^^^^^^^^^^ use of undeclared crate or module `basiliq_db_test_utils`
[INFO] [stdout] 
[INFO] [stdout] 
[INFO] [stdout] error[E0433]: failed to resolve: use of undeclared crate or module `basiliq_db_test_utils`
[INFO] [stdout]   --> src/tests/update/update_rel_fails.rs:39:16
[INFO] [stdout]    |
[INFO] [stdout] 39 |     let data = basiliq_db_test_utils::init_values(&mut pool).await;
[INFO] [stdout]    |                ^^^^^^^^^^^^^^^^^^^^^ use of undeclared crate or module `basiliq_db_test_utils`
[INFO] [stdout] 
[INFO] [stdout] 
[INFO] [stdout] error[E0425]: cannot find function `gen_bag` in this scope
[INFO] [stdout]  --> src/tests/update/update_rel_success.rs:8:28
[INFO] [stdout]   |
[INFO] [stdout] 8 |     let ciboulette_store = gen_bag();
[INFO] [stdout]   |                            ^^^^^^^ not found in this scope
[INFO] [stdout] 
[INFO] [stdout] 
[INFO] [stdout] error[E0433]: failed to resolve: use of undeclared crate or module `basiliq_db_test_utils`
[INFO] [stdout]   --> src/tests/update/update_rel_success.rs:37:16
[INFO] [stdout]    |
[INFO] [stdout] 37 |     let data = basiliq_db_test_utils::init_values(&mut pool).await;
[INFO] [stdout]    |                ^^^^^^^^^^^^^^^^^^^^^ use of undeclared crate or module `basiliq_db_test_utils`
[INFO] [stdout] 
[INFO] [stdout] 
[INFO] [stdout] error[E0433]: failed to resolve: use of undeclared crate or module `basiliq_db_test_utils`
[INFO] [stdout]   --> src/tests/update/update_rel_success.rs:68:16
[INFO] [stdout]    |
[INFO] [stdout] 68 |     let data = basiliq_db_test_utils::init_values(&mut pool).await;
[INFO] [stdout]    |                ^^^^^^^^^^^^^^^^^^^^^ use of undeclared crate or module `basiliq_db_test_utils`
[INFO] [stdout] 
[INFO] [stdout] 
[INFO] [stdout] error[E0433]: failed to resolve: use of undeclared crate or module `basiliq_db_test_utils`
[INFO] [stdout]   --> src/tests/update/update_rel_success.rs:99:16
[INFO] [stdout]    |
[INFO] [stdout] 99 |     let data = basiliq_db_test_utils::init_values(&mut pool).await;
[INFO] [stdout]    |                ^^^^^^^^^^^^^^^^^^^^^ use of undeclared crate or module `basiliq_db_test_utils`
[INFO] [stdout] 
[INFO] [stdout] 
[INFO] [stdout] error[E0425]: cannot find function `gen_bag` in this scope
[INFO] [stdout]  --> src/tests/update/update_success.rs:8:28
[INFO] [stdout]   |
[INFO] [stdout] 8 |     let ciboulette_store = gen_bag();
[INFO] [stdout]   |                            ^^^^^^^ not found in this scope
[INFO] [stdout] 
[INFO] [stdout] 
[INFO] [stdout] error[E0433]: failed to resolve: use of undeclared crate or module `basiliq_db_test_utils`
[INFO] [stdout]   --> src/tests/update/update_success.rs:36:16
[INFO] [stdout]    |
[INFO] [stdout] 36 |     let data = basiliq_db_test_utils::init_values(&mut pool).await;
[INFO] [stdout]    |                ^^^^^^^^^^^^^^^^^^^^^ use of undeclared crate or module `basiliq_db_test_utils`
[INFO] [stdout] 
[INFO] [stdout] 
[INFO] [stdout] error[E0433]: failed to resolve: use of undeclared crate or module `basiliq_db_test_utils`
[INFO] [stdout]   --> src/tests/update/update_success.rs:58:16
[INFO] [stdout]    |
[INFO] [stdout] 58 |     let data = basiliq_db_test_utils::init_values(&mut pool).await;
[INFO] [stdout]    |                ^^^^^^^^^^^^^^^^^^^^^ use of undeclared crate or module `basiliq_db_test_utils`
[INFO] [stdout] 
[INFO] [stdout] 
[INFO] [stdout] error[E0433]: failed to resolve: use of undeclared crate or module `basiliq_db_test_utils`
[INFO] [stdout]   --> src/tests/update/update_success.rs:84:16
[INFO] [stdout]    |
[INFO] [stdout] 84 |     let data = basiliq_db_test_utils::init_values(&mut pool).await;
[INFO] [stdout]    |                ^^^^^^^^^^^^^^^^^^^^^ use of undeclared crate or module `basiliq_db_test_utils`
[INFO] [stdout] 
[INFO] [stdout] 
[INFO] [stdout] error[E0433]: failed to resolve: use of undeclared crate or module `basiliq_db_test_utils`
[INFO] [stdout]    --> src/tests/update/update_success.rs:118:16
[INFO] [stdout]     |
[INFO] [stdout] 118 |     let data = basiliq_db_test_utils::init_values(&mut pool).await;
[INFO] [stdout]     |                ^^^^^^^^^^^^^^^^^^^^^ use of undeclared crate or module `basiliq_db_test_utils`
[INFO] [stdout] 
[INFO] [stdout] 
[INFO] [stdout] error[E0433]: failed to resolve: use of undeclared crate or module `basiliq_db_test_utils`
[INFO] [stdout]    --> src/tests/update/update_success.rs:154:16
[INFO] [stdout]     |
[INFO] [stdout] 154 |     let data = basiliq_db_test_utils::init_values(&mut pool).await;
[INFO] [stdout]     |                ^^^^^^^^^^^^^^^^^^^^^ use of undeclared crate or module `basiliq_db_test_utils`
[INFO] [stdout] 
[INFO] [stdout] 
[INFO] [stdout] error[E0425]: cannot find function `gen_bag` in this scope
[INFO] [stdout]  --> src/builder/tests/delete/delete_main.rs:5:28
[INFO] [stdout]   |
[INFO] [stdout] 5 |     let ciboulette_store = gen_bag();
[INFO] [stdout]   |                            ^^^^^^^ not found in this scope
[INFO] [stdout] 
[INFO] [stdout] 
[INFO] [stdout] error[E0425]: cannot find function `gen_bag` in this scope
[INFO] [stdout]  --> src/builder/tests/delete/delete_rel.rs:5:28
[INFO] [stdout]   |
[INFO] [stdout] 5 |     let ciboulette_store = gen_bag();
[INFO] [stdout]   |                            ^^^^^^^ not found in this scope
[INFO] [stdout] 
[INFO] [stdout] 
[INFO] [stdout] error[E0425]: cannot find function `gen_bag` in this scope
[INFO] [stdout]   --> src/builder/tests/delete/delete_rel.rs:25:28
[INFO] [stdout]    |
[INFO] [stdout] 25 |     let ciboulette_store = gen_bag();
[INFO] [stdout]    |                            ^^^^^^^ not found in this scope
[INFO] [stdout] 
[INFO] [stdout] 
[INFO] [stdout] error[E0425]: cannot find function `gen_bag` in this scope
[INFO] [stdout]   --> src/builder/tests/delete/delete_rel.rs:48:28
[INFO] [stdout]    |
[INFO] [stdout] 48 |     let ciboulette_store = gen_bag();
[INFO] [stdout]    |                            ^^^^^^^ not found in this scope
[INFO] [stdout] 
[INFO] [stdout] 
[INFO] [stdout] error[E0425]: cannot find function `gen_bag` in this scope
[INFO] [stdout]  --> src/builder/tests/inserts/cte_final.rs:6:17
[INFO] [stdout]   |
[INFO] [stdout] 6 |     let store = gen_bag();
[INFO] [stdout]   |                 ^^^^^^^ not found in this scope
[INFO] [stdout] 
[INFO] [stdout] 
[INFO] [stdout] error[E0425]: cannot find function `gen_bag` in this scope
[INFO] [stdout]   --> src/builder/tests/inserts/cte_final.rs:44:17
[INFO] [stdout]    |
[INFO] [stdout] 44 |     let store = gen_bag();
[INFO] [stdout]    |                 ^^^^^^^ not found in this scope
[INFO] [stdout] 
[INFO] [stdout] 
[INFO] [stdout] error[E0425]: cannot find function `gen_bag` in this scope
[INFO] [stdout]   --> src/builder/tests/inserts/cte_final.rs:83:17
[INFO] [stdout]    |
[INFO] [stdout] 83 |     let store = gen_bag();
[INFO] [stdout]    |                 ^^^^^^^ not found in this scope
[INFO] [stdout] 
[INFO] [stdout] 
[INFO] [stdout] error[E0425]: cannot find function `gen_bag` in this scope
[INFO] [stdout]    --> src/builder/tests/inserts/cte_final.rs:121:17
[INFO] [stdout]     |
[INFO] [stdout] 121 |     let store = gen_bag();
[INFO] [stdout]     |                 ^^^^^^^ not found in this scope
[INFO] [stdout] 
[INFO] [stdout] 
[INFO] [stdout] error[E0425]: cannot find function `gen_bag` in this scope
[INFO] [stdout]  --> src/builder/tests/inserts/gen_json_builder.rs:6:17
[INFO] [stdout]   |
[INFO] [stdout] 6 |     let store = gen_bag();
[INFO] [stdout]   |                 ^^^^^^^ not found in this scope
[INFO] [stdout] 
[INFO] [stdout] 
[INFO] [stdout] error[E0425]: cannot find function `gen_bag` in this scope
[INFO] [stdout]   --> src/builder/tests/inserts/gen_json_builder.rs:33:17
[INFO] [stdout]    |
[INFO] [stdout] 33 |     let store = gen_bag();
[INFO] [stdout]    |                 ^^^^^^^ not found in this scope
[INFO] [stdout] 
[INFO] [stdout] 
[INFO] [stdout] error[E0425]: cannot find function `gen_bag` in this scope
[INFO] [stdout]   --> src/builder/tests/inserts/gen_json_builder.rs:60:17
[INFO] [stdout]    |
[INFO] [stdout] 60 |     let store = gen_bag();
[INFO] [stdout]    |                 ^^^^^^^ not found in this scope
[INFO] [stdout] 
[INFO] [stdout] 
[INFO] [stdout] error[E0425]: cannot find function `gen_bag` in this scope
[INFO] [stdout]   --> src/builder/tests/inserts/gen_json_builder.rs:87:17
[INFO] [stdout]    |
[INFO] [stdout] 87 |     let store = gen_bag();
[INFO] [stdout]    |                 ^^^^^^^ not found in this scope
[INFO] [stdout] 
[INFO] [stdout] 
[INFO] [stdout] error[E0425]: cannot find function `gen_bag` in this scope
[INFO] [stdout]  --> src/builder/tests/inserts/insert.rs:5:28
[INFO] [stdout]   |
[INFO] [stdout] 5 |     let ciboulette_store = gen_bag();
[INFO] [stdout]   |                            ^^^^^^^ not found in this scope
[INFO] [stdout] 
[INFO] [stdout] 
[INFO] [stdout] error[E0425]: cannot find function `gen_bag` in this scope
[INFO] [stdout]   --> src/builder/tests/inserts/insert.rs:38:28
[INFO] [stdout]    |
[INFO] [stdout] 38 |     let ciboulette_store = gen_bag();
[INFO] [stdout]    |                            ^^^^^^^ not found in this scope
[INFO] [stdout] 
[INFO] [stdout] 
[INFO] [stdout] error[E0425]: cannot find function `gen_bag` in this scope
[INFO] [stdout]   --> src/builder/tests/inserts/insert.rs:91:28
[INFO] [stdout]    |
[INFO] [stdout] 91 |     let ciboulette_store = gen_bag();
[INFO] [stdout]    |                            ^^^^^^^ not found in this scope
[INFO] [stdout] 
[INFO] [stdout] 
[INFO] [stdout] error[E0425]: cannot find function `gen_bag` in this scope
[INFO] [stdout]    --> src/builder/tests/inserts/insert.rs:135:28
[INFO] [stdout]     |
[INFO] [stdout] 135 |     let ciboulette_store = gen_bag();
[INFO] [stdout]     |                            ^^^^^^^ not found in this scope
[INFO] [stdout] 
[INFO] [stdout] 
[INFO] [stdout] error[E0425]: cannot find function `gen_bag` in this scope
[INFO] [stdout]    --> src/builder/tests/inserts/insert.rs:179:28
[INFO] [stdout]     |
[INFO] [stdout] 179 |     let ciboulette_store = gen_bag();
[INFO] [stdout]     |                            ^^^^^^^ not found in this scope
[INFO] [stdout] 
[INFO] [stdout] 
[INFO] [stdout] error[E0425]: cannot find function `gen_bag` in this scope
[INFO] [stdout]  --> src/builder/tests/inserts/insert_normal.rs:6:17
[INFO] [stdout]   |
[INFO] [stdout] 6 |     let store = gen_bag();
[INFO] [stdout]   |                 ^^^^^^^ not found in this scope
[INFO] [stdout] 
[INFO] [stdout] 
[INFO] [stdout] error[E0425]: cannot find function `gen_bag` in this scope
[INFO] [stdout]   --> src/builder/tests/inserts/insert_normal.rs:34:17
[INFO] [stdout]    |
[INFO] [stdout] 34 |     let store = gen_bag();
[INFO] [stdout]    |                 ^^^^^^^ not found in this scope
[INFO] [stdout] 
[INFO] [stdout] 
[INFO] [stdout] error[E0425]: cannot find function `gen_bag` in this scope
[INFO] [stdout]   --> src/builder/tests/inserts/insert_normal.rs:62:17
[INFO] [stdout]    |
[INFO] [stdout] 62 |     let store = gen_bag();
[INFO] [stdout]    |                 ^^^^^^^ not found in this scope
[INFO] [stdout] 
[INFO] [stdout] 
[INFO] [stdout] error[E0425]: cannot find function `gen_bag` in this scope
[INFO] [stdout]  --> src/builder/tests/misc/sort.rs:5:28
[INFO] [stdout]   |
[INFO] [stdout] 5 |     let ciboulette_store = gen_bag();
[INFO] [stdout]   |                            ^^^^^^^ not found in this scope
[INFO] [stdout] 
[INFO] [stdout] 
[INFO] [stdout] error[E0425]: cannot find function `gen_bag` in this scope
[INFO] [stdout]   --> src/builder/tests/misc/sort.rs:24:28
[INFO] [stdout]    |
[INFO] [stdout] 24 |     let ciboulette_store = gen_bag();
[INFO] [stdout]    |                            ^^^^^^^ not found in this scope
[INFO] [stdout] 
[INFO] [stdout] 
[INFO] [stdout] error[E0425]: cannot find function `gen_bag` in this scope
[INFO] [stdout]   --> src/builder/tests/misc/sort.rs:43:28
[INFO] [stdout]    |
[INFO] [stdout] 43 |     let ciboulette_store = gen_bag();
[INFO] [stdout]    |                            ^^^^^^^ not found in this scope
[INFO] [stdout] 
[INFO] [stdout] 
[INFO] [stdout] error[E0425]: cannot find function `gen_bag` in this scope
[INFO] [stdout]  --> src/builder/tests/select/include.rs:5:28
[INFO] [stdout]   |
[INFO] [stdout] 5 |     let ciboulette_store = gen_bag();
[INFO] [stdout]   |                            ^^^^^^^ not found in this scope
[INFO] [stdout] 
[INFO] [stdout] 
[INFO] [stdout] error[E0425]: cannot find function `gen_bag` in this scope
[INFO] [stdout]   --> src/builder/tests/select/include.rs:26:28
[INFO] [stdout]    |
[INFO] [stdout] 26 |     let ciboulette_store = gen_bag();
[INFO] [stdout]    |                            ^^^^^^^ not found in this scope
[INFO] [stdout] 
[INFO] [stdout] 
[INFO] [stdout] error[E0425]: cannot find function `gen_bag` in this scope
[INFO] [stdout]   --> src/builder/tests/select/include.rs:50:28
[INFO] [stdout]    |
[INFO] [stdout] 50 |     let ciboulette_store = gen_bag();
[INFO] [stdout]    |                            ^^^^^^^ not found in this scope
[INFO] [stdout] 
[INFO] [stdout] 
[INFO] [stdout] error[E0425]: cannot find function `gen_bag` in this scope
[INFO] [stdout]   --> src/builder/tests/select/include.rs:70:28
[INFO] [stdout]    |
[INFO] [stdout] 70 |     let ciboulette_store = gen_bag();
[INFO] [stdout]    |                            ^^^^^^^ not found in this scope
[INFO] [stdout] 
[INFO] [stdout] 
[INFO] [stdout] error[E0425]: cannot find function `gen_bag` in this scope
[INFO] [stdout]  --> src/builder/tests/select/select_main.rs:5:28
[INFO] [stdout]   |
[INFO] [stdout] 5 |     let ciboulette_store = gen_bag();
[INFO] [stdout]   |                            ^^^^^^^ not found in this scope
[INFO] [stdout] 
[INFO] [stdout] 
[INFO] [stdout] error[E0425]: cannot find function `gen_bag` in this scope
[INFO] [stdout]   --> src/builder/tests/select/select_main.rs:23:28
[INFO] [stdout]    |
[INFO] [stdout] 23 |     let ciboulette_store = gen_bag();
[INFO] [stdout]    |                            ^^^^^^^ not found in this scope
[INFO] [stdout] 
[INFO] [stdout] 
[INFO] [stdout] error[E0425]: cannot find function `gen_bag` in this scope
[INFO] [stdout]  --> src/builder/tests/select/select_related.rs:6:28
[INFO] [stdout]   |
[INFO] [stdout] 6 |     let ciboulette_store = gen_bag();
[INFO] [stdout]   |                            ^^^^^^^ not found in this scope
[INFO] [stdout] 
[INFO] [stdout] 
[INFO] [stdout] error[E0425]: cannot find function `gen_bag` in this scope
[INFO] [stdout]   --> src/builder/tests/select/select_related.rs:25:28
[INFO] [stdout]    |
[INFO] [stdout] 25 |     let ciboulette_store = gen_bag();
[INFO] [stdout]    |                            ^^^^^^^ not found in this scope
[INFO] [stdout] 
[INFO] [stdout] 
[INFO] [stdout] error[E0425]: cannot find function `gen_bag` in this scope
[INFO] [stdout]   --> src/builder/tests/select/select_related.rs:44:28
[INFO] [stdout]    |
[INFO] [stdout] 44 |     let ciboulette_store = gen_bag();
[INFO] [stdout]    |                            ^^^^^^^ not found in this scope
[INFO] [stdout] 
[INFO] [stdout] 
[INFO] [stdout] error[E0425]: cannot find function `gen_bag` in this scope
[INFO] [stdout]  --> src/builder/tests/update/update_main.rs:5:28
[INFO] [stdout]   |
[INFO] [stdout] 5 |     let ciboulette_store = gen_bag();
[INFO] [stdout]   |                            ^^^^^^^ not found in this scope
[INFO] [stdout] 
[INFO] [stdout] 
[INFO] [stdout] error[E0425]: cannot find function `gen_bag` in this scope
[INFO] [stdout]   --> src/builder/tests/update/update_main.rs:35:28
[INFO] [stdout]    |
[INFO] [stdout] 35 |     let ciboulette_store = gen_bag();
[INFO] [stdout]    |                            ^^^^^^^ not found in this scope
[INFO] [stdout] 
[INFO] [stdout] 
[INFO] [stdout] error[E0425]: cannot find function `gen_bag` in this scope
[INFO] [stdout]   --> src/builder/tests/update/update_main.rs:70:28
[INFO] [stdout]    |
[INFO] [stdout] 70 |     let ciboulette_store = gen_bag();
[INFO] [stdout]    |                            ^^^^^^^ not found in this scope
[INFO] [stdout] 
[INFO] [stdout] 
[INFO] [stdout] error[E0425]: cannot find function `gen_bag` in this scope
[INFO] [stdout]    --> src/builder/tests/update/update_main.rs:116:28
[INFO] [stdout]     |
[INFO] [stdout] 116 |     let ciboulette_store = gen_bag();
[INFO] [stdout]     |                            ^^^^^^^ not found in this scope
[INFO] [stdout] 
[INFO] [stdout] 
[INFO] [stdout] error[E0425]: cannot find function `gen_bag` in this scope
[INFO] [stdout]    --> src/builder/tests/update/update_main.rs:158:28
[INFO] [stdout]     |
[INFO] [stdout] 158 |     let ciboulette_store = gen_bag();
[INFO] [stdout]     |                            ^^^^^^^ not found in this scope
[INFO] [stdout] 
[INFO] [stdout] 
[INFO] [stdout] error[E0425]: cannot find function `gen_bag` in this scope
[INFO] [stdout]    --> src/builder/tests/update/update_main.rs:206:28
[INFO] [stdout]     |
[INFO] [stdout] 206 |     let ciboulette_store = gen_bag();
[INFO] [stdout]     |                            ^^^^^^^ not found in this scope
[INFO] [stdout] 
[INFO] [stdout] 
[INFO] [stdout] error[E0425]: cannot find function `gen_bag` in this scope
[INFO] [stdout]    --> src/builder/tests/update/update_main.rs:241:28
[INFO] [stdout]     |
[INFO] [stdout] 241 |     let ciboulette_store = gen_bag();
[INFO] [stdout]     |                            ^^^^^^^ not found in this scope
[INFO] [stdout] 
[INFO] [stdout] 
[INFO] [stdout] error[E0425]: cannot find function `gen_bag` in this scope
[INFO] [stdout]    --> src/builder/tests/update/update_main.rs:277:28
[INFO] [stdout]     |
[INFO] [stdout] 277 |     let ciboulette_store = gen_bag();
[INFO] [stdout]     |                            ^^^^^^^ not found in this scope
[INFO] [stdout] 
[INFO] [stdout] 
[INFO] [stdout] error[E0425]: cannot find function `gen_bag` in this scope
[INFO] [stdout]    --> src/builder/tests/update/update_main.rs:315:28
[INFO] [stdout]     |
[INFO] [stdout] 315 |     let ciboulette_store = gen_bag();
[INFO] [stdout]     |                            ^^^^^^^ not found in this scope
[INFO] [stdout] 
[INFO] [stdout] 
[INFO] [stdout] error[E0425]: cannot find function `gen_bag` in this scope
[INFO] [stdout]  --> src/builder/tests/update/update_rel.rs:5:28
[INFO] [stdout]   |
[INFO] [stdout] 5 |     let ciboulette_store = gen_bag();
[INFO] [stdout]   |                            ^^^^^^^ not found in this scope
[INFO] [stdout] 
[INFO] [stdout] 
[INFO] [stdout] error[E0425]: cannot find function `gen_bag` in this scope
[INFO] [stdout]   --> src/builder/tests/update/update_rel.rs:35:28
[INFO] [stdout]    |
[INFO] [stdout] 35 |     let ciboulette_store = gen_bag();
[INFO] [stdout]    |                            ^^^^^^^ not found in this scope
[INFO] [stdout] 
[INFO] [stdout] 
[INFO] [stdout] error[E0425]: cannot find function `gen_bag` in this scope
[INFO] [stdout]   --> src/builder/tests/update/update_rel.rs:62:28
[INFO] [stdout]    |
[INFO] [stdout] 62 |     let ciboulette_store = gen_bag();
[INFO] [stdout]    |                            ^^^^^^^ not found in this scope
[INFO] [stdout] 
[INFO] [stdout] 
[INFO] [stdout] error[E0425]: cannot find function `gen_bag` in this scope
[INFO] [stdout]    --> src/builder/tests/update/update_rel.rs:101:28
[INFO] [stdout]     |
[INFO] [stdout] 101 |     let ciboulette_store = gen_bag();
[INFO] [stdout]     |                            ^^^^^^^ not found in this scope
[INFO] [stdout] 
[INFO] [stdout] 
[INFO] [stdout] error[E0425]: cannot find function `gen_bag` in this scope
[INFO] [stdout]  --> src/tests/inserts/inserts_fails.rs:4:28
[INFO] [stdout]   |
[INFO] [stdout] 4 |     let ciboulette_store = gen_bag();
[INFO] [stdout]   |                            ^^^^^^^ not found in this scope
[INFO] [stdout] 
[INFO] [stdout] 
[INFO] [stdout] error: aborting due to 238 previous errors
[INFO] [stdout] 
[INFO] [stdout] 
[INFO] [stdout] Some errors have detailed explanations: E0425, E0432, E0433.
[INFO] [stdout] 
[INFO] [stdout] For more information about an error, try `rustc --explain E0425`.
[INFO] [stdout] 
[INFO] [stderr] error: could not compile `ciboulette2pg` due to 239 previous errors
[INFO] running `Command { std: "docker" "inspect" "fdb44e120fcc9d298933d7ea115a2d74cf0a18930316c6b11bc9bf3de64f8d59", kill_on_drop: false }`
[INFO] running `Command { std: "docker" "rm" "-f" "fdb44e120fcc9d298933d7ea115a2d74cf0a18930316c6b11bc9bf3de64f8d59", kill_on_drop: false }`
[INFO] [stdout] fdb44e120fcc9d298933d7ea115a2d74cf0a18930316c6b11bc9bf3de64f8d59
