[INFO] fetching crate chipmunk-rs 0.1.1...
[INFO] testing chipmunk-rs-0.1.1 against 1.69.0 for beta-1.70-1
[INFO] extracting crate chipmunk-rs 0.1.1 into /workspace/builds/worker-1-tc1/source
[INFO] validating manifest of crates.io crate chipmunk-rs 0.1.1 on toolchain 1.69.0
[INFO] running `Command { std: CARGO_HOME="/workspace/cargo-home" RUSTUP_HOME="/workspace/rustup-home" "/workspace/cargo-home/bin/cargo" "+1.69.0" "metadata" "--manifest-path" "Cargo.toml" "--no-deps", kill_on_drop: false }`
[INFO] started tweaking crates.io crate chipmunk-rs 0.1.1
[INFO] finished tweaking crates.io crate chipmunk-rs 0.1.1
[INFO] tweaked toml for crates.io crate chipmunk-rs 0.1.1 written to /workspace/builds/worker-1-tc1/source/Cargo.toml
[INFO] running `Command { std: CARGO_HOME="/workspace/cargo-home" RUSTUP_HOME="/workspace/rustup-home" __CARGO_TEST_CHANNEL_OVERRIDE_DO_NOT_USE_THIS="nightly" "/workspace/cargo-home/bin/cargo" "+1.69.0" "generate-lockfile" "--manifest-path" "Cargo.toml" "-Zno-index-update", kill_on_drop: false }`
[INFO] running `Command { std: CARGO_HOME="/workspace/cargo-home" RUSTUP_HOME="/workspace/rustup-home" "/workspace/cargo-home/bin/cargo" "+1.69.0" "fetch" "--manifest-path" "Cargo.toml", kill_on_drop: false }`
[INFO] running `Command { std: "docker" "create" "-v" "/var/lib/crater-agent-workspace/builds/worker-1-tc1/target:/opt/rustwide/target:rw,Z" "-v" "/var/lib/crater-agent-workspace/builds/worker-1-tc1/source:/opt/rustwide/workdir:ro,Z" "-v" "/var/lib/crater-agent-workspace/cargo-home:/opt/rustwide/cargo-home:ro,Z" "-v" "/var/lib/crater-agent-workspace/rustup-home:/opt/rustwide/rustup-home:ro,Z" "-e" "SOURCE_DIR=/opt/rustwide/workdir" "-e" "CARGO_TARGET_DIR=/opt/rustwide/target" "-e" "CARGO_HOME=/opt/rustwide/cargo-home" "-e" "RUSTUP_HOME=/opt/rustwide/rustup-home" "-w" "/opt/rustwide/workdir" "-m" "1610612736" "--user" "0:0" "--network" "none" "ghcr.io/rust-lang/crates-build-env/linux@sha256:5ff2268d62e97bff2cde7d5815dd6ed5b47097566f13b8d0ca110b04b60e07ed" "/opt/rustwide/cargo-home/bin/cargo" "+1.69.0" "metadata" "--no-deps" "--format-version=1", kill_on_drop: false }`
[INFO] [stdout] 9968c2d7a401da3b0ef1510f98a24aeaec82ddc19957437b264feb26db331f08
[INFO] running `Command { std: "docker" "start" "-a" "9968c2d7a401da3b0ef1510f98a24aeaec82ddc19957437b264feb26db331f08", kill_on_drop: false }`
[INFO] running `Command { std: "docker" "inspect" "9968c2d7a401da3b0ef1510f98a24aeaec82ddc19957437b264feb26db331f08", kill_on_drop: false }`
[INFO] running `Command { std: "docker" "rm" "-f" "9968c2d7a401da3b0ef1510f98a24aeaec82ddc19957437b264feb26db331f08", kill_on_drop: false }`
[INFO] [stdout] 9968c2d7a401da3b0ef1510f98a24aeaec82ddc19957437b264feb26db331f08
[INFO] running `Command { std: "docker" "create" "-v" "/var/lib/crater-agent-workspace/builds/worker-1-tc1/target:/opt/rustwide/target:rw,Z" "-v" "/var/lib/crater-agent-workspace/builds/worker-1-tc1/source:/opt/rustwide/workdir:ro,Z" "-v" "/var/lib/crater-agent-workspace/cargo-home:/opt/rustwide/cargo-home:ro,Z" "-v" "/var/lib/crater-agent-workspace/rustup-home:/opt/rustwide/rustup-home:ro,Z" "-e" "SOURCE_DIR=/opt/rustwide/workdir" "-e" "CARGO_TARGET_DIR=/opt/rustwide/target" "-e" "CARGO_INCREMENTAL=0" "-e" "RUST_BACKTRACE=full" "-e" "RUSTFLAGS=--cap-lints=warn" "-e" "RUSTDOCFLAGS=--cap-lints=warn" "-e" "CARGO_HOME=/opt/rustwide/cargo-home" "-e" "RUSTUP_HOME=/opt/rustwide/rustup-home" "-w" "/opt/rustwide/workdir" "-m" "1610612736" "--user" "0:0" "--network" "none" "ghcr.io/rust-lang/crates-build-env/linux@sha256:5ff2268d62e97bff2cde7d5815dd6ed5b47097566f13b8d0ca110b04b60e07ed" "/opt/rustwide/cargo-home/bin/cargo" "+1.69.0" "build" "--frozen" "--message-format=json", kill_on_drop: false }`
[INFO] [stdout] 12f9506a709e46d16800fd097a51d383cebc06b8272e6a8779143a6ce1cee88f
[INFO] running `Command { std: "docker" "start" "-a" "12f9506a709e46d16800fd097a51d383cebc06b8272e6a8779143a6ce1cee88f", kill_on_drop: false }`
[INFO] [stderr]    Compiling cmake v0.1.50
[INFO] [stderr]    Compiling chipmunk-rs v0.1.1 (/opt/rustwide/workdir)
[INFO] [stderr] error: failed to run custom build command for `chipmunk-rs v0.1.1 (/opt/rustwide/workdir)`
[INFO] [stderr] note: To improve backtraces for build dependencies, set the CARGO_PROFILE_DEV_BUILD_OVERRIDE_DEBUG=true environment variable to enable debug information generation.
[INFO] [stderr] 
[INFO] [stderr] Caused by:
[INFO] [stderr]   process didn't exit successfully: `/opt/rustwide/target/debug/build/chipmunk-rs-70eb07119a98d90c/build-script-build` (exit status: 101)
[INFO] [stderr]   --- stdout
[INFO] [stderr]   CMAKE_TOOLCHAIN_FILE_x86_64-unknown-linux-gnu = None
[INFO] [stderr]   CMAKE_TOOLCHAIN_FILE_x86_64_unknown_linux_gnu = None
[INFO] [stderr]   HOST_CMAKE_TOOLCHAIN_FILE = None
[INFO] [stderr]   CMAKE_TOOLCHAIN_FILE = None
[INFO] [stderr]   CMAKE_GENERATOR_x86_64-unknown-linux-gnu = None
[INFO] [stderr]   CMAKE_GENERATOR_x86_64_unknown_linux_gnu = None
[INFO] [stderr]   HOST_CMAKE_GENERATOR = None
[INFO] [stderr]   CMAKE_GENERATOR = None
[INFO] [stderr]   CMAKE_PREFIX_PATH_x86_64-unknown-linux-gnu = None
[INFO] [stderr]   CMAKE_PREFIX_PATH_x86_64_unknown_linux_gnu = None
[INFO] [stderr]   HOST_CMAKE_PREFIX_PATH = None
[INFO] [stderr]   CMAKE_PREFIX_PATH = None
[INFO] [stderr]   CMAKE_x86_64-unknown-linux-gnu = None
[INFO] [stderr]   CMAKE_x86_64_unknown_linux_gnu = None
[INFO] [stderr]   HOST_CMAKE = None
[INFO] [stderr]   CMAKE = None
[INFO] [stderr]   running: cd "/opt/rustwide/target/debug/build/chipmunk-rs-64a04d63610a3ad4/out/build" && CMAKE_PREFIX_PATH="" "cmake" "/opt/rustwide/workdir/chipmunk" "-DBUILD_DEMOS=OFF" "-DINSTALL_DEMOS=OFF" "-DBUILD_SHARED=OFF" "-DCMAKE_INSTALL_PREFIX=/opt/rustwide/target/debug/build/chipmunk-rs-64a04d63610a3ad4/out" "-DCMAKE_C_FLAGS= -ffunction-sections -fdata-sections -fPIC -m64" "-DCMAKE_C_COMPILER=/usr/bin/cc" "-DCMAKE_CXX_FLAGS= -ffunction-sections -fdata-sections -fPIC -m64" "-DCMAKE_CXX_COMPILER=/usr/bin/c++" "-DCMAKE_ASM_FLAGS= -ffunction-sections -fdata-sections -fPIC -m64" "-DCMAKE_ASM_COMPILER=/usr/bin/cc" "-DCMAKE_BUILD_TYPE=Debug"
[INFO] [stderr]   -- The C compiler identification is GNU 11.3.0
[INFO] [stderr]   -- The CXX compiler identification is GNU 11.3.0
[INFO] [stderr]   -- Detecting C compiler ABI info
[INFO] [stderr]   -- Detecting C compiler ABI info - done
[INFO] [stderr]   -- Check for working C compiler: /usr/bin/cc - skipped
[INFO] [stderr]   -- Detecting C compile features
[INFO] [stderr]   -- Detecting C compile features - done
[INFO] [stderr]   -- Detecting CXX compiler ABI info
[INFO] [stderr]   -- Detecting CXX compiler ABI info - done
[INFO] [stderr]   -- Check for working CXX compiler: /usr/bin/c++ - skipped
[INFO] [stderr]   -- Detecting CXX compile features
[INFO] [stderr]   -- Detecting CXX compile features - done
[INFO] [stderr]   -- Configuring done
[INFO] [stderr]   -- Generating done
[INFO] [stderr]   -- Build files have been written to: /opt/rustwide/target/debug/build/chipmunk-rs-64a04d63610a3ad4/out/build
[INFO] [stderr]   running: cd "/opt/rustwide/target/debug/build/chipmunk-rs-64a04d63610a3ad4/out/build" && MAKEFLAGS="-j --jobserver-fds=6,7 --jobserver-auth=6,7" "cmake" "--build" "." "--target" "install" "--config" "Debug"
[INFO] [stderr]   [  3%] Building C object src/CMakeFiles/chipmunk_static.dir/chipmunk.c.o
[INFO] [stderr]   [  6%] Building C object src/CMakeFiles/chipmunk_static.dir/cpArray.c.o
[INFO] [stderr]   [  9%] Building C object src/CMakeFiles/chipmunk_static.dir/cpBBTree.c.o
[INFO] [stderr]   [ 12%] Building C object src/CMakeFiles/chipmunk_static.dir/cpArbiter.c.o
[INFO] [stderr]   [ 15%] Building C object src/CMakeFiles/chipmunk_static.dir/cpDampedRotarySpring.c.o
[INFO] [stderr]   [ 21%] Building C object src/CMakeFiles/chipmunk_static.dir/cpConstraint.c.o
[INFO] [stderr]   [ 21%] Building C object src/CMakeFiles/chipmunk_static.dir/cpBody.c.o
[INFO] [stderr]   [ 24%] Building C object src/CMakeFiles/chipmunk_static.dir/cpGrooveJoint.c.o
[INFO] [stderr]   [ 27%] Building C object src/CMakeFiles/chipmunk_static.dir/cpCollision.c.o
[INFO] [stderr]   [ 30%] Building C object src/CMakeFiles/chipmunk_static.dir/cpDampedSpring.c.o
[INFO] [stderr]   [ 33%] Building C object src/CMakeFiles/chipmunk_static.dir/cpGearJoint.c.o
[INFO] [stderr]   [ 36%] Building C object src/CMakeFiles/chipmunk_static.dir/cpHashSet.c.o
[INFO] [stderr]   [ 39%] Building C object src/CMakeFiles/chipmunk_static.dir/cpMarch.c.o
[INFO] [stderr]   [ 42%] Building C object src/CMakeFiles/chipmunk_static.dir/cpHastySpace.c.o
[INFO] [stderr]   [ 45%] Building C object src/CMakeFiles/chipmunk_static.dir/cpPinJoint.c.o
[INFO] [stderr]   [ 48%] Building C object src/CMakeFiles/chipmunk_static.dir/cpPolyShape.c.o
[INFO] [stderr]   [ 51%] Building C object src/CMakeFiles/chipmunk_static.dir/cpPivotJoint.c.o
[INFO] [stderr]   [ 54%] Building C object src/CMakeFiles/chipmunk_static.dir/cpRatchetJoint.c.o
[INFO] [stderr]   [ 57%] Building C object src/CMakeFiles/chipmunk_static.dir/cpPolyline.c.o
[INFO] [stderr]   [ 60%] Building C object src/CMakeFiles/chipmunk_static.dir/cpShape.c.o
[INFO] [stderr]   [ 63%] Building C object src/CMakeFiles/chipmunk_static.dir/cpRotaryLimitJoint.c.o
[INFO] [stderr]   [ 66%] Building C object src/CMakeFiles/chipmunk_static.dir/cpRobust.c.o
[INFO] [stderr]   [ 69%] Building C object src/CMakeFiles/chipmunk_static.dir/cpSpace.c.o
[INFO] [stderr]   [ 72%] Building C object src/CMakeFiles/chipmunk_static.dir/cpSlideJoint.c.o
[INFO] [stderr]   [ 75%] Building C object src/CMakeFiles/chipmunk_static.dir/cpSimpleMotor.c.o
[INFO] [stderr] 
[INFO] [stderr]   --- stderr
[INFO] [stderr]   CMake Deprecation Warning at CMakeLists.txt:1 (cmake_minimum_required):
[INFO] [stderr]     Compatibility with CMake < 2.8.12 will be removed from a future version of
[INFO] [stderr]     CMake.
[INFO] [stderr] 
[INFO] [stderr]     Update the VERSION argument <min> value or use a ...<max> suffix to tell
[INFO] [stderr]     CMake that the project does not need compatibility with older versions.
[INFO] [stderr] 
[INFO] [stderr] 
[INFO] [stderr]   Configuring Chipmunk2D version 7.0.1
[INFO] [stderr]   CMake Warning:
[INFO] [stderr]     Manually-specified variables were not used by the project:
[INFO] [stderr] 
[INFO] [stderr]       CMAKE_ASM_COMPILER
[INFO] [stderr]       CMAKE_ASM_FLAGS
[INFO] [stderr] 
[INFO] [stderr] 
[INFO] [stderr]   /opt/rustwide/workdir/chipmunk/src/cpHastySpace.c:9:10: fatal error: sys/sysctl.h: No such file or directory
[INFO] [stderr]       9 | #include <sys/sysctl.h>
[INFO] [stderr]         |          ^~~~~~~~~~~~~~
[INFO] [stderr]   compilation terminated.
[INFO] [stderr]   gmake[2]: *** [src/CMakeFiles/chipmunk_static.dir/build.make:244: src/CMakeFiles/chipmunk_static.dir/cpHastySpace.c.o] Error 1
[INFO] [stderr]   gmake[2]: *** Waiting for unfinished jobs....
[INFO] [stderr]   gmake[1]: *** [CMakeFiles/Makefile2:98: src/CMakeFiles/chipmunk_static.dir/all] Error 2
[INFO] [stderr]   gmake: *** [Makefile:136: all] Error 2
[INFO] [stderr]   thread 'main' panicked at '
[INFO] [stderr]   command did not execute successfully, got: exit status: 2
[INFO] [stderr] 
[INFO] [stderr]   build script failed, must exit now', /opt/rustwide/cargo-home/registry/src/github.com-1ecc6299db9ec823/cmake-0.1.50/src/lib.rs:1098:5
[INFO] [stderr]   stack backtrace:
[INFO] [stderr]      0:     0x55ff545a24ba - std::backtrace_rs::backtrace::libunwind::trace::ha9053a9a07ca49cb
[INFO] [stderr]                                  at /rustc/84c898d65adf2f39a5a98507f1fe0ce10a2b8dbc/library/std/src/../../backtrace/src/backtrace/libunwind.rs:93:5
[INFO] [stderr]      1:     0x55ff545a24ba - std::backtrace_rs::backtrace::trace_unsynchronized::h9c2852a457ad564e
[INFO] [stderr]                                  at /rustc/84c898d65adf2f39a5a98507f1fe0ce10a2b8dbc/library/std/src/../../backtrace/src/backtrace/mod.rs:66:5
[INFO] [stderr]      2:     0x55ff545a24ba - std::sys_common::backtrace::_print_fmt::h457936fbfaa0070f
[INFO] [stderr]                                  at /rustc/84c898d65adf2f39a5a98507f1fe0ce10a2b8dbc/library/std/src/sys_common/backtrace.rs:65:5
[INFO] [stderr]      3:     0x55ff545a24ba - <std::sys_common::backtrace::_print::DisplayBacktrace as core::fmt::Display>::fmt::h5779d7bf7f70cb0c
[INFO] [stderr]                                  at /rustc/84c898d65adf2f39a5a98507f1fe0ce10a2b8dbc/library/std/src/sys_common/backtrace.rs:44:22
[INFO] [stderr]      4:     0x55ff545c27ce - core::fmt::write::h5a4baaff1bcd3eb5
[INFO] [stderr]                                  at /rustc/84c898d65adf2f39a5a98507f1fe0ce10a2b8dbc/library/core/src/fmt/mod.rs:1232:17
[INFO] [stderr]      5:     0x55ff5459f575 - std::io::Write::write_fmt::h4bc1f301cb9e9cce
[INFO] [stderr]                                  at /rustc/84c898d65adf2f39a5a98507f1fe0ce10a2b8dbc/library/std/src/io/mod.rs:1684:15
[INFO] [stderr]      6:     0x55ff545a2285 - std::sys_common::backtrace::_print::h5fcdc36060f177e8
[INFO] [stderr]                                  at /rustc/84c898d65adf2f39a5a98507f1fe0ce10a2b8dbc/library/std/src/sys_common/backtrace.rs:47:5
[INFO] [stderr]      7:     0x55ff545a2285 - std::sys_common::backtrace::print::h54ca9458b876c8bf
[INFO] [stderr]                                  at /rustc/84c898d65adf2f39a5a98507f1fe0ce10a2b8dbc/library/std/src/sys_common/backtrace.rs:34:9
[INFO] [stderr]      8:     0x55ff545a3c5f - std::panicking::default_hook::{{closure}}::hbe471161c7664ed6
[INFO] [stderr]                                  at /rustc/84c898d65adf2f39a5a98507f1fe0ce10a2b8dbc/library/std/src/panicking.rs:271:22
[INFO] [stderr]      9:     0x55ff545a399b - std::panicking::default_hook::ha3500da57aa4ac4f
[INFO] [stderr]                                  at /rustc/84c898d65adf2f39a5a98507f1fe0ce10a2b8dbc/library/std/src/panicking.rs:290:9
[INFO] [stderr]     10:     0x55ff545a4208 - std::panicking::rust_panic_with_hook::h50c09d000dc561d2
[INFO] [stderr]                                  at /rustc/84c898d65adf2f39a5a98507f1fe0ce10a2b8dbc/library/std/src/panicking.rs:692:13
[INFO] [stderr]     11:     0x55ff545a4109 - std::panicking::begin_panic_handler::{{closure}}::h9e2b2176e00e0d9c
[INFO] [stderr]                                  at /rustc/84c898d65adf2f39a5a98507f1fe0ce10a2b8dbc/library/std/src/panicking.rs:583:13
[INFO] [stderr]     12:     0x55ff545a2926 - std::sys_common::backtrace::__rust_end_short_backtrace::h5739b8e512c09d02
[INFO] [stderr]                                  at /rustc/84c898d65adf2f39a5a98507f1fe0ce10a2b8dbc/library/std/src/sys_common/backtrace.rs:150:18
[INFO] [stderr]     13:     0x55ff545a3e12 - rust_begin_unwind
[INFO] [stderr]                                  at /rustc/84c898d65adf2f39a5a98507f1fe0ce10a2b8dbc/library/std/src/panicking.rs:579:5
[INFO] [stderr]     14:     0x55ff545267a3 - core::panicking::panic_fmt::hf33a1475b4dc5c3e
[INFO] [stderr]                                  at /rustc/84c898d65adf2f39a5a98507f1fe0ce10a2b8dbc/library/core/src/panicking.rs:64:14
[INFO] [stderr]     15:     0x55ff5453120f - cmake::fail::he523feb31d426beb
[INFO] [stderr]     16:     0x55ff54530d03 - cmake::run::h28b9026df7e93e8d
[INFO] [stderr]     17:     0x55ff5452d833 - cmake::Config::build::h36ec1f0187cbfcd5
[INFO] [stderr]     18:     0x55ff545277a4 - build_script_build::main::h802fb1bd99fcb111
[INFO] [stderr]     19:     0x55ff545281c3 - core::ops::function::FnOnce::call_once::hb8ac41bb8b888697
[INFO] [stderr]     20:     0x55ff54528169 - std::sys_common::backtrace::__rust_begin_short_backtrace::h4c473b6aeaf6b3f5
[INFO] [stderr]     21:     0x55ff54527549 - std::rt::lang_start::{{closure}}::hb3f99f53b27ce4b2
[INFO] [stderr]     22:     0x55ff5459b63c - core::ops::function::impls::<impl core::ops::function::FnOnce<A> for &F>::call_once::hd6efcd3bec896f2c
[INFO] [stderr]                                  at /rustc/84c898d65adf2f39a5a98507f1fe0ce10a2b8dbc/library/core/src/ops/function.rs:287:13
[INFO] [stderr]     23:     0x55ff5459b63c - std::panicking::try::do_call::hce04e543bb1f4cbb
[INFO] [stderr]                                  at /rustc/84c898d65adf2f39a5a98507f1fe0ce10a2b8dbc/library/std/src/panicking.rs:487:40
[INFO] [stderr]     24:     0x55ff5459b63c - std::panicking::try::h3342dd4e1f680968
[INFO] [stderr]                                  at /rustc/84c898d65adf2f39a5a98507f1fe0ce10a2b8dbc/library/std/src/panicking.rs:451:19
[INFO] [stderr]     25:     0x55ff5459b63c - std::panic::catch_unwind::h148ce1e59ac0cee7
[INFO] [stderr]                                  at /rustc/84c898d65adf2f39a5a98507f1fe0ce10a2b8dbc/library/std/src/panic.rs:140:14
[INFO] [stderr]     26:     0x55ff5459b63c - std::rt::lang_start_internal::{{closure}}::h25f9dda2057a67fe
[INFO] [stderr]                                  at /rustc/84c898d65adf2f39a5a98507f1fe0ce10a2b8dbc/library/std/src/rt.rs:148:48
[INFO] [stderr]     27:     0x55ff5459b63c - std::panicking::try::do_call::h7caaaeaf9401650b
[INFO] [stderr]                                  at /rustc/84c898d65adf2f39a5a98507f1fe0ce10a2b8dbc/library/std/src/panicking.rs:487:40
[INFO] [stderr]     28:     0x55ff5459b63c - std::panicking::try::he7d15285746cbbc2
[INFO] [stderr]                                  at /rustc/84c898d65adf2f39a5a98507f1fe0ce10a2b8dbc/library/std/src/panicking.rs:451:19
[INFO] [stderr]     29:     0x55ff5459b63c - std::panic::catch_unwind::h89fb4f50c0301fe0
[INFO] [stderr]                                  at /rustc/84c898d65adf2f39a5a98507f1fe0ce10a2b8dbc/library/std/src/panic.rs:140:14
[INFO] [stderr]     30:     0x55ff5459b63c - std::rt::lang_start_internal::h078acd489417d3c1
[INFO] [stderr]                                  at /rustc/84c898d65adf2f39a5a98507f1fe0ce10a2b8dbc/library/std/src/rt.rs:148:20
[INFO] [stderr]     31:     0x55ff54527527 - std::rt::lang_start::h43303c37f19f1b10
[INFO] [stderr]     32:     0x55ff54527995 - main
[INFO] [stderr]     33:     0x7f0700249d90 - <unknown>
[INFO] [stderr]     34:     0x7f0700249e40 - __libc_start_main
[INFO] [stderr]     35:     0x55ff54526d25 - _start
[INFO] [stderr]     36:                0x0 - <unknown>
[INFO] running `Command { std: "docker" "inspect" "12f9506a709e46d16800fd097a51d383cebc06b8272e6a8779143a6ce1cee88f", kill_on_drop: false }`
[INFO] running `Command { std: "docker" "rm" "-f" "12f9506a709e46d16800fd097a51d383cebc06b8272e6a8779143a6ce1cee88f", kill_on_drop: false }`
[INFO] [stdout] 12f9506a709e46d16800fd097a51d383cebc06b8272e6a8779143a6ce1cee88f
