[INFO] fetching crate cfmms 0.6.2...
[INFO] testing cfmms-0.6.2 against 1.69.0 for beta-1.70-1
[INFO] extracting crate cfmms 0.6.2 into /workspace/builds/worker-2-tc1/source
[INFO] validating manifest of crates.io crate cfmms 0.6.2 on toolchain 1.69.0
[INFO] running `Command { std: CARGO_HOME="/workspace/cargo-home" RUSTUP_HOME="/workspace/rustup-home" "/workspace/cargo-home/bin/cargo" "+1.69.0" "metadata" "--manifest-path" "Cargo.toml" "--no-deps", kill_on_drop: false }`
[INFO] started tweaking crates.io crate cfmms 0.6.2
[INFO] finished tweaking crates.io crate cfmms 0.6.2
[INFO] tweaked toml for crates.io crate cfmms 0.6.2 written to /workspace/builds/worker-2-tc1/source/Cargo.toml
[INFO] crate crates.io crate cfmms 0.6.2 already has a lockfile, it will not be regenerated
[INFO] running `Command { std: CARGO_HOME="/workspace/cargo-home" RUSTUP_HOME="/workspace/rustup-home" "/workspace/cargo-home/bin/cargo" "+1.69.0" "fetch" "--manifest-path" "Cargo.toml", kill_on_drop: false }`
[INFO] [stderr]     Blocking waiting for file lock on package cache
[INFO] [stderr]     Blocking waiting for file lock on package cache
[INFO] [stderr]  Downloading crates ...
[INFO] [stderr]   Downloaded open-fastrlp v0.1.4
[INFO] [stderr]   Downloaded rlp v0.5.2
[INFO] [stderr]   Downloaded number_prefix v0.4.0
[INFO] [stderr]   Downloaded zstd v0.11.2+zstd.1.5.2
[INFO] [stderr]   Downloaded rustls v0.20.7
[INFO] [stderr]   Downloaded eth-keystore v0.5.0
[INFO] [stderr]   Downloaded ethbloom v0.13.0
[INFO] [stderr]   Downloaded coins-bip32 v0.7.0
[INFO] [stderr]   Downloaded enr v0.7.0
[INFO] [stderr]   Downloaded scrypt v0.10.0
[INFO] [stderr]   Downloaded ctr v0.9.2
[INFO] [stderr]   Downloaded coins-bip39 v0.7.0
[INFO] [stderr]   Downloaded async-trait v0.1.60
[INFO] [stderr]   Downloaded coins-core v0.7.0
[INFO] [stderr]   Downloaded password-hash v0.4.2
[INFO] [stderr]   Downloaded camino v1.1.1
[INFO] [stderr]   Downloaded zstd-safe v5.0.2+zstd.1.5.2
[INFO] [stderr]   Downloaded ws_stream_wasm v0.7.3
[INFO] [stderr]   Downloaded indicatif v0.16.2
[INFO] [stderr]   Downloaded aes v0.8.2
[INFO] [stderr]   Downloaded base64ct v1.5.3
[INFO] [stderr]   Downloaded console v0.15.4
[INFO] [stderr]   Downloaded ethers-contract v2.0.0
[INFO] [stderr]   Downloaded ruint-macro v1.0.2
[INFO] [stderr]   Downloaded sha3 v0.10.6
[INFO] [stderr]   Downloaded send_wrapper v0.5.0
[INFO] [stderr]   Downloaded serde-aux v4.1.2
[INFO] [stderr]   Downloaded svm-rs v0.2.22
[INFO] [stderr]   Downloaded ethers-contract-derive v2.0.0
[INFO] [stderr]   Downloaded indicatif v0.17.2
[INFO] [stderr]   Downloaded futures-locks v0.7.1
[INFO] [stderr]   Downloaded phf_macros v0.11.1
[INFO] [stderr]   Downloaded zip v0.6.4
[INFO] [stderr]   Downloaded ethers-contract-abigen v2.0.0
[INFO] [stderr]   Downloaded ethers-etherscan v2.0.0
[INFO] [stderr]   Downloaded ethers v2.0.0
[INFO] [stderr]   Downloaded dialoguer v0.8.0
[INFO] [stderr]   Downloaded ethers-providers v2.0.0
[INFO] [stderr]   Downloaded prettyplease v0.1.24
[INFO] [stderr]   Downloaded ethers-addressbook v2.0.0
[INFO] [stderr]   Downloaded bzip2 v0.4.4
[INFO] [stderr]   Downloaded solang-parser v0.2.3
[INFO] [stderr]   Downloaded ethers-middleware v2.0.0
[INFO] [stderr]   Downloaded portable-atomic v0.3.19
[INFO] [stderr]   Downloaded dunce v1.0.3
[INFO] [stderr]   Downloaded lalrpop-util v0.19.8
[INFO] [stderr]   Downloaded ruint v1.7.0
[INFO] [stderr]   Downloaded base58check v0.1.0
[INFO] [stderr]   Downloaded impl-codec v0.6.0
[INFO] [stderr]   Downloaded open-fastrlp-derive v0.1.1
[INFO] [stderr]   Downloaded parity-scale-codec-derive v3.1.3
[INFO] [stderr]   Downloaded bech32 v0.7.3
[INFO] [stderr]   Downloaded auto_impl v1.0.1
[INFO] [stderr]   Downloaded path-slash v0.2.1
[INFO] [stderr]   Downloaded ethabi v18.0.0
[INFO] [stderr]   Downloaded const-oid v0.9.1
[INFO] [stderr]   Downloaded rlp-derive v0.1.0
[INFO] [stderr]   Downloaded ena v0.14.1
[INFO] [stderr]   Downloaded pico-args v0.4.2
[INFO] [stderr]   Downloaded scale-info v2.3.1
[INFO] [stderr]   Downloaded ethereum-types v0.14.1
[INFO] [stderr]   Downloaded parity-scale-codec v3.2.1
[INFO] [stderr]   Downloaded impl-rlp v0.3.0
[INFO] [stderr]   Downloaded ethers-core v2.0.0
[INFO] [stderr]   Downloaded string_cache v0.8.6
[INFO] [stderr]   Downloaded lalrpop v0.19.8
[INFO] [stderr]   Downloaded bzip2-sys v0.1.11+1.0.8
[INFO] [stderr]   Downloaded hashers v1.0.1
[INFO] [stderr]   Downloaded ethers-signers v2.0.0
[INFO] [stderr]   Downloaded scale-info-derive v2.3.1
[INFO] [stderr]   Downloaded tokio v1.23.1
[INFO] [stderr]   Downloaded num-bigfloat v1.6.2
[INFO] [stderr]   Downloaded ethers-solc v2.0.0
[INFO] [stderr]   Downloaded uniswap_v3_math v0.2.26
[INFO] running `Command { std: "docker" "create" "-v" "/var/lib/crater-agent-workspace/builds/worker-2-tc1/target:/opt/rustwide/target:rw,Z" "-v" "/var/lib/crater-agent-workspace/builds/worker-2-tc1/source:/opt/rustwide/workdir:ro,Z" "-v" "/var/lib/crater-agent-workspace/cargo-home:/opt/rustwide/cargo-home:ro,Z" "-v" "/var/lib/crater-agent-workspace/rustup-home:/opt/rustwide/rustup-home:ro,Z" "-e" "SOURCE_DIR=/opt/rustwide/workdir" "-e" "CARGO_TARGET_DIR=/opt/rustwide/target" "-e" "CARGO_HOME=/opt/rustwide/cargo-home" "-e" "RUSTUP_HOME=/opt/rustwide/rustup-home" "-w" "/opt/rustwide/workdir" "-m" "1610612736" "--user" "0:0" "--network" "none" "ghcr.io/rust-lang/crates-build-env/linux@sha256:5ff2268d62e97bff2cde7d5815dd6ed5b47097566f13b8d0ca110b04b60e07ed" "/opt/rustwide/cargo-home/bin/cargo" "+1.69.0" "metadata" "--no-deps" "--format-version=1", kill_on_drop: false }`
[INFO] [stdout] dd1b4c91f17b2a0b80f2bdd8f0a0d18f9f9183d54db118ed57bb3dcfd364537b
[INFO] running `Command { std: "docker" "start" "-a" "dd1b4c91f17b2a0b80f2bdd8f0a0d18f9f9183d54db118ed57bb3dcfd364537b", kill_on_drop: false }`
[INFO] running `Command { std: "docker" "inspect" "dd1b4c91f17b2a0b80f2bdd8f0a0d18f9f9183d54db118ed57bb3dcfd364537b", kill_on_drop: false }`
[INFO] running `Command { std: "docker" "rm" "-f" "dd1b4c91f17b2a0b80f2bdd8f0a0d18f9f9183d54db118ed57bb3dcfd364537b", kill_on_drop: false }`
[INFO] [stdout] dd1b4c91f17b2a0b80f2bdd8f0a0d18f9f9183d54db118ed57bb3dcfd364537b
[INFO] running `Command { std: "docker" "create" "-v" "/var/lib/crater-agent-workspace/builds/worker-2-tc1/target:/opt/rustwide/target:rw,Z" "-v" "/var/lib/crater-agent-workspace/builds/worker-2-tc1/source:/opt/rustwide/workdir:ro,Z" "-v" "/var/lib/crater-agent-workspace/cargo-home:/opt/rustwide/cargo-home:ro,Z" "-v" "/var/lib/crater-agent-workspace/rustup-home:/opt/rustwide/rustup-home:ro,Z" "-e" "SOURCE_DIR=/opt/rustwide/workdir" "-e" "CARGO_TARGET_DIR=/opt/rustwide/target" "-e" "CARGO_INCREMENTAL=0" "-e" "RUST_BACKTRACE=full" "-e" "RUSTFLAGS=--cap-lints=warn" "-e" "RUSTDOCFLAGS=--cap-lints=warn" "-e" "CARGO_HOME=/opt/rustwide/cargo-home" "-e" "RUSTUP_HOME=/opt/rustwide/rustup-home" "-w" "/opt/rustwide/workdir" "-m" "1610612736" "--user" "0:0" "--network" "none" "ghcr.io/rust-lang/crates-build-env/linux@sha256:5ff2268d62e97bff2cde7d5815dd6ed5b47097566f13b8d0ca110b04b60e07ed" "/opt/rustwide/cargo-home/bin/cargo" "+1.69.0" "build" "--frozen" "--message-format=json", kill_on_drop: false }`
[INFO] [stdout] a0ac85359556528322369e278ba06d08b4558e05ab5c1ebd2cf2c0a414ed93f9
[INFO] running `Command { std: "docker" "start" "-a" "a0ac85359556528322369e278ba06d08b4558e05ab5c1ebd2cf2c0a414ed93f9", kill_on_drop: false }`
[INFO] [stderr]     Blocking waiting for file lock on package cache
[INFO] [stderr]    Compiling proc-macro2 v1.0.51
[INFO] [stderr]    Compiling unicode-ident v1.0.6
[INFO] [stderr]    Compiling syn v1.0.109
[INFO] [stderr]    Compiling serde_derive v1.0.152
[INFO] [stderr]    Compiling serde v1.0.152
[INFO] [stderr]    Compiling subtle v2.4.1
[INFO] [stderr]    Compiling thiserror v1.0.38
[INFO] [stderr]    Compiling quote v1.0.23
[INFO] [stderr]    Compiling crunchy v0.2.2
[INFO] [stderr]    Compiling base64ct v1.5.3
[INFO] [stderr]    Compiling itoa v1.0.5
[INFO] [stderr]    Compiling rustc-hex v2.1.0
[INFO] [stderr]    Compiling const-oid v0.9.1
[INFO] [stderr]    Compiling cpufeatures v0.2.5
[INFO] [stderr]    Compiling arrayvec v0.7.2
[INFO] [stderr]    Compiling byte-slice-cast v1.2.2
[INFO] [stderr]    Compiling convert_case v0.4.0
[INFO] [stderr]    Compiling aho-corasick v0.7.20
[INFO] [stderr]    Compiling digest v0.10.6
[INFO] [stderr]    Compiling regex-syntax v0.6.28
[INFO] [stderr]    Compiling base16ct v0.1.1
[INFO] [stderr]    Compiling zeroize v1.5.7
[INFO] [stderr]    Compiling keccak v0.1.3
[INFO] [stderr]    Compiling ryu v1.0.12
[INFO] [stderr]    Compiling parking_lot_core v0.9.5
[INFO] [stderr]    Compiling hmac v0.12.1
[INFO] [stderr]    Compiling ff v0.12.1
[INFO] [stderr]    Compiling semver v1.0.16
[INFO] [stderr]    Compiling futures-core v0.3.25
[INFO] [stderr]    Compiling cc v1.0.78
[INFO] [stderr]    Compiling signature v1.6.4
[INFO] [stderr]    Compiling der v0.6.1
[INFO] [stderr]    Compiling rand v0.8.5
[INFO] [stderr]    Compiling futures-sink v0.3.25
[INFO] [stderr]    Compiling group v0.12.1
[INFO] [stderr]    Compiling futures-channel v0.3.25
[INFO] [stderr]    Compiling io-lifetimes v1.0.4
[INFO] [stderr]    Compiling tiny-keccak v2.0.2
[INFO] [stderr]    Compiling futures-task v0.3.25
[INFO] [stderr]    Compiling sha2 v0.10.6
[INFO] [stderr]    Compiling slab v0.4.7
[INFO] [stderr]    Compiling camino v1.1.1
[INFO] [stderr]    Compiling rustix v0.36.7
[INFO] [stderr]    Compiling serde_json v1.0.91
[INFO] [stderr]    Compiling proc-macro-error-attr v1.0.4
[INFO] [stderr]    Compiling parking_lot v0.12.1
[INFO] [stderr]    Compiling sha3 v0.10.6
[INFO] [stderr]    Compiling crypto-bigint v0.4.9
[INFO] [stderr]    Compiling tokio v1.23.1
[INFO] [stderr]    Compiling unicode-xid v0.2.4
[INFO] [stderr]    Compiling rustversion v1.0.11
[INFO] [stderr]    Compiling either v1.8.0
[INFO] [stderr]    Compiling futures-util v0.3.25
[INFO] [stderr]    Compiling siphasher v0.3.10
[INFO] [stderr]    Compiling mio v0.8.5
[INFO] [stderr]    Compiling spki v0.6.0
[INFO] [stderr]    Compiling signal-hook-registry v1.4.0
[INFO] [stderr]    Compiling socket2 v0.4.7
[INFO] [stderr]    Compiling ring v0.16.20
[INFO] [stderr]    Compiling futures-io v0.3.25
[INFO] [stderr]    Compiling pkcs8 v0.9.0
[INFO] [stderr]    Compiling fixed-hash v0.8.0
[INFO] [stderr]    Compiling num-traits v0.2.15
[INFO] [stderr]    Compiling sec1 v0.3.0
[INFO] [stderr]    Compiling rfc6979 v0.3.1
[INFO] [stderr]    Compiling rustls v0.20.7
[INFO] [stderr]    Compiling uint v0.9.5
[INFO] [stderr]    Compiling elliptic-curve v0.12.3
[INFO] [stderr]    Compiling regex v1.7.1
[INFO] [stderr]    Compiling unicode-normalization v0.1.22
[INFO] [stderr]    Compiling dirs-sys-next v0.1.2
[INFO] [stderr]    Compiling byteorder v1.4.3
[INFO] [stderr]    Compiling base64 v0.13.1
[INFO] [stderr]    Compiling ecdsa v0.14.8
[INFO] [stderr]    Compiling atty v0.2.14
[INFO] [stderr]    Compiling dirs-next v2.0.0
[INFO] [stderr]    Compiling phf_shared v0.10.0
[INFO] [stderr]    Compiling unicode-segmentation v1.10.0
[INFO] [stderr]    Compiling term v0.7.0
[INFO] [stderr]    Compiling precomputed-hash v0.1.1
[INFO] [stderr]    Compiling k256 v0.11.6
[INFO] [stderr]    Compiling new_debug_unreachable v1.0.4
[INFO] [stderr]    Compiling hex v0.4.3
[INFO] [stderr]    Compiling bit-vec v0.6.3
[INFO] [stderr]    Compiling ascii-canvas v3.0.0
[INFO] [stderr]    Compiling string_cache v0.8.6
[INFO] [stderr]    Compiling idna v0.3.0
[INFO] [stderr]    Compiling bit-set v0.5.3
[INFO] [stderr]    Compiling convert_case v0.6.0
[INFO] [stderr]    Compiling phf_shared v0.11.1
[INFO] [stderr]    Compiling itertools v0.10.5
[INFO] [stderr]    Compiling lalrpop-util v0.19.8
[INFO] [stderr]    Compiling ena v0.14.1
[INFO] [stderr]    Compiling tempfile v3.4.0
[INFO] [stderr]    Compiling url v2.3.1
[INFO] [stderr]    Compiling num-integer v0.1.45
[INFO] [stderr]    Compiling generic-array v0.12.4
[INFO] [stderr]    Compiling diff v0.1.13
[INFO] [stderr]    Compiling pico-args v0.4.2
[INFO] [stderr]    Compiling byte-tools v0.3.1
[INFO] [stderr]    Compiling chrono v0.4.23
[INFO] [stderr]    Compiling block-padding v0.1.5
[INFO] [stderr]    Compiling phf_generator v0.11.1
[INFO] [stderr]    Compiling rustls-pemfile v1.0.1
[INFO] [stderr]    Compiling console v0.15.4
[INFO] [stderr]    Compiling inout v0.1.3
[INFO] [stderr]    Compiling terminal_size v0.1.17
[INFO] [stderr]    Compiling anyhow v1.0.69
[INFO] [stderr]    Compiling ipnet v2.7.0
[INFO] [stderr]    Compiling number_prefix v0.4.0
[INFO] [stderr]    Compiling os_str_bytes v6.4.1
[INFO] [stderr]    Compiling prettyplease v0.1.24
[INFO] [stderr]    Compiling cipher v0.4.3
[INFO] [stderr]    Compiling console v0.14.1
[INFO] [stderr]    Compiling walkdir v2.3.2
[INFO] [stderr]    Compiling block-buffer v0.7.3
[INFO] [stderr]    Compiling clap_lex v0.2.4
[INFO] [stderr]    Compiling digest v0.8.1
[INFO] [stderr]    Compiling lalrpop v0.19.8
[INFO] [stderr]    Compiling crossbeam-channel v0.5.7
[INFO] [stderr]    Compiling digest v0.9.0
[INFO] [stderr]    Compiling block-buffer v0.9.0
[INFO] [stderr]    Compiling eyre v0.6.8
[INFO] [stderr]    Compiling textwrap v0.16.0
[INFO] [stderr]    Compiling termcolor v1.2.0
[INFO] [stderr]    Compiling proc-macro-error v1.0.4
[INFO] [stderr]    Compiling webpki v0.22.0
[INFO] [stderr]    Compiling sct v0.7.0
[INFO] [stderr]    Compiling bs58 v0.4.0
[INFO] [stderr]    Compiling opaque-debug v0.2.3
[INFO] [stderr]    Compiling fake-simd v0.1.2
[INFO] [stderr]    Compiling opaque-debug v0.3.0
[INFO] [stderr]    Compiling dunce v1.0.3
[INFO] [stderr]    Compiling webpki-roots v0.22.6
[INFO] [stderr]    Compiling sha2 v0.9.9
[INFO] [stderr]    Compiling sha2 v0.8.2
[INFO] [stderr]    Compiling rayon-core v1.11.0
[INFO] [stderr]    Compiling indicatif v0.16.2
[INFO] [stderr]    Compiling dialoguer v0.8.0
[INFO] [stderr]    Compiling password-hash v0.4.2
[INFO] [stderr]    Compiling fs2 v0.4.3
[INFO] [stderr]    Compiling indenter v0.3.3
[INFO] [stderr]    Compiling base58 v0.1.0
[INFO] [stderr]    Compiling home v0.5.4
[INFO] [stderr]    Compiling async-trait v0.1.60
[INFO] [stderr]    Compiling rayon v1.7.0
[INFO] [stderr]    Compiling pbkdf2 v0.11.0
[INFO] [stderr]    Compiling base58check v0.1.0
[INFO] [stderr]    Compiling Inflector v0.11.4
[INFO] [stderr]    Compiling ripemd v0.1.3
[INFO] [stderr]    Compiling sha1 v0.10.5
[INFO] [stderr]    Compiling blake2 v0.10.6
[INFO] [stderr]    Compiling md-5 v0.10.5
[INFO] [stderr]    Compiling path-slash v0.2.1
[INFO] [stderr]    Compiling bech32 v0.7.3
[INFO] [stderr]    Compiling yansi v0.5.1
[INFO] [stderr]    Compiling glob v0.3.1
[INFO] [stderr]    Compiling base64 v0.12.3
[INFO] [stderr]    Compiling utf-8 v0.7.6
[INFO] [stderr]    Compiling salsa20 v0.10.2
[INFO] [stderr]    Compiling fxhash v0.2.1
[INFO] [stderr]    Compiling radium v0.3.0
[INFO] [stderr]    Compiling hashers v1.0.1
[INFO] [stderr]    Compiling scrypt v0.10.0
[INFO] [stderr]    Compiling bitvec v0.17.4
[INFO] [stderr]    Compiling ctr v0.9.2
[INFO] [stderr]    Compiling aes v0.8.2
[INFO] [stderr]    Compiling futures-timer v3.0.2
[INFO] [stderr]    Compiling futures-locks v0.7.1
[INFO] [stderr]    Compiling instant v0.1.12
[INFO] [stderr]    Compiling portable-atomic v0.3.19
[INFO] [stderr]    Compiling ruint-macro v1.0.2
[INFO] [stderr]    Compiling thiserror-impl v1.0.38
[INFO] [stderr]    Compiling impl-trait-for-tuples v0.2.2
[INFO] [stderr]    Compiling derive_more v0.99.17
[INFO] [stderr]    Compiling futures-macro v0.3.25
[INFO] [stderr]    Compiling tracing-attributes v0.1.23
[INFO] [stderr]    Compiling tokio-macros v1.8.2
[INFO] [stderr]    Compiling auto_impl v1.0.1
[INFO] [stderr]    Compiling strum_macros v0.24.3
[INFO] [stderr]    Compiling rlp-derive v0.1.0
[INFO] [stderr]    Compiling phf_macros v0.11.1
[INFO] [stderr]    Compiling clap_derive v3.2.18
[INFO] [stderr]    Compiling pin-project-internal v1.0.12
[INFO] [stderr]    Compiling indicatif v0.17.2
[INFO] [stderr]    Compiling phf v0.11.1
[INFO] [stderr]    Compiling tracing v0.1.37
[INFO] [stderr]    Compiling strum v0.24.1
[INFO] [stderr]    Compiling pin-project v1.0.12
[INFO] [stderr]    Compiling tracing-futures v0.2.5
[INFO] [stderr]    Compiling clap v3.2.23
[INFO] [stderr]    Compiling futures-executor v0.3.25
[INFO] [stderr]    Compiling futures v0.3.25
[INFO] [stderr]    Compiling solang-parser v0.2.3
[INFO] [stderr]    Compiling bytes v1.4.0
[INFO] [stderr]    Compiling impl-serde v0.4.0
[INFO] [stderr]    Compiling cargo-platform v0.1.2
[INFO] [stderr]    Compiling serde_urlencoded v0.7.1
[INFO] [stderr]    Compiling bincode v1.3.3
[INFO] [stderr]    Compiling coins-core v0.7.0
[INFO] [stderr]    Compiling toml v0.5.10
[INFO] [stderr]    Compiling coins-bip32 v0.7.0
[INFO] [stderr]    Compiling uuid v0.8.2
[INFO] [stderr]    Compiling rlp v0.5.2
[INFO] [stderr]    Compiling http v0.2.8
[INFO] [stderr]    Compiling rustc_version v0.4.0
[INFO] [stderr]    Compiling impl-rlp v0.3.0
[INFO] [stderr]    Compiling open-fastrlp-derive v0.1.1
[INFO] [stderr]    Compiling enr v0.7.0
[INFO] [stderr]    Compiling num-bigfloat v1.6.2
[INFO] [stderr]    Compiling coins-bip39 v0.7.0
[INFO] [stderr]    Compiling proc-macro-crate v1.2.1
[INFO] [stderr]    Compiling ruint v1.7.0
[INFO] [stderr]    Compiling cargo_metadata v0.15.3
[INFO] [stderr]    Compiling serde-aux v4.1.2
[INFO] [stderr]    Compiling eth-keystore v0.5.0
[INFO] [stderr]    Compiling http-body v0.4.5
[INFO] [stderr]    Compiling tungstenite v0.18.0
[INFO] [stderr]    Compiling parity-scale-codec-derive v3.1.3
[INFO] [stderr]    Compiling scale-info-derive v2.3.1
[INFO] [stderr]    Compiling num_enum_derive v0.5.11
[INFO] [stderr]    Compiling parity-scale-codec v3.2.1
[INFO] [stderr]    Compiling num_enum v0.5.11
[INFO] [stderr]    Compiling scale-info v2.3.1
[INFO] [stderr]    Compiling impl-codec v0.6.0
[INFO] [stderr]    Compiling tokio-util v0.7.4
[INFO] [stderr]    Compiling tokio-rustls v0.23.4
[INFO] [stderr]    Compiling primitive-types v0.12.1
[INFO] [stderr]    Compiling ethbloom v0.13.0
[INFO] [stderr]    Compiling tokio-tungstenite v0.18.0
[INFO] [stderr]    Compiling h2 v0.3.15
[INFO] [stderr]    Compiling ethereum-types v0.14.1
[INFO] [stderr]    Compiling ethabi v18.0.0
[INFO] [stderr]    Compiling open-fastrlp v0.1.4
[INFO] [stderr]    Compiling ethers-core v2.0.0
[INFO] [stderr]    Compiling hyper v0.14.23
[INFO] [stderr]    Compiling hyper-rustls v0.23.2
[INFO] [stderr]    Compiling reqwest v0.11.14
[INFO] [stderr]    Compiling svm-rs v0.2.22
[INFO] [stderr]    Compiling ethers-contract-abigen v2.0.0
[INFO] [stderr]    Compiling ethers-providers v2.0.0
[INFO] [stderr]    Compiling ethers-signers v2.0.0
[INFO] [stderr]    Compiling ethers-addressbook v2.0.0
[INFO] [stderr]    Compiling ethers-contract-derive v2.0.0
[INFO] [stderr]    Compiling ethers-solc v2.0.0
[INFO] [stderr]    Compiling ethers-etherscan v2.0.0
[INFO] [stderr]    Compiling ethers-contract v2.0.0
[INFO] [stdout] error[E0433]: failed to resolve: could not find `ethers` in the list of imported crates
[INFO] [stdout]  --> /opt/rustwide/cargo-home/registry/src/github.com-1ecc6299db9ec823/ethers-contract-2.0.0/src/multicall/contract.rs:4:1
[INFO] [stdout]   |
[INFO] [stdout] 4 | abigen!(Multicall3, "src/multicall/multicall_abi.json");
[INFO] [stdout]   | ^^^^^^^^^^^^^^^^^^^^^^^^^^^^^^^^^^^^^^^^^^^^^^^^^^^^^^^ could not find `ethers` in the list of imported crates
[INFO] [stdout]   |
[INFO] [stdout]   = note: this error originates in the macro `abigen` (in Nightly builds, run with -Z macro-backtrace for more info)
[INFO] [stdout] 
[INFO] [stdout] 
[INFO] [stdout] error: cannot find attribute `ethcall` in this scope
[INFO] [stdout]  --> /opt/rustwide/cargo-home/registry/src/github.com-1ecc6299db9ec823/ethers-contract-2.0.0/src/multicall/contract.rs:4:1
[INFO] [stdout]   |
[INFO] [stdout] 4 | abigen!(Multicall3, "src/multicall/multicall_abi.json");
[INFO] [stdout]   | ^^^^^^^^^^^^^^^^^^^^^^^^^^^^^^^^^^^^^^^^^^^^^^^^^^^^^^^
[INFO] [stdout]   |
[INFO] [stdout]   = note: this error originates in the macro `abigen` (in Nightly builds, run with -Z macro-backtrace for more info)
[INFO] [stdout] 
[INFO] [stdout] 
[INFO] [stdout] error[E0433]: failed to resolve: could not find `ethers` in the list of imported crates
[INFO] [stdout]  --> /opt/rustwide/cargo-home/registry/src/github.com-1ecc6299db9ec823/ethers-contract-2.0.0/src/multicall/contract.rs:4:1
[INFO] [stdout]   |
[INFO] [stdout] 4 | abigen!(Multicall3, "src/multicall/multicall_abi.json");
[INFO] [stdout]   | ^^^^^^^^^^^^^^^^^^^^^^^^^^^^^^^^^^^^^^^^^^^^^^^^^^^^^^^ could not find `ethers` in the list of imported crates
[INFO] [stdout]   |
[INFO] [stdout]   = help: consider importing one of these items:
[INFO] [stdout]           crate::Lazy
[INFO] [stdout]           futures_util::future::Lazy
[INFO] [stdout]           once_cell::sync::Lazy
[INFO] [stdout]           once_cell::unsync::Lazy
[INFO] [stdout]   = note: this error originates in the macro `abigen` (in Nightly builds, run with -Z macro-backtrace for more info)
[INFO] [stdout] 
[INFO] [stdout] 
[INFO] [stdout] error[E0433]: failed to resolve: could not find `ethers` in the list of imported crates
[INFO] [stdout]  --> /opt/rustwide/cargo-home/registry/src/github.com-1ecc6299db9ec823/ethers-contract-2.0.0/src/multicall/contract.rs:4:1
[INFO] [stdout]   |
[INFO] [stdout] 4 | abigen!(Multicall3, "src/multicall/multicall_abi.json");
[INFO] [stdout]   | ^^^^^^^^^^^^^^^^^^^^^^^^^^^^^^^^^^^^^^^^^^^^^^^^^^^^^^^ could not find `ethers` in the list of imported crates
[INFO] [stdout]   |
[INFO] [stdout]   = help: consider importing one of these items:
[INFO] [stdout]           crate::Contract
[INFO] [stdout]           ethers_core::abi::Contract
[INFO] [stdout]   = note: this error originates in the macro `abigen` (in Nightly builds, run with -Z macro-backtrace for more info)
[INFO] [stdout] 
[INFO] [stdout] 
[INFO] [stdout] error[E0433]: failed to resolve: could not find `ethers` in the list of imported crates
[INFO] [stdout]  --> /opt/rustwide/cargo-home/registry/src/github.com-1ecc6299db9ec823/ethers-contract-2.0.0/src/multicall/contract.rs:4:1
[INFO] [stdout]   |
[INFO] [stdout] 4 | abigen!(Multicall3, "src/multicall/multicall_abi.json");
[INFO] [stdout]   | ^^^^^^^^^^^^^^^^^^^^^^^^^^^^^^^^^^^^^^^^^^^^^^^^^^^^^^^ could not find `ethers` in the list of imported crates
[INFO] [stdout]   |
[INFO] [stdout]   = help: consider importing this trait:
[INFO] [stdout]           ethers_core::abi::AbiEncode
[INFO] [stdout]   = note: this error originates in the macro `abigen` (in Nightly builds, run with -Z macro-backtrace for more info)
[INFO] [stdout] 
[INFO] [stdout] 
[INFO] [stdout] error: aborting due to 5 previous errors
[INFO] [stdout] 
[INFO] [stdout] 
[INFO] [stdout] For more information about this error, try `rustc --explain E0433`.
[INFO] [stdout] 
[INFO] [stderr] error: could not compile `ethers-contract` due to 6 previous errors
[INFO] [stderr] warning: build failed, waiting for other jobs to finish...
[INFO] running `Command { std: "docker" "inspect" "a0ac85359556528322369e278ba06d08b4558e05ab5c1ebd2cf2c0a414ed93f9", kill_on_drop: false }`
[INFO] running `Command { std: "docker" "rm" "-f" "a0ac85359556528322369e278ba06d08b4558e05ab5c1ebd2cf2c0a414ed93f9", kill_on_drop: false }`
[INFO] [stdout] a0ac85359556528322369e278ba06d08b4558e05ab5c1ebd2cf2c0a414ed93f9
