[INFO] fetching crate cassandra-cpp-sys 1.1.0...
[INFO] testing cassandra-cpp-sys-1.1.0 against 1.69.0 for beta-1.70-1
[INFO] extracting crate cassandra-cpp-sys 1.1.0 into /workspace/builds/worker-1-tc1/source
[INFO] validating manifest of crates.io crate cassandra-cpp-sys 1.1.0 on toolchain 1.69.0
[INFO] running `Command { std: CARGO_HOME="/workspace/cargo-home" RUSTUP_HOME="/workspace/rustup-home" "/workspace/cargo-home/bin/cargo" "+1.69.0" "metadata" "--manifest-path" "Cargo.toml" "--no-deps", kill_on_drop: false }`
[INFO] started tweaking crates.io crate cassandra-cpp-sys 1.1.0
[INFO] finished tweaking crates.io crate cassandra-cpp-sys 1.1.0
[INFO] tweaked toml for crates.io crate cassandra-cpp-sys 1.1.0 written to /workspace/builds/worker-1-tc1/source/Cargo.toml
[INFO] crate crates.io crate cassandra-cpp-sys 1.1.0 already has a lockfile, it will not be regenerated
[INFO] running `Command { std: CARGO_HOME="/workspace/cargo-home" RUSTUP_HOME="/workspace/rustup-home" "/workspace/cargo-home/bin/cargo" "+1.69.0" "fetch" "--manifest-path" "Cargo.toml", kill_on_drop: false }`
[INFO] [stderr]  Downloading crates ...
[INFO] [stderr]   Downloaded env_logger v0.9.0
[INFO] [stderr]   Downloaded libc v0.2.119
[INFO] running `Command { std: "docker" "create" "-v" "/var/lib/crater-agent-workspace/builds/worker-1-tc1/target:/opt/rustwide/target:rw,Z" "-v" "/var/lib/crater-agent-workspace/builds/worker-1-tc1/source:/opt/rustwide/workdir:ro,Z" "-v" "/var/lib/crater-agent-workspace/cargo-home:/opt/rustwide/cargo-home:ro,Z" "-v" "/var/lib/crater-agent-workspace/rustup-home:/opt/rustwide/rustup-home:ro,Z" "-e" "SOURCE_DIR=/opt/rustwide/workdir" "-e" "CARGO_TARGET_DIR=/opt/rustwide/target" "-e" "CARGO_HOME=/opt/rustwide/cargo-home" "-e" "RUSTUP_HOME=/opt/rustwide/rustup-home" "-w" "/opt/rustwide/workdir" "-m" "1610612736" "--user" "0:0" "--network" "none" "ghcr.io/rust-lang/crates-build-env/linux@sha256:5ff2268d62e97bff2cde7d5815dd6ed5b47097566f13b8d0ca110b04b60e07ed" "/opt/rustwide/cargo-home/bin/cargo" "+1.69.0" "metadata" "--no-deps" "--format-version=1", kill_on_drop: false }`
[INFO] [stdout] a4d09cbed5fd7c190eb7dc02f212ac9f5847a88050245071e20018f6908fc838
[INFO] running `Command { std: "docker" "start" "-a" "a4d09cbed5fd7c190eb7dc02f212ac9f5847a88050245071e20018f6908fc838", kill_on_drop: false }`
[INFO] running `Command { std: "docker" "inspect" "a4d09cbed5fd7c190eb7dc02f212ac9f5847a88050245071e20018f6908fc838", kill_on_drop: false }`
[INFO] running `Command { std: "docker" "rm" "-f" "a4d09cbed5fd7c190eb7dc02f212ac9f5847a88050245071e20018f6908fc838", kill_on_drop: false }`
[INFO] [stdout] a4d09cbed5fd7c190eb7dc02f212ac9f5847a88050245071e20018f6908fc838
[INFO] running `Command { std: "docker" "create" "-v" "/var/lib/crater-agent-workspace/builds/worker-1-tc1/target:/opt/rustwide/target:rw,Z" "-v" "/var/lib/crater-agent-workspace/builds/worker-1-tc1/source:/opt/rustwide/workdir:ro,Z" "-v" "/var/lib/crater-agent-workspace/cargo-home:/opt/rustwide/cargo-home:ro,Z" "-v" "/var/lib/crater-agent-workspace/rustup-home:/opt/rustwide/rustup-home:ro,Z" "-e" "SOURCE_DIR=/opt/rustwide/workdir" "-e" "CARGO_TARGET_DIR=/opt/rustwide/target" "-e" "CARGO_INCREMENTAL=0" "-e" "RUST_BACKTRACE=full" "-e" "RUSTFLAGS=--cap-lints=warn" "-e" "RUSTDOCFLAGS=--cap-lints=warn" "-e" "CARGO_HOME=/opt/rustwide/cargo-home" "-e" "RUSTUP_HOME=/opt/rustwide/rustup-home" "-w" "/opt/rustwide/workdir" "-m" "1610612736" "--user" "0:0" "--network" "none" "ghcr.io/rust-lang/crates-build-env/linux@sha256:5ff2268d62e97bff2cde7d5815dd6ed5b47097566f13b8d0ca110b04b60e07ed" "/opt/rustwide/cargo-home/bin/cargo" "+1.69.0" "build" "--frozen" "--message-format=json", kill_on_drop: false }`
[INFO] [stdout] cdd049ac799ea429201dc23ef7b6a2261f07d4f3bb37ce499ab1225d960fa1d2
[INFO] running `Command { std: "docker" "start" "-a" "cdd049ac799ea429201dc23ef7b6a2261f07d4f3bb37ce499ab1225d960fa1d2", kill_on_drop: false }`
[INFO] [stderr]    Compiling cassandra-cpp-sys v1.1.0 (/opt/rustwide/workdir)
[INFO] [stderr]     Finished dev [unoptimized + debuginfo] target(s) in 0.99s
[INFO] running `Command { std: "docker" "inspect" "cdd049ac799ea429201dc23ef7b6a2261f07d4f3bb37ce499ab1225d960fa1d2", kill_on_drop: false }`
[INFO] running `Command { std: "docker" "rm" "-f" "cdd049ac799ea429201dc23ef7b6a2261f07d4f3bb37ce499ab1225d960fa1d2", kill_on_drop: false }`
[INFO] [stdout] cdd049ac799ea429201dc23ef7b6a2261f07d4f3bb37ce499ab1225d960fa1d2
[INFO] running `Command { std: "docker" "create" "-v" "/var/lib/crater-agent-workspace/builds/worker-1-tc1/target:/opt/rustwide/target:rw,Z" "-v" "/var/lib/crater-agent-workspace/builds/worker-1-tc1/source:/opt/rustwide/workdir:ro,Z" "-v" "/var/lib/crater-agent-workspace/cargo-home:/opt/rustwide/cargo-home:ro,Z" "-v" "/var/lib/crater-agent-workspace/rustup-home:/opt/rustwide/rustup-home:ro,Z" "-e" "SOURCE_DIR=/opt/rustwide/workdir" "-e" "CARGO_TARGET_DIR=/opt/rustwide/target" "-e" "CARGO_INCREMENTAL=0" "-e" "RUST_BACKTRACE=full" "-e" "RUSTFLAGS=--cap-lints=warn" "-e" "RUSTDOCFLAGS=--cap-lints=warn" "-e" "CARGO_HOME=/opt/rustwide/cargo-home" "-e" "RUSTUP_HOME=/opt/rustwide/rustup-home" "-w" "/opt/rustwide/workdir" "-m" "1610612736" "--user" "0:0" "--network" "none" "ghcr.io/rust-lang/crates-build-env/linux@sha256:5ff2268d62e97bff2cde7d5815dd6ed5b47097566f13b8d0ca110b04b60e07ed" "/opt/rustwide/cargo-home/bin/cargo" "+1.69.0" "test" "--frozen" "--no-run" "--message-format=json", kill_on_drop: false }`
[INFO] [stdout] d44b6ec6b6c031fae1880569044c9e61e80b8948cecc8c40e0bcf1583107329e
[INFO] running `Command { std: "docker" "start" "-a" "d44b6ec6b6c031fae1880569044c9e61e80b8948cecc8c40e0bcf1583107329e", kill_on_drop: false }`
[INFO] [stderr]    Compiling memchr v2.4.1
[INFO] [stderr]    Compiling libc v0.2.119
[INFO] [stderr]    Compiling log v0.4.14
[INFO] [stderr]    Compiling regex-syntax v0.6.25
[INFO] [stderr]    Compiling humantime v2.1.0
[INFO] [stderr]    Compiling aho-corasick v0.7.18
[INFO] [stderr]    Compiling atty v0.2.14
[INFO] [stderr]    Compiling regex v1.5.4
[INFO] [stderr]    Compiling env_logger v0.9.0
[INFO] [stderr]    Compiling cassandra-cpp-sys v1.1.0 (/opt/rustwide/workdir)
[INFO] [stdout] error: linking with `cc` failed: exit status: 1
[INFO] [stdout]   |
[INFO] [stdout]   = note: LC_ALL="C" PATH="/opt/rustwide/rustup-home/toolchains/1.69.0-x86_64-unknown-linux-gnu/lib/rustlib/x86_64-unknown-linux-gnu/bin:/opt/rustwide/cargo-home/bin:/usr/local/sbin:/usr/local/bin:/usr/sbin:/usr/bin:/sbin:/bin" VSLANG="1033" "cc" "-m64" "/tmp/rustckaFap4/symbols.o" "/opt/rustwide/target/debug/examples/basic-637cdbd2a55433b9.basic.22f32460-cgu.0.rcgu.o" "/opt/rustwide/target/debug/examples/basic-637cdbd2a55433b9.basic.22f32460-cgu.1.rcgu.o" "/opt/rustwide/target/debug/examples/basic-637cdbd2a55433b9.basic.22f32460-cgu.10.rcgu.o" "/opt/rustwide/target/debug/examples/basic-637cdbd2a55433b9.basic.22f32460-cgu.11.rcgu.o" "/opt/rustwide/target/debug/examples/basic-637cdbd2a55433b9.basic.22f32460-cgu.12.rcgu.o" "/opt/rustwide/target/debug/examples/basic-637cdbd2a55433b9.basic.22f32460-cgu.13.rcgu.o" "/opt/rustwide/target/debug/examples/basic-637cdbd2a55433b9.basic.22f32460-cgu.14.rcgu.o" "/opt/rustwide/target/debug/examples/basic-637cdbd2a55433b9.basic.22f32460-cgu.15.rcgu.o" "/opt/rustwide/target/debug/examples/basic-637cdbd2a55433b9.basic.22f32460-cgu.2.rcgu.o" "/opt/rustwide/target/debug/examples/basic-637cdbd2a55433b9.basic.22f32460-cgu.3.rcgu.o" "/opt/rustwide/target/debug/examples/basic-637cdbd2a55433b9.basic.22f32460-cgu.4.rcgu.o" "/opt/rustwide/target/debug/examples/basic-637cdbd2a55433b9.basic.22f32460-cgu.5.rcgu.o" "/opt/rustwide/target/debug/examples/basic-637cdbd2a55433b9.basic.22f32460-cgu.6.rcgu.o" "/opt/rustwide/target/debug/examples/basic-637cdbd2a55433b9.basic.22f32460-cgu.7.rcgu.o" "/opt/rustwide/target/debug/examples/basic-637cdbd2a55433b9.basic.22f32460-cgu.8.rcgu.o" "/opt/rustwide/target/debug/examples/basic-637cdbd2a55433b9.basic.22f32460-cgu.9.rcgu.o" "/opt/rustwide/target/debug/examples/basic-637cdbd2a55433b9.3jixjxo3yigv2lx5.rcgu.o" "-Wl,--as-needed" "-L" "/opt/rustwide/target/debug/deps" "-L" "/usr/lib/x86_64-linux-gnu" "-L" "/usr/local/lib/x86_64-linux-gnu" "-L" "/usr/local/lib64" "-L" "/usr/local/lib" "-L" "/usr/lib64/" "-L" "/usr/lib/" "-L" "/usr/local/opt/openssl/lib" "-L" "/opt/rustwide/rustup-home/toolchains/1.69.0-x86_64-unknown-linux-gnu/lib/rustlib/x86_64-unknown-linux-gnu/lib" "-Wl,-Bstatic" "/opt/rustwide/target/debug/deps/libcassandra_cpp_sys-a1a669cc0c1da8e1.rlib" "/opt/rustwide/rustup-home/toolchains/1.69.0-x86_64-unknown-linux-gnu/lib/rustlib/x86_64-unknown-linux-gnu/lib/libstd-89bc084783fdc439.rlib" "/opt/rustwide/rustup-home/toolchains/1.69.0-x86_64-unknown-linux-gnu/lib/rustlib/x86_64-unknown-linux-gnu/lib/libpanic_unwind-8bee4b287d4367c1.rlib" "/opt/rustwide/rustup-home/toolchains/1.69.0-x86_64-unknown-linux-gnu/lib/rustlib/x86_64-unknown-linux-gnu/lib/libobject-d61707aed80694c0.rlib" "/opt/rustwide/rustup-home/toolchains/1.69.0-x86_64-unknown-linux-gnu/lib/rustlib/x86_64-unknown-linux-gnu/lib/libmemchr-d85366256f22345b.rlib" "/opt/rustwide/rustup-home/toolchains/1.69.0-x86_64-unknown-linux-gnu/lib/rustlib/x86_64-unknown-linux-gnu/lib/libaddr2line-96069b86b8a8cae9.rlib" "/opt/rustwide/rustup-home/toolchains/1.69.0-x86_64-unknown-linux-gnu/lib/rustlib/x86_64-unknown-linux-gnu/lib/libgimli-d19d53abf68dfa6c.rlib" "/opt/rustwide/rustup-home/toolchains/1.69.0-x86_64-unknown-linux-gnu/lib/rustlib/x86_64-unknown-linux-gnu/lib/librustc_demangle-787cbccd19d64ac6.rlib" "/opt/rustwide/rustup-home/toolchains/1.69.0-x86_64-unknown-linux-gnu/lib/rustlib/x86_64-unknown-linux-gnu/lib/libstd_detect-b3837a36b830e0d0.rlib" "/opt/rustwide/rustup-home/toolchains/1.69.0-x86_64-unknown-linux-gnu/lib/rustlib/x86_64-unknown-linux-gnu/lib/libhashbrown-e3deb0e7e3f04966.rlib" "/opt/rustwide/rustup-home/toolchains/1.69.0-x86_64-unknown-linux-gnu/lib/rustlib/x86_64-unknown-linux-gnu/lib/libminiz_oxide-dabbb79c9815def4.rlib" "/opt/rustwide/rustup-home/toolchains/1.69.0-x86_64-unknown-linux-gnu/lib/rustlib/x86_64-unknown-linux-gnu/lib/libadler-305b01f34c9409f2.rlib" "/opt/rustwide/rustup-home/toolchains/1.69.0-x86_64-unknown-linux-gnu/lib/rustlib/x86_64-unknown-linux-gnu/lib/librustc_std_workspace_alloc-f833521df6074e73.rlib" "/opt/rustwide/rustup-home/toolchains/1.69.0-x86_64-unknown-linux-gnu/lib/rustlib/x86_64-unknown-linux-gnu/lib/libunwind-9ac333113350d171.rlib" "/opt/rustwide/rustup-home/toolchains/1.69.0-x86_64-unknown-linux-gnu/lib/rustlib/x86_64-unknown-linux-gnu/lib/libcfg_if-1c126114322d0eee.rlib" "/opt/rustwide/rustup-home/toolchains/1.69.0-x86_64-unknown-linux-gnu/lib/rustlib/x86_64-unknown-linux-gnu/lib/liblibc-bad9164fdeeecf92.rlib" "/opt/rustwide/rustup-home/toolchains/1.69.0-x86_64-unknown-linux-gnu/lib/rustlib/x86_64-unknown-linux-gnu/lib/liballoc-f9374b1e480fa681.rlib" "/opt/rustwide/rustup-home/toolchains/1.69.0-x86_64-unknown-linux-gnu/lib/rustlib/x86_64-unknown-linux-gnu/lib/librustc_std_workspace_core-207f06e41d9603af.rlib" "/opt/rustwide/rustup-home/toolchains/1.69.0-x86_64-unknown-linux-gnu/lib/rustlib/x86_64-unknown-linux-gnu/lib/libcore-7e2768e66e984e85.rlib" "/opt/rustwide/rustup-home/toolchains/1.69.0-x86_64-unknown-linux-gnu/lib/rustlib/x86_64-unknown-linux-gnu/lib/libcompiler_builtins-957b4aff41f8cd46.rlib" "-Wl,-Bdynamic" "-lcassandra" "-lcrypto" "-lssl" "-lstdc++" "-luv" "-lgcc_s" "-lutil" "-lrt" "-lpthread" "-lm" "-ldl" "-lc" "-Wl,--eh-frame-hdr" "-Wl,-z,noexecstack" "-L" "/opt/rustwide/rustup-home/toolchains/1.69.0-x86_64-unknown-linux-gnu/lib/rustlib/x86_64-unknown-linux-gnu/lib" "-o" "/opt/rustwide/target/debug/examples/basic-637cdbd2a55433b9" "-Wl,--gc-sections" "-pie" "-Wl,-z,relro,-z,now" "-nodefaultlibs"
[INFO] [stdout]   = note: /usr/bin/ld: cannot find -lcassandra: No such file or directory
[INFO] [stdout]           /usr/bin/ld: cannot find -luv: No such file or directory
[INFO] [stdout]           collect2: error: ld returned 1 exit status
[INFO] [stdout]           
[INFO] [stdout] 
[INFO] [stdout] 
[INFO] [stdout] error: linking with `cc` failed: exit status: 1
[INFO] [stdout]   |
[INFO] [stdout]   = note: LC_ALL="C" PATH="/opt/rustwide/rustup-home/toolchains/1.69.0-x86_64-unknown-linux-gnu/lib/rustlib/x86_64-unknown-linux-gnu/bin:/opt/rustwide/cargo-home/bin:/usr/local/sbin:/usr/local/bin:/usr/sbin:/usr/bin:/sbin:/bin" VSLANG="1033" "cc" "-m64" "/tmp/rustctodL3e/symbols.o" "/opt/rustwide/target/debug/examples/simple-579bb39f4933607a.simple.fa692b4b-cgu.0.rcgu.o" "/opt/rustwide/target/debug/examples/simple-579bb39f4933607a.simple.fa692b4b-cgu.1.rcgu.o" "/opt/rustwide/target/debug/examples/simple-579bb39f4933607a.simple.fa692b4b-cgu.10.rcgu.o" "/opt/rustwide/target/debug/examples/simple-579bb39f4933607a.simple.fa692b4b-cgu.11.rcgu.o" "/opt/rustwide/target/debug/examples/simple-579bb39f4933607a.simple.fa692b4b-cgu.12.rcgu.o" "/opt/rustwide/target/debug/examples/simple-579bb39f4933607a.simple.fa692b4b-cgu.13.rcgu.o" "/opt/rustwide/target/debug/examples/simple-579bb39f4933607a.simple.fa692b4b-cgu.2.rcgu.o" "/opt/rustwide/target/debug/examples/simple-579bb39f4933607a.simple.fa692b4b-cgu.3.rcgu.o" "/opt/rustwide/target/debug/examples/simple-579bb39f4933607a.simple.fa692b4b-cgu.4.rcgu.o" "/opt/rustwide/target/debug/examples/simple-579bb39f4933607a.simple.fa692b4b-cgu.5.rcgu.o" "/opt/rustwide/target/debug/examples/simple-579bb39f4933607a.simple.fa692b4b-cgu.6.rcgu.o" "/opt/rustwide/target/debug/examples/simple-579bb39f4933607a.simple.fa692b4b-cgu.7.rcgu.o" "/opt/rustwide/target/debug/examples/simple-579bb39f4933607a.simple.fa692b4b-cgu.8.rcgu.o" "/opt/rustwide/target/debug/examples/simple-579bb39f4933607a.simple.fa692b4b-cgu.9.rcgu.o" "/opt/rustwide/target/debug/examples/simple-579bb39f4933607a.2shm7hfknsbq3g7d.rcgu.o" "-Wl,--as-needed" "-L" "/opt/rustwide/target/debug/deps" "-L" "/usr/lib/x86_64-linux-gnu" "-L" "/usr/local/lib/x86_64-linux-gnu" "-L" "/usr/local/lib64" "-L" "/usr/local/lib" "-L" "/usr/lib64/" "-L" "/usr/lib/" "-L" "/usr/local/opt/openssl/lib" "-L" "/opt/rustwide/rustup-home/toolchains/1.69.0-x86_64-unknown-linux-gnu/lib/rustlib/x86_64-unknown-linux-gnu/lib" "-Wl,-Bstatic" "/opt/rustwide/target/debug/deps/libcassandra_cpp_sys-a1a669cc0c1da8e1.rlib" "/opt/rustwide/rustup-home/toolchains/1.69.0-x86_64-unknown-linux-gnu/lib/rustlib/x86_64-unknown-linux-gnu/lib/libstd-89bc084783fdc439.rlib" "/opt/rustwide/rustup-home/toolchains/1.69.0-x86_64-unknown-linux-gnu/lib/rustlib/x86_64-unknown-linux-gnu/lib/libpanic_unwind-8bee4b287d4367c1.rlib" "/opt/rustwide/rustup-home/toolchains/1.69.0-x86_64-unknown-linux-gnu/lib/rustlib/x86_64-unknown-linux-gnu/lib/libobject-d61707aed80694c0.rlib" "/opt/rustwide/rustup-home/toolchains/1.69.0-x86_64-unknown-linux-gnu/lib/rustlib/x86_64-unknown-linux-gnu/lib/libmemchr-d85366256f22345b.rlib" "/opt/rustwide/rustup-home/toolchains/1.69.0-x86_64-unknown-linux-gnu/lib/rustlib/x86_64-unknown-linux-gnu/lib/libaddr2line-96069b86b8a8cae9.rlib" "/opt/rustwide/rustup-home/toolchains/1.69.0-x86_64-unknown-linux-gnu/lib/rustlib/x86_64-unknown-linux-gnu/lib/libgimli-d19d53abf68dfa6c.rlib" "/opt/rustwide/rustup-home/toolchains/1.69.0-x86_64-unknown-linux-gnu/lib/rustlib/x86_64-unknown-linux-gnu/lib/librustc_demangle-787cbccd19d64ac6.rlib" "/opt/rustwide/rustup-home/toolchains/1.69.0-x86_64-unknown-linux-gnu/lib/rustlib/x86_64-unknown-linux-gnu/lib/libstd_detect-b3837a36b830e0d0.rlib" "/opt/rustwide/rustup-home/toolchains/1.69.0-x86_64-unknown-linux-gnu/lib/rustlib/x86_64-unknown-linux-gnu/lib/libhashbrown-e3deb0e7e3f04966.rlib" "/opt/rustwide/rustup-home/toolchains/1.69.0-x86_64-unknown-linux-gnu/lib/rustlib/x86_64-unknown-linux-gnu/lib/libminiz_oxide-dabbb79c9815def4.rlib" "/opt/rustwide/rustup-home/toolchains/1.69.0-x86_64-unknown-linux-gnu/lib/rustlib/x86_64-unknown-linux-gnu/lib/libadler-305b01f34c9409f2.rlib" "/opt/rustwide/rustup-home/toolchains/1.69.0-x86_64-unknown-linux-gnu/lib/rustlib/x86_64-unknown-linux-gnu/lib/librustc_std_workspace_alloc-f833521df6074e73.rlib" "/opt/rustwide/rustup-home/toolchains/1.69.0-x86_64-unknown-linux-gnu/lib/rustlib/x86_64-unknown-linux-gnu/lib/libunwind-9ac333113350d171.rlib" "/opt/rustwide/rustup-home/toolchains/1.69.0-x86_64-unknown-linux-gnu/lib/rustlib/x86_64-unknown-linux-gnu/lib/libcfg_if-1c126114322d0eee.rlib" "/opt/rustwide/rustup-home/toolchains/1.69.0-x86_64-unknown-linux-gnu/lib/rustlib/x86_64-unknown-linux-gnu/lib/liblibc-bad9164fdeeecf92.rlib" "/opt/rustwide/rustup-home/toolchains/1.69.0-x86_64-unknown-linux-gnu/lib/rustlib/x86_64-unknown-linux-gnu/lib/liballoc-f9374b1e480fa681.rlib" "/opt/rustwide/rustup-home/toolchains/1.69.0-x86_64-unknown-linux-gnu/lib/rustlib/x86_64-unknown-linux-gnu/lib/librustc_std_workspace_core-207f06e41d9603af.rlib" "/opt/rustwide/rustup-home/toolchains/1.69.0-x86_64-unknown-linux-gnu/lib/rustlib/x86_64-unknown-linux-gnu/lib/libcore-7e2768e66e984e85.rlib" "/opt/rustwide/rustup-home/toolchains/1.69.0-x86_64-unknown-linux-gnu/lib/rustlib/x86_64-unknown-linux-gnu/lib/libcompiler_builtins-957b4aff41f8cd46.rlib" "-Wl,-Bdynamic" "-lcassandra" "-lcrypto" "-lssl" "-lstdc++" "-luv" "-lgcc_s" "-lutil" "-lrt" "-lpthread" "-lm" "-ldl" "-lc" "-Wl,--eh-frame-hdr" "-Wl,-z,noexecstack" "-L" "/opt/rustwide/rustup-home/toolchains/1.69.0-x86_64-unknown-linux-gnu/lib/rustlib/x86_64-unknown-linux-gnu/lib" "-o" "/opt/rustwide/target/debug/examples/simple-579bb39f4933607a" "-Wl,--gc-sections" "-pie" "-Wl,-z,relro,-z,now" "-nodefaultlibs"
[INFO] [stdout]   = note: /usr/bin/ld: cannot find -lcassandra: No such file or directory
[INFO] [stdout]           /usr/bin/ld: cannot find -luv: No such file or directory
[INFO] [stdout]           collect2: error: ld returned 1 exit status
[INFO] [stdout]           
[INFO] [stdout] 
[INFO] [stdout] 
[INFO] [stdout] error: aborting due to previous error
[INFO] [stdout] 
[INFO] [stdout] 
[INFO] [stdout] error: aborting due to previous error
[INFO] [stdout] 
[INFO] [stdout] 
[INFO] [stderr] error: could not compile `cassandra-cpp-sys` due to 2 previous errors
[INFO] [stderr] warning: build failed, waiting for other jobs to finish...
[INFO] [stderr] error: could not compile `cassandra-cpp-sys` due to 2 previous errors
[INFO] [stdout] error: linking with `cc` failed: exit status: 1
[INFO] [stdout]   |
[INFO] [stdout]   = note: LC_ALL="C" PATH="/opt/rustwide/rustup-home/toolchains/1.69.0-x86_64-unknown-linux-gnu/lib/rustlib/x86_64-unknown-linux-gnu/bin:/opt/rustwide/cargo-home/bin:/usr/local/sbin:/usr/local/bin:/usr/sbin:/usr/bin:/sbin:/bin" VSLANG="1033" "cc" "-m64" "/tmp/rustcM8RVBW/symbols.o" "/opt/rustwide/target/debug/examples/logging-e34a3631c66b7de5.logging.0b51d5f7-cgu.0.rcgu.o" "/opt/rustwide/target/debug/examples/logging-e34a3631c66b7de5.logging.0b51d5f7-cgu.1.rcgu.o" "/opt/rustwide/target/debug/examples/logging-e34a3631c66b7de5.logging.0b51d5f7-cgu.10.rcgu.o" "/opt/rustwide/target/debug/examples/logging-e34a3631c66b7de5.logging.0b51d5f7-cgu.11.rcgu.o" "/opt/rustwide/target/debug/examples/logging-e34a3631c66b7de5.logging.0b51d5f7-cgu.12.rcgu.o" "/opt/rustwide/target/debug/examples/logging-e34a3631c66b7de5.logging.0b51d5f7-cgu.13.rcgu.o" "/opt/rustwide/target/debug/examples/logging-e34a3631c66b7de5.logging.0b51d5f7-cgu.14.rcgu.o" "/opt/rustwide/target/debug/examples/logging-e34a3631c66b7de5.logging.0b51d5f7-cgu.15.rcgu.o" "/opt/rustwide/target/debug/examples/logging-e34a3631c66b7de5.logging.0b51d5f7-cgu.2.rcgu.o" "/opt/rustwide/target/debug/examples/logging-e34a3631c66b7de5.logging.0b51d5f7-cgu.3.rcgu.o" "/opt/rustwide/target/debug/examples/logging-e34a3631c66b7de5.logging.0b51d5f7-cgu.4.rcgu.o" "/opt/rustwide/target/debug/examples/logging-e34a3631c66b7de5.logging.0b51d5f7-cgu.5.rcgu.o" "/opt/rustwide/target/debug/examples/logging-e34a3631c66b7de5.logging.0b51d5f7-cgu.6.rcgu.o" "/opt/rustwide/target/debug/examples/logging-e34a3631c66b7de5.logging.0b51d5f7-cgu.7.rcgu.o" "/opt/rustwide/target/debug/examples/logging-e34a3631c66b7de5.logging.0b51d5f7-cgu.8.rcgu.o" "/opt/rustwide/target/debug/examples/logging-e34a3631c66b7de5.logging.0b51d5f7-cgu.9.rcgu.o" "/opt/rustwide/target/debug/examples/logging-e34a3631c66b7de5.2rjonp7kba6kibco.rcgu.o" "-Wl,--as-needed" "-L" "/opt/rustwide/target/debug/deps" "-L" "/usr/lib/x86_64-linux-gnu" "-L" "/usr/local/lib/x86_64-linux-gnu" "-L" "/usr/local/lib64" "-L" "/usr/local/lib" "-L" "/usr/lib64/" "-L" "/usr/lib/" "-L" "/usr/local/opt/openssl/lib" "-L" "/opt/rustwide/rustup-home/toolchains/1.69.0-x86_64-unknown-linux-gnu/lib/rustlib/x86_64-unknown-linux-gnu/lib" "-Wl,-Bstatic" "/opt/rustwide/target/debug/deps/libenv_logger-ec38a1d767c1ff82.rlib" "/opt/rustwide/target/debug/deps/libatty-8432ec40e4cf9ef0.rlib" "/opt/rustwide/target/debug/deps/liblibc-58e262751a11441a.rlib" "/opt/rustwide/target/debug/deps/libtermcolor-687878defa5df84c.rlib" "/opt/rustwide/target/debug/deps/libhumantime-cdc03476f0a21f32.rlib" "/opt/rustwide/target/debug/deps/libregex-b865e4ccd86c789e.rlib" "/opt/rustwide/target/debug/deps/libaho_corasick-d997a831bf3838c4.rlib" "/opt/rustwide/target/debug/deps/libmemchr-e30a17317ff1667e.rlib" "/opt/rustwide/target/debug/deps/libregex_syntax-4d7688d71dafcc03.rlib" "/opt/rustwide/target/debug/deps/libcassandra_cpp_sys-a1a669cc0c1da8e1.rlib" "/opt/rustwide/target/debug/deps/liblog-50c946da9511fc97.rlib" "/opt/rustwide/target/debug/deps/libcfg_if-e5e118dd7d121aaa.rlib" "/opt/rustwide/rustup-home/toolchains/1.69.0-x86_64-unknown-linux-gnu/lib/rustlib/x86_64-unknown-linux-gnu/lib/libstd-89bc084783fdc439.rlib" "/opt/rustwide/rustup-home/toolchains/1.69.0-x86_64-unknown-linux-gnu/lib/rustlib/x86_64-unknown-linux-gnu/lib/libpanic_unwind-8bee4b287d4367c1.rlib" "/opt/rustwide/rustup-home/toolchains/1.69.0-x86_64-unknown-linux-gnu/lib/rustlib/x86_64-unknown-linux-gnu/lib/libobject-d61707aed80694c0.rlib" "/opt/rustwide/rustup-home/toolchains/1.69.0-x86_64-unknown-linux-gnu/lib/rustlib/x86_64-unknown-linux-gnu/lib/libmemchr-d85366256f22345b.rlib" "/opt/rustwide/rustup-home/toolchains/1.69.0-x86_64-unknown-linux-gnu/lib/rustlib/x86_64-unknown-linux-gnu/lib/libaddr2line-96069b86b8a8cae9.rlib" "/opt/rustwide/rustup-home/toolchains/1.69.0-x86_64-unknown-linux-gnu/lib/rustlib/x86_64-unknown-linux-gnu/lib/libgimli-d19d53abf68dfa6c.rlib" "/opt/rustwide/rustup-home/toolchains/1.69.0-x86_64-unknown-linux-gnu/lib/rustlib/x86_64-unknown-linux-gnu/lib/librustc_demangle-787cbccd19d64ac6.rlib" "/opt/rustwide/rustup-home/toolchains/1.69.0-x86_64-unknown-linux-gnu/lib/rustlib/x86_64-unknown-linux-gnu/lib/libstd_detect-b3837a36b830e0d0.rlib" "/opt/rustwide/rustup-home/toolchains/1.69.0-x86_64-unknown-linux-gnu/lib/rustlib/x86_64-unknown-linux-gnu/lib/libhashbrown-e3deb0e7e3f04966.rlib" "/opt/rustwide/rustup-home/toolchains/1.69.0-x86_64-unknown-linux-gnu/lib/rustlib/x86_64-unknown-linux-gnu/lib/libminiz_oxide-dabbb79c9815def4.rlib" "/opt/rustwide/rustup-home/toolchains/1.69.0-x86_64-unknown-linux-gnu/lib/rustlib/x86_64-unknown-linux-gnu/lib/libadler-305b01f34c9409f2.rlib" "/opt/rustwide/rustup-home/toolchains/1.69.0-x86_64-unknown-linux-gnu/lib/rustlib/x86_64-unknown-linux-gnu/lib/librustc_std_workspace_alloc-f833521df6074e73.rlib" "/opt/rustwide/rustup-home/toolchains/1.69.0-x86_64-unknown-linux-gnu/lib/rustlib/x86_64-unknown-linux-gnu/lib/libunwind-9ac333113350d171.rlib" "/opt/rustwide/rustup-home/toolchains/1.69.0-x86_64-unknown-linux-gnu/lib/rustlib/x86_64-unknown-linux-gnu/lib/libcfg_if-1c126114322d0eee.rlib" "/opt/rustwide/rustup-home/toolchains/1.69.0-x86_64-unknown-linux-gnu/lib/rustlib/x86_64-unknown-linux-gnu/lib/liblibc-bad9164fdeeecf92.rlib" "/opt/rustwide/rustup-home/toolchains/1.69.0-x86_64-unknown-linux-gnu/lib/rustlib/x86_64-unknown-linux-gnu/lib/liballoc-f9374b1e480fa681.rlib" "/opt/rustwide/rustup-home/toolchains/1.69.0-x86_64-unknown-linux-gnu/lib/rustlib/x86_64-unknown-linux-gnu/lib/librustc_std_workspace_core-207f06e41d9603af.rlib" "/opt/rustwide/rustup-home/toolchains/1.69.0-x86_64-unknown-linux-gnu/lib/rustlib/x86_64-unknown-linux-gnu/lib/libcore-7e2768e66e984e85.rlib" "/opt/rustwide/rustup-home/toolchains/1.69.0-x86_64-unknown-linux-gnu/lib/rustlib/x86_64-unknown-linux-gnu/lib/libcompiler_builtins-957b4aff41f8cd46.rlib" "-Wl,-Bdynamic" "-lc" "-lm" "-lrt" "-lpthread" "-lcassandra" "-lcrypto" "-lssl" "-lstdc++" "-luv" "-lgcc_s" "-lutil" "-lrt" "-lpthread" "-lm" "-ldl" "-lc" "-Wl,--eh-frame-hdr" "-Wl,-z,noexecstack" "-L" "/opt/rustwide/rustup-home/toolchains/1.69.0-x86_64-unknown-linux-gnu/lib/rustlib/x86_64-unknown-linux-gnu/lib" "-o" "/opt/rustwide/target/debug/examples/logging-e34a3631c66b7de5" "-Wl,--gc-sections" "-pie" "-Wl,-z,relro,-z,now" "-nodefaultlibs"
[INFO] [stdout]   = note: /usr/bin/ld: cannot find -lcassandra: No such file or directory
[INFO] [stdout]           /usr/bin/ld: cannot find -luv: No such file or directory
[INFO] [stdout]           collect2: error: ld returned 1 exit status
[INFO] [stdout]           
[INFO] [stdout] 
[INFO] [stdout] 
[INFO] [stdout] error: linking with `cc` failed: exit status: 1
[INFO] [stdout]   |
[INFO] [stdout]   = note: LC_ALL="C" PATH="/opt/rustwide/rustup-home/toolchains/1.69.0-x86_64-unknown-linux-gnu/lib/rustlib/x86_64-unknown-linux-gnu/bin:/opt/rustwide/cargo-home/bin:/usr/local/sbin:/usr/local/bin:/usr/sbin:/usr/bin:/sbin:/bin" VSLANG="1033" "cc" "-m64" "/tmp/rustcX3TVLe/symbols.o" "/opt/rustwide/target/debug/examples/uuid-5fda65d5188fabac.uuid.cef938cd-cgu.0.rcgu.o" "/opt/rustwide/target/debug/examples/uuid-5fda65d5188fabac.uuid.cef938cd-cgu.1.rcgu.o" "/opt/rustwide/target/debug/examples/uuid-5fda65d5188fabac.uuid.cef938cd-cgu.10.rcgu.o" "/opt/rustwide/target/debug/examples/uuid-5fda65d5188fabac.uuid.cef938cd-cgu.11.rcgu.o" "/opt/rustwide/target/debug/examples/uuid-5fda65d5188fabac.uuid.cef938cd-cgu.12.rcgu.o" "/opt/rustwide/target/debug/examples/uuid-5fda65d5188fabac.uuid.cef938cd-cgu.13.rcgu.o" "/opt/rustwide/target/debug/examples/uuid-5fda65d5188fabac.uuid.cef938cd-cgu.14.rcgu.o" "/opt/rustwide/target/debug/examples/uuid-5fda65d5188fabac.uuid.cef938cd-cgu.15.rcgu.o" "/opt/rustwide/target/debug/examples/uuid-5fda65d5188fabac.uuid.cef938cd-cgu.2.rcgu.o" "/opt/rustwide/target/debug/examples/uuid-5fda65d5188fabac.uuid.cef938cd-cgu.3.rcgu.o" "/opt/rustwide/target/debug/examples/uuid-5fda65d5188fabac.uuid.cef938cd-cgu.4.rcgu.o" "/opt/rustwide/target/debug/examples/uuid-5fda65d5188fabac.uuid.cef938cd-cgu.5.rcgu.o" "/opt/rustwide/target/debug/examples/uuid-5fda65d5188fabac.uuid.cef938cd-cgu.6.rcgu.o" "/opt/rustwide/target/debug/examples/uuid-5fda65d5188fabac.uuid.cef938cd-cgu.7.rcgu.o" "/opt/rustwide/target/debug/examples/uuid-5fda65d5188fabac.uuid.cef938cd-cgu.8.rcgu.o" "/opt/rustwide/target/debug/examples/uuid-5fda65d5188fabac.uuid.cef938cd-cgu.9.rcgu.o" "/opt/rustwide/target/debug/examples/uuid-5fda65d5188fabac.1tkaw5971yz2e3yk.rcgu.o" "-Wl,--as-needed" "-L" "/opt/rustwide/target/debug/deps" "-L" "/usr/lib/x86_64-linux-gnu" "-L" "/usr/local/lib/x86_64-linux-gnu" "-L" "/usr/local/lib64" "-L" "/usr/local/lib" "-L" "/usr/lib64/" "-L" "/usr/lib/" "-L" "/usr/local/opt/openssl/lib" "-L" "/opt/rustwide/rustup-home/toolchains/1.69.0-x86_64-unknown-linux-gnu/lib/rustlib/x86_64-unknown-linux-gnu/lib" "-Wl,-Bstatic" "/opt/rustwide/target/debug/deps/libcassandra_cpp_sys-a1a669cc0c1da8e1.rlib" "/opt/rustwide/rustup-home/toolchains/1.69.0-x86_64-unknown-linux-gnu/lib/rustlib/x86_64-unknown-linux-gnu/lib/libstd-89bc084783fdc439.rlib" "/opt/rustwide/rustup-home/toolchains/1.69.0-x86_64-unknown-linux-gnu/lib/rustlib/x86_64-unknown-linux-gnu/lib/libpanic_unwind-8bee4b287d4367c1.rlib" "/opt/rustwide/rustup-home/toolchains/1.69.0-x86_64-unknown-linux-gnu/lib/rustlib/x86_64-unknown-linux-gnu/lib/libobject-d61707aed80694c0.rlib" "/opt/rustwide/rustup-home/toolchains/1.69.0-x86_64-unknown-linux-gnu/lib/rustlib/x86_64-unknown-linux-gnu/lib/libmemchr-d85366256f22345b.rlib" "/opt/rustwide/rustup-home/toolchains/1.69.0-x86_64-unknown-linux-gnu/lib/rustlib/x86_64-unknown-linux-gnu/lib/libaddr2line-96069b86b8a8cae9.rlib" "/opt/rustwide/rustup-home/toolchains/1.69.0-x86_64-unknown-linux-gnu/lib/rustlib/x86_64-unknown-linux-gnu/lib/libgimli-d19d53abf68dfa6c.rlib" "/opt/rustwide/rustup-home/toolchains/1.69.0-x86_64-unknown-linux-gnu/lib/rustlib/x86_64-unknown-linux-gnu/lib/librustc_demangle-787cbccd19d64ac6.rlib" "/opt/rustwide/rustup-home/toolchains/1.69.0-x86_64-unknown-linux-gnu/lib/rustlib/x86_64-unknown-linux-gnu/lib/libstd_detect-b3837a36b830e0d0.rlib" "/opt/rustwide/rustup-home/toolchains/1.69.0-x86_64-unknown-linux-gnu/lib/rustlib/x86_64-unknown-linux-gnu/lib/libhashbrown-e3deb0e7e3f04966.rlib" "/opt/rustwide/rustup-home/toolchains/1.69.0-x86_64-unknown-linux-gnu/lib/rustlib/x86_64-unknown-linux-gnu/lib/libminiz_oxide-dabbb79c9815def4.rlib" "/opt/rustwide/rustup-home/toolchains/1.69.0-x86_64-unknown-linux-gnu/lib/rustlib/x86_64-unknown-linux-gnu/lib/libadler-305b01f34c9409f2.rlib" "/opt/rustwide/rustup-home/toolchains/1.69.0-x86_64-unknown-linux-gnu/lib/rustlib/x86_64-unknown-linux-gnu/lib/librustc_std_workspace_alloc-f833521df6074e73.rlib" "/opt/rustwide/rustup-home/toolchains/1.69.0-x86_64-unknown-linux-gnu/lib/rustlib/x86_64-unknown-linux-gnu/lib/libunwind-9ac333113350d171.rlib" "/opt/rustwide/rustup-home/toolchains/1.69.0-x86_64-unknown-linux-gnu/lib/rustlib/x86_64-unknown-linux-gnu/lib/libcfg_if-1c126114322d0eee.rlib" "/opt/rustwide/rustup-home/toolchains/1.69.0-x86_64-unknown-linux-gnu/lib/rustlib/x86_64-unknown-linux-gnu/lib/liblibc-bad9164fdeeecf92.rlib" "/opt/rustwide/rustup-home/toolchains/1.69.0-x86_64-unknown-linux-gnu/lib/rustlib/x86_64-unknown-linux-gnu/lib/liballoc-f9374b1e480fa681.rlib" "/opt/rustwide/rustup-home/toolchains/1.69.0-x86_64-unknown-linux-gnu/lib/rustlib/x86_64-unknown-linux-gnu/lib/librustc_std_workspace_core-207f06e41d9603af.rlib" "/opt/rustwide/rustup-home/toolchains/1.69.0-x86_64-unknown-linux-gnu/lib/rustlib/x86_64-unknown-linux-gnu/lib/libcore-7e2768e66e984e85.rlib" "/opt/rustwide/rustup-home/toolchains/1.69.0-x86_64-unknown-linux-gnu/lib/rustlib/x86_64-unknown-linux-gnu/lib/libcompiler_builtins-957b4aff41f8cd46.rlib" "-Wl,-Bdynamic" "-lcassandra" "-lcrypto" "-lssl" "-lstdc++" "-luv" "-lgcc_s" "-lutil" "-lrt" "-lpthread" "-lm" "-ldl" "-lc" "-Wl,--eh-frame-hdr" "-Wl,-z,noexecstack" "-L" "/opt/rustwide/rustup-home/toolchains/1.69.0-x86_64-unknown-linux-gnu/lib/rustlib/x86_64-unknown-linux-gnu/lib" "-o" "/opt/rustwide/target/debug/examples/uuid-5fda65d5188fabac" "-Wl,--gc-sections" "-pie" "-Wl,-z,relro,-z,now" "-nodefaultlibs"
[INFO] [stdout]   = note: /usr/bin/ld: cannot find -lcassandra: No such file or directory
[INFO] [stdout]           /usr/bin/ld: cannot find -luv: No such file or directory
[INFO] [stdout]           collect2: error: ld returned 1 exit status
[INFO] [stdout]           
[INFO] [stdout] 
[INFO] [stdout] 
[INFO] [stdout] error: aborting due to previous error
[INFO] [stdout] 
[INFO] [stdout] 
[INFO] [stdout] error: linking with `cc` failed: exit status: 1
[INFO] [stdout]   |
[INFO] [stdout]   = note: LC_ALL="C" PATH="/opt/rustwide/rustup-home/toolchains/1.69.0-x86_64-unknown-linux-gnu/lib/rustlib/x86_64-unknown-linux-gnu/bin:/opt/rustwide/cargo-home/bin:/usr/local/sbin:/usr/local/bin:/usr/sbin:/usr/bin:/sbin:/bin" VSLANG="1033" "cc" "-m64" "/tmp/rustc3L656k/symbols.o" "/opt/rustwide/target/debug/examples/batch-228328fc8e216c0e.batch.a7543e5c-cgu.0.rcgu.o" "/opt/rustwide/target/debug/examples/batch-228328fc8e216c0e.batch.a7543e5c-cgu.1.rcgu.o" "/opt/rustwide/target/debug/examples/batch-228328fc8e216c0e.batch.a7543e5c-cgu.10.rcgu.o" "/opt/rustwide/target/debug/examples/batch-228328fc8e216c0e.batch.a7543e5c-cgu.11.rcgu.o" "/opt/rustwide/target/debug/examples/batch-228328fc8e216c0e.batch.a7543e5c-cgu.12.rcgu.o" "/opt/rustwide/target/debug/examples/batch-228328fc8e216c0e.batch.a7543e5c-cgu.13.rcgu.o" "/opt/rustwide/target/debug/examples/batch-228328fc8e216c0e.batch.a7543e5c-cgu.14.rcgu.o" "/opt/rustwide/target/debug/examples/batch-228328fc8e216c0e.batch.a7543e5c-cgu.15.rcgu.o" "/opt/rustwide/target/debug/examples/batch-228328fc8e216c0e.batch.a7543e5c-cgu.2.rcgu.o" "/opt/rustwide/target/debug/examples/batch-228328fc8e216c0e.batch.a7543e5c-cgu.3.rcgu.o" "/opt/rustwide/target/debug/examples/batch-228328fc8e216c0e.batch.a7543e5c-cgu.4.rcgu.o" "/opt/rustwide/target/debug/examples/batch-228328fc8e216c0e.batch.a7543e5c-cgu.5.rcgu.o" "/opt/rustwide/target/debug/examples/batch-228328fc8e216c0e.batch.a7543e5c-cgu.6.rcgu.o" "/opt/rustwide/target/debug/examples/batch-228328fc8e216c0e.batch.a7543e5c-cgu.7.rcgu.o" "/opt/rustwide/target/debug/examples/batch-228328fc8e216c0e.batch.a7543e5c-cgu.8.rcgu.o" "/opt/rustwide/target/debug/examples/batch-228328fc8e216c0e.batch.a7543e5c-cgu.9.rcgu.o" "/opt/rustwide/target/debug/examples/batch-228328fc8e216c0e.1vqbvzcn4dunj4s3.rcgu.o" "-Wl,--as-needed" "-L" "/opt/rustwide/target/debug/deps" "-L" "/usr/lib/x86_64-linux-gnu" "-L" "/usr/local/lib/x86_64-linux-gnu" "-L" "/usr/local/lib64" "-L" "/usr/local/lib" "-L" "/usr/lib64/" "-L" "/usr/lib/" "-L" "/usr/local/opt/openssl/lib" "-L" "/opt/rustwide/rustup-home/toolchains/1.69.0-x86_64-unknown-linux-gnu/lib/rustlib/x86_64-unknown-linux-gnu/lib" "-Wl,-Bstatic" "/opt/rustwide/target/debug/deps/libcassandra_cpp_sys-a1a669cc0c1da8e1.rlib" "/opt/rustwide/rustup-home/toolchains/1.69.0-x86_64-unknown-linux-gnu/lib/rustlib/x86_64-unknown-linux-gnu/lib/libstd-89bc084783fdc439.rlib" "/opt/rustwide/rustup-home/toolchains/1.69.0-x86_64-unknown-linux-gnu/lib/rustlib/x86_64-unknown-linux-gnu/lib/libpanic_unwind-8bee4b287d4367c1.rlib" "/opt/rustwide/rustup-home/toolchains/1.69.0-x86_64-unknown-linux-gnu/lib/rustlib/x86_64-unknown-linux-gnu/lib/libobject-d61707aed80694c0.rlib" "/opt/rustwide/rustup-home/toolchains/1.69.0-x86_64-unknown-linux-gnu/lib/rustlib/x86_64-unknown-linux-gnu/lib/libmemchr-d85366256f22345b.rlib" "/opt/rustwide/rustup-home/toolchains/1.69.0-x86_64-unknown-linux-gnu/lib/rustlib/x86_64-unknown-linux-gnu/lib/libaddr2line-96069b86b8a8cae9.rlib" "/opt/rustwide/rustup-home/toolchains/1.69.0-x86_64-unknown-linux-gnu/lib/rustlib/x86_64-unknown-linux-gnu/lib/libgimli-d19d53abf68dfa6c.rlib" "/opt/rustwide/rustup-home/toolchains/1.69.0-x86_64-unknown-linux-gnu/lib/rustlib/x86_64-unknown-linux-gnu/lib/librustc_demangle-787cbccd19d64ac6.rlib" "/opt/rustwide/rustup-home/toolchains/1.69.0-x86_64-unknown-linux-gnu/lib/rustlib/x86_64-unknown-linux-gnu/lib/libstd_detect-b3837a36b830e0d0.rlib" "/opt/rustwide/rustup-home/toolchains/1.69.0-x86_64-unknown-linux-gnu/lib/rustlib/x86_64-unknown-linux-gnu/lib/libhashbrown-e3deb0e7e3f04966.rlib" "/opt/rustwide/rustup-home/toolchains/1.69.0-x86_64-unknown-linux-gnu/lib/rustlib/x86_64-unknown-linux-gnu/lib/libminiz_oxide-dabbb79c9815def4.rlib" "/opt/rustwide/rustup-home/toolchains/1.69.0-x86_64-unknown-linux-gnu/lib/rustlib/x86_64-unknown-linux-gnu/lib/libadler-305b01f34c9409f2.rlib" "/opt/rustwide/rustup-home/toolchains/1.69.0-x86_64-unknown-linux-gnu/lib/rustlib/x86_64-unknown-linux-gnu/lib/librustc_std_workspace_alloc-f833521df6074e73.rlib" "/opt/rustwide/rustup-home/toolchains/1.69.0-x86_64-unknown-linux-gnu/lib/rustlib/x86_64-unknown-linux-gnu/lib/libunwind-9ac333113350d171.rlib" "/opt/rustwide/rustup-home/toolchains/1.69.0-x86_64-unknown-linux-gnu/lib/rustlib/x86_64-unknown-linux-gnu/lib/libcfg_if-1c126114322d0eee.rlib" "/opt/rustwide/rustup-home/toolchains/1.69.0-x86_64-unknown-linux-gnu/lib/rustlib/x86_64-unknown-linux-gnu/lib/liblibc-bad9164fdeeecf92.rlib" "/opt/rustwide/rustup-home/toolchains/1.69.0-x86_64-unknown-linux-gnu/lib/rustlib/x86_64-unknown-linux-gnu/lib/liballoc-f9374b1e480fa681.rlib" "/opt/rustwide/rustup-home/toolchains/1.69.0-x86_64-unknown-linux-gnu/lib/rustlib/x86_64-unknown-linux-gnu/lib/librustc_std_workspace_core-207f06e41d9603af.rlib" "/opt/rustwide/rustup-home/toolchains/1.69.0-x86_64-unknown-linux-gnu/lib/rustlib/x86_64-unknown-linux-gnu/lib/libcore-7e2768e66e984e85.rlib" "/opt/rustwide/rustup-home/toolchains/1.69.0-x86_64-unknown-linux-gnu/lib/rustlib/x86_64-unknown-linux-gnu/lib/libcompiler_builtins-957b4aff41f8cd46.rlib" "-Wl,-Bdynamic" "-lcassandra" "-lcrypto" "-lssl" "-lstdc++" "-luv" "-lgcc_s" "-lutil" "-lrt" "-lpthread" "-lm" "-ldl" "-lc" "-Wl,--eh-frame-hdr" "-Wl,-z,noexecstack" "-L" "/opt/rustwide/rustup-home/toolchains/1.69.0-x86_64-unknown-linux-gnu/lib/rustlib/x86_64-unknown-linux-gnu/lib" "-o" "/opt/rustwide/target/debug/examples/batch-228328fc8e216c0e" "-Wl,--gc-sections" "-pie" "-Wl,-z,relro,-z,now" "-nodefaultlibs"
[INFO] [stdout]   = note: /usr/bin/ld: cannot find -lcassandra: No such file or directory
[INFO] [stdout]           /usr/bin/ld: cannot find -luv: No such file or directory
[INFO] [stdout]           collect2: error: ld returned 1 exit status
[INFO] [stdout]           
[INFO] [stdout] 
[INFO] [stdout] 
[INFO] [stderr] error: could not compile `cassandra-cpp-sys` due to 2 previous errors
[INFO] [stdout] error: linking with `cc` failed: exit status: 1
[INFO] [stdout]   |
[INFO] [stdout]   = note: LC_ALL="C" PATH="/opt/rustwide/rustup-home/toolchains/1.69.0-x86_64-unknown-linux-gnu/lib/rustlib/x86_64-unknown-linux-gnu/bin:/opt/rustwide/cargo-home/bin:/usr/local/sbin:/usr/local/bin:/usr/sbin:/usr/bin:/sbin:/bin" VSLANG="1033" "cc" "-m64" "/tmp/rustcL2Kfz2/symbols.o" "/opt/rustwide/target/debug/examples/maps-260a2686a69c031c.maps.f94ca99e-cgu.0.rcgu.o" "/opt/rustwide/target/debug/examples/maps-260a2686a69c031c.maps.f94ca99e-cgu.1.rcgu.o" "/opt/rustwide/target/debug/examples/maps-260a2686a69c031c.maps.f94ca99e-cgu.10.rcgu.o" "/opt/rustwide/target/debug/examples/maps-260a2686a69c031c.maps.f94ca99e-cgu.11.rcgu.o" "/opt/rustwide/target/debug/examples/maps-260a2686a69c031c.maps.f94ca99e-cgu.12.rcgu.o" "/opt/rustwide/target/debug/examples/maps-260a2686a69c031c.maps.f94ca99e-cgu.13.rcgu.o" "/opt/rustwide/target/debug/examples/maps-260a2686a69c031c.maps.f94ca99e-cgu.14.rcgu.o" "/opt/rustwide/target/debug/examples/maps-260a2686a69c031c.maps.f94ca99e-cgu.15.rcgu.o" "/opt/rustwide/target/debug/examples/maps-260a2686a69c031c.maps.f94ca99e-cgu.2.rcgu.o" "/opt/rustwide/target/debug/examples/maps-260a2686a69c031c.maps.f94ca99e-cgu.3.rcgu.o" "/opt/rustwide/target/debug/examples/maps-260a2686a69c031c.maps.f94ca99e-cgu.4.rcgu.o" "/opt/rustwide/target/debug/examples/maps-260a2686a69c031c.maps.f94ca99e-cgu.5.rcgu.o" "/opt/rustwide/target/debug/examples/maps-260a2686a69c031c.maps.f94ca99e-cgu.6.rcgu.o" "/opt/rustwide/target/debug/examples/maps-260a2686a69c031c.maps.f94ca99e-cgu.7.rcgu.o" "/opt/rustwide/target/debug/examples/maps-260a2686a69c031c.maps.f94ca99e-cgu.8.rcgu.o" "/opt/rustwide/target/debug/examples/maps-260a2686a69c031c.maps.f94ca99e-cgu.9.rcgu.o" "/opt/rustwide/target/debug/examples/maps-260a2686a69c031c.2j3kf76wvt8qo736.rcgu.o" "-Wl,--as-needed" "-L" "/opt/rustwide/target/debug/deps" "-L" "/usr/lib/x86_64-linux-gnu" "-L" "/usr/local/lib/x86_64-linux-gnu" "-L" "/usr/local/lib64" "-L" "/usr/local/lib" "-L" "/usr/lib64/" "-L" "/usr/lib/" "-L" "/usr/local/opt/openssl/lib" "-L" "/opt/rustwide/rustup-home/toolchains/1.69.0-x86_64-unknown-linux-gnu/lib/rustlib/x86_64-unknown-linux-gnu/lib" "-Wl,-Bstatic" "/opt/rustwide/target/debug/deps/libcassandra_cpp_sys-a1a669cc0c1da8e1.rlib" "/opt/rustwide/rustup-home/toolchains/1.69.0-x86_64-unknown-linux-gnu/lib/rustlib/x86_64-unknown-linux-gnu/lib/libstd-89bc084783fdc439.rlib" "/opt/rustwide/rustup-home/toolchains/1.69.0-x86_64-unknown-linux-gnu/lib/rustlib/x86_64-unknown-linux-gnu/lib/libpanic_unwind-8bee4b287d4367c1.rlib" "/opt/rustwide/rustup-home/toolchains/1.69.0-x86_64-unknown-linux-gnu/lib/rustlib/x86_64-unknown-linux-gnu/lib/libobject-d61707aed80694c0.rlib" "/opt/rustwide/rustup-home/toolchains/1.69.0-x86_64-unknown-linux-gnu/lib/rustlib/x86_64-unknown-linux-gnu/lib/libmemchr-d85366256f22345b.rlib" "/opt/rustwide/rustup-home/toolchains/1.69.0-x86_64-unknown-linux-gnu/lib/rustlib/x86_64-unknown-linux-gnu/lib/libaddr2line-96069b86b8a8cae9.rlib" "/opt/rustwide/rustup-home/toolchains/1.69.0-x86_64-unknown-linux-gnu/lib/rustlib/x86_64-unknown-linux-gnu/lib/libgimli-d19d53abf68dfa6c.rlib" "/opt/rustwide/rustup-home/toolchains/1.69.0-x86_64-unknown-linux-gnu/lib/rustlib/x86_64-unknown-linux-gnu/lib/librustc_demangle-787cbccd19d64ac6.rlib" "/opt/rustwide/rustup-home/toolchains/1.69.0-x86_64-unknown-linux-gnu/lib/rustlib/x86_64-unknown-linux-gnu/lib/libstd_detect-b3837a36b830e0d0.rlib" "/opt/rustwide/rustup-home/toolchains/1.69.0-x86_64-unknown-linux-gnu/lib/rustlib/x86_64-unknown-linux-gnu/lib/libhashbrown-e3deb0e7e3f04966.rlib" "/opt/rustwide/rustup-home/toolchains/1.69.0-x86_64-unknown-linux-gnu/lib/rustlib/x86_64-unknown-linux-gnu/lib/libminiz_oxide-dabbb79c9815def4.rlib" "/opt/rustwide/rustup-home/toolchains/1.69.0-x86_64-unknown-linux-gnu/lib/rustlib/x86_64-unknown-linux-gnu/lib/libadler-305b01f34c9409f2.rlib" "/opt/rustwide/rustup-home/toolchains/1.69.0-x86_64-unknown-linux-gnu/lib/rustlib/x86_64-unknown-linux-gnu/lib/librustc_std_workspace_alloc-f833521df6074e73.rlib" "/opt/rustwide/rustup-home/toolchains/1.69.0-x86_64-unknown-linux-gnu/lib/rustlib/x86_64-unknown-linux-gnu/lib/libunwind-9ac333113350d171.rlib" "/opt/rustwide/rustup-home/toolchains/1.69.0-x86_64-unknown-linux-gnu/lib/rustlib/x86_64-unknown-linux-gnu/lib/libcfg_if-1c126114322d0eee.rlib" "/opt/rustwide/rustup-home/toolchains/1.69.0-x86_64-unknown-linux-gnu/lib/rustlib/x86_64-unknown-linux-gnu/lib/liblibc-bad9164fdeeecf92.rlib" "/opt/rustwide/rustup-home/toolchains/1.69.0-x86_64-unknown-linux-gnu/lib/rustlib/x86_64-unknown-linux-gnu/lib/liballoc-f9374b1e480fa681.rlib" "/opt/rustwide/rustup-home/toolchains/1.69.0-x86_64-unknown-linux-gnu/lib/rustlib/x86_64-unknown-linux-gnu/lib/librustc_std_workspace_core-207f06e41d9603af.rlib" "/opt/rustwide/rustup-home/toolchains/1.69.0-x86_64-unknown-linux-gnu/lib/rustlib/x86_64-unknown-linux-gnu/lib/libcore-7e2768e66e984e85.rlib" "/opt/rustwide/rustup-home/toolchains/1.69.0-x86_64-unknown-linux-gnu/lib/rustlib/x86_64-unknown-linux-gnu/lib/libcompiler_builtins-957b4aff41f8cd46.rlib" "-Wl,-Bdynamic" "-lcassandra" "-lcrypto" "-lssl" "-lstdc++" "-luv" "-lgcc_s" "-lutil" "-lrt" "-lpthread" "-lm" "-ldl" "-lc" "-Wl,--eh-frame-hdr" "-Wl,-z,noexecstack" "-L" "/opt/rustwide/rustup-home/toolchains/1.69.0-x86_64-unknown-linux-gnu/lib/rustlib/x86_64-unknown-linux-gnu/lib" "-o" "/opt/rustwide/target/debug/examples/maps-260a2686a69c031c" "-Wl,--gc-sections" "-pie" "-Wl,-z,relro,-z,now" "-nodefaultlibs"
[INFO] [stdout]   = note: /usr/bin/ld: cannot find -lcassandra: No such file or directory
[INFO] [stdout]           /usr/bin/ld: cannot find -luv: No such file or directory
[INFO] [stdout]           collect2: error: ld returned 1 exit status
[INFO] [stdout]           
[INFO] [stdout] 
[INFO] [stdout] 
[INFO] [stdout] error: aborting due to previous error
[INFO] [stdout] 
[INFO] [stdout] 
[INFO] [stdout] error: aborting due to previous error
[INFO] [stdout] 
[INFO] [stdout] 
[INFO] [stdout] error: aborting due to previous error
[INFO] [stdout] 
[INFO] [stdout] 
[INFO] [stderr] error: could not compile `cassandra-cpp-sys` due to 2 previous errors
[INFO] [stderr] error: could not compile `cassandra-cpp-sys` due to 2 previous errors
[INFO] [stderr] error: could not compile `cassandra-cpp-sys` due to 2 previous errors
[INFO] [stdout] error: linking with `cc` failed: exit status: 1
[INFO] [stdout]   |
[INFO] [stdout]   = note: LC_ALL="C" PATH="/opt/rustwide/rustup-home/toolchains/1.69.0-x86_64-unknown-linux-gnu/lib/rustlib/x86_64-unknown-linux-gnu/bin:/opt/rustwide/cargo-home/bin:/usr/local/sbin:/usr/local/bin:/usr/sbin:/usr/bin:/sbin:/bin" VSLANG="1033" "cc" "-m64" "/tmp/rustcdGSPAg/symbols.o" "/opt/rustwide/target/debug/examples/tuple-efb2286f40dbca84.tuple.23b20113-cgu.0.rcgu.o" "/opt/rustwide/target/debug/examples/tuple-efb2286f40dbca84.tuple.23b20113-cgu.1.rcgu.o" "/opt/rustwide/target/debug/examples/tuple-efb2286f40dbca84.tuple.23b20113-cgu.10.rcgu.o" "/opt/rustwide/target/debug/examples/tuple-efb2286f40dbca84.tuple.23b20113-cgu.11.rcgu.o" "/opt/rustwide/target/debug/examples/tuple-efb2286f40dbca84.tuple.23b20113-cgu.12.rcgu.o" "/opt/rustwide/target/debug/examples/tuple-efb2286f40dbca84.tuple.23b20113-cgu.13.rcgu.o" "/opt/rustwide/target/debug/examples/tuple-efb2286f40dbca84.tuple.23b20113-cgu.14.rcgu.o" "/opt/rustwide/target/debug/examples/tuple-efb2286f40dbca84.tuple.23b20113-cgu.15.rcgu.o" "/opt/rustwide/target/debug/examples/tuple-efb2286f40dbca84.tuple.23b20113-cgu.2.rcgu.o" "/opt/rustwide/target/debug/examples/tuple-efb2286f40dbca84.tuple.23b20113-cgu.3.rcgu.o" "/opt/rustwide/target/debug/examples/tuple-efb2286f40dbca84.tuple.23b20113-cgu.4.rcgu.o" "/opt/rustwide/target/debug/examples/tuple-efb2286f40dbca84.tuple.23b20113-cgu.5.rcgu.o" "/opt/rustwide/target/debug/examples/tuple-efb2286f40dbca84.tuple.23b20113-cgu.6.rcgu.o" "/opt/rustwide/target/debug/examples/tuple-efb2286f40dbca84.tuple.23b20113-cgu.7.rcgu.o" "/opt/rustwide/target/debug/examples/tuple-efb2286f40dbca84.tuple.23b20113-cgu.8.rcgu.o" "/opt/rustwide/target/debug/examples/tuple-efb2286f40dbca84.tuple.23b20113-cgu.9.rcgu.o" "/opt/rustwide/target/debug/examples/tuple-efb2286f40dbca84.1yvfelst1ruyrr4y.rcgu.o" "-Wl,--as-needed" "-L" "/opt/rustwide/target/debug/deps" "-L" "/usr/lib/x86_64-linux-gnu" "-L" "/usr/local/lib/x86_64-linux-gnu" "-L" "/usr/local/lib64" "-L" "/usr/local/lib" "-L" "/usr/lib64/" "-L" "/usr/lib/" "-L" "/usr/local/opt/openssl/lib" "-L" "/opt/rustwide/rustup-home/toolchains/1.69.0-x86_64-unknown-linux-gnu/lib/rustlib/x86_64-unknown-linux-gnu/lib" "-Wl,-Bstatic" "/opt/rustwide/target/debug/deps/libcassandra_cpp_sys-a1a669cc0c1da8e1.rlib" "/opt/rustwide/rustup-home/toolchains/1.69.0-x86_64-unknown-linux-gnu/lib/rustlib/x86_64-unknown-linux-gnu/lib/libstd-89bc084783fdc439.rlib" "/opt/rustwide/rustup-home/toolchains/1.69.0-x86_64-unknown-linux-gnu/lib/rustlib/x86_64-unknown-linux-gnu/lib/libpanic_unwind-8bee4b287d4367c1.rlib" "/opt/rustwide/rustup-home/toolchains/1.69.0-x86_64-unknown-linux-gnu/lib/rustlib/x86_64-unknown-linux-gnu/lib/libobject-d61707aed80694c0.rlib" "/opt/rustwide/rustup-home/toolchains/1.69.0-x86_64-unknown-linux-gnu/lib/rustlib/x86_64-unknown-linux-gnu/lib/libmemchr-d85366256f22345b.rlib" "/opt/rustwide/rustup-home/toolchains/1.69.0-x86_64-unknown-linux-gnu/lib/rustlib/x86_64-unknown-linux-gnu/lib/libaddr2line-96069b86b8a8cae9.rlib" "/opt/rustwide/rustup-home/toolchains/1.69.0-x86_64-unknown-linux-gnu/lib/rustlib/x86_64-unknown-linux-gnu/lib/libgimli-d19d53abf68dfa6c.rlib" "/opt/rustwide/rustup-home/toolchains/1.69.0-x86_64-unknown-linux-gnu/lib/rustlib/x86_64-unknown-linux-gnu/lib/librustc_demangle-787cbccd19d64ac6.rlib" "/opt/rustwide/rustup-home/toolchains/1.69.0-x86_64-unknown-linux-gnu/lib/rustlib/x86_64-unknown-linux-gnu/lib/libstd_detect-b3837a36b830e0d0.rlib" "/opt/rustwide/rustup-home/toolchains/1.69.0-x86_64-unknown-linux-gnu/lib/rustlib/x86_64-unknown-linux-gnu/lib/libhashbrown-e3deb0e7e3f04966.rlib" "/opt/rustwide/rustup-home/toolchains/1.69.0-x86_64-unknown-linux-gnu/lib/rustlib/x86_64-unknown-linux-gnu/lib/libminiz_oxide-dabbb79c9815def4.rlib" "/opt/rustwide/rustup-home/toolchains/1.69.0-x86_64-unknown-linux-gnu/lib/rustlib/x86_64-unknown-linux-gnu/lib/libadler-305b01f34c9409f2.rlib" "/opt/rustwide/rustup-home/toolchains/1.69.0-x86_64-unknown-linux-gnu/lib/rustlib/x86_64-unknown-linux-gnu/lib/librustc_std_workspace_alloc-f833521df6074e73.rlib" "/opt/rustwide/rustup-home/toolchains/1.69.0-x86_64-unknown-linux-gnu/lib/rustlib/x86_64-unknown-linux-gnu/lib/libunwind-9ac333113350d171.rlib" "/opt/rustwide/rustup-home/toolchains/1.69.0-x86_64-unknown-linux-gnu/lib/rustlib/x86_64-unknown-linux-gnu/lib/libcfg_if-1c126114322d0eee.rlib" "/opt/rustwide/rustup-home/toolchains/1.69.0-x86_64-unknown-linux-gnu/lib/rustlib/x86_64-unknown-linux-gnu/lib/liblibc-bad9164fdeeecf92.rlib" "/opt/rustwide/rustup-home/toolchains/1.69.0-x86_64-unknown-linux-gnu/lib/rustlib/x86_64-unknown-linux-gnu/lib/liballoc-f9374b1e480fa681.rlib" "/opt/rustwide/rustup-home/toolchains/1.69.0-x86_64-unknown-linux-gnu/lib/rustlib/x86_64-unknown-linux-gnu/lib/librustc_std_workspace_core-207f06e41d9603af.rlib" "/opt/rustwide/rustup-home/toolchains/1.69.0-x86_64-unknown-linux-gnu/lib/rustlib/x86_64-unknown-linux-gnu/lib/libcore-7e2768e66e984e85.rlib" "/opt/rustwide/rustup-home/toolchains/1.69.0-x86_64-unknown-linux-gnu/lib/rustlib/x86_64-unknown-linux-gnu/lib/libcompiler_builtins-957b4aff41f8cd46.rlib" "-Wl,-Bdynamic" "-lcassandra" "-lcrypto" "-lssl" "-lstdc++" "-luv" "-lgcc_s" "-lutil" "-lrt" "-lpthread" "-lm" "-ldl" "-lc" "-Wl,--eh-frame-hdr" "-Wl,-z,noexecstack" "-L" "/opt/rustwide/rustup-home/toolchains/1.69.0-x86_64-unknown-linux-gnu/lib/rustlib/x86_64-unknown-linux-gnu/lib" "-o" "/opt/rustwide/target/debug/examples/tuple-efb2286f40dbca84" "-Wl,--gc-sections" "-pie" "-Wl,-z,relro,-z,now" "-nodefaultlibs"
[INFO] [stdout]   = note: /usr/bin/ld: cannot find -lcassandra: No such file or directory
[INFO] [stdout]           /usr/bin/ld: cannot find -luv: No such file or directory
[INFO] [stdout]           collect2: error: ld returned 1 exit status
[INFO] [stdout]           
[INFO] [stdout] 
[INFO] [stdout] 
[INFO] [stdout] error: aborting due to previous error
[INFO] [stdout] 
[INFO] [stdout] 
[INFO] [stderr] error: could not compile `cassandra-cpp-sys` due to 2 previous errors
[INFO] [stdout] error: linking with `cc` failed: exit status: 1
[INFO] [stdout]   |
[INFO] [stdout]   = note: LC_ALL="C" PATH="/opt/rustwide/rustup-home/toolchains/1.69.0-x86_64-unknown-linux-gnu/lib/rustlib/x86_64-unknown-linux-gnu/bin:/opt/rustwide/cargo-home/bin:/usr/local/sbin:/usr/local/bin:/usr/sbin:/usr/bin:/sbin:/bin" VSLANG="1033" "cc" "-m64" "/tmp/rustcHdCMgN/symbols.o" "/opt/rustwide/target/debug/examples/schema_meta-a0d7bf12d82e82d6.schema_meta.f2b26030-cgu.0.rcgu.o" "/opt/rustwide/target/debug/examples/schema_meta-a0d7bf12d82e82d6.schema_meta.f2b26030-cgu.1.rcgu.o" "/opt/rustwide/target/debug/examples/schema_meta-a0d7bf12d82e82d6.schema_meta.f2b26030-cgu.10.rcgu.o" "/opt/rustwide/target/debug/examples/schema_meta-a0d7bf12d82e82d6.schema_meta.f2b26030-cgu.11.rcgu.o" "/opt/rustwide/target/debug/examples/schema_meta-a0d7bf12d82e82d6.schema_meta.f2b26030-cgu.12.rcgu.o" "/opt/rustwide/target/debug/examples/schema_meta-a0d7bf12d82e82d6.schema_meta.f2b26030-cgu.13.rcgu.o" "/opt/rustwide/target/debug/examples/schema_meta-a0d7bf12d82e82d6.schema_meta.f2b26030-cgu.14.rcgu.o" "/opt/rustwide/target/debug/examples/schema_meta-a0d7bf12d82e82d6.schema_meta.f2b26030-cgu.15.rcgu.o" "/opt/rustwide/target/debug/examples/schema_meta-a0d7bf12d82e82d6.schema_meta.f2b26030-cgu.2.rcgu.o" "/opt/rustwide/target/debug/examples/schema_meta-a0d7bf12d82e82d6.schema_meta.f2b26030-cgu.3.rcgu.o" "/opt/rustwide/target/debug/examples/schema_meta-a0d7bf12d82e82d6.schema_meta.f2b26030-cgu.4.rcgu.o" "/opt/rustwide/target/debug/examples/schema_meta-a0d7bf12d82e82d6.schema_meta.f2b26030-cgu.5.rcgu.o" "/opt/rustwide/target/debug/examples/schema_meta-a0d7bf12d82e82d6.schema_meta.f2b26030-cgu.6.rcgu.o" "/opt/rustwide/target/debug/examples/schema_meta-a0d7bf12d82e82d6.schema_meta.f2b26030-cgu.7.rcgu.o" "/opt/rustwide/target/debug/examples/schema_meta-a0d7bf12d82e82d6.schema_meta.f2b26030-cgu.8.rcgu.o" "/opt/rustwide/target/debug/examples/schema_meta-a0d7bf12d82e82d6.schema_meta.f2b26030-cgu.9.rcgu.o" "/opt/rustwide/target/debug/examples/schema_meta-a0d7bf12d82e82d6.1z0d3wad72zrfyzs.rcgu.o" "-Wl,--as-needed" "-L" "/opt/rustwide/target/debug/deps" "-L" "/usr/lib/x86_64-linux-gnu" "-L" "/usr/local/lib/x86_64-linux-gnu" "-L" "/usr/local/lib64" "-L" "/usr/local/lib" "-L" "/usr/lib64/" "-L" "/usr/lib/" "-L" "/usr/local/opt/openssl/lib" "-L" "/opt/rustwide/rustup-home/toolchains/1.69.0-x86_64-unknown-linux-gnu/lib/rustlib/x86_64-unknown-linux-gnu/lib" "-Wl,-Bstatic" "/opt/rustwide/target/debug/deps/libcassandra_cpp_sys-a1a669cc0c1da8e1.rlib" "/opt/rustwide/rustup-home/toolchains/1.69.0-x86_64-unknown-linux-gnu/lib/rustlib/x86_64-unknown-linux-gnu/lib/libstd-89bc084783fdc439.rlib" "/opt/rustwide/rustup-home/toolchains/1.69.0-x86_64-unknown-linux-gnu/lib/rustlib/x86_64-unknown-linux-gnu/lib/libpanic_unwind-8bee4b287d4367c1.rlib" "/opt/rustwide/rustup-home/toolchains/1.69.0-x86_64-unknown-linux-gnu/lib/rustlib/x86_64-unknown-linux-gnu/lib/libobject-d61707aed80694c0.rlib" "/opt/rustwide/rustup-home/toolchains/1.69.0-x86_64-unknown-linux-gnu/lib/rustlib/x86_64-unknown-linux-gnu/lib/libmemchr-d85366256f22345b.rlib" "/opt/rustwide/rustup-home/toolchains/1.69.0-x86_64-unknown-linux-gnu/lib/rustlib/x86_64-unknown-linux-gnu/lib/libaddr2line-96069b86b8a8cae9.rlib" "/opt/rustwide/rustup-home/toolchains/1.69.0-x86_64-unknown-linux-gnu/lib/rustlib/x86_64-unknown-linux-gnu/lib/libgimli-d19d53abf68dfa6c.rlib" "/opt/rustwide/rustup-home/toolchains/1.69.0-x86_64-unknown-linux-gnu/lib/rustlib/x86_64-unknown-linux-gnu/lib/librustc_demangle-787cbccd19d64ac6.rlib" "/opt/rustwide/rustup-home/toolchains/1.69.0-x86_64-unknown-linux-gnu/lib/rustlib/x86_64-unknown-linux-gnu/lib/libstd_detect-b3837a36b830e0d0.rlib" "/opt/rustwide/rustup-home/toolchains/1.69.0-x86_64-unknown-linux-gnu/lib/rustlib/x86_64-unknown-linux-gnu/lib/libhashbrown-e3deb0e7e3f04966.rlib" "/opt/rustwide/rustup-home/toolchains/1.69.0-x86_64-unknown-linux-gnu/lib/rustlib/x86_64-unknown-linux-gnu/lib/libminiz_oxide-dabbb79c9815def4.rlib" "/opt/rustwide/rustup-home/toolchains/1.69.0-x86_64-unknown-linux-gnu/lib/rustlib/x86_64-unknown-linux-gnu/lib/libadler-305b01f34c9409f2.rlib" "/opt/rustwide/rustup-home/toolchains/1.69.0-x86_64-unknown-linux-gnu/lib/rustlib/x86_64-unknown-linux-gnu/lib/librustc_std_workspace_alloc-f833521df6074e73.rlib" "/opt/rustwide/rustup-home/toolchains/1.69.0-x86_64-unknown-linux-gnu/lib/rustlib/x86_64-unknown-linux-gnu/lib/libunwind-9ac333113350d171.rlib" "/opt/rustwide/rustup-home/toolchains/1.69.0-x86_64-unknown-linux-gnu/lib/rustlib/x86_64-unknown-linux-gnu/lib/libcfg_if-1c126114322d0eee.rlib" "/opt/rustwide/rustup-home/toolchains/1.69.0-x86_64-unknown-linux-gnu/lib/rustlib/x86_64-unknown-linux-gnu/lib/liblibc-bad9164fdeeecf92.rlib" "/opt/rustwide/rustup-home/toolchains/1.69.0-x86_64-unknown-linux-gnu/lib/rustlib/x86_64-unknown-linux-gnu/lib/liballoc-f9374b1e480fa681.rlib" "/opt/rustwide/rustup-home/toolchains/1.69.0-x86_64-unknown-linux-gnu/lib/rustlib/x86_64-unknown-linux-gnu/lib/librustc_std_workspace_core-207f06e41d9603af.rlib" "/opt/rustwide/rustup-home/toolchains/1.69.0-x86_64-unknown-linux-gnu/lib/rustlib/x86_64-unknown-linux-gnu/lib/libcore-7e2768e66e984e85.rlib" "/opt/rustwide/rustup-home/toolchains/1.69.0-x86_64-unknown-linux-gnu/lib/rustlib/x86_64-unknown-linux-gnu/lib/libcompiler_builtins-957b4aff41f8cd46.rlib" "-Wl,-Bdynamic" "-lcassandra" "-lcrypto" "-lssl" "-lstdc++" "-luv" "-lgcc_s" "-lutil" "-lrt" "-lpthread" "-lm" "-ldl" "-lc" "-Wl,--eh-frame-hdr" "-Wl,-z,noexecstack" "-L" "/opt/rustwide/rustup-home/toolchains/1.69.0-x86_64-unknown-linux-gnu/lib/rustlib/x86_64-unknown-linux-gnu/lib" "-o" "/opt/rustwide/target/debug/examples/schema_meta-a0d7bf12d82e82d6" "-Wl,--gc-sections" "-pie" "-Wl,-z,relro,-z,now" "-nodefaultlibs"
[INFO] [stdout]   = note: /usr/bin/ld: cannot find -lcassandra: No such file or directory
[INFO] [stdout]           /usr/bin/ld: cannot find -luv: No such file or directory
[INFO] [stdout]           collect2: error: ld returned 1 exit status
[INFO] [stdout]           
[INFO] [stdout] 
[INFO] [stdout] 
[INFO] [stdout] error: aborting due to previous error
[INFO] [stdout] 
[INFO] [stdout] 
[INFO] [stderr] error: could not compile `cassandra-cpp-sys` due to 2 previous errors
[INFO] running `Command { std: "docker" "inspect" "d44b6ec6b6c031fae1880569044c9e61e80b8948cecc8c40e0bcf1583107329e", kill_on_drop: false }`
[INFO] running `Command { std: "docker" "rm" "-f" "d44b6ec6b6c031fae1880569044c9e61e80b8948cecc8c40e0bcf1583107329e", kill_on_drop: false }`
[INFO] [stdout] d44b6ec6b6c031fae1880569044c9e61e80b8948cecc8c40e0bcf1583107329e
