[INFO] fetching crate casper-wasm-utils 1.0.0...
[INFO] testing casper-wasm-utils-1.0.0 against beta-2023-04-20 for beta-1.70-1
[INFO] extracting crate casper-wasm-utils 1.0.0 into /workspace/builds/worker-5-tc2/source
[INFO] validating manifest of crates.io crate casper-wasm-utils 1.0.0 on toolchain beta-2023-04-20
[INFO] running `Command { std: CARGO_HOME="/workspace/cargo-home" RUSTUP_HOME="/workspace/rustup-home" "/workspace/cargo-home/bin/cargo" "+beta-2023-04-20" "metadata" "--manifest-path" "Cargo.toml" "--no-deps", kill_on_drop: false }`
[INFO] started tweaking crates.io crate casper-wasm-utils 1.0.0
[INFO] finished tweaking crates.io crate casper-wasm-utils 1.0.0
[INFO] tweaked toml for crates.io crate casper-wasm-utils 1.0.0 written to /workspace/builds/worker-5-tc2/source/Cargo.toml
[INFO] crate crates.io crate casper-wasm-utils 1.0.0 already has a lockfile, it will not be regenerated
[INFO] running `Command { std: CARGO_HOME="/workspace/cargo-home" RUSTUP_HOME="/workspace/rustup-home" "/workspace/cargo-home/bin/cargo" "+beta-2023-04-20" "fetch" "--manifest-path" "Cargo.toml", kill_on_drop: false }`
[INFO] [stderr]     Updating crates.io index
[INFO] [stderr]  Downloading crates ...
[INFO] [stderr]   Downloaded binaryen v0.12.1
[INFO] [stderr]   Downloaded tempdir v0.3.7
[INFO] [stderr]   Downloaded indoc v1.0.9
[INFO] [stderr]   Downloaded wabt v0.10.0
[INFO] [stderr]   Downloaded parity-wasm v0.42.2
[INFO] [stderr]   Downloaded cmake v0.1.50
[INFO] [stderr]   Downloaded binaryen-sys v0.12.0
[INFO] [stderr]   Downloaded wabt-sys v0.8.0
[INFO] running `Command { std: "docker" "create" "-v" "/var/lib/crater-agent-workspace/builds/worker-5-tc2/target:/opt/rustwide/target:rw,Z" "-v" "/var/lib/crater-agent-workspace/builds/worker-5-tc2/source:/opt/rustwide/workdir:ro,Z" "-v" "/var/lib/crater-agent-workspace/cargo-home:/opt/rustwide/cargo-home:ro,Z" "-v" "/var/lib/crater-agent-workspace/rustup-home:/opt/rustwide/rustup-home:ro,Z" "-e" "SOURCE_DIR=/opt/rustwide/workdir" "-e" "CARGO_TARGET_DIR=/opt/rustwide/target" "-e" "CARGO_HOME=/opt/rustwide/cargo-home" "-e" "RUSTUP_HOME=/opt/rustwide/rustup-home" "-w" "/opt/rustwide/workdir" "-m" "1610612736" "--user" "0:0" "--network" "none" "ghcr.io/rust-lang/crates-build-env/linux@sha256:5ff2268d62e97bff2cde7d5815dd6ed5b47097566f13b8d0ca110b04b60e07ed" "/opt/rustwide/cargo-home/bin/cargo" "+beta-2023-04-20" "metadata" "--no-deps" "--format-version=1", kill_on_drop: false }`
[INFO] [stdout] dbc568176af1de2272a27bc303346873fadc098c06cde892d03ff0bbb0a6411f
[INFO] running `Command { std: "docker" "start" "-a" "dbc568176af1de2272a27bc303346873fadc098c06cde892d03ff0bbb0a6411f", kill_on_drop: false }`
[INFO] running `Command { std: "docker" "inspect" "dbc568176af1de2272a27bc303346873fadc098c06cde892d03ff0bbb0a6411f", kill_on_drop: false }`
[INFO] running `Command { std: "docker" "rm" "-f" "dbc568176af1de2272a27bc303346873fadc098c06cde892d03ff0bbb0a6411f", kill_on_drop: false }`
[INFO] [stdout] dbc568176af1de2272a27bc303346873fadc098c06cde892d03ff0bbb0a6411f
[INFO] running `Command { std: "docker" "create" "-v" "/var/lib/crater-agent-workspace/builds/worker-5-tc2/target:/opt/rustwide/target:rw,Z" "-v" "/var/lib/crater-agent-workspace/builds/worker-5-tc2/source:/opt/rustwide/workdir:ro,Z" "-v" "/var/lib/crater-agent-workspace/cargo-home:/opt/rustwide/cargo-home:ro,Z" "-v" "/var/lib/crater-agent-workspace/rustup-home:/opt/rustwide/rustup-home:ro,Z" "-e" "SOURCE_DIR=/opt/rustwide/workdir" "-e" "CARGO_TARGET_DIR=/opt/rustwide/target" "-e" "CARGO_INCREMENTAL=0" "-e" "RUST_BACKTRACE=full" "-e" "RUSTFLAGS=--cap-lints=warn" "-e" "RUSTDOCFLAGS=--cap-lints=warn" "-e" "CARGO_HOME=/opt/rustwide/cargo-home" "-e" "RUSTUP_HOME=/opt/rustwide/rustup-home" "-w" "/opt/rustwide/workdir" "-m" "1610612736" "--user" "0:0" "--network" "none" "ghcr.io/rust-lang/crates-build-env/linux@sha256:5ff2268d62e97bff2cde7d5815dd6ed5b47097566f13b8d0ca110b04b60e07ed" "/opt/rustwide/cargo-home/bin/cargo" "+beta-2023-04-20" "build" "--frozen" "--message-format=json", kill_on_drop: false }`
[INFO] [stdout] ae450292d7bfbf2ad68ebc5909894ea74bcb1490a83d9faf48e33979c55233ff
[INFO] running `Command { std: "docker" "start" "-a" "ae450292d7bfbf2ad68ebc5909894ea74bcb1490a83d9faf48e33979c55233ff", kill_on_drop: false }`
[INFO] [stderr]    Compiling log v0.4.17
[INFO] [stderr]    Compiling cfg-if v1.0.0
[INFO] [stderr]    Compiling parity-wasm v0.42.2
[INFO] [stderr]    Compiling byteorder v1.4.3
[INFO] [stderr]    Compiling casper-wasm-utils v1.0.0 (/opt/rustwide/workdir)
[INFO] [stderr]     Finished dev [unoptimized + debuginfo] target(s) in 1.63s
[INFO] running `Command { std: "docker" "inspect" "ae450292d7bfbf2ad68ebc5909894ea74bcb1490a83d9faf48e33979c55233ff", kill_on_drop: false }`
[INFO] running `Command { std: "docker" "rm" "-f" "ae450292d7bfbf2ad68ebc5909894ea74bcb1490a83d9faf48e33979c55233ff", kill_on_drop: false }`
[INFO] [stdout] ae450292d7bfbf2ad68ebc5909894ea74bcb1490a83d9faf48e33979c55233ff
[INFO] running `Command { std: "docker" "create" "-v" "/var/lib/crater-agent-workspace/builds/worker-5-tc2/target:/opt/rustwide/target:rw,Z" "-v" "/var/lib/crater-agent-workspace/builds/worker-5-tc2/source:/opt/rustwide/workdir:ro,Z" "-v" "/var/lib/crater-agent-workspace/cargo-home:/opt/rustwide/cargo-home:ro,Z" "-v" "/var/lib/crater-agent-workspace/rustup-home:/opt/rustwide/rustup-home:ro,Z" "-e" "SOURCE_DIR=/opt/rustwide/workdir" "-e" "CARGO_TARGET_DIR=/opt/rustwide/target" "-e" "CARGO_INCREMENTAL=0" "-e" "RUST_BACKTRACE=full" "-e" "RUSTFLAGS=--cap-lints=warn" "-e" "RUSTDOCFLAGS=--cap-lints=warn" "-e" "CARGO_HOME=/opt/rustwide/cargo-home" "-e" "RUSTUP_HOME=/opt/rustwide/rustup-home" "-w" "/opt/rustwide/workdir" "-m" "1610612736" "--user" "0:0" "--network" "none" "ghcr.io/rust-lang/crates-build-env/linux@sha256:5ff2268d62e97bff2cde7d5815dd6ed5b47097566f13b8d0ca110b04b60e07ed" "/opt/rustwide/cargo-home/bin/cargo" "+beta-2023-04-20" "test" "--frozen" "--no-run" "--message-format=json", kill_on_drop: false }`
[INFO] [stdout] f837cad4f13bff99448023f99f1541c5b7e8144f34f61bc1fc7150ac0934069e
[INFO] running `Command { std: "docker" "start" "-a" "f837cad4f13bff99448023f99f1541c5b7e8144f34f61bc1fc7150ac0934069e", kill_on_drop: false }`
[INFO] [stderr]    Compiling cc v1.0.79
[INFO] [stderr]    Compiling libc v0.2.141
[INFO] [stderr]    Compiling memchr v2.5.0
[INFO] [stderr]    Compiling proc-macro2 v1.0.56
[INFO] [stderr]    Compiling regex-syntax v0.6.29
[INFO] [stderr]    Compiling unicode-segmentation v1.10.1
[INFO] [stderr]    Compiling unicode-ident v1.0.8
[INFO] [stderr]    Compiling quote v1.0.26
[INFO] [stderr]    Compiling serde v1.0.160
[INFO] [stderr]    Compiling serde_json v1.0.96
[INFO] [stderr]    Compiling serde_derive v1.0.160
[INFO] [stderr]    Compiling ppv-lite86 v0.2.17
[INFO] [stderr]    Compiling itoa v1.0.6
[INFO] [stderr]    Compiling ryu v1.0.13
[INFO] [stderr]    Compiling remove_dir_all v0.5.3
[INFO] [stderr]    Compiling indoc v1.0.9
[INFO] [stderr]    Compiling diff v0.1.13
[INFO] [stderr]    Compiling heck v0.3.3
[INFO] [stderr]    Compiling cmake v0.1.50
[INFO] [stderr]    Compiling aho-corasick v0.7.20
[INFO] [stderr]    Compiling wabt-sys v0.8.0
[INFO] [stderr]    Compiling getrandom v0.2.9
[INFO] [stderr]    Compiling rand v0.4.6
[INFO] [stderr]    Compiling syn v2.0.15
[INFO] [stderr]    Compiling rand_core v0.6.4
[INFO] [stderr]    Compiling rand_chacha v0.3.1
[INFO] [stderr]    Compiling rand v0.8.5
[INFO] [stderr]    Compiling tempdir v0.3.7
[INFO] [stderr]    Compiling regex v1.7.3
[INFO] [stderr]    Compiling binaryen-sys v0.12.0
[INFO] [stderr] error: could not compile `serde_derive` (lib)
[INFO] [stderr] 
[INFO] [stderr] Caused by:
[INFO] [stderr]   process didn't exit successfully: `rustc --crate-name serde_derive /opt/rustwide/cargo-home/registry/src/index.crates.io-6f17d22bba15001f/serde_derive-1.0.160/src/lib.rs --error-format=json --json=diagnostic-rendered-ansi,artifacts,future-incompat --crate-type proc-macro --emit=dep-info,link -C prefer-dynamic -C embed-bitcode=no --cfg 'feature="default"' -C metadata=34ae4ff005da558f -C extra-filename=-34ae4ff005da558f --out-dir /opt/rustwide/target/debug/deps -L dependency=/opt/rustwide/target/debug/deps --extern proc_macro2=/opt/rustwide/target/debug/deps/libproc_macro2-4e0d7c4028ecccb8.rlib --extern quote=/opt/rustwide/target/debug/deps/libquote-22a8bb36857f8a0d.rlib --extern syn=/opt/rustwide/target/debug/deps/libsyn-7bfab4c99949e792.rlib --extern proc_macro --cap-lints allow --cap-lints=warn` (signal: 9, SIGKILL: kill)
[INFO] [stderr] warning: build failed, waiting for other jobs to finish...
[INFO] [stderr] error: failed to run custom build command for `wabt-sys v0.8.0`
[INFO] [stderr] note: To improve backtraces for build dependencies, set the CARGO_PROFILE_TEST_BUILD_OVERRIDE_DEBUG=true environment variable to enable debug information generation.
[INFO] [stderr] 
[INFO] [stderr] Caused by:
[INFO] [stderr]   process didn't exit successfully: `/opt/rustwide/target/debug/build/wabt-sys-3c6fdad9f5ac8c2b/build-script-build` (exit status: 101)
[INFO] [stderr]   --- stdout
[INFO] [stderr]   cargo:rerun-if-env-changed=WABT_CXXSTDLIB
[INFO] [stderr]   cargo:rerun-if-env-changed=CXXSTDLIB
[INFO] [stderr]   CMAKE_TOOLCHAIN_FILE_x86_64-unknown-linux-gnu = None
[INFO] [stderr]   CMAKE_TOOLCHAIN_FILE_x86_64_unknown_linux_gnu = None
[INFO] [stderr]   HOST_CMAKE_TOOLCHAIN_FILE = None
[INFO] [stderr]   CMAKE_TOOLCHAIN_FILE = None
[INFO] [stderr]   CMAKE_GENERATOR_x86_64-unknown-linux-gnu = None
[INFO] [stderr]   CMAKE_GENERATOR_x86_64_unknown_linux_gnu = None
[INFO] [stderr]   HOST_CMAKE_GENERATOR = None
[INFO] [stderr]   CMAKE_GENERATOR = None
[INFO] [stderr]   CMAKE_PREFIX_PATH_x86_64-unknown-linux-gnu = None
[INFO] [stderr]   CMAKE_PREFIX_PATH_x86_64_unknown_linux_gnu = None
[INFO] [stderr]   HOST_CMAKE_PREFIX_PATH = None
[INFO] [stderr]   CMAKE_PREFIX_PATH = None
[INFO] [stderr]   CMAKE_x86_64-unknown-linux-gnu = None
[INFO] [stderr]   CMAKE_x86_64_unknown_linux_gnu = None
[INFO] [stderr]   HOST_CMAKE = None
[INFO] [stderr]   CMAKE = None
[INFO] [stderr]   running: cd "/opt/rustwide/target/debug/build/wabt-sys-c0cba57c8f79dd52/out/build" && CMAKE_PREFIX_PATH="" "cmake" "/opt/rustwide/cargo-home/registry/src/index.crates.io-6f17d22bba15001f/wabt-sys-0.8.0/wabt" "-DBUILD_TESTS=OFF" "-DBUILD_TOOLS=OFF" "-DCMAKE_INSTALL_PREFIX=/opt/rustwide/target/debug/build/wabt-sys-c0cba57c8f79dd52/out" "-DCMAKE_C_FLAGS= -ffunction-sections -fdata-sections -fPIC -m64" "-DCMAKE_C_COMPILER=/usr/bin/cc" "-DCMAKE_CXX_FLAGS= -ffunction-sections -fdata-sections -fPIC -m64" "-DCMAKE_CXX_COMPILER=/usr/bin/c++" "-DCMAKE_ASM_FLAGS= -ffunction-sections -fdata-sections -fPIC -m64" "-DCMAKE_ASM_COMPILER=/usr/bin/cc" "-DCMAKE_BUILD_TYPE=Debug"
[INFO] [stderr]   -- The C compiler identification is GNU 11.3.0
[INFO] [stderr]   -- The CXX compiler identification is GNU 11.3.0
[INFO] [stderr]   -- Detecting C compiler ABI info
[INFO] [stderr]   -- Detecting C compiler ABI info - done
[INFO] [stderr]   -- Check for working C compiler: /usr/bin/cc - skipped
[INFO] [stderr]   -- Detecting C compile features
[INFO] [stderr]   -- Detecting C compile features - done
[INFO] [stderr]   -- Detecting CXX compiler ABI info
[INFO] [stderr]   -- Detecting CXX compiler ABI info - done
[INFO] [stderr]   -- Check for working CXX compiler: /usr/bin/c++ - skipped
[INFO] [stderr]   -- Detecting CXX compile features
[INFO] [stderr]   -- Detecting CXX compile features - done
[INFO] [stderr]   -- Looking for alloca.h
[INFO] [stderr]   -- Looking for alloca.h - found
[INFO] [stderr]   -- Looking for unistd.h
[INFO] [stderr]   -- Looking for unistd.h - found
[INFO] [stderr]   -- Looking for snprintf
[INFO] [stderr]   -- Looking for snprintf - found
[INFO] [stderr]   -- Looking for strcasecmp
[INFO] [stderr]   -- Looking for strcasecmp - found
[INFO] [stderr]   -- Looking for sys/types.h
[INFO] [stderr]   -- Looking for sys/types.h - found
[INFO] [stderr]   -- Looking for stdint.h
[INFO] [stderr]   -- Looking for stdint.h - found
[INFO] [stderr]   -- Looking for stddef.h
[INFO] [stderr]   -- Looking for stddef.h - found
[INFO] [stderr]   -- Check size of ssize_t
[INFO] [stderr]   -- Check size of ssize_t - done
[INFO] [stderr]   -- Check size of size_t
[INFO] [stderr]   -- Check size of size_t - done
[INFO] [stderr]   -- Found PythonInterp: /usr/bin/python3 (found suitable version "3.10.6", minimum required is "3.5") 
[INFO] [stderr]   -- Looking for pthread.h
[INFO] [stderr]   -- Looking for pthread.h - found
[INFO] [stderr]   -- Performing Test CMAKE_HAVE_LIBC_PTHREAD
[INFO] [stderr]   -- Performing Test CMAKE_HAVE_LIBC_PTHREAD - Success
[INFO] [stderr]   -- Found Threads: TRUE  
[INFO] [stderr]   -- Configuring done
[INFO] [stderr]   -- Generating done
[INFO] [stderr]   -- Build files have been written to: /opt/rustwide/target/debug/build/wabt-sys-c0cba57c8f79dd52/out/build
[INFO] [stderr]   running: cd "/opt/rustwide/target/debug/build/wabt-sys-c0cba57c8f79dd52/out/build" && MAKEFLAGS="-j --jobserver-fds=7,8 --jobserver-auth=7,8" "cmake" "--build" "." "--config" "Debug"
[INFO] [stderr]   [  1%] Building CXX object CMakeFiles/wabt.dir/src/apply-names.cc.o
[INFO] [stderr]   [  2%] Building CXX object CMakeFiles/wabt.dir/src/binary.cc.o
[INFO] [stderr]   [  3%] Building CXX object CMakeFiles/wabt.dir/src/binary-reader.cc.o
[INFO] [stderr]   [  4%] Building CXX object CMakeFiles/wabt.dir/src/binary-reader-logging.cc.o
[INFO] [stderr]   [  5%] Building CXX object CMakeFiles/wabt.dir/src/binary-reader-ir.cc.o
[INFO] [stderr]   [  6%] Building CXX object CMakeFiles/wabt.dir/src/binary-writer.cc.o
[INFO] [stderr]   [  7%] Building CXX object CMakeFiles/wabt.dir/src/binary-writer-spec.cc.o
[INFO] [stderr]   [  8%] Building CXX object CMakeFiles/wabt.dir/src/binding-hash.cc.o
[INFO] [stderr]   [ 10%] Building CXX object CMakeFiles/wabt.dir/src/color.cc.o
[INFO] [stderr]   [ 11%] Building CXX object CMakeFiles/wabt.dir/src/common.cc.o
[INFO] [stderr]   [ 12%] Building CXX object CMakeFiles/wabt.dir/src/config.cc.o
[INFO] [stderr]   [ 13%] Building CXX object CMakeFiles/wabt.dir/src/decompiler.cc.o
[INFO] [stderr]   [ 14%] Building CXX object CMakeFiles/wabt.dir/src/error-formatter.cc.o
[INFO] [stderr]   [ 15%] Building CXX object CMakeFiles/wabt.dir/src/expr-visitor.cc.o
[INFO] [stderr]   [ 16%] Building CXX object CMakeFiles/wabt.dir/src/feature.cc.o
[INFO] [stderr]   [ 17%] Building CXX object CMakeFiles/wabt.dir/src/filenames.cc.o
[INFO] [stderr]   [ 19%] Building CXX object CMakeFiles/wabt.dir/src/generate-names.cc.o
[INFO] [stderr]   [ 20%] Building CXX object CMakeFiles/wabt.dir/src/hash-util.cc.o
[INFO] [stderr]   [ 21%] Building CXX object CMakeFiles/wabt.dir/src/ir.cc.o
[INFO] [stderr]   [ 22%] Building CXX object CMakeFiles/wabt.dir/src/ir-util.cc.o
[INFO] [stderr]   [ 23%] Building CXX object CMakeFiles/wabt.dir/src/leb128.cc.o
[INFO] [stderr]   [ 24%] Building CXX object CMakeFiles/wabt.dir/src/lexer-source.cc.o
[INFO] [stderr]   [ 25%] Building CXX object CMakeFiles/wabt.dir/src/lexer-source-line-finder.cc.o
[INFO] [stderr]   [ 26%] Building CXX object CMakeFiles/wabt.dir/src/literal.cc.o
[INFO] [stderr]   [ 28%] Building CXX object CMakeFiles/wabt.dir/src/opcode.cc.o
[INFO] [stderr]   [ 29%] Building C object CMakeFiles/wabt.dir/src/opcode-code-table.c.o
[INFO] [stderr]   [ 30%] Building CXX object CMakeFiles/wabt.dir/src/option-parser.cc.o
[INFO] [stderr]   [ 31%] Building CXX object CMakeFiles/wabt.dir/src/resolve-names.cc.o
[INFO] [stderr]   [ 32%] Building CXX object CMakeFiles/wabt.dir/src/shared-validator.cc.o
[INFO] [stderr]   [ 33%] Building CXX object CMakeFiles/wabt.dir/src/stream.cc.o
[INFO] [stderr]   [ 34%] Building CXX object CMakeFiles/wabt.dir/src/string-view.cc.o
[INFO] [stderr]   [ 35%] Building CXX object CMakeFiles/wabt.dir/src/token.cc.o
[INFO] [stderr]   [ 37%] Building CXX object CMakeFiles/wabt.dir/src/tracing.cc.o
[INFO] [stderr]   [ 38%] Building CXX object CMakeFiles/wabt.dir/src/type-checker.cc.o
[INFO] [stderr]   [ 39%] Building CXX object CMakeFiles/wabt.dir/src/utf8.cc.o
[INFO] [stderr]   [ 40%] Building CXX object CMakeFiles/wabt.dir/src/validator.cc.o
[INFO] [stderr]   [ 41%] Building CXX object CMakeFiles/wabt.dir/src/wast-lexer.cc.o
[INFO] [stderr]   [ 42%] Building CXX object CMakeFiles/wabt.dir/src/wast-parser.cc.o
[INFO] [stderr]   [ 43%] Building CXX object CMakeFiles/wabt.dir/src/wat-writer.cc.o
[INFO] [stderr]   [ 44%] Building CXX object CMakeFiles/wabt.dir/src/interp/binary-reader-interp.cc.o
[INFO] [stderr]   [ 46%] Building CXX object CMakeFiles/wabt.dir/src/interp/interp.cc.o
[INFO] [stderr]   [ 47%] Building CXX object CMakeFiles/wabt.dir/src/interp/interp-util.cc.o
[INFO] [stderr]   [ 48%] Building CXX object CMakeFiles/wabt.dir/src/interp/istream.cc.o
[INFO] [stderr] 
[INFO] [stderr]   --- stderr
[INFO] [stderr]   CMake Warning (dev) at CMakeLists.txt:325 (add_library):
[INFO] [stderr]     Policy CMP0115 is not set: Source file extensions must be explicit.  Run
[INFO] [stderr]     "cmake --help-policy CMP0115" for policy details.  Use the cmake_policy
[INFO] [stderr]     command to set the policy and suppress this warning.
[INFO] [stderr] 
[INFO] [stderr]     File:
[INFO] [stderr] 
[INFO] [stderr]       /opt/rustwide/cargo-home/registry/src/index.crates.io-6f17d22bba15001f/wabt-sys-0.8.0/wabt/src/config.h.in
[INFO] [stderr]   This warning is for project developers.  Use -Wno-dev to suppress it.
[INFO] [stderr] 
[INFO] [stderr]   CMake Warning:
[INFO] [stderr]     Manually-specified variables were not used by the project:
[INFO] [stderr] 
[INFO] [stderr]       CMAKE_ASM_COMPILER
[INFO] [stderr]       CMAKE_ASM_FLAGS
[INFO] [stderr] 
[INFO] [stderr] 
[INFO] [stderr]   c++: fatal error: Killed signal terminated program cc1plus
[INFO] [stderr]   compilation terminated.
[INFO] [stderr]   gmake[2]: *** [CMakeFiles/wabt.dir/build.make:118: CMakeFiles/wabt.dir/src/binary-reader-ir.cc.o] Error 1
[INFO] [stderr]   gmake[2]: *** Waiting for unfinished jobs....
[INFO] [stderr]   c++: fatal error: Killed signal terminated program cc1plus
[INFO] [stderr]   compilation terminated.
[INFO] [stderr]   gmake[2]: *** [CMakeFiles/wabt.dir/build.make:594: CMakeFiles/wabt.dir/src/wast-parser.cc.o] Error 1
[INFO] [stderr]   c++: fatal error: Killed signal terminated program cc1plus
[INFO] [stderr]   compilation terminated.
[INFO] [stderr]   gmake[2]: *** [CMakeFiles/wabt.dir/build.make:622: CMakeFiles/wabt.dir/src/interp/binary-reader-interp.cc.o] Error 1
[INFO] [stderr]   c++: fatal error: Killed signal terminated program cc1plus
[INFO] [stderr]   compilation terminated.
[INFO] [stderr]   gmake[2]: *** [CMakeFiles/wabt.dir/build.make:636: CMakeFiles/wabt.dir/src/interp/interp.cc.o] Error 1
[INFO] [stderr]   gmake[1]: *** [CMakeFiles/Makefile2:112: CMakeFiles/wabt.dir/all] Error 2
[INFO] [stderr]   gmake: *** [Makefile:91: all] Error 2
[INFO] [stderr]   thread 'main' panicked at '
[INFO] [stderr]   command did not execute successfully, got: exit status: 2
[INFO] [stderr] 
[INFO] [stderr]   build script failed, must exit now', /opt/rustwide/cargo-home/registry/src/index.crates.io-6f17d22bba15001f/cmake-0.1.50/src/lib.rs:1098:5
[INFO] [stderr]   stack backtrace:
[INFO] [stderr]      0:     0x565537d7153a - std::backtrace_rs::backtrace::libunwind::trace::h2f05d0192276a8f6
[INFO] [stderr]                                  at /rustc/1b7dd2252b99671ce5d1cb9664c5f8636329436d/library/std/src/../../backtrace/src/backtrace/libunwind.rs:93:5
[INFO] [stderr]      1:     0x565537d7153a - std::backtrace_rs::backtrace::trace_unsynchronized::hedc23dff7a1af150
[INFO] [stderr]                                  at /rustc/1b7dd2252b99671ce5d1cb9664c5f8636329436d/library/std/src/../../backtrace/src/backtrace/mod.rs:66:5
[INFO] [stderr]      2:     0x565537d7153a - std::sys_common::backtrace::_print_fmt::h17541ef7592f3ce2
[INFO] [stderr]                                  at /rustc/1b7dd2252b99671ce5d1cb9664c5f8636329436d/library/std/src/sys_common/backtrace.rs:65:5
[INFO] [stderr]      3:     0x565537d7153a - <std::sys_common::backtrace::_print::DisplayBacktrace as core::fmt::Display>::fmt::h20f75df5ab0c0792
[INFO] [stderr]                                  at /rustc/1b7dd2252b99671ce5d1cb9664c5f8636329436d/library/std/src/sys_common/backtrace.rs:44:22
[INFO] [stderr]      4:     0x565537d935df - core::fmt::write::h78109e6f466b3af6
[INFO] [stderr]                                  at /rustc/1b7dd2252b99671ce5d1cb9664c5f8636329436d/library/core/src/fmt/mod.rs:1254:17
[INFO] [stderr]      5:     0x565537d6dcb5 - std::io::Write::write_fmt::hc59e1b02dd273c8a
[INFO] [stderr]                                  at /rustc/1b7dd2252b99671ce5d1cb9664c5f8636329436d/library/std/src/io/mod.rs:1698:15
[INFO] [stderr]      6:     0x565537d71305 - std::sys_common::backtrace::_print::h8dac57a9f8fbf9a5
[INFO] [stderr]                                  at /rustc/1b7dd2252b99671ce5d1cb9664c5f8636329436d/library/std/src/sys_common/backtrace.rs:47:5
[INFO] [stderr]      7:     0x565537d71305 - std::sys_common::backtrace::print::hf9ecbf41d1aa712f
[INFO] [stderr]                                  at /rustc/1b7dd2252b99671ce5d1cb9664c5f8636329436d/library/std/src/sys_common/backtrace.rs:34:9
[INFO] [stderr]      8:     0x565537d7323e - std::panicking::default_hook::{{closure}}::h04c07acfc84ca028
[INFO] [stderr]                                  at /rustc/1b7dd2252b99671ce5d1cb9664c5f8636329436d/library/std/src/panicking.rs:269:22
[INFO] [stderr]      9:     0x565537d72fe5 - std::panicking::default_hook::h01f6bb23e1eceb2c
[INFO] [stderr]                                  at /rustc/1b7dd2252b99671ce5d1cb9664c5f8636329436d/library/std/src/panicking.rs:288:9
[INFO] [stderr]     10:     0x565537d7379e - std::panicking::rust_panic_with_hook::h2bb3722bbaf2f6df
[INFO] [stderr]                                  at /rustc/1b7dd2252b99671ce5d1cb9664c5f8636329436d/library/std/src/panicking.rs:691:13
[INFO] [stderr]     11:     0x565537d73699 - std::panicking::begin_panic_handler::{{closure}}::h91bc7f36a4be011b
[INFO] [stderr]                                  at /rustc/1b7dd2252b99671ce5d1cb9664c5f8636329436d/library/std/src/panicking.rs:582:13
[INFO] [stderr]     12:     0x565537d719a6 - std::sys_common::backtrace::__rust_end_short_backtrace::h8b3d3717114f9e59
[INFO] [stderr]                                  at /rustc/1b7dd2252b99671ce5d1cb9664c5f8636329436d/library/std/src/sys_common/backtrace.rs:150:18
[INFO] [stderr]     13:     0x565537d733f2 - rust_begin_unwind
[INFO] [stderr]                                  at /rustc/1b7dd2252b99671ce5d1cb9664c5f8636329436d/library/std/src/panicking.rs:578:5
[INFO] [stderr]     14:     0x565537ce49c3 - core::panicking::panic_fmt::hfd368e3fbdabea26
[INFO] [stderr]                                  at /rustc/1b7dd2252b99671ce5d1cb9664c5f8636329436d/library/core/src/panicking.rs:67:14
[INFO] [stderr]     15:     0x565537cf0bdf - cmake::fail::h8250385c9d40d8fd
[INFO] [stderr]     16:     0x565537cf06d3 - cmake::run::ha2ff77c9f1d19870
[INFO] [stderr]     17:     0x565537ced200 - cmake::Config::build::hac8367be707cce35
[INFO] [stderr]     18:     0x565537ce5738 - build_script_build::main::h423e6dc3782c40d0
[INFO] [stderr]     19:     0x565537ce7413 - core::ops::function::FnOnce::call_once::h4ace31ada8299ac3
[INFO] [stderr]     20:     0x565537ce6786 - std::sys_common::backtrace::__rust_begin_short_backtrace::h06fcc49e53f370df
[INFO] [stderr]     21:     0x565537ce6549 - std::rt::lang_start::{{closure}}::h1e9111a3e5b040cc
[INFO] [stderr]     22:     0x565537d6a01e - core::ops::function::impls::<impl core::ops::function::FnOnce<A> for &F>::call_once::h2eb19b8ce4148df4
[INFO] [stderr]                                  at /rustc/1b7dd2252b99671ce5d1cb9664c5f8636329436d/library/core/src/ops/function.rs:287:13
[INFO] [stderr]     23:     0x565537d6a01e - std::panicking::try::do_call::h2e900feff5d504c5
[INFO] [stderr]                                  at /rustc/1b7dd2252b99671ce5d1cb9664c5f8636329436d/library/std/src/panicking.rs:485:40
[INFO] [stderr]     24:     0x565537d6a01e - std::panicking::try::h8854836cb85aa9f2
[INFO] [stderr]                                  at /rustc/1b7dd2252b99671ce5d1cb9664c5f8636329436d/library/std/src/panicking.rs:449:19
[INFO] [stderr]     25:     0x565537d6a01e - std::panic::catch_unwind::h706025dd4c48f64b
[INFO] [stderr]                                  at /rustc/1b7dd2252b99671ce5d1cb9664c5f8636329436d/library/std/src/panic.rs:140:14
[INFO] [stderr]     26:     0x565537d6a01e - std::rt::lang_start_internal::{{closure}}::h7be5b97f4a07a91a
[INFO] [stderr]                                  at /rustc/1b7dd2252b99671ce5d1cb9664c5f8636329436d/library/std/src/rt.rs:148:48
[INFO] [stderr]     27:     0x565537d6a01e - std::panicking::try::do_call::h59847e9d0a176965
[INFO] [stderr]                                  at /rustc/1b7dd2252b99671ce5d1cb9664c5f8636329436d/library/std/src/panicking.rs:485:40
[INFO] [stderr]     28:     0x565537d6a01e - std::panicking::try::h399a918ba8522823
[INFO] [stderr]                                  at /rustc/1b7dd2252b99671ce5d1cb9664c5f8636329436d/library/std/src/panicking.rs:449:19
[INFO] [stderr]     29:     0x565537d6a01e - std::panic::catch_unwind::hca7ca6c55b2a2e26
[INFO] [stderr]                                  at /rustc/1b7dd2252b99671ce5d1cb9664c5f8636329436d/library/std/src/panic.rs:140:14
[INFO] [stderr]     30:     0x565537d6a01e - std::rt::lang_start_internal::h2c807a81560459eb
[INFO] [stderr]                                  at /rustc/1b7dd2252b99671ce5d1cb9664c5f8636329436d/library/std/src/rt.rs:148:20
[INFO] [stderr]     31:     0x565537ce6527 - std::rt::lang_start::h72fd0557bb3c4e8f
[INFO] [stderr]     32:     0x565537ce64f5 - main
[INFO] [stderr]     33:     0x7efcb53abd90 - <unknown>
[INFO] [stderr]     34:     0x7efcb53abe40 - __libc_start_main
[INFO] [stderr]     35:     0x565537ce4f45 - _start
[INFO] [stderr]     36:                0x0 - <unknown>
[INFO] [stderr] error: failed to run custom build command for `binaryen-sys v0.12.0`
[INFO] [stderr] note: To improve backtraces for build dependencies, set the CARGO_PROFILE_TEST_BUILD_OVERRIDE_DEBUG=true environment variable to enable debug information generation.
[INFO] [stderr] 
[INFO] [stderr] Caused by:
[INFO] [stderr]   process didn't exit successfully: `/opt/rustwide/target/debug/build/binaryen-sys-f21e812b860dea03/build-script-build` (exit status: 101)
[INFO] [stderr]   --- stdout
[INFO] [stderr]   CMAKE_TOOLCHAIN_FILE_x86_64-unknown-linux-gnu = None
[INFO] [stderr]   CMAKE_TOOLCHAIN_FILE_x86_64_unknown_linux_gnu = None
[INFO] [stderr]   HOST_CMAKE_TOOLCHAIN_FILE = None
[INFO] [stderr]   CMAKE_TOOLCHAIN_FILE = None
[INFO] [stderr]   CMAKE_GENERATOR_x86_64-unknown-linux-gnu = None
[INFO] [stderr]   CMAKE_GENERATOR_x86_64_unknown_linux_gnu = None
[INFO] [stderr]   HOST_CMAKE_GENERATOR = None
[INFO] [stderr]   CMAKE_GENERATOR = None
[INFO] [stderr]   CMAKE_PREFIX_PATH_x86_64-unknown-linux-gnu = None
[INFO] [stderr]   CMAKE_PREFIX_PATH_x86_64_unknown_linux_gnu = None
[INFO] [stderr]   HOST_CMAKE_PREFIX_PATH = None
[INFO] [stderr]   CMAKE_PREFIX_PATH = None
[INFO] [stderr]   CMAKE_x86_64-unknown-linux-gnu = None
[INFO] [stderr]   CMAKE_x86_64_unknown_linux_gnu = None
[INFO] [stderr]   HOST_CMAKE = None
[INFO] [stderr]   CMAKE = None
[INFO] [stderr]   running: cd "/opt/rustwide/target/debug/build/binaryen-sys-464fd47efb5582b5/out/build" && CMAKE_PREFIX_PATH="" "cmake" "/opt/rustwide/cargo-home/registry/src/index.crates.io-6f17d22bba15001f/binaryen-sys-0.12.0/binaryen" "-DBUILD_STATIC_LIB=ON" "-DENABLE_WERROR=OFF" "-DCMAKE_INSTALL_PREFIX=/opt/rustwide/target/debug/build/binaryen-sys-464fd47efb5582b5/out" "-DCMAKE_C_FLAGS= -ffunction-sections -fdata-sections -fPIC -m64" "-DCMAKE_C_COMPILER=/usr/bin/cc" "-DCMAKE_CXX_FLAGS= -ffunction-sections -fdata-sections -fPIC -m64" "-DCMAKE_CXX_COMPILER=/usr/bin/c++" "-DCMAKE_ASM_FLAGS= -ffunction-sections -fdata-sections -fPIC -m64" "-DCMAKE_ASM_COMPILER=/usr/bin/cc" "-DCMAKE_BUILD_TYPE=Debug"
[INFO] [stderr]   -- The C compiler identification is GNU 11.3.0
[INFO] [stderr]   -- The CXX compiler identification is GNU 11.3.0
[INFO] [stderr]   -- Detecting C compiler ABI info
[INFO] [stderr]   -- Detecting C compiler ABI info - done
[INFO] [stderr]   -- Check for working C compiler: /usr/bin/cc - skipped
[INFO] [stderr]   -- Detecting C compile features
[INFO] [stderr]   -- Detecting C compile features - done
[INFO] [stderr]   -- Detecting CXX compiler ABI info
[INFO] [stderr]   -- Detecting CXX compiler ABI info - done
[INFO] [stderr]   -- Check for working CXX compiler: /usr/bin/c++ - skipped
[INFO] [stderr]   -- Detecting CXX compile features
[INFO] [stderr]   -- Detecting CXX compile features - done
[INFO] [stderr]   -- Building with -DBUILD_LLVM_DWARF
[INFO] [stderr]   -- Looking for pthread.h
[INFO] [stderr]   -- Looking for pthread.h - found
[INFO] [stderr]   -- Performing Test CMAKE_HAVE_LIBC_PTHREAD
[INFO] [stderr]   -- Performing Test CMAKE_HAVE_LIBC_PTHREAD - Success
[INFO] [stderr]   -- Found Threads: TRUE  
[INFO] [stderr]   -- Building with -std=c++14
[INFO] [stderr]   -- Building with -Wall
[INFO] [stderr]   -- Building with -Wextra
[INFO] [stderr]   -- Building with -Wno-unused-parameter
[INFO] [stderr]   -- Building with -fno-omit-frame-pointer
[INFO] [stderr]   -- Building with -Wno-implicit-int-float-conversion
[INFO] [stderr]   -- Building with -Wno-unknown-warning-option
[INFO] [stderr]   -- Building with -Wswitch
[INFO] [stderr]   -- Building with -fPIC
[INFO] [stderr]   -- Building with -O0
[INFO] [stderr]   -- Building with -g3
[INFO] [stderr]   -- Found PythonInterp: /usr/bin/python3 (found suitable version "3.10.6", minimum required is "3.5") 
[INFO] [stderr]   -- Building libbinaryen as statically linked library.
[INFO] [stderr]   -- Configuring done
[INFO] [stderr]   -- Generating done
[INFO] [stderr]   -- Build files have been written to: /opt/rustwide/target/debug/build/binaryen-sys-464fd47efb5582b5/out/build
[INFO] [stderr]   running: cd "/opt/rustwide/target/debug/build/binaryen-sys-464fd47efb5582b5/out/build" && MAKEFLAGS="-j --jobserver-fds=7,8 --jobserver-auth=7,8" "cmake" "--build" "." "--target" "install" "--config" "Debug"
[INFO] [stderr]   [  0%] Building CXX object third_party/llvm-project/CMakeFiles/llvm_dwarf.dir/Binary.cpp.o
[INFO] [stderr]   [  1%] Building CXX object third_party/llvm-project/CMakeFiles/llvm_dwarf.dir/ConvertUTF.cpp.o
[INFO] [stderr]   [  1%] Building CXX object third_party/llvm-project/CMakeFiles/llvm_dwarf.dir/DataExtractor.cpp.o
[INFO] [stderr]   [  2%] Building CXX object third_party/llvm-project/CMakeFiles/llvm_dwarf.dir/Debug.cpp.o
[INFO] [stderr]   [  2%] Building CXX object third_party/llvm-project/CMakeFiles/llvm_dwarf.dir/DJB.cpp.o
[INFO] [stderr]   [  3%] Building CXX object third_party/llvm-project/CMakeFiles/llvm_dwarf.dir/Dwarf.cpp.o
[INFO] [stderr]   [  3%] Building CXX object third_party/llvm-project/CMakeFiles/llvm_dwarf.dir/dwarf2yaml.cpp.o
[INFO] [stderr]   [  4%] Building CXX object third_party/llvm-project/CMakeFiles/llvm_dwarf.dir/DWARFAbbreviationDeclaration.cpp.o
[INFO] [stderr]   [  5%] Building CXX object third_party/llvm-project/CMakeFiles/llvm_dwarf.dir/DWARFAcceleratorTable.cpp.o
[INFO] [stderr]   [  6%] Building CXX object src/ir/CMakeFiles/ir.dir/ExpressionAnalyzer.cpp.o
[INFO] [stderr]   [  6%] Building CXX object third_party/llvm-project/CMakeFiles/llvm_dwarf.dir/DWARFAddressRange.cpp.o
[INFO] [stderr]   [  7%] Building CXX object third_party/llvm-project/CMakeFiles/llvm_dwarf.dir/DWARFCompileUnit.cpp.o
[INFO] [stderr]   [  7%] Building CXX object src/asmjs/CMakeFiles/asmjs.dir/asm_v_wasm.cpp.o
[INFO] [stderr]   [  7%] Building CXX object third_party/llvm-project/CMakeFiles/llvm_dwarf.dir/DWARFContext.cpp.o
[INFO] [stderr]   [  8%] Building CXX object third_party/llvm-project/CMakeFiles/llvm_dwarf.dir/DWARFDataExtractor.cpp.o
[INFO] [stderr]   [  8%] Building CXX object third_party/llvm-project/CMakeFiles/llvm_dwarf.dir/DWARFDebugAbbrev.cpp.o
[INFO] [stderr]   [  9%] Building CXX object src/asmjs/CMakeFiles/asmjs.dir/asmangle.cpp.o
[INFO] [stderr]   [ 10%] Building CXX object third_party/llvm-project/CMakeFiles/llvm_dwarf.dir/DWARFDebugAddr.cpp.o
[INFO] [stderr]   [ 11%] Building CXX object src/cfg/CMakeFiles/cfg.dir/Relooper.cpp.o
[INFO] [stderr]   [ 11%] Building CXX object third_party/llvm-project/CMakeFiles/llvm_dwarf.dir/DWARFDebugAranges.cpp.o
[INFO] [stderr]   [ 11%] Building CXX object src/asmjs/CMakeFiles/asmjs.dir/shared-constants.cpp.o
[INFO] [stderr]   [ 12%] Building CXX object third_party/llvm-project/CMakeFiles/llvm_dwarf.dir/DWARFDebugArangeSet.cpp.o
[INFO] [stderr]   [ 12%] Building CXX object third_party/llvm-project/CMakeFiles/llvm_dwarf.dir/DWARFDebugFrame.cpp.o
[INFO] [stderr]   [ 12%] Building CXX object src/emscripten-optimizer/CMakeFiles/emscripten-optimizer.dir/optimizer-shared.cpp.o
[INFO] [stderr]   [ 13%] Building CXX object src/emscripten-optimizer/CMakeFiles/emscripten-optimizer.dir/parser.cpp.o
[INFO] [stderr]   [ 13%] Building CXX object src/emscripten-optimizer/CMakeFiles/emscripten-optimizer.dir/simple_ast.cpp.o
[INFO] [stderr]   [ 13%] Generating WasmIntrinsics.cpp
[INFO] [stderr]   [ 13%] Building CXX object src/passes/CMakeFiles/passes.dir/AlignmentLowering.cpp.o
[INFO] [stderr]   [ 14%] Building CXX object src/passes/CMakeFiles/passes.dir/pass.cpp.o
[INFO] [stderr]   [ 15%] Building CXX object src/passes/CMakeFiles/passes.dir/Asyncify.cpp.o
[INFO] [stderr]   [ 15%] Building CXX object src/passes/CMakeFiles/passes.dir/AvoidReinterprets.cpp.o
[INFO] [stderr]   [ 16%] Building CXX object src/passes/CMakeFiles/passes.dir/CoalesceLocals.cpp.o
[INFO] [stderr]   [ 16%] Building CXX object src/passes/CMakeFiles/passes.dir/CodePushing.cpp.o
[INFO] [stderr]   [ 17%] Building CXX object src/passes/CMakeFiles/passes.dir/CodeFolding.cpp.o
[INFO] [stderr]   [ 18%] Building CXX object src/passes/CMakeFiles/passes.dir/ConstHoisting.cpp.o
[INFO] [stderr]   [ 18%] Building CXX object src/passes/CMakeFiles/passes.dir/DataFlowOpts.cpp.o
[INFO] [stderr]   [ 19%] Building CXX object src/passes/CMakeFiles/passes.dir/DeadArgumentElimination.cpp.o
[INFO] [stderr]   [ 19%] Building CXX object src/passes/CMakeFiles/passes.dir/DeadCodeElimination.cpp.o
[INFO] [stderr]   [ 20%] Building CXX object src/passes/CMakeFiles/passes.dir/DeAlign.cpp.o
[INFO] [stderr]   [ 20%] Building CXX object src/passes/CMakeFiles/passes.dir/DeNaN.cpp.o
[INFO] [stderr]   [ 20%] Built target emscripten-optimizer
[INFO] [stderr]   [ 21%] Building CXX object src/passes/CMakeFiles/passes.dir/Directize.cpp.o
[INFO] [stderr]   [ 21%] Building CXX object src/passes/CMakeFiles/passes.dir/DuplicateImportElimination.cpp.o
[INFO] [stderr] 
[INFO] [stderr]   --- stderr
[INFO] [stderr]   fatal: not a git repository (or any parent up to mount point /opt/rustwide)
[INFO] [stderr]   Stopping at filesystem boundary (GIT_DISCOVERY_ACROSS_FILESYSTEM not set).
[INFO] [stderr]   CMake Warning:
[INFO] [stderr]     Manually-specified variables were not used by the project:
[INFO] [stderr] 
[INFO] [stderr]       CMAKE_ASM_COMPILER
[INFO] [stderr]       CMAKE_ASM_FLAGS
[INFO] [stderr] 
[INFO] [stderr] 
[INFO] [stderr]   c++: fatal error: Killed signal terminated program cc1plus
[INFO] [stderr]   compilation terminated.
[INFO] [stderr]   gmake[2]: *** [third_party/llvm-project/CMakeFiles/llvm_dwarf.dir/build.make:160: third_party/llvm-project/CMakeFiles/llvm_dwarf.dir/dwarf2yaml.cpp.o] Error 1
[INFO] [stderr]   gmake[2]: *** Waiting for unfinished jobs....
[INFO] [stderr]   c++: fatal error: Killed signal terminated program cc1plus
[INFO] [stderr]   compilation terminated.
[INFO] [stderr]   gmake[2]: *** [third_party/llvm-project/CMakeFiles/llvm_dwarf.dir/build.make:174: third_party/llvm-project/CMakeFiles/llvm_dwarf.dir/DWARFAbbreviationDeclaration.cpp.o] Error 1
[INFO] [stderr]   c++: fatal error: Killed signal terminated program cc1plus
[INFO] [stderr]   compilation terminated.
[INFO] [stderr]   gmake[2]: *** [third_party/llvm-project/CMakeFiles/llvm_dwarf.dir/build.make:188: third_party/llvm-project/CMakeFiles/llvm_dwarf.dir/DWARFAcceleratorTable.cpp.o] Error 1
[INFO] [stderr]   c++: fatal error: Killed signal terminated program cc1plus
[INFO] [stderr]   compilation terminated.
[INFO] [stderr]   gmake[2]: *** [src/ir/CMakeFiles/ir.dir/build.make:76: src/ir/CMakeFiles/ir.dir/ExpressionAnalyzer.cpp.o] Error 1
[INFO] [stderr]   gmake[1]: *** [CMakeFiles/Makefile2:526: src/ir/CMakeFiles/ir.dir/all] Error 2
[INFO] [stderr]   gmake[1]: *** Waiting for unfinished jobs....
[INFO] [stderr]   c++: fatal error: Killed signal terminated program cc1plus
[INFO] [stderr]   compilation terminated.
[INFO] [stderr]   gmake[2]: *** [third_party/llvm-project/CMakeFiles/llvm_dwarf.dir/build.make:216: third_party/llvm-project/CMakeFiles/llvm_dwarf.dir/DWARFCompileUnit.cpp.o] Error 1
[INFO] [stderr]   c++: fatal error: Killed signal terminated program cc1plus
[INFO] [stderr]   compilation terminated.
[INFO] [stderr]   gmake[2]: *** [src/asmjs/CMakeFiles/asmjs.dir/build.make:76: src/asmjs/CMakeFiles/asmjs.dir/asm_v_wasm.cpp.o] Error 1
[INFO] [stderr]   gmake[2]: *** Waiting for unfinished jobs....
[INFO] [stderr]   gmake[1]: *** [CMakeFiles/Makefile2:552: src/asmjs/CMakeFiles/asmjs.dir/all] Error 2
[INFO] [stderr]   c++: fatal error: Killed signal terminated program cc1plus
[INFO] [stderr]   compilation terminated.
[INFO] [stderr]   gmake[2]: *** [third_party/llvm-project/CMakeFiles/llvm_dwarf.dir/build.make:230: third_party/llvm-project/CMakeFiles/llvm_dwarf.dir/DWARFContext.cpp.o] Error 1
[INFO] [stderr]   c++: fatal error: Killed signal terminated program cc1plus
[INFO] [stderr]   compilation terminated.
[INFO] [stderr]   gmake[2]: *** [third_party/llvm-project/CMakeFiles/llvm_dwarf.dir/build.make:244: third_party/llvm-project/CMakeFiles/llvm_dwarf.dir/DWARFDataExtractor.cpp.o] Error 1
[INFO] [stderr]   c++: fatal error: Killed signal terminated program cc1plus
[INFO] [stderr]   compilation terminated.
[INFO] [stderr]   gmake[2]: *** [third_party/llvm-project/CMakeFiles/llvm_dwarf.dir/build.make:272: third_party/llvm-project/CMakeFiles/llvm_dwarf.dir/DWARFDebugAddr.cpp.o] Error 1
[INFO] [stderr]   c++: fatal error: Killed signal terminated program cc1plus
[INFO] [stderr]   compilation terminated.
[INFO] [stderr]   gmake[2]: *** [src/cfg/CMakeFiles/cfg.dir/build.make:76: src/cfg/CMakeFiles/cfg.dir/Relooper.cpp.o] Error 1
[INFO] [stderr]   gmake[1]: *** [CMakeFiles/Makefile2:578: src/cfg/CMakeFiles/cfg.dir/all] Error 2
[INFO] [stderr]   c++: fatal error: Killed signal terminated program cc1plus
[INFO] [stderr]   compilation terminated.
[INFO] [stderr]   gmake[2]: *** [third_party/llvm-project/CMakeFiles/llvm_dwarf.dir/build.make:286: third_party/llvm-project/CMakeFiles/llvm_dwarf.dir/DWARFDebugAranges.cpp.o] Error 1
[INFO] [stderr]   c++: fatal error: Killed signal terminated program cc1plus
[INFO] [stderr]   compilation terminated.
[INFO] [stderr]   gmake[2]: *** [src/passes/CMakeFiles/passes.dir/build.make:81: src/passes/CMakeFiles/passes.dir/pass.cpp.o] Error 1
[INFO] [stderr]   gmake[2]: *** Waiting for unfinished jobs....
[INFO] [stderr]   gmake[1]: *** [CMakeFiles/Makefile2:708: third_party/llvm-project/CMakeFiles/llvm_dwarf.dir/all] Error 2
[INFO] [stderr]   c++: fatal error: Killed signal terminated program cc1plus
[INFO] [stderr]   compilation terminated.
[INFO] [stderr]   gmake[2]: *** [src/passes/CMakeFiles/passes.dir/build.make:109: src/passes/CMakeFiles/passes.dir/Asyncify.cpp.o] Error 1
[INFO] [stderr]   c++: fatal error: Killed signal terminated program cc1plus
[INFO] [stderr]   compilation terminated.
[INFO] [stderr]   gmake[2]: *** [src/passes/CMakeFiles/passes.dir/build.make:95: src/passes/CMakeFiles/passes.dir/AlignmentLowering.cpp.o] Error 1
[INFO] [stderr]   c++: fatal error: Killed signal terminated program cc1plus
[INFO] [stderr]   compilation terminated.
[INFO] [stderr]   gmake[2]: *** [src/passes/CMakeFiles/passes.dir/build.make:137: src/passes/CMakeFiles/passes.dir/CoalesceLocals.cpp.o] Error 1
[INFO] [stderr]   c++: fatal error: Killed signal terminated program cc1plus
[INFO] [stderr]   compilation terminated.
[INFO] [stderr]   gmake[2]: *** [src/passes/CMakeFiles/passes.dir/build.make:123: src/passes/CMakeFiles/passes.dir/AvoidReinterprets.cpp.o] Error 1
[INFO] [stderr]   c++: fatal error: Killed signal terminated program cc1plus
[INFO] [stderr]   compilation terminated.
[INFO] [stderr]   gmake[2]: *** [src/passes/CMakeFiles/passes.dir/build.make:151: src/passes/CMakeFiles/passes.dir/CodePushing.cpp.o] Error 1
[INFO] [stderr]   c++: fatal error: Killed signal terminated program cc1plus
[INFO] [stderr]   compilation terminated.
[INFO] [stderr]   gmake[2]: *** [src/passes/CMakeFiles/passes.dir/build.make:165: src/passes/CMakeFiles/passes.dir/CodeFolding.cpp.o] Error 1
[INFO] [stderr]   c++: fatal error: Killed signal terminated program cc1plus
[INFO] [stderr]   compilation terminated.
[INFO] [stderr]   gmake[2]: *** [src/passes/CMakeFiles/passes.dir/build.make:193: src/passes/CMakeFiles/passes.dir/DataFlowOpts.cpp.o] Error 1
[INFO] [stderr]   c++: fatal error: Killed signal terminated program cc1plus
[INFO] [stderr]   compilation terminated.
[INFO] [stderr]   gmake[2]: *** [src/passes/CMakeFiles/passes.dir/build.make:179: src/passes/CMakeFiles/passes.dir/ConstHoisting.cpp.o] Error 1
[INFO] [stderr]   gmake[1]: *** [CMakeFiles/Makefile2:630: src/passes/CMakeFiles/passes.dir/all] Error 2
[INFO] [stderr]   gmake: *** [Makefile:136: all] Error 2
[INFO] [stderr]   thread 'main' panicked at '
[INFO] [stderr]   command did not execute successfully, got: exit status: 2
[INFO] [stderr] 
[INFO] [stderr]   build script failed, must exit now', /opt/rustwide/cargo-home/registry/src/index.crates.io-6f17d22bba15001f/cmake-0.1.50/src/lib.rs:1098:5
[INFO] [stderr]   stack backtrace:
[INFO] [stderr]      0:     0x555a5d7eee4a - std::backtrace_rs::backtrace::libunwind::trace::h2f05d0192276a8f6
[INFO] [stderr]                                  at /rustc/1b7dd2252b99671ce5d1cb9664c5f8636329436d/library/std/src/../../backtrace/src/backtrace/libunwind.rs:93:5
[INFO] [stderr]      1:     0x555a5d7eee4a - std::backtrace_rs::backtrace::trace_unsynchronized::hedc23dff7a1af150
[INFO] [stderr]                                  at /rustc/1b7dd2252b99671ce5d1cb9664c5f8636329436d/library/std/src/../../backtrace/src/backtrace/mod.rs:66:5
[INFO] [stderr]      2:     0x555a5d7eee4a - std::sys_common::backtrace::_print_fmt::h17541ef7592f3ce2
[INFO] [stderr]                                  at /rustc/1b7dd2252b99671ce5d1cb9664c5f8636329436d/library/std/src/sys_common/backtrace.rs:65:5
[INFO] [stderr]      3:     0x555a5d7eee4a - <std::sys_common::backtrace::_print::DisplayBacktrace as core::fmt::Display>::fmt::h20f75df5ab0c0792
[INFO] [stderr]                                  at /rustc/1b7dd2252b99671ce5d1cb9664c5f8636329436d/library/std/src/sys_common/backtrace.rs:44:22
[INFO] [stderr]      4:     0x555a5d81100f - core::fmt::write::h78109e6f466b3af6
[INFO] [stderr]                                  at /rustc/1b7dd2252b99671ce5d1cb9664c5f8636329436d/library/core/src/fmt/mod.rs:1254:17
[INFO] [stderr]      5:     0x555a5d7eb5c5 - std::io::Write::write_fmt::hc59e1b02dd273c8a
[INFO] [stderr]                                  at /rustc/1b7dd2252b99671ce5d1cb9664c5f8636329436d/library/std/src/io/mod.rs:1698:15
[INFO] [stderr]      6:     0x555a5d7eec15 - std::sys_common::backtrace::_print::h8dac57a9f8fbf9a5
[INFO] [stderr]                                  at /rustc/1b7dd2252b99671ce5d1cb9664c5f8636329436d/library/std/src/sys_common/backtrace.rs:47:5
[INFO] [stderr]      7:     0x555a5d7eec15 - std::sys_common::backtrace::print::hf9ecbf41d1aa712f
[INFO] [stderr]                                  at /rustc/1b7dd2252b99671ce5d1cb9664c5f8636329436d/library/std/src/sys_common/backtrace.rs:34:9
[INFO] [stderr]      8:     0x555a5d7f0b4e - std::panicking::default_hook::{{closure}}::h04c07acfc84ca028
[INFO] [stderr]                                  at /rustc/1b7dd2252b99671ce5d1cb9664c5f8636329436d/library/std/src/panicking.rs:269:22
[INFO] [stderr]      9:     0x555a5d7f08f5 - std::panicking::default_hook::h01f6bb23e1eceb2c
[INFO] [stderr]                                  at /rustc/1b7dd2252b99671ce5d1cb9664c5f8636329436d/library/std/src/panicking.rs:288:9
[INFO] [stderr]     10:     0x555a5d7f10ae - std::panicking::rust_panic_with_hook::h2bb3722bbaf2f6df
[INFO] [stderr]                                  at /rustc/1b7dd2252b99671ce5d1cb9664c5f8636329436d/library/std/src/panicking.rs:691:13
[INFO] [stderr]     11:     0x555a5d7f0fa9 - std::panicking::begin_panic_handler::{{closure}}::h91bc7f36a4be011b
[INFO] [stderr]                                  at /rustc/1b7dd2252b99671ce5d1cb9664c5f8636329436d/library/std/src/panicking.rs:582:13
[INFO] [stderr]     12:     0x555a5d7ef2b6 - std::sys_common::backtrace::__rust_end_short_backtrace::h8b3d3717114f9e59
[INFO] [stderr]                                  at /rustc/1b7dd2252b99671ce5d1cb9664c5f8636329436d/library/std/src/sys_common/backtrace.rs:150:18
[INFO] [stderr]     13:     0x555a5d7f0d02 - rust_begin_unwind
[INFO] [stderr]                                  at /rustc/1b7dd2252b99671ce5d1cb9664c5f8636329436d/library/std/src/panicking.rs:578:5
[INFO] [stderr]     14:     0x555a5d611e83 - core::panicking::panic_fmt::hfd368e3fbdabea26
[INFO] [stderr]                                  at /rustc/1b7dd2252b99671ce5d1cb9664c5f8636329436d/library/core/src/panicking.rs:67:14
[INFO] [stderr]     15:     0x555a5d76df5f - cmake::fail::h8250385c9d40d8fd
[INFO] [stderr]     16:     0x555a5d76da53 - cmake::run::ha2ff77c9f1d19870
[INFO] [stderr]     17:     0x555a5d76a580 - cmake::Config::build::hac8367be707cce35
[INFO] [stderr]     18:     0x555a5d617a9c - build_script_build::main::ha283004e416f60aa
[INFO] [stderr]     19:     0x555a5d618f73 - core::ops::function::FnOnce::call_once::h48a6591ae6cd9790
[INFO] [stderr]     20:     0x555a5d613ec6 - std::sys_common::backtrace::__rust_begin_short_backtrace::hf04f2d9ecda90b49
[INFO] [stderr]     21:     0x555a5d6197e9 - std::rt::lang_start::{{closure}}::h08903043ea109492
[INFO] [stderr]     22:     0x555a5d7e73ae - core::ops::function::impls::<impl core::ops::function::FnOnce<A> for &F>::call_once::h2eb19b8ce4148df4
[INFO] [stderr]                                  at /rustc/1b7dd2252b99671ce5d1cb9664c5f8636329436d/library/core/src/ops/function.rs:287:13
[INFO] [stderr]     23:     0x555a5d7e73ae - std::panicking::try::do_call::h2e900feff5d504c5
[INFO] [stderr]                                  at /rustc/1b7dd2252b99671ce5d1cb9664c5f8636329436d/library/std/src/panicking.rs:485:40
[INFO] [stderr]     24:     0x555a5d7e73ae - std::panicking::try::h8854836cb85aa9f2
[INFO] [stderr]                                  at /rustc/1b7dd2252b99671ce5d1cb9664c5f8636329436d/library/std/src/panicking.rs:449:19
[INFO] [stderr]     25:     0x555a5d7e73ae - std::panic::catch_unwind::h706025dd4c48f64b
[INFO] [stderr]                                  at /rustc/1b7dd2252b99671ce5d1cb9664c5f8636329436d/library/std/src/panic.rs:140:14
[INFO] [stderr]     26:     0x555a5d7e73ae - std::rt::lang_start_internal::{{closure}}::h7be5b97f4a07a91a
[INFO] [stderr]                                  at /rustc/1b7dd2252b99671ce5d1cb9664c5f8636329436d/library/std/src/rt.rs:148:48
[INFO] [stderr]     27:     0x555a5d7e73ae - std::panicking::try::do_call::h59847e9d0a176965
[INFO] [stderr]                                  at /rustc/1b7dd2252b99671ce5d1cb9664c5f8636329436d/library/std/src/panicking.rs:485:40
[INFO] [stderr]     28:     0x555a5d7e73ae - std::panicking::try::h399a918ba8522823
[INFO] [stderr]                                  at /rustc/1b7dd2252b99671ce5d1cb9664c5f8636329436d/library/std/src/panicking.rs:449:19
[INFO] [stderr]     29:     0x555a5d7e73ae - std::panic::catch_unwind::hca7ca6c55b2a2e26
[INFO] [stderr]                                  at /rustc/1b7dd2252b99671ce5d1cb9664c5f8636329436d/library/std/src/panic.rs:140:14
[INFO] [stderr]     30:     0x555a5d7e73ae - std::rt::lang_start_internal::h2c807a81560459eb
[INFO] [stderr]                                  at /rustc/1b7dd2252b99671ce5d1cb9664c5f8636329436d/library/std/src/rt.rs:148:20
[INFO] [stderr]     31:     0x555a5d6197c7 - std::rt::lang_start::h2ef6c25136c9a08f
[INFO] [stderr]     32:     0x555a5d6182e5 - main
[INFO] [stderr]     33:     0x7f7720bf9d90 - <unknown>
[INFO] [stderr]     34:     0x7f7720bf9e40 - __libc_start_main
[INFO] [stderr]     35:     0x555a5d6125a5 - _start
[INFO] [stderr]     36:                0x0 - <unknown>
[INFO] running `Command { std: "docker" "inspect" "f837cad4f13bff99448023f99f1541c5b7e8144f34f61bc1fc7150ac0934069e", kill_on_drop: false }`
[INFO] running `Command { std: "docker" "rm" "-f" "f837cad4f13bff99448023f99f1541c5b7e8144f34f61bc1fc7150ac0934069e", kill_on_drop: false }`
[INFO] [stdout] f837cad4f13bff99448023f99f1541c5b7e8144f34f61bc1fc7150ac0934069e
